40.77.167.32 - - [15/Jun/2026:17:13:58 +0200] "GET /shopbrand/013943685120 HTTP/2" 200 26338 "-" "Mozilla/5.0 AppleWebKit/537.36 (KHTML, like Gecko; compatible; bingbot/2.0; +http://www.bing.com/bingbot.htm) Chrome/116.0.1938.76 Safari/537.36"
74.7.242.55 - - [15/Jun/2026:17:14:09 +0200] "GET /market/012592960700 HTTP/2" 404 17399 "https://schweiz-macher.ch/sitemap-item-662.xml" "Mozilla/5.0 AppleWebKit/537.36 (KHTML, like Gecko; compatible; GPTBot/1.4; +https://openai.com/gptbot)"
216.73.217.78 - - [15/Jun/2026:17:14:46 +0200] "GET /entity/011415660722 HTTP/2" 404 17399 "-" "Mozilla/5.0 AppleWebKit/537.36 (KHTML, like Gecko; compatible; ClaudeBot/1.0; +claudebot@anthropic.com)"
2a00:c1e0:0:1::1:105e - - [15/Jun/2026:17:15:15 +0200] "POST /wp-cron.php?doing_wp_cron=1781536515.7899339199066162109375 HTTP/1.1" 200 20 "-" "WordPress/7.0; https://schweiz-macher.ch"
40.77.167.32 - - [15/Jun/2026:17:14:51 +0200] "GET /info/012866436310 HTTP/2" 200 26776 "-" "Mozilla/5.0 AppleWebKit/537.36 (KHTML, like Gecko; compatible; bingbot/2.0; +http://www.bing.com/bingbot.htm) Chrome/116.0.1938.76 Safari/537.36"
40.77.167.32 - - [15/Jun/2026:17:15:27 +0200] "GET /info/012453003049 HTTP/2" 200 26393 "-" "Mozilla/5.0 AppleWebKit/537.36 (KHTML, like Gecko; compatible; bingbot/2.0; +http://www.bing.com/bingbot.htm) Chrome/116.0.1938.76 Safari/537.36"
40.77.167.32 - - [15/Jun/2026:17:15:41 +0200] "GET /products/01400578907 HTTP/2" 200 26047 "-" "Mozilla/5.0 AppleWebKit/537.36 (KHTML, like Gecko; compatible; bingbot/2.0; +http://www.bing.com/bingbot.htm) Chrome/116.0.1938.76 Safari/537.36"
40.77.167.32 - - [15/Jun/2026:17:15:50 +0200] "GET /info/012039670043 HTTP/2" 200 26556 "-" "Mozilla/5.0 AppleWebKit/537.36 (KHTML, like Gecko; compatible; bingbot/2.0; +http://www.bing.com/bingbot.htm) Chrome/116.0.1938.76 Safari/537.36"
2a0f:d003:3463:d31f:1208:b1ff:fe4f:43cb - - [15/Jun/2026:17:15:53 +0200] "POST /kontakt/ HTTP/1.0" 404 100388 "https://schweiz-macher.ch/kontakt/" "Mozilla/5.0 (Windows NT 10.0; Win64; x64) AppleWebKit/537.36 (KHTML, like Gecko) Chrome/130.0.0.0 Safari/537.36 CCleaner/130.0.0.0"
40.77.167.32 - - [15/Jun/2026:17:15:55 +0200] "GET /market/011133202529 HTTP/2" 200 27964 "-" "Mozilla/5.0 AppleWebKit/537.36 (KHTML, like Gecko; compatible; bingbot/2.0; +http://www.bing.com/bingbot.htm) Chrome/116.0.1938.76 Safari/537.36"
77.239.36.238 - - [15/Jun/2026:17:16:34 +0200] "GET / HTTP/3" 301 20 "-" "Mozilla/5.0 (Windows NT 10.0; Win64; x64) AppleWebKit/537.36 (KHTML, like Gecko) Chrome/149.0.0.0 Safari/537.36 Edg/149.0.0.0"
77.239.36.238 - - [15/Jun/2026:17:16:37 +0200] "GET /wp-content/plugins/double-opt-in/core/assets/doi-error-notification.css?ver=3.7.2 HTTP/3" 200 535 "https://schweiz-macher.ch/" "Mozilla/5.0 (Windows NT 10.0; Win64; x64) AppleWebKit/537.36 (KHTML, like Gecko) Chrome/149.0.0.0 Safari/537.36 Edg/149.0.0.0"
77.239.36.238 - - [15/Jun/2026:17:16:37 +0200] "GET /wp-content/plugins/wpml-cms-nav/res/css/cms-navigation-base.css?ver=1.5.6 HTTP/3" 200 826 "https://schweiz-macher.ch/" "Mozilla/5.0 (Windows NT 10.0; Win64; x64) AppleWebKit/537.36 (KHTML, like Gecko) Chrome/149.0.0.0 Safari/537.36 Edg/149.0.0.0"
77.239.36.238 - - [15/Jun/2026:17:16:37 +0200] "GET /wp-content/plugins/wpml-cms-nav/res/css/cms-navigation.css?ver=1.5.6 HTTP/3" 200 573 "https://schweiz-macher.ch/" "Mozilla/5.0 (Windows NT 10.0; Win64; x64) AppleWebKit/537.36 (KHTML, like Gecko) Chrome/149.0.0.0 Safari/537.36 Edg/149.0.0.0"
77.239.36.238 - - [15/Jun/2026:17:16:37 +0200] "GET /wp-content/themes/Avada-Child-Theme/style.css?ver=1775786037 HTTP/3" 200 186 "https://schweiz-macher.ch/" "Mozilla/5.0 (Windows NT 10.0; Win64; x64) AppleWebKit/537.36 (KHTML, like Gecko) Chrome/149.0.0.0 Safari/537.36 Edg/149.0.0.0"
77.239.36.238 - - [15/Jun/2026:17:16:37 +0200] "GET /wp-content/plugins/all-in-one-video-gallery/public/assets/css/icons.min.css?ver=4.8.5 HTTP/3" 200 367 "https://schweiz-macher.ch/" "Mozilla/5.0 (Windows NT 10.0; Win64; x64) AppleWebKit/537.36 (KHTML, like Gecko) Chrome/149.0.0.0 Safari/537.36 Edg/149.0.0.0"
77.239.36.238 - - [15/Jun/2026:17:16:37 +0200] "GET /wp-content/plugins/all-in-one-video-gallery/public/assets/css/public.min.css?ver=4.8.5 HTTP/3" 200 3861 "https://schweiz-macher.ch/" "Mozilla/5.0 (Windows NT 10.0; Win64; x64) AppleWebKit/537.36 (KHTML, like Gecko) Chrome/149.0.0.0 Safari/537.36 Edg/149.0.0.0"
77.239.36.238 - - [15/Jun/2026:17:16:37 +0200] "GET /wp-content/themes/Avada/includes/lib/assets/fonts/icomoon/awb-icons.woff HTTP/3" 200 24276 "https://schweiz-macher.ch/" "Mozilla/5.0 (Windows NT 10.0; Win64; x64) AppleWebKit/537.36 (KHTML, like Gecko) Chrome/149.0.0.0 Safari/537.36 Edg/149.0.0.0"
77.239.36.238 - - [15/Jun/2026:17:16:37 +0200] "GET /wp-content/uploads/fusion-styles/7d68081c2a266deeae7eda914a54db49.min.css?ver=3.15.0 HTTP/3" 200 154136 "https://schweiz-macher.ch/" "Mozilla/5.0 (Windows NT 10.0; Win64; x64) AppleWebKit/537.36 (KHTML, like Gecko) Chrome/149.0.0.0 Safari/537.36 Edg/149.0.0.0"
77.239.36.238 - - [15/Jun/2026:17:16:37 +0200] "GET /wp-includes/js/jquery/jquery-migrate.min.js?ver=3.4.1 HTTP/3" 200 4678 "https://schweiz-macher.ch/" "Mozilla/5.0 (Windows NT 10.0; Win64; x64) AppleWebKit/537.36 (KHTML, like Gecko) Chrome/149.0.0.0 Safari/537.36 Edg/149.0.0.0"
77.239.36.238 - - [15/Jun/2026:17:16:37 +0200] "GET /wp-includes/js/jquery/jquery.min.js?ver=3.7.1 HTTP/3" 200 29744 "https://schweiz-macher.ch/" "Mozilla/5.0 (Windows NT 10.0; Win64; x64) AppleWebKit/537.36 (KHTML, like Gecko) Chrome/149.0.0.0 Safari/537.36 Edg/149.0.0.0"
77.239.36.238 - - [15/Jun/2026:17:16:37 +0200] "GET /wp-content/themes/Avada/includes/lib/assets/fonts/fontawesome/webfonts/fa-brands-400.woff2 HTTP/3" 200 76736 "https://schweiz-macher.ch/" "Mozilla/5.0 (Windows NT 10.0; Win64; x64) AppleWebKit/537.36 (KHTML, like Gecko) Chrome/149.0.0.0 Safari/537.36 Edg/149.0.0.0"
77.239.36.238 - - [15/Jun/2026:17:16:37 +0200] "GET /wp-content/themes/Avada/includes/lib/assets/fonts/fontawesome/webfonts/fa-regular-400.woff2 HTTP/3" 200 13264 "https://schweiz-macher.ch/" "Mozilla/5.0 (Windows NT 10.0; Win64; x64) AppleWebKit/537.36 (KHTML, like Gecko) Chrome/149.0.0.0 Safari/537.36 Edg/149.0.0.0"
77.239.36.238 - - [15/Jun/2026:17:16:37 +0200] "GET /wp-content/themes/Avada/includes/lib/assets/fonts/fontawesome/webfonts/fa-solid-900.woff2 HTTP/3" 200 78212 "https://schweiz-macher.ch/" "Mozilla/5.0 (Windows NT 10.0; Win64; x64) AppleWebKit/537.36 (KHTML, like Gecko) Chrome/149.0.0.0 Safari/537.36 Edg/149.0.0.0"
77.239.36.238 - - [15/Jun/2026:17:16:37 +0200] "GET /wp-content/uploads/fusion-icons/Avada-Campaign-v1.9/fonts/Avada-Campaign.ttf?csr9tw HTTP/3" 200 14443 "https://schweiz-macher.ch/" "Mozilla/5.0 (Windows NT 10.0; Win64; x64) AppleWebKit/537.36 (KHTML, like Gecko) Chrome/149.0.0.0 Safari/537.36 Edg/149.0.0.0"
77.239.36.238 - - [15/Jun/2026:17:16:37 +0200] "GET /wp-content/plugins/double-opt-in/core/assets/doi-error-notification.js?ver=3.7.2 HTTP/3" 200 2377 "https://schweiz-macher.ch/" "Mozilla/5.0 (Windows NT 10.0; Win64; x64) AppleWebKit/537.36 (KHTML, like Gecko) Chrome/149.0.0.0 Safari/537.36 Edg/149.0.0.0"
77.239.36.238 - - [15/Jun/2026:17:16:37 +0200] "GET /wp-content/plugins/sitepress-multilingual-cms/res/js/cookies/language-cookie.js?ver=494000 HTTP/3" 200 139 "https://schweiz-macher.ch/" "Mozilla/5.0 (Windows NT 10.0; Win64; x64) AppleWebKit/537.36 (KHTML, like Gecko) Chrome/149.0.0.0 Safari/537.36 Edg/149.0.0.0"
77.239.36.238 - - [15/Jun/2026:17:16:37 +0200] "GET /wp-content/uploads/fusion-scripts/007f13365753103888b0980eff6885c0.min.js?ver=3.15.0 HTTP/3" 200 138020 "https://schweiz-macher.ch/" "Mozilla/5.0 (Windows NT 10.0; Win64; x64) AppleWebKit/537.36 (KHTML, like Gecko) Chrome/149.0.0.0 Safari/537.36 Edg/149.0.0.0"
77.239.36.238 - - [15/Jun/2026:17:16:37 +0200] "GET /wp-content/uploads/2025/12/logo-600-schweiz-macher-400x400.png HTTP/3" 200 121234 "https://schweiz-macher.ch/" "Mozilla/5.0 (Windows NT 10.0; Win64; x64) AppleWebKit/537.36 (KHTML, like Gecko) Chrome/149.0.0.0 Safari/537.36 Edg/149.0.0.0"
77.239.36.238 - - [15/Jun/2026:17:16:37 +0200] "GET /wp-includes/js/wp-emoji-release.min.js?ver=7.0 HTTP/3" 200 4949 "https://schweiz-macher.ch/" "Mozilla/5.0 (Windows NT 10.0; Win64; x64) AppleWebKit/537.36 (KHTML, like Gecko) Chrome/149.0.0.0 Safari/537.36 Edg/149.0.0.0"
77.239.36.238 - - [15/Jun/2026:17:16:38 +0200] "GET /wp-content/uploads/2025/12/fav-schweiz-macher-64.png HTTP/3" 200 3732 "https://schweiz-macher.ch/" "Mozilla/5.0 (Windows NT 10.0; Win64; x64) AppleWebKit/537.36 (KHTML, like Gecko) Chrome/149.0.0.0 Safari/537.36 Edg/149.0.0.0"
74.7.242.55 - - [15/Jun/2026:17:15:12 +0200] "GET /market/014066770385 HTTP/2" 404 17404 "https://schweiz-macher.ch/sitemap-item-1324.xml" "Mozilla/5.0 AppleWebKit/537.36 (KHTML, like Gecko; compatible; GPTBot/1.4; +https://openai.com/gptbot)"
2a0f:d003:3463:d31f:1208:b1ff:fe4f:43cb - - [15/Jun/2026:17:15:46 +0200] "GET / HTTP/1.0" 200 57852 "https://schweiz-macher.ch/" "Mozilla/5.0 (Windows NT 10.0; Win64; x64) AppleWebKit/537.36 (KHTML, like Gecko) Chrome/130.0.0.0 Safari/537.36 CCleaner/130.0.0.0"
216.73.217.78 - - [15/Jun/2026:17:15:51 +0200] "GET /product/01510071682 HTTP/2" 404 17399 "-" "Mozilla/5.0 AppleWebKit/537.36 (KHTML, like Gecko; compatible; ClaudeBot/1.0; +claudebot@anthropic.com)"
74.7.242.55 - - [15/Jun/2026:17:16:13 +0200] "GET /entity/012384975299 HTTP/2" 404 17405 "https://schweiz-macher.ch/sitemap-item-2517.xml" "Mozilla/5.0 AppleWebKit/537.36 (KHTML, like Gecko; compatible; GPTBot/1.4; +https://openai.com/gptbot)"
216.73.217.78 - - [15/Jun/2026:17:16:25 +0200] "GET /info/013145359210 HTTP/2" 301 20 "-" "Mozilla/5.0 AppleWebKit/537.36 (KHTML, like Gecko; compatible; ClaudeBot/1.0; +claudebot@anthropic.com)"
216.73.217.78 - - [15/Jun/2026:17:16:28 +0200] "GET /datenschutz/13145359210/ HTTP/2" 301 20 "https://schweiz-macher.ch/info/013145359210" "Mozilla/5.0 AppleWebKit/537.36 (KHTML, like Gecko; compatible; ClaudeBot/1.0; +claudebot@anthropic.com)"
216.73.217.78 - - [15/Jun/2026:17:16:32 +0200] "GET /datenschutz/ HTTP/2" 200 0 "https://schweiz-macher.ch/datenschutz/13145359210/" "Mozilla/5.0 AppleWebKit/537.36 (KHTML, like Gecko; compatible; ClaudeBot/1.0; +claudebot@anthropic.com)"
77.239.36.238 - - [15/Jun/2026:17:16:36 +0200] "GET / HTTP/2" 200 12807 "-" "Mozilla/5.0 (Windows NT 10.0; Win64; x64) AppleWebKit/537.36 (KHTML, like Gecko) Chrome/149.0.0.0 Safari/537.36 Edg/149.0.0.0"
52.167.144.162 - - [15/Jun/2026:17:16:49 +0200] "GET /product/014249139293 HTTP/2" 200 27019 "-" "Mozilla/5.0 AppleWebKit/537.36 (KHTML, like Gecko; compatible; bingbot/2.0; +http://www.bing.com/bingbot.htm) Chrome/116.0.1938.76 Safari/537.36"
52.167.144.162 - - [15/Jun/2026:17:16:54 +0200] "GET /product/011942398892 HTTP/2" 200 25684 "-" "Mozilla/5.0 AppleWebKit/537.36 (KHTML, like Gecko; compatible; bingbot/2.0; +http://www.bing.com/bingbot.htm) Chrome/116.0.1938.76 Safari/537.36"
52.167.144.162 - - [15/Jun/2026:17:16:56 +0200] "GET /info/012593538069 HTTP/2" 200 26131 "-" "Mozilla/5.0 AppleWebKit/537.36 (KHTML, like Gecko; compatible; bingbot/2.0; +http://www.bing.com/bingbot.htm) Chrome/116.0.1938.76 Safari/537.36"
52.167.144.162 - - [15/Jun/2026:17:16:57 +0200] "GET /product/013549362109 HTTP/2" 200 26442 "-" "Mozilla/5.0 AppleWebKit/537.36 (KHTML, like Gecko; compatible; bingbot/2.0; +http://www.bing.com/bingbot.htm) Chrome/116.0.1938.76 Safari/537.36"
52.167.144.162 - - [15/Jun/2026:17:17:00 +0200] "GET /info/011249542175 HTTP/2" 200 28630 "-" "Mozilla/5.0 AppleWebKit/537.36 (KHTML, like Gecko; compatible; bingbot/2.0; +http://www.bing.com/bingbot.htm) Chrome/116.0.1938.76 Safari/537.36"
52.167.144.162 - - [15/Jun/2026:17:17:05 +0200] "GET /product/013475672618 HTTP/2" 200 27094 "-" "Mozilla/5.0 AppleWebKit/537.36 (KHTML, like Gecko; compatible; bingbot/2.0; +http://www.bing.com/bingbot.htm) Chrome/116.0.1938.76 Safari/537.36"
52.167.144.162 - - [15/Jun/2026:17:17:07 +0200] "GET /market/012877400836 HTTP/2" 200 26631 "-" "Mozilla/5.0 AppleWebKit/537.36 (KHTML, like Gecko; compatible; bingbot/2.0; +http://www.bing.com/bingbot.htm) Chrome/116.0.1938.76 Safari/537.36"
52.167.144.162 - - [15/Jun/2026:17:17:10 +0200] "GET /info/01481388216 HTTP/2" 200 26556 "-" "Mozilla/5.0 AppleWebKit/537.36 (KHTML, like Gecko; compatible; bingbot/2.0; +http://www.bing.com/bingbot.htm) Chrome/116.0.1938.76 Safari/537.36"
52.167.144.162 - - [15/Jun/2026:17:17:14 +0200] "GET /info/012095018080 HTTP/2" 200 26758 "-" "Mozilla/5.0 AppleWebKit/537.36 (KHTML, like Gecko; compatible; bingbot/2.0; +http://www.bing.com/bingbot.htm) Chrome/116.0.1938.76 Safari/537.36"
77.239.36.238 - - [15/Jun/2026:17:16:37 +0200] "GET /wp-content/uploads/2026/03/CHM-Intro-250204.mp4 HTTP/3" 206 10650676 "https://schweiz-macher.ch/" "Mozilla/5.0 (Windows NT 10.0; Win64; x64) AppleWebKit/537.36 (KHTML, like Gecko) Chrome/149.0.0.0 Safari/537.36 Edg/149.0.0.0"
77.239.36.238 - - [15/Jun/2026:17:16:47 +0200] "GET /home/ HTTP/3" 200 23793 "https://schweiz-macher.ch/" "Mozilla/5.0 (Windows NT 10.0; Win64; x64) AppleWebKit/537.36 (KHTML, like Gecko) Chrome/149.0.0.0 Safari/537.36 Edg/149.0.0.0"
77.239.36.238 - - [15/Jun/2026:17:16:51 +0200] "GET /wp-content/uploads/fusion-scripts/afee34f722c89524a9a208d7c6702d20.min.js?ver=3.15.0 HTTP/3" 200 197607 "https://schweiz-macher.ch/home/" "Mozilla/5.0 (Windows NT 10.0; Win64; x64) AppleWebKit/537.36 (KHTML, like Gecko) Chrome/149.0.0.0 Safari/537.36 Edg/149.0.0.0"
77.239.36.238 - - [15/Jun/2026:17:16:51 +0200] "GET /wp-content/uploads/fusion-styles/f4f3c86d15aefccfc8b2ea06623329fd.min.css?ver=3.15.0 HTTP/3" 200 170506 "https://schweiz-macher.ch/home/" "Mozilla/5.0 (Windows NT 10.0; Win64; x64) AppleWebKit/537.36 (KHTML, like Gecko) Chrome/149.0.0.0 Safari/537.36 Edg/149.0.0.0"
77.239.36.238 - - [15/Jun/2026:17:16:51 +0200] "GET /wp-content/uploads/2025/12/logo-600-schweiz-macher.png HTTP/3" 200 192492 "https://schweiz-macher.ch/home/" "Mozilla/5.0 (Windows NT 10.0; Win64; x64) AppleWebKit/537.36 (KHTML, like Gecko) Chrome/149.0.0.0 Safari/537.36 Edg/149.0.0.0"
77.239.36.238 - - [15/Jun/2026:17:16:51 +0200] "GET /wp-content/uploads/2026/01/schweizmacher-Headerbild-wir-machen.jpg HTTP/3" 200 246298 "https://schweiz-macher.ch/home/" "Mozilla/5.0 (Windows NT 10.0; Win64; x64) AppleWebKit/537.36 (KHTML, like Gecko) Chrome/149.0.0.0 Safari/537.36 Edg/149.0.0.0"
77.239.36.238 - - [15/Jun/2026:17:16:51 +0200] "GET /wp-content/uploads/2025/12/abstimmung-eidgenoessisch.jpg HTTP/3" 200 16176 "https://schweiz-macher.ch/home/" "Mozilla/5.0 (Windows NT 10.0; Win64; x64) AppleWebKit/537.36 (KHTML, like Gecko) Chrome/149.0.0.0 Safari/537.36 Edg/149.0.0.0"
77.239.36.238 - - [15/Jun/2026:17:16:51 +0200] "GET /wp-content/uploads/2025/12/youtube-channel-bg.jpg HTTP/3" 200 118440 "https://schweiz-macher.ch/home/" "Mozilla/5.0 (Windows NT 10.0; Win64; x64) AppleWebKit/537.36 (KHTML, like Gecko) Chrome/149.0.0.0 Safari/537.36 Edg/149.0.0.0"
77.239.36.238 - - [15/Jun/2026:17:16:51 +0200] "GET /wp-content/uploads/2025/12/flagge_schweiz.png HTTP/3" 200 684692 "https://schweiz-macher.ch/home/" "Mozilla/5.0 (Windows NT 10.0; Win64; x64) AppleWebKit/537.36 (KHTML, like Gecko) Chrome/149.0.0.0 Safari/537.36 Edg/149.0.0.0"
77.239.36.238 - - [15/Jun/2026:17:16:53 +0200] "GET /wp-content/uploads/2025/12/schweiz-macher-mitglied-werden.jpg HTTP/3" 200 157766 "https://schweiz-macher.ch/home/" "Mozilla/5.0 (Windows NT 10.0; Win64; x64) AppleWebKit/537.36 (KHTML, like Gecko) Chrome/149.0.0.0 Safari/537.36 Edg/149.0.0.0"
77.239.36.238 - - [15/Jun/2026:17:16:52 +0200] "POST /wp-admin/admin-ajax.php HTTP/3" 200 94 "https://schweiz-macher.ch/home/" "Mozilla/5.0 (Windows NT 10.0; Win64; x64) AppleWebKit/537.36 (KHTML, like Gecko) Chrome/149.0.0.0 Safari/537.36 Edg/149.0.0.0"
77.239.36.238 - - [15/Jun/2026:17:16:54 +0200] "POST /wp-admin/admin-ajax.php HTTP/3" 403 22 "https://schweiz-macher.ch/home/" "Mozilla/5.0 (Windows NT 10.0; Win64; x64) AppleWebKit/537.36 (KHTML, like Gecko) Chrome/149.0.0.0 Safari/537.36 Edg/149.0.0.0"
216.73.217.78 - - [15/Jun/2026:17:16:57 +0200] "GET /entity/012890248721 HTTP/2" 404 17411 "-" "Mozilla/5.0 AppleWebKit/537.36 (KHTML, like Gecko; compatible; ClaudeBot/1.0; +claudebot@anthropic.com)"
216.73.217.78 - - [15/Jun/2026:17:17:28 +0200] "GET /items/011791095395 HTTP/2" 404 17396 "-" "Mozilla/5.0 AppleWebKit/537.36 (KHTML, like Gecko; compatible; ClaudeBot/1.0; +claudebot@anthropic.com)"
216.73.217.78 - - [15/Jun/2026:17:18:03 +0200] "GET /detail/011760103450 HTTP/2" 404 17408 "-" "Mozilla/5.0 AppleWebKit/537.36 (KHTML, like Gecko; compatible; ClaudeBot/1.0; +claudebot@anthropic.com)"
52.167.144.162 - - [15/Jun/2026:17:17:57 +0200] "GET /special/01136125090 HTTP/2" 200 26266 "-" "Mozilla/5.0 AppleWebKit/537.36 (KHTML, like Gecko; compatible; bingbot/2.0; +http://www.bing.com/bingbot.htm) Chrome/116.0.1938.76 Safari/537.36"
52.167.144.162 - - [15/Jun/2026:17:18:06 +0200] "GET /special/014005505748 HTTP/2" 200 26211 "-" "Mozilla/5.0 AppleWebKit/537.36 (KHTML, like Gecko; compatible; bingbot/2.0; +http://www.bing.com/bingbot.htm) Chrome/116.0.1938.76 Safari/537.36"
52.167.144.162 - - [15/Jun/2026:17:18:14 +0200] "GET /product/011852698320 HTTP/2" 200 26814 "-" "Mozilla/5.0 AppleWebKit/537.36 (KHTML, like Gecko; compatible; bingbot/2.0; +http://www.bing.com/bingbot.htm) Chrome/116.0.1938.76 Safari/537.36"
129.226.152.67 - - [15/Jun/2026:17:18:21 +0200] "GET / HTTP/1.1" 200 12807 "http://schweiz-macher-schweiz.ch" "Mozilla/5.0 (iPhone; CPU iPhone OS 13_2_3 like Mac OS X) AppleWebKit/605.1.15 (KHTML, like Gecko) Version/13.0.3 Mobile/15E148 Safari/604.1"
52.167.144.162 - - [15/Jun/2026:17:18:18 +0200] "GET /special/014003081566 HTTP/2" 200 26963 "-" "Mozilla/5.0 AppleWebKit/537.36 (KHTML, like Gecko; compatible; bingbot/2.0; +http://www.bing.com/bingbot.htm) Chrome/116.0.1938.76 Safari/537.36"
52.167.144.162 - - [15/Jun/2026:17:18:26 +0200] "GET /special/01764640692 HTTP/2" 200 26481 "-" "Mozilla/5.0 AppleWebKit/537.36 (KHTML, like Gecko; compatible; bingbot/2.0; +http://www.bing.com/bingbot.htm) Chrome/116.0.1938.76 Safari/537.36"
52.167.144.162 - - [15/Jun/2026:17:18:26 +0200] "GET /special/011771160261 HTTP/2" 200 26153 "-" "Mozilla/5.0 AppleWebKit/537.36 (KHTML, like Gecko; compatible; bingbot/2.0; +http://www.bing.com/bingbot.htm) Chrome/116.0.1938.76 Safari/537.36"
52.167.144.162 - - [15/Jun/2026:17:18:46 +0200] "GET /info/013258864680 HTTP/2" 200 26324 "-" "Mozilla/5.0 AppleWebKit/537.36 (KHTML, like Gecko; compatible; bingbot/2.0; +http://www.bing.com/bingbot.htm) Chrome/116.0.1938.76 Safari/537.36"
52.167.144.162 - - [15/Jun/2026:17:18:49 +0200] "GET /special/01498136121 HTTP/2" 200 26408 "-" "Mozilla/5.0 AppleWebKit/537.36 (KHTML, like Gecko; compatible; bingbot/2.0; +http://www.bing.com/bingbot.htm) Chrome/116.0.1938.76 Safari/537.36"
52.167.144.162 - - [15/Jun/2026:17:18:56 +0200] "GET /info/013660709320 HTTP/2" 200 26268 "-" "Mozilla/5.0 AppleWebKit/537.36 (KHTML, like Gecko; compatible; bingbot/2.0; +http://www.bing.com/bingbot.htm) Chrome/116.0.1938.76 Safari/537.36"
52.167.144.162 - - [15/Jun/2026:17:18:53 +0200] "GET /products/013084920201 HTTP/2" 200 26344 "-" "Mozilla/5.0 AppleWebKit/537.36 (KHTML, like Gecko; compatible; bingbot/2.0; +http://www.bing.com/bingbot.htm) Chrome/116.0.1938.76 Safari/537.36"
216.73.217.78 - - [15/Jun/2026:17:19:06 +0200] "GET /goodscode/01965609630 HTTP/2" 404 17407 "-" "Mozilla/5.0 AppleWebKit/537.36 (KHTML, like Gecko; compatible; ClaudeBot/1.0; +claudebot@anthropic.com)"
52.167.144.162 - - [15/Jun/2026:17:18:59 +0200] "GET /info/01837928166 HTTP/2" 200 26206 "-" "Mozilla/5.0 AppleWebKit/537.36 (KHTML, like Gecko; compatible; bingbot/2.0; +http://www.bing.com/bingbot.htm) Chrome/116.0.1938.76 Safari/537.36"
216.73.217.78 - - [15/Jun/2026:17:19:24 +0200] "GET /info/01857654952 HTTP/2" 301 20 "-" "Mozilla/5.0 AppleWebKit/537.36 (KHTML, like Gecko; compatible; ClaudeBot/1.0; +claudebot@anthropic.com)"
216.73.217.78 - - [15/Jun/2026:17:19:26 +0200] "GET /datenschutz/1857654952/ HTTP/2" 301 20 "https://schweiz-macher.ch/info/01857654952" "Mozilla/5.0 AppleWebKit/537.36 (KHTML, like Gecko; compatible; ClaudeBot/1.0; +claudebot@anthropic.com)"
52.167.144.162 - - [15/Jun/2026:17:19:26 +0200] "GET /info/011431679140 HTTP/2" 200 26419 "-" "Mozilla/5.0 AppleWebKit/537.36 (KHTML, like Gecko; compatible; bingbot/2.0; +http://www.bing.com/bingbot.htm) Chrome/116.0.1938.76 Safari/537.36"
216.73.217.78 - - [15/Jun/2026:17:19:30 +0200] "GET /datenschutz/ HTTP/2" 200 25155 "https://schweiz-macher.ch/datenschutz/1857654952/" "Mozilla/5.0 AppleWebKit/537.36 (KHTML, like Gecko; compatible; ClaudeBot/1.0; +claudebot@anthropic.com)"
74.7.242.55 - - [15/Jun/2026:17:17:18 +0200] "GET /entity/014090271652 HTTP/2" 404 17397 "https://schweiz-macher.ch/sitemap-item-1324.xml" "Mozilla/5.0 AppleWebKit/537.36 (KHTML, like Gecko; compatible; GPTBot/1.4; +https://openai.com/gptbot)"
52.167.144.162 - - [15/Jun/2026:17:17:18 +0200] "GET /special/01517123989 HTTP/2" 200 27229 "-" "Mozilla/5.0 AppleWebKit/537.36 (KHTML, like Gecko; compatible; bingbot/2.0; +http://www.bing.com/bingbot.htm) Chrome/116.0.1938.76 Safari/537.36"
52.167.144.162 - - [15/Jun/2026:17:17:22 +0200] "GET /shopbrand/013859442447 HTTP/2" 200 27046 "-" "Mozilla/5.0 AppleWebKit/537.36 (KHTML, like Gecko; compatible; bingbot/2.0; +http://www.bing.com/bingbot.htm) Chrome/116.0.1938.76 Safari/537.36"
52.167.144.162 - - [15/Jun/2026:17:17:27 +0200] "GET /special/014118520691 HTTP/2" 200 26055 "-" "Mozilla/5.0 AppleWebKit/537.36 (KHTML, like Gecko; compatible; bingbot/2.0; +http://www.bing.com/bingbot.htm) Chrome/116.0.1938.76 Safari/537.36"
52.167.144.162 - - [15/Jun/2026:17:17:30 +0200] "GET /info/011599967810 HTTP/2" 200 28054 "-" "Mozilla/5.0 AppleWebKit/537.36 (KHTML, like Gecko; compatible; bingbot/2.0; +http://www.bing.com/bingbot.htm) Chrome/116.0.1938.76 Safari/537.36"
52.167.144.162 - - [15/Jun/2026:17:17:33 +0200] "GET /product/011860286157 HTTP/2" 200 27280 "-" "Mozilla/5.0 AppleWebKit/537.36 (KHTML, like Gecko; compatible; bingbot/2.0; +http://www.bing.com/bingbot.htm) Chrome/116.0.1938.76 Safari/537.36"
52.167.144.162 - - [15/Jun/2026:17:17:26 +0200] "GET /product/011959551082 HTTP/2" 200 26760 "-" "Mozilla/5.0 AppleWebKit/537.36 (KHTML, like Gecko; compatible; bingbot/2.0; +http://www.bing.com/bingbot.htm) Chrome/116.0.1938.76 Safari/537.36"
52.167.144.162 - - [15/Jun/2026:17:17:36 +0200] "GET /info/011191086169 HTTP/2" 200 26217 "-" "Mozilla/5.0 AppleWebKit/537.36 (KHTML, like Gecko; compatible; bingbot/2.0; +http://www.bing.com/bingbot.htm) Chrome/116.0.1938.76 Safari/537.36"
52.167.144.162 - - [15/Jun/2026:17:17:40 +0200] "GET /info/013892091642 HTTP/2" 200 25697 "-" "Mozilla/5.0 AppleWebKit/537.36 (KHTML, like Gecko; compatible; bingbot/2.0; +http://www.bing.com/bingbot.htm) Chrome/116.0.1938.76 Safari/537.36"
52.167.144.162 - - [15/Jun/2026:17:17:44 +0200] "GET /special/01932783709 HTTP/2" 200 26723 "-" "Mozilla/5.0 AppleWebKit/537.36 (KHTML, like Gecko; compatible; bingbot/2.0; +http://www.bing.com/bingbot.htm) Chrome/116.0.1938.76 Safari/537.36"
52.167.144.162 - - [15/Jun/2026:17:17:47 +0200] "GET /items/013849100379 HTTP/2" 200 26540 "-" "Mozilla/5.0 AppleWebKit/537.36 (KHTML, like Gecko; compatible; bingbot/2.0; +http://www.bing.com/bingbot.htm) Chrome/116.0.1938.76 Safari/537.36"
216.73.161.211 - - [15/Jun/2026:17:18:05 +0200] "POST /wp-login.php HTTP/1.1" 200 3617 "-" "Mozilla/5.0 (Windows NT 10.0; Win64; rv:143.0) Gecko/20100101 Firefox/143.0"
74.7.242.55 - - [15/Jun/2026:17:18:19 +0200] "GET /entity/012947261734 HTTP/2" 404 17404 "https://schweiz-macher.ch/sitemap-item-662.xml" "Mozilla/5.0 AppleWebKit/537.36 (KHTML, like Gecko; compatible; GPTBot/1.4; +https://openai.com/gptbot)"
74.7.242.55 - - [15/Jun/2026:17:19:25 +0200] "GET /market/011390979620 HTTP/2" 404 17408 "https://schweiz-macher.ch/sitemap-item-2224.xml" "Mozilla/5.0 AppleWebKit/537.36 (KHTML, like Gecko; compatible; GPTBot/1.4; +https://openai.com/gptbot)"
216.73.217.78 - - [15/Jun/2026:17:19:55 +0200] "GET /info/013281155492 HTTP/2" 301 20 "-" "Mozilla/5.0 AppleWebKit/537.36 (KHTML, like Gecko; compatible; ClaudeBot/1.0; +claudebot@anthropic.com)"
216.73.217.78 - - [15/Jun/2026:17:19:58 +0200] "GET /datenschutz/13281155492/ HTTP/2" 301 20 "https://schweiz-macher.ch/info/013281155492" "Mozilla/5.0 AppleWebKit/537.36 (KHTML, like Gecko; compatible; ClaudeBot/1.0; +claudebot@anthropic.com)"
216.73.217.78 - - [15/Jun/2026:17:20:00 +0200] "GET /datenschutz/ HTTP/2" 200 25149 "https://schweiz-macher.ch/datenschutz/13281155492/" "Mozilla/5.0 AppleWebKit/537.36 (KHTML, like Gecko; compatible; ClaudeBot/1.0; +claudebot@anthropic.com)"
58.177.7.207 - - [15/Jun/2026:17:15:15 +0200] "GET /wp-content/uploads/2025/12/Gesundheit-Tinktur-300x300.png HTTP/1.1" 200 149530 "-" "Mozilla/5.0 (X11; Linux i686; rv:1.9.6.20) Gecko/4812-04-13 23:13:45.330887 Firefox/14.0"
216.73.217.78 - - [15/Jun/2026:17:15:20 +0200] "GET /special/01198645166 HTTP/2" 404 17398 "-" "Mozilla/5.0 AppleWebKit/537.36 (KHTML, like Gecko; compatible; ClaudeBot/1.0; +claudebot@anthropic.com)"
52.167.144.162 - - [15/Jun/2026:17:15:21 +0200] "GET /special/011028835484 HTTP/2" 200 27683 "-" "Mozilla/5.0 AppleWebKit/537.36 (KHTML, like Gecko; compatible; bingbot/2.0; +http://www.bing.com/bingbot.htm) Chrome/116.0.1938.76 Safari/537.36"
52.167.144.162 - - [15/Jun/2026:17:15:26 +0200] "GET /items/01430422307 HTTP/2" 200 26493 "-" "Mozilla/5.0 AppleWebKit/537.36 (KHTML, like Gecko; compatible; bingbot/2.0; +http://www.bing.com/bingbot.htm) Chrome/116.0.1938.76 Safari/537.36"
2a0f:d003:3463:d31f:1208:b1ff:fe4f:43cb - - [15/Jun/2026:17:15:49 +0200] "GET /kontakt/ HTTP/1.0" 200 132410 "https://schweiz-macher.ch/kontakt/" "Mozilla/5.0 (Windows NT 10.0; Win64; x64) AppleWebKit/537.36 (KHTML, like Gecko) Chrome/130.0.0.0 Safari/537.36 CCleaner/130.0.0.0"
52.167.144.162 - - [15/Jun/2026:17:15:56 +0200] "GET /product/01149430494 HTTP/2" 200 26029 "-" "Mozilla/5.0 AppleWebKit/537.36 (KHTML, like Gecko; compatible; bingbot/2.0; +http://www.bing.com/bingbot.htm) Chrome/116.0.1938.76 Safari/537.36"
52.167.144.162 - - [15/Jun/2026:17:16:03 +0200] "GET /product/011837498453 HTTP/2" 200 26241 "-" "Mozilla/5.0 AppleWebKit/537.36 (KHTML, like Gecko; compatible; bingbot/2.0; +http://www.bing.com/bingbot.htm) Chrome/116.0.1938.76 Safari/537.36"
52.167.144.162 - - [15/Jun/2026:17:16:21 +0200] "GET /product/013090009268 HTTP/2" 200 25564 "-" "Mozilla/5.0 AppleWebKit/537.36 (KHTML, like Gecko; compatible; bingbot/2.0; +http://www.bing.com/bingbot.htm) Chrome/116.0.1938.76 Safari/537.36"
52.167.144.162 - - [15/Jun/2026:17:16:26 +0200] "GET /info/011319127207 HTTP/2" 200 27368 "-" "Mozilla/5.0 AppleWebKit/537.36 (KHTML, like Gecko; compatible; bingbot/2.0; +http://www.bing.com/bingbot.htm) Chrome/116.0.1938.76 Safari/537.36"
216.73.217.78 - - [15/Jun/2026:17:18:34 +0200] "GET /goodscode/012318325399 HTTP/2" 404 17404 "-" "Mozilla/5.0 AppleWebKit/537.36 (KHTML, like Gecko; compatible; ClaudeBot/1.0; +claudebot@anthropic.com)"
52.167.144.162 - - [15/Jun/2026:17:20:21 +0200] "GET /info/011238934066 HTTP/2" 200 25770 "-" "Mozilla/5.0 AppleWebKit/537.36 (KHTML, like Gecko; compatible; bingbot/2.0; +http://www.bing.com/bingbot.htm) Chrome/116.0.1938.76 Safari/537.36"
52.167.144.162 - - [15/Jun/2026:17:20:24 +0200] "GET /info/01999599360 HTTP/2" 200 26204 "-" "Mozilla/5.0 AppleWebKit/537.36 (KHTML, like Gecko; compatible; bingbot/2.0; +http://www.bing.com/bingbot.htm) Chrome/116.0.1938.76 Safari/537.36"
52.167.144.162 - - [15/Jun/2026:17:20:26 +0200] "GET /product/012781528029 HTTP/2" 200 25969 "-" "Mozilla/5.0 AppleWebKit/537.36 (KHTML, like Gecko; compatible; bingbot/2.0; +http://www.bing.com/bingbot.htm) Chrome/116.0.1938.76 Safari/537.36"
52.167.144.162 - - [15/Jun/2026:17:20:31 +0200] "GET /items/01208667740 HTTP/2" 200 27416 "-" "Mozilla/5.0 AppleWebKit/537.36 (KHTML, like Gecko; compatible; bingbot/2.0; +http://www.bing.com/bingbot.htm) Chrome/116.0.1938.76 Safari/537.36"
52.167.144.162 - - [15/Jun/2026:17:20:35 +0200] "GET /info/012612116079 HTTP/2" 200 26278 "-" "Mozilla/5.0 AppleWebKit/537.36 (KHTML, like Gecko; compatible; bingbot/2.0; +http://www.bing.com/bingbot.htm) Chrome/116.0.1938.76 Safari/537.36"
52.167.144.162 - - [15/Jun/2026:17:20:42 +0200] "GET /products/014101912006 HTTP/2" 200 27555 "-" "Mozilla/5.0 AppleWebKit/537.36 (KHTML, like Gecko; compatible; bingbot/2.0; +http://www.bing.com/bingbot.htm) Chrome/116.0.1938.76 Safari/537.36"
52.167.144.162 - - [15/Jun/2026:17:20:45 +0200] "GET /product/013652034298 HTTP/2" 200 28617 "-" "Mozilla/5.0 AppleWebKit/537.36 (KHTML, like Gecko; compatible; bingbot/2.0; +http://www.bing.com/bingbot.htm) Chrome/116.0.1938.76 Safari/537.36"
52.167.144.162 - - [15/Jun/2026:17:19:31 +0200] "GET /info/011950092027 HTTP/2" 200 26150 "-" "Mozilla/5.0 AppleWebKit/537.36 (KHTML, like Gecko; compatible; bingbot/2.0; +http://www.bing.com/bingbot.htm) Chrome/116.0.1938.76 Safari/537.36"
52.167.144.162 - - [15/Jun/2026:17:19:17 +0200] "GET /product/013811537500 HTTP/2" 200 26536 "-" "Mozilla/5.0 AppleWebKit/537.36 (KHTML, like Gecko; compatible; bingbot/2.0; +http://www.bing.com/bingbot.htm) Chrome/116.0.1938.76 Safari/537.36"
52.167.144.162 - - [15/Jun/2026:17:19:36 +0200] "GET /info/013262404908 HTTP/2" 200 27061 "-" "Mozilla/5.0 AppleWebKit/537.36 (KHTML, like Gecko; compatible; bingbot/2.0; +http://www.bing.com/bingbot.htm) Chrome/116.0.1938.76 Safari/537.36"
52.167.144.162 - - [15/Jun/2026:17:19:40 +0200] "GET /info/013885153871 HTTP/2" 200 27337 "-" "Mozilla/5.0 AppleWebKit/537.36 (KHTML, like Gecko; compatible; bingbot/2.0; +http://www.bing.com/bingbot.htm) Chrome/116.0.1938.76 Safari/537.36"
52.167.144.162 - - [15/Jun/2026:17:19:43 +0200] "GET /info/012700374099 HTTP/2" 200 26986 "-" "Mozilla/5.0 AppleWebKit/537.36 (KHTML, like Gecko; compatible; bingbot/2.0; +http://www.bing.com/bingbot.htm) Chrome/116.0.1938.76 Safari/537.36"
52.167.144.162 - - [15/Jun/2026:17:19:48 +0200] "GET /info/012088119033 HTTP/2" 200 27757 "-" "Mozilla/5.0 AppleWebKit/537.36 (KHTML, like Gecko; compatible; bingbot/2.0; +http://www.bing.com/bingbot.htm) Chrome/116.0.1938.76 Safari/537.36"
52.167.144.162 - - [15/Jun/2026:17:19:57 +0200] "GET /special/012113115540 HTTP/2" 200 26130 "-" "Mozilla/5.0 AppleWebKit/537.36 (KHTML, like Gecko; compatible; bingbot/2.0; +http://www.bing.com/bingbot.htm) Chrome/116.0.1938.76 Safari/537.36"
52.167.144.162 - - [15/Jun/2026:17:19:53 +0200] "GET /special/011719260010 HTTP/2" 200 26714 "-" "Mozilla/5.0 AppleWebKit/537.36 (KHTML, like Gecko; compatible; bingbot/2.0; +http://www.bing.com/bingbot.htm) Chrome/116.0.1938.76 Safari/537.36"
52.167.144.162 - - [15/Jun/2026:17:20:01 +0200] "GET /info/01578757217 HTTP/2" 200 30678 "-" "Mozilla/5.0 AppleWebKit/537.36 (KHTML, like Gecko; compatible; bingbot/2.0; +http://www.bing.com/bingbot.htm) Chrome/116.0.1938.76 Safari/537.36"
52.167.144.162 - - [15/Jun/2026:17:20:04 +0200] "GET /special/01596748421 HTTP/2" 200 26366 "-" "Mozilla/5.0 AppleWebKit/537.36 (KHTML, like Gecko; compatible; bingbot/2.0; +http://www.bing.com/bingbot.htm) Chrome/116.0.1938.76 Safari/537.36"
52.167.144.162 - - [15/Jun/2026:17:20:12 +0200] "GET /shopbrand/012265869315 HTTP/2" 200 26613 "-" "Mozilla/5.0 AppleWebKit/537.36 (KHTML, like Gecko; compatible; bingbot/2.0; +http://www.bing.com/bingbot.htm) Chrome/116.0.1938.76 Safari/537.36"
52.167.144.162 - - [15/Jun/2026:17:20:16 +0200] "GET /info/013526550520 HTTP/2" 200 27369 "-" "Mozilla/5.0 AppleWebKit/537.36 (KHTML, like Gecko; compatible; bingbot/2.0; +http://www.bing.com/bingbot.htm) Chrome/116.0.1938.76 Safari/537.36"
216.73.217.78 - - [15/Jun/2026:17:20:27 +0200] "GET /info/01569670383 HTTP/2" 301 20 "-" "Mozilla/5.0 AppleWebKit/537.36 (KHTML, like Gecko; compatible; ClaudeBot/1.0; +claudebot@anthropic.com)"
216.73.217.78 - - [15/Jun/2026:17:20:29 +0200] "GET /datenschutz/1569670383/ HTTP/2" 301 20 "https://schweiz-macher.ch/info/01569670383" "Mozilla/5.0 AppleWebKit/537.36 (KHTML, like Gecko; compatible; ClaudeBot/1.0; +claudebot@anthropic.com)"
216.73.217.78 - - [15/Jun/2026:17:20:31 +0200] "GET /datenschutz/ HTTP/2" 200 25143 "https://schweiz-macher.ch/datenschutz/1569670383/" "Mozilla/5.0 AppleWebKit/537.36 (KHTML, like Gecko; compatible; ClaudeBot/1.0; +claudebot@anthropic.com)"
52.167.144.162 - - [15/Jun/2026:17:20:51 +0200] "GET /product/011512424008 HTTP/2" 200 26075 "-" "Mozilla/5.0 AppleWebKit/537.36 (KHTML, like Gecko; compatible; bingbot/2.0; +http://www.bing.com/bingbot.htm) Chrome/116.0.1938.76 Safari/537.36"
52.167.144.162 - - [15/Jun/2026:17:20:54 +0200] "GET /products/011127800454 HTTP/2" 200 28156 "-" "Mozilla/5.0 AppleWebKit/537.36 (KHTML, like Gecko; compatible; bingbot/2.0; +http://www.bing.com/bingbot.htm) Chrome/116.0.1938.76 Safari/537.36"
52.167.144.162 - - [15/Jun/2026:17:20:56 +0200] "GET /items/01337684145 HTTP/2" 200 26038 "-" "Mozilla/5.0 AppleWebKit/537.36 (KHTML, like Gecko; compatible; bingbot/2.0; +http://www.bing.com/bingbot.htm) Chrome/116.0.1938.76 Safari/537.36"
52.167.144.162 - - [15/Jun/2026:17:20:59 +0200] "GET /shopdetail/013071565183 HTTP/2" 200 26436 "-" "Mozilla/5.0 AppleWebKit/537.36 (KHTML, like Gecko; compatible; bingbot/2.0; +http://www.bing.com/bingbot.htm) Chrome/116.0.1938.76 Safari/537.36"
52.167.144.162 - - [15/Jun/2026:17:21:08 +0200] "GET /shopbrand/014247671328 HTTP/2" 200 28369 "-" "Mozilla/5.0 AppleWebKit/537.36 (KHTML, like Gecko; compatible; bingbot/2.0; +http://www.bing.com/bingbot.htm) Chrome/116.0.1938.76 Safari/537.36"
52.167.144.162 - - [15/Jun/2026:17:21:11 +0200] "GET /product/012339397697 HTTP/2" 200 27695 "-" "Mozilla/5.0 AppleWebKit/537.36 (KHTML, like Gecko; compatible; bingbot/2.0; +http://www.bing.com/bingbot.htm) Chrome/116.0.1938.76 Safari/537.36"
52.167.144.162 - - [15/Jun/2026:17:21:15 +0200] "GET /info/014022064879 HTTP/2" 200 27473 "-" "Mozilla/5.0 AppleWebKit/537.36 (KHTML, like Gecko; compatible; bingbot/2.0; +http://www.bing.com/bingbot.htm) Chrome/116.0.1938.76 Safari/537.36"
52.167.144.162 - - [15/Jun/2026:17:21:19 +0200] "GET /info/014206792827 HTTP/2" 200 28001 "-" "Mozilla/5.0 AppleWebKit/537.36 (KHTML, like Gecko; compatible; bingbot/2.0; +http://www.bing.com/bingbot.htm) Chrome/116.0.1938.76 Safari/537.36"
52.167.144.159 - - [15/Jun/2026:17:21:27 +0200] "GET /info/012386309110 HTTP/2" 200 28315 "-" "Mozilla/5.0 AppleWebKit/537.36 (KHTML, like Gecko; compatible; bingbot/2.0; +http://www.bing.com/bingbot.htm) Chrome/116.0.1938.76 Safari/537.36"
74.7.242.55 - - [15/Jun/2026:17:21:33 +0200] "GET /entity/012615743469 HTTP/2" 404 17400 "https://schweiz-macher.ch/sitemap-item-2634.xml" "Mozilla/5.0 AppleWebKit/537.36 (KHTML, like Gecko; compatible; GPTBot/1.4; +https://openai.com/gptbot)"
52.167.144.159 - - [15/Jun/2026:17:21:32 +0200] "GET /product/014132378684 HTTP/2" 200 36584 "-" "Mozilla/5.0 AppleWebKit/537.36 (KHTML, like Gecko; compatible; bingbot/2.0; +http://www.bing.com/bingbot.htm) Chrome/116.0.1938.76 Safari/537.36"
52.167.144.159 - - [15/Jun/2026:17:21:36 +0200] "GET /info/012767331563 HTTP/2" 200 27611 "-" "Mozilla/5.0 AppleWebKit/537.36 (KHTML, like Gecko; compatible; bingbot/2.0; +http://www.bing.com/bingbot.htm) Chrome/116.0.1938.76 Safari/537.36"
52.167.144.159 - - [15/Jun/2026:17:21:41 +0200] "GET /info/011236971960 HTTP/2" 200 26301 "-" "Mozilla/5.0 AppleWebKit/537.36 (KHTML, like Gecko; compatible; bingbot/2.0; +http://www.bing.com/bingbot.htm) Chrome/116.0.1938.76 Safari/537.36"
216.73.217.78 - - [15/Jun/2026:17:22:00 +0200] "GET /info/01370694169 HTTP/2" 301 20 "-" "Mozilla/5.0 AppleWebKit/537.36 (KHTML, like Gecko; compatible; ClaudeBot/1.0; +claudebot@anthropic.com)"
216.73.217.78 - - [15/Jun/2026:17:22:02 +0200] "GET /datenschutz/1370694169/ HTTP/2" 301 20 "https://schweiz-macher.ch/info/01370694169" "Mozilla/5.0 AppleWebKit/537.36 (KHTML, like Gecko; compatible; ClaudeBot/1.0; +claudebot@anthropic.com)"
216.73.217.78 - - [15/Jun/2026:17:22:04 +0200] "GET /datenschutz/ HTTP/2" 200 25151 "https://schweiz-macher.ch/datenschutz/1370694169/" "Mozilla/5.0 AppleWebKit/537.36 (KHTML, like Gecko; compatible; ClaudeBot/1.0; +claudebot@anthropic.com)"
52.167.144.137 - - [15/Jun/2026:17:22:26 +0200] "GET /info/013591591199 HTTP/2" 200 28597 "-" "Mozilla/5.0 AppleWebKit/537.36 (KHTML, like Gecko; compatible; bingbot/2.0; +http://www.bing.com/bingbot.htm) Chrome/116.0.1938.76 Safari/537.36"
52.167.144.137 - - [15/Jun/2026:17:22:31 +0200] "GET /special/013653160967 HTTP/2" 200 28335 "-" "Mozilla/5.0 AppleWebKit/537.36 (KHTML, like Gecko; compatible; bingbot/2.0; +http://www.bing.com/bingbot.htm) Chrome/116.0.1938.76 Safari/537.36"
216.73.217.78 - - [15/Jun/2026:17:22:33 +0200] "GET /product/01302249152 HTTP/2" 404 17401 "-" "Mozilla/5.0 AppleWebKit/537.36 (KHTML, like Gecko; compatible; ClaudeBot/1.0; +claudebot@anthropic.com)"
74.7.242.55 - - [15/Jun/2026:17:20:27 +0200] "GET /market/011246756699 HTTP/2" 404 17394 "https://schweiz-macher.ch/sitemap-item-2517.xml" "Mozilla/5.0 AppleWebKit/537.36 (KHTML, like Gecko; compatible; GPTBot/1.4; +https://openai.com/gptbot)"
52.167.144.162 - - [15/Jun/2026:17:21:24 +0200] "GET /items/01233211030 HTTP/2" 200 28643 "-" "Mozilla/5.0 AppleWebKit/537.36 (KHTML, like Gecko; compatible; bingbot/2.0; +http://www.bing.com/bingbot.htm) Chrome/116.0.1938.76 Safari/537.36"
74.7.242.55 - - [15/Jun/2026:17:22:36 +0200] "GET /entity/013076928267 HTTP/2" 404 17395 "https://schweiz-macher.ch/sitemap-item-2991.xml" "Mozilla/5.0 AppleWebKit/537.36 (KHTML, like Gecko; compatible; GPTBot/1.4; +https://openai.com/gptbot)"
52.167.144.137 - - [15/Jun/2026:17:22:34 +0200] "GET /info/012545149186 HTTP/2" 200 25826 "-" "Mozilla/5.0 AppleWebKit/537.36 (KHTML, like Gecko; compatible; bingbot/2.0; +http://www.bing.com/bingbot.htm) Chrome/116.0.1938.76 Safari/537.36"
52.167.144.137 - - [15/Jun/2026:17:22:39 +0200] "GET /info/751985647553 HTTP/2" 200 28650 "-" "Mozilla/5.0 AppleWebKit/537.36 (KHTML, like Gecko; compatible; bingbot/2.0; +http://www.bing.com/bingbot.htm) Chrome/116.0.1938.76 Safari/537.36"
52.167.144.137 - - [15/Jun/2026:17:22:43 +0200] "GET /products/012109008536 HTTP/2" 200 26985 "-" "Mozilla/5.0 AppleWebKit/537.36 (KHTML, like Gecko; compatible; bingbot/2.0; +http://www.bing.com/bingbot.htm) Chrome/116.0.1938.76 Safari/537.36"
52.167.144.137 - - [15/Jun/2026:17:22:46 +0200] "GET /special/014097752056 HTTP/2" 200 26931 "-" "Mozilla/5.0 AppleWebKit/537.36 (KHTML, like Gecko; compatible; bingbot/2.0; +http://www.bing.com/bingbot.htm) Chrome/116.0.1938.76 Safari/537.36"
52.167.144.137 - - [15/Jun/2026:17:22:50 +0200] "GET /info/01475330271 HTTP/2" 200 26589 "-" "Mozilla/5.0 AppleWebKit/537.36 (KHTML, like Gecko; compatible; bingbot/2.0; +http://www.bing.com/bingbot.htm) Chrome/116.0.1938.76 Safari/537.36"
52.167.144.137 - - [15/Jun/2026:17:22:53 +0200] "GET /shopping/011490373912 HTTP/2" 200 26738 "-" "Mozilla/5.0 AppleWebKit/537.36 (KHTML, like Gecko; compatible; bingbot/2.0; +http://www.bing.com/bingbot.htm) Chrome/116.0.1938.76 Safari/537.36"
52.167.144.137 - - [15/Jun/2026:17:22:56 +0200] "GET /info/014103570871 HTTP/2" 200 26037 "-" "Mozilla/5.0 AppleWebKit/537.36 (KHTML, like Gecko; compatible; bingbot/2.0; +http://www.bing.com/bingbot.htm) Chrome/116.0.1938.76 Safari/537.36"
52.167.144.137 - - [15/Jun/2026:17:22:56 +0200] "GET /special/011557858391 HTTP/2" 200 25724 "-" "Mozilla/5.0 AppleWebKit/537.36 (KHTML, like Gecko; compatible; bingbot/2.0; +http://www.bing.com/bingbot.htm) Chrome/116.0.1938.76 Safari/537.36"
52.167.144.162 - - [15/Jun/2026:17:20:48 +0200] "GET /products/012038365223 HTTP/2" 200 27040 "-" "Mozilla/5.0 AppleWebKit/537.36 (KHTML, like Gecko; compatible; bingbot/2.0; +http://www.bing.com/bingbot.htm) Chrome/116.0.1938.76 Safari/537.36"
216.73.217.78 - - [15/Jun/2026:17:21:00 +0200] "GET /entity/01751743999 HTTP/2" 404 17396 "-" "Mozilla/5.0 AppleWebKit/537.36 (KHTML, like Gecko; compatible; ClaudeBot/1.0; +claudebot@anthropic.com)"
216.73.217.78 - - [15/Jun/2026:17:21:27 +0200] "GET /info/01685087184 HTTP/2" 301 20 "-" "Mozilla/5.0 AppleWebKit/537.36 (KHTML, like Gecko; compatible; ClaudeBot/1.0; +claudebot@anthropic.com)"
216.73.217.78 - - [15/Jun/2026:17:21:30 +0200] "GET /datenschutz/1685087184/ HTTP/2" 301 20 "https://schweiz-macher.ch/info/01685087184" "Mozilla/5.0 AppleWebKit/537.36 (KHTML, like Gecko; compatible; ClaudeBot/1.0; +claudebot@anthropic.com)"
216.73.217.78 - - [15/Jun/2026:17:21:32 +0200] "GET /datenschutz/ HTTP/2" 200 25151 "https://schweiz-macher.ch/datenschutz/1685087184/" "Mozilla/5.0 AppleWebKit/537.36 (KHTML, like Gecko; compatible; ClaudeBot/1.0; +claudebot@anthropic.com)"
52.167.144.162 - - [15/Jun/2026:17:21:57 +0200] "GET /info/01792680059 HTTP/2" 200 26120 "-" "Mozilla/5.0 AppleWebKit/537.36 (KHTML, like Gecko; compatible; bingbot/2.0; +http://www.bing.com/bingbot.htm) Chrome/116.0.1938.76 Safari/537.36"
52.167.144.162 - - [15/Jun/2026:17:22:00 +0200] "GET /market/852145584839 HTTP/2" 200 26144 "-" "Mozilla/5.0 AppleWebKit/537.36 (KHTML, like Gecko; compatible; bingbot/2.0; +http://www.bing.com/bingbot.htm) Chrome/116.0.1938.76 Safari/537.36"
52.167.144.162 - - [15/Jun/2026:17:22:10 +0200] "GET /items/013220096315 HTTP/2" 200 29117 "-" "Mozilla/5.0 AppleWebKit/537.36 (KHTML, like Gecko; compatible; bingbot/2.0; +http://www.bing.com/bingbot.htm) Chrome/116.0.1938.76 Safari/537.36"
52.167.144.162 - - [15/Jun/2026:17:22:14 +0200] "GET /info/013012738001 HTTP/2" 200 26295 "-" "Mozilla/5.0 AppleWebKit/537.36 (KHTML, like Gecko; compatible; bingbot/2.0; +http://www.bing.com/bingbot.htm) Chrome/116.0.1938.76 Safari/537.36"
216.73.217.78 - - [15/Jun/2026:17:23:04 +0200] "GET /special/012895821057 HTTP/2" 404 17396 "-" "Mozilla/5.0 AppleWebKit/537.36 (KHTML, like Gecko; compatible; ClaudeBot/1.0; +claudebot@anthropic.com)"
52.167.144.137 - - [15/Jun/2026:17:22:59 +0200] "GET /special/012958680524 HTTP/2" 200 26068 "-" "Mozilla/5.0 AppleWebKit/537.36 (KHTML, like Gecko; compatible; bingbot/2.0; +http://www.bing.com/bingbot.htm) Chrome/116.0.1938.76 Safari/537.36"
52.167.144.137 - - [15/Jun/2026:17:23:08 +0200] "GET /special/012145078768 HTTP/2" 200 27568 "-" "Mozilla/5.0 AppleWebKit/537.36 (KHTML, like Gecko; compatible; bingbot/2.0; +http://www.bing.com/bingbot.htm) Chrome/116.0.1938.76 Safari/537.36"
52.167.144.137 - - [15/Jun/2026:17:23:11 +0200] "GET /special/702562090829 HTTP/2" 200 26614 "-" "Mozilla/5.0 AppleWebKit/537.36 (KHTML, like Gecko; compatible; bingbot/2.0; +http://www.bing.com/bingbot.htm) Chrome/116.0.1938.76 Safari/537.36"
52.167.144.137 - - [15/Jun/2026:17:23:19 +0200] "GET /shopping/7538862406 HTTP/2" 200 28208 "-" "Mozilla/5.0 AppleWebKit/537.36 (KHTML, like Gecko; compatible; bingbot/2.0; +http://www.bing.com/bingbot.htm) Chrome/116.0.1938.76 Safari/537.36"
52.167.144.137 - - [15/Jun/2026:17:23:24 +0200] "GET /info/011811134095 HTTP/2" 200 28120 "-" "Mozilla/5.0 AppleWebKit/537.36 (KHTML, like Gecko; compatible; bingbot/2.0; +http://www.bing.com/bingbot.htm) Chrome/116.0.1938.76 Safari/537.36"
52.167.144.137 - - [15/Jun/2026:17:23:26 +0200] "GET /special/012452884291 HTTP/2" 200 28573 "-" "Mozilla/5.0 AppleWebKit/537.36 (KHTML, like Gecko; compatible; bingbot/2.0; +http://www.bing.com/bingbot.htm) Chrome/116.0.1938.76 Safari/537.36"
74.7.242.55 - - [15/Jun/2026:17:23:40 +0200] "GET /market/011514920931 HTTP/2" 404 17391 "https://schweiz-macher.ch/sitemap-item-2991.xml" "Mozilla/5.0 AppleWebKit/537.36 (KHTML, like Gecko; compatible; GPTBot/1.4; +https://openai.com/gptbot)"
216.73.217.78 - - [15/Jun/2026:17:23:43 +0200] "GET /info/014095441887 HTTP/2" 301 20 "-" "Mozilla/5.0 AppleWebKit/537.36 (KHTML, like Gecko; compatible; ClaudeBot/1.0; +claudebot@anthropic.com)"
52.167.144.137 - - [15/Jun/2026:17:23:30 +0200] "GET /products/01652237804 HTTP/2" 200 25743 "-" "Mozilla/5.0 AppleWebKit/537.36 (KHTML, like Gecko; compatible; bingbot/2.0; +http://www.bing.com/bingbot.htm) Chrome/116.0.1938.76 Safari/537.36"
216.73.217.78 - - [15/Jun/2026:17:23:35 +0200] "GET /info/011874207907 HTTP/2" 301 20 "-" "Mozilla/5.0 AppleWebKit/537.36 (KHTML, like Gecko; compatible; ClaudeBot/1.0; +claudebot@anthropic.com)"
216.73.217.78 - - [15/Jun/2026:17:23:38 +0200] "GET /datenschutz/11874207907/ HTTP/2" 301 20 "https://schweiz-macher.ch/info/011874207907" "Mozilla/5.0 AppleWebKit/537.36 (KHTML, like Gecko; compatible; ClaudeBot/1.0; +claudebot@anthropic.com)"
216.73.217.78 - - [15/Jun/2026:17:23:40 +0200] "GET /datenschutz/ HTTP/2" 200 25148 "https://schweiz-macher.ch/datenschutz/11874207907/" "Mozilla/5.0 AppleWebKit/537.36 (KHTML, like Gecko; compatible; ClaudeBot/1.0; +claudebot@anthropic.com)"
216.73.217.78 - - [15/Jun/2026:17:24:37 +0200] "GET /info/01259325009 HTTP/2" 301 20 "-" "Mozilla/5.0 AppleWebKit/537.36 (KHTML, like Gecko; compatible; ClaudeBot/1.0; +claudebot@anthropic.com)"
216.73.217.78 - - [15/Jun/2026:17:24:40 +0200] "GET /datenschutz/1259325009/ HTTP/2" 301 20 "https://schweiz-macher.ch/info/01259325009" "Mozilla/5.0 AppleWebKit/537.36 (KHTML, like Gecko; compatible; ClaudeBot/1.0; +claudebot@anthropic.com)"
216.73.217.78 - - [15/Jun/2026:17:24:44 +0200] "GET /datenschutz/ HTTP/2" 200 0 "https://schweiz-macher.ch/datenschutz/1259325009/" "Mozilla/5.0 AppleWebKit/537.36 (KHTML, like Gecko; compatible; ClaudeBot/1.0; +claudebot@anthropic.com)"
74.7.242.55 - - [15/Jun/2026:17:24:46 +0200] "GET /market/014163456858 HTTP/2" 404 17400 "https://schweiz-macher.ch/sitemap-item-2829.xml" "Mozilla/5.0 AppleWebKit/537.36 (KHTML, like Gecko; compatible; GPTBot/1.4; +https://openai.com/gptbot)"
216.73.217.78 - - [15/Jun/2026:17:24:58 +0200] "GET /info/011926767003 HTTP/2" 301 20 "-" "Mozilla/5.0 AppleWebKit/537.36 (KHTML, like Gecko; compatible; ClaudeBot/1.0; +claudebot@anthropic.com)"
216.73.217.78 - - [15/Jun/2026:17:25:02 +0200] "GET /datenschutz/11926767003/ HTTP/2" 301 20 "https://schweiz-macher.ch/info/011926767003" "Mozilla/5.0 AppleWebKit/537.36 (KHTML, like Gecko; compatible; ClaudeBot/1.0; +claudebot@anthropic.com)"
216.73.217.78 - - [15/Jun/2026:17:25:05 +0200] "GET /datenschutz/ HTTP/2" 200 0 "https://schweiz-macher.ch/datenschutz/11926767003/" "Mozilla/5.0 AppleWebKit/537.36 (KHTML, like Gecko; compatible; ClaudeBot/1.0; +claudebot@anthropic.com)"
52.167.144.159 - - [15/Jun/2026:17:25:37 +0200] "GET /product/013020570820 HTTP/2" 200 28610 "-" "Mozilla/5.0 AppleWebKit/537.36 (KHTML, like Gecko; compatible; bingbot/2.0; +http://www.bing.com/bingbot.htm) Chrome/116.0.1938.76 Safari/537.36"
52.167.144.159 - - [15/Jun/2026:17:25:42 +0200] "GET /info/01341283374 HTTP/2" 200 29297 "-" "Mozilla/5.0 AppleWebKit/537.36 (KHTML, like Gecko; compatible; bingbot/2.0; +http://www.bing.com/bingbot.htm) Chrome/116.0.1938.76 Safari/537.36"
74.7.242.55 - - [15/Jun/2026:17:25:46 +0200] "GET /market/012945391462 HTTP/2" 404 17407 "https://schweiz-macher.ch/sitemap-item-954.xml" "Mozilla/5.0 AppleWebKit/537.36 (KHTML, like Gecko; compatible; GPTBot/1.4; +https://openai.com/gptbot)"
52.167.144.159 - - [15/Jun/2026:17:25:47 +0200] "GET /info/012791217861 HTTP/2" 200 28617 "-" "Mozilla/5.0 AppleWebKit/537.36 (KHTML, like Gecko; compatible; bingbot/2.0; +http://www.bing.com/bingbot.htm) Chrome/116.0.1938.76 Safari/537.36"
52.167.144.137 - - [15/Jun/2026:17:25:49 +0200] "GET /product/012065748990 HTTP/2" 200 29416 "-" "Mozilla/5.0 AppleWebKit/537.36 (KHTML, like Gecko; compatible; bingbot/2.0; +http://www.bing.com/bingbot.htm) Chrome/116.0.1938.76 Safari/537.36"
52.167.144.137 - - [15/Jun/2026:17:25:53 +0200] "GET /product/01659549371 HTTP/2" 200 28307 "-" "Mozilla/5.0 AppleWebKit/537.36 (KHTML, like Gecko; compatible; bingbot/2.0; +http://www.bing.com/bingbot.htm) Chrome/116.0.1938.76 Safari/537.36"
52.167.144.137 - - [15/Jun/2026:17:25:58 +0200] "GET /info/012819849178 HTTP/2" 200 27831 "-" "Mozilla/5.0 AppleWebKit/537.36 (KHTML, like Gecko; compatible; bingbot/2.0; +http://www.bing.com/bingbot.htm) Chrome/116.0.1938.76 Safari/537.36"
52.167.144.137 - - [15/Jun/2026:17:26:02 +0200] "GET /info/011558167205 HTTP/2" 200 28299 "-" "Mozilla/5.0 AppleWebKit/537.36 (KHTML, like Gecko; compatible; bingbot/2.0; +http://www.bing.com/bingbot.htm) Chrome/116.0.1938.76 Safari/537.36"
52.167.144.137 - - [15/Jun/2026:17:26:05 +0200] "GET /product/01852078293 HTTP/2" 200 27744 "-" "Mozilla/5.0 AppleWebKit/537.36 (KHTML, like Gecko; compatible; bingbot/2.0; +http://www.bing.com/bingbot.htm) Chrome/116.0.1938.76 Safari/537.36"
52.167.144.137 - - [15/Jun/2026:17:26:08 +0200] "GET /info/013523168550 HTTP/2" 200 28283 "-" "Mozilla/5.0 AppleWebKit/537.36 (KHTML, like Gecko; compatible; bingbot/2.0; +http://www.bing.com/bingbot.htm) Chrome/116.0.1938.76 Safari/537.36"
216.73.217.78 - - [15/Jun/2026:17:23:46 +0200] "GET /datenschutz/14095441887/ HTTP/2" 301 20 "https://schweiz-macher.ch/info/014095441887" "Mozilla/5.0 AppleWebKit/537.36 (KHTML, like Gecko; compatible; ClaudeBot/1.0; +claudebot@anthropic.com)"
216.73.217.78 - - [15/Jun/2026:17:23:49 +0200] "GET /datenschutz/ HTTP/2" 200 25159 "https://schweiz-macher.ch/datenschutz/14095441887/" "Mozilla/5.0 AppleWebKit/537.36 (KHTML, like Gecko; compatible; ClaudeBot/1.0; +claudebot@anthropic.com)"
40.77.167.75 - - [15/Jun/2026:17:23:57 +0200] "GET /sitemap-item-1307.xml HTTP/2" 200 18320 "-" "Mozilla/5.0 AppleWebKit/537.36 (KHTML, like Gecko; compatible; bingbot/2.0; +http://www.bing.com/bingbot.htm) Chrome/116.0.1938.76 Safari/537.36"
40.77.167.75 - - [15/Jun/2026:17:24:06 +0200] "GET /sitemap-item-385.xml HTTP/2" 200 18310 "-" "Mozilla/5.0 AppleWebKit/537.36 (KHTML, like Gecko; compatible; bingbot/2.0; +http://www.bing.com/bingbot.htm) Chrome/116.0.1938.76 Safari/537.36"
40.77.167.75 - - [15/Jun/2026:17:24:12 +0200] "GET /sitemap-item-621.xml HTTP/2" 200 18286 "-" "Mozilla/5.0 AppleWebKit/537.36 (KHTML, like Gecko; compatible; bingbot/2.0; +http://www.bing.com/bingbot.htm) Chrome/116.0.1938.76 Safari/537.36"
