2a03:2880:f814:3b:: - - [15/Jun/2026:16:28:49 +0200] "GET /items/011065835036 HTTP/2" 200 0 "-" "meta-externalagent/1.1 (+https://developers.facebook.com/docs/sharing/webmasters/crawler)"
2a03:2880:f814:6:: - - [15/Jun/2026:16:28:50 +0200] "GET /detail/01111594284 HTTP/2" 200 0 "-" "meta-externalagent/1.1 (+https://developers.facebook.com/docs/sharing/webmasters/crawler)"
2a03:2880:f814:12:: - - [15/Jun/2026:16:28:51 +0200] "GET /shopping/014038821092 HTTP/2" 200 0 "-" "meta-externalagent/1.1 (+https://developers.facebook.com/docs/sharing/webmasters/crawler)"
2a03:2880:f814:20:: - - [15/Jun/2026:16:28:52 +0200] "GET /shopdetail/012117427344 HTTP/2" 200 0 "-" "meta-externalagent/1.1 (+https://developers.facebook.com/docs/sharing/webmasters/crawler)"
2a03:2880:f814:12:: - - [15/Jun/2026:16:28:53 +0200] "GET /item/0160628359 HTTP/2" 200 0 "-" "meta-externalagent/1.1 (+https://developers.facebook.com/docs/sharing/webmasters/crawler)"
2a03:2880:f814:3a:: - - [15/Jun/2026:16:28:54 +0200] "GET /item/013442791583 HTTP/2" 200 0 "-" "meta-externalagent/1.1 (+https://developers.facebook.com/docs/sharing/webmasters/crawler)"
2a03:2880:f814:b:: - - [15/Jun/2026:16:28:54 +0200] "GET /item/012845438544 HTTP/2" 200 0 "-" "meta-externalagent/1.1 (+https://developers.facebook.com/docs/sharing/webmasters/crawler)"
2a03:2880:f814:27:: - - [15/Jun/2026:16:28:55 +0200] "GET /products/012967104206 HTTP/2" 200 0 "-" "meta-externalagent/1.1 (+https://developers.facebook.com/docs/sharing/webmasters/crawler)"
2a03:2880:f814:22:: - - [15/Jun/2026:16:28:57 +0200] "GET /item/011272923418 HTTP/2" 200 0 "-" "meta-externalagent/1.1 (+https://developers.facebook.com/docs/sharing/webmasters/crawler)"
2a03:2880:f814:39:: - - [15/Jun/2026:16:28:57 +0200] "GET /goods/011325101442 HTTP/2" 200 0 "-" "meta-externalagent/1.1 (+https://developers.facebook.com/docs/sharing/webmasters/crawler)"
2a03:2880:f814:f:: - - [15/Jun/2026:16:28:57 +0200] "GET /product/011177346760 HTTP/2" 200 0 "-" "meta-externalagent/1.1 (+https://developers.facebook.com/docs/sharing/webmasters/crawler)"
2a03:2880:f814:3b:: - - [15/Jun/2026:16:28:57 +0200] "GET /goods/014263256034 HTTP/2" 200 0 "-" "meta-externalagent/1.1 (+https://developers.facebook.com/docs/sharing/webmasters/crawler)"
2a03:2880:f814:43:: - - [15/Jun/2026:16:29:01 +0200] "GET /products/01603918135 HTTP/2" 200 0 "-" "meta-externalagent/1.1 (+https://developers.facebook.com/docs/sharing/webmasters/crawler)"
2a03:2880:f814:39:: - - [15/Jun/2026:16:29:02 +0200] "GET /market/011862330707 HTTP/2" 200 0 "-" "meta-externalagent/1.1 (+https://developers.facebook.com/docs/sharing/webmasters/crawler)"
2a03:2880:f814:: - - [15/Jun/2026:16:29:02 +0200] "GET /shopping/011676751067 HTTP/2" 200 0 "-" "meta-externalagent/1.1 (+https://developers.facebook.com/docs/sharing/webmasters/crawler)"
2a03:2880:f814:31:: - - [15/Jun/2026:16:29:02 +0200] "GET /entity/01453878955 HTTP/2" 200 0 "-" "meta-externalagent/1.1 (+https://developers.facebook.com/docs/sharing/webmasters/crawler)"
2a03:2880:f814:42:: - - [15/Jun/2026:16:29:05 +0200] "GET /shopbrand/011248210036 HTTP/2" 200 0 "-" "meta-externalagent/1.1 (+https://developers.facebook.com/docs/sharing/webmasters/crawler)"
2a03:2880:f814:44:: - - [15/Jun/2026:16:29:06 +0200] "GET /products/014147554782 HTTP/2" 200 0 "-" "meta-externalagent/1.1 (+https://developers.facebook.com/docs/sharing/webmasters/crawler)"
2a03:2880:f814:1:: - - [15/Jun/2026:16:28:59 +0200] "GET /goodscode/012011297488 HTTP/2" 200 0 "-" "meta-externalagent/1.1 (+https://developers.facebook.com/docs/sharing/webmasters/crawler)"
2a03:2880:f814:31:: - - [15/Jun/2026:16:28:59 +0200] "GET /items/01539137384 HTTP/2" 200 0 "-" "meta-externalagent/1.1 (+https://developers.facebook.com/docs/sharing/webmasters/crawler)"
2a03:2880:f814:d:: - - [15/Jun/2026:16:29:01 +0200] "GET /items/013129789728 HTTP/2" 200 0 "-" "meta-externalagent/1.1 (+https://developers.facebook.com/docs/sharing/webmasters/crawler)"
2a03:2880:f814:43:: - - [15/Jun/2026:16:29:01 +0200] "GET /products/01183669659 HTTP/2" 200 0 "-" "meta-externalagent/1.1 (+https://developers.facebook.com/docs/sharing/webmasters/crawler)"
2a03:2880:f814:2:: - - [15/Jun/2026:16:29:03 +0200] "GET /product/011273086957 HTTP/2" 200 0 "-" "meta-externalagent/1.1 (+https://developers.facebook.com/docs/sharing/webmasters/crawler)"
2a03:2880:f814:b:: - - [15/Jun/2026:16:29:03 +0200] "GET /item/01873683821 HTTP/2" 200 0 "-" "meta-externalagent/1.1 (+https://developers.facebook.com/docs/sharing/webmasters/crawler)"
2a03:2880:f814:1e:: - - [15/Jun/2026:16:29:04 +0200] "GET /product/012588924134 HTTP/2" 200 0 "-" "meta-externalagent/1.1 (+https://developers.facebook.com/docs/sharing/webmasters/crawler)"
2a03:2880:f814:3d:: - - [15/Jun/2026:16:29:04 +0200] "GET /market/011450143793 HTTP/2" 200 0 "-" "meta-externalagent/1.1 (+https://developers.facebook.com/docs/sharing/webmasters/crawler)"
2a03:2880:f814:2f:: - - [15/Jun/2026:16:29:05 +0200] "GET /shopbrand/012270140746 HTTP/2" 200 0 "-" "meta-externalagent/1.1 (+https://developers.facebook.com/docs/sharing/webmasters/crawler)"
2a03:2880:f814:33:: - - [15/Jun/2026:16:29:06 +0200] "GET /products/013730519456 HTTP/2" 200 0 "-" "meta-externalagent/1.1 (+https://developers.facebook.com/docs/sharing/webmasters/crawler)"
2a03:2880:f814:30:: - - [15/Jun/2026:16:29:07 +0200] "GET /products/011748055754 HTTP/2" 200 0 "-" "meta-externalagent/1.1 (+https://developers.facebook.com/docs/sharing/webmasters/crawler)"
2a03:2880:f814:37:: - - [15/Jun/2026:16:29:11 +0200] "GET /products/01486373780 HTTP/2" 200 0 "-" "meta-externalagent/1.1 (+https://developers.facebook.com/docs/sharing/webmasters/crawler)"
2a03:2880:f814:28:: - - [15/Jun/2026:16:29:11 +0200] "GET /items/011399341407 HTTP/2" 200 0 "-" "meta-externalagent/1.1 (+https://developers.facebook.com/docs/sharing/webmasters/crawler)"
2a03:2880:f814:17:: - - [15/Jun/2026:16:29:11 +0200] "GET /info/01686892066 HTTP/2" 200 0 "-" "meta-externalagent/1.1 (+https://developers.facebook.com/docs/sharing/webmasters/crawler)"
2a03:2880:f814:15:: - - [15/Jun/2026:16:29:13 +0200] "GET /entity/012741291443 HTTP/2" 200 0 "-" "meta-externalagent/1.1 (+https://developers.facebook.com/docs/sharing/webmasters/crawler)"
2a03:2880:f814:7:: - - [15/Jun/2026:16:29:14 +0200] "GET /info/012195673570 HTTP/2" 200 0 "-" "meta-externalagent/1.1 (+https://developers.facebook.com/docs/sharing/webmasters/crawler)"
2a03:2880:f814:2:: - - [15/Jun/2026:16:29:15 +0200] "GET /product/01877060510 HTTP/2" 200 0 "-" "meta-externalagent/1.1 (+https://developers.facebook.com/docs/sharing/webmasters/crawler)"
2a03:2880:f814:2e:: - - [15/Jun/2026:16:29:16 +0200] "GET /info/012063084730 HTTP/2" 200 0 "-" "meta-externalagent/1.1 (+https://developers.facebook.com/docs/sharing/webmasters/crawler)"
2a03:2880:f814:30:: - - [15/Jun/2026:16:29:18 +0200] "GET /shopbrand/014196917842 HTTP/2" 200 0 "-" "meta-externalagent/1.1 (+https://developers.facebook.com/docs/sharing/webmasters/crawler)"
2a03:2880:f814:3b:: - - [15/Jun/2026:16:29:19 +0200] "GET /goodscode/011843859639 HTTP/2" 200 0 "-" "meta-externalagent/1.1 (+https://developers.facebook.com/docs/sharing/webmasters/crawler)"
2a03:2880:f814:e:: - - [15/Jun/2026:16:29:19 +0200] "GET /goods/014105322807 HTTP/2" 200 0 "-" "meta-externalagent/1.1 (+https://developers.facebook.com/docs/sharing/webmasters/crawler)"
20.15.133.184 - - [15/Jun/2026:16:29:04 +0200] "GET /info/012492961195 HTTP/2" 200 26497 "-" "Mozilla/5.0 AppleWebKit/537.36 (KHTML, like Gecko; compatible; bingbot/2.0; +http://www.bing.com/bingbot.htm) Chrome/116.0.1938.76 Safari/537.36"
2a03:2880:f814:33:: - - [15/Jun/2026:16:29:01 +0200] "GET /market/013077049979 HTTP/2" 200 0 "-" "meta-externalagent/1.1 (+https://developers.facebook.com/docs/sharing/webmasters/crawler)"
2a03:2880:f814:6:: - - [15/Jun/2026:16:29:03 +0200] "GET /shopbrand/013175396177 HTTP/2" 200 0 "-" "meta-externalagent/1.1 (+https://developers.facebook.com/docs/sharing/webmasters/crawler)"
2a03:2880:f814:3d:: - - [15/Jun/2026:16:29:05 +0200] "GET /market/011869343709 HTTP/2" 200 0 "-" "meta-externalagent/1.1 (+https://developers.facebook.com/docs/sharing/webmasters/crawler)"
2a03:2880:f814:2f:: - - [15/Jun/2026:16:29:05 +0200] "GET /shopbrand/011082936793 HTTP/2" 200 0 "-" "meta-externalagent/1.1 (+https://developers.facebook.com/docs/sharing/webmasters/crawler)"
2a03:2880:f814:e:: - - [15/Jun/2026:16:29:07 +0200] "GET /detail/013146537633 HTTP/2" 200 0 "-" "meta-externalagent/1.1 (+https://developers.facebook.com/docs/sharing/webmasters/crawler)"
20.15.133.184 - - [15/Jun/2026:16:29:03 +0200] "GET /special/014075982057 HTTP/2" 200 27587 "-" "Mozilla/5.0 AppleWebKit/537.36 (KHTML, like Gecko; compatible; bingbot/2.0; +http://www.bing.com/bingbot.htm) Chrome/116.0.1938.76 Safari/537.36"
2a03:2880:f814:31:: - - [15/Jun/2026:16:29:08 +0200] "GET /item/011180723449 HTTP/2" 200 0 "-" "meta-externalagent/1.1 (+https://developers.facebook.com/docs/sharing/webmasters/crawler)"
2a03:2880:f814:15:: - - [15/Jun/2026:16:29:08 +0200] "GET /goodscode/012009921850 HTTP/2" 200 0 "-" "meta-externalagent/1.1 (+https://developers.facebook.com/docs/sharing/webmasters/crawler)"
2a03:2880:f814:31:: - - [15/Jun/2026:16:29:10 +0200] "GET /info/013929921712 HTTP/2" 200 0 "-" "meta-externalagent/1.1 (+https://developers.facebook.com/docs/sharing/webmasters/crawler)"
2a03:2880:f814:: - - [15/Jun/2026:16:29:12 +0200] "GET /shopping/011972442202 HTTP/2" 200 0 "-" "meta-externalagent/1.1 (+https://developers.facebook.com/docs/sharing/webmasters/crawler)"
2a03:2880:f814:12:: - - [15/Jun/2026:16:29:12 +0200] "GET /entity/013538975390 HTTP/2" 200 0 "-" "meta-externalagent/1.1 (+https://developers.facebook.com/docs/sharing/webmasters/crawler)"
2a03:2880:f814:8:: - - [15/Jun/2026:16:29:15 +0200] "GET /market/013926285399 HTTP/2" 200 0 "-" "meta-externalagent/1.1 (+https://developers.facebook.com/docs/sharing/webmasters/crawler)"
2a03:2880:f814:13:: - - [15/Jun/2026:16:29:15 +0200] "GET /detail/011357109432 HTTP/2" 200 0 "-" "meta-externalagent/1.1 (+https://developers.facebook.com/docs/sharing/webmasters/crawler)"
2a03:2880:f814:2b:: - - [15/Jun/2026:16:29:16 +0200] "GET /market/01327624489 HTTP/2" 200 0 "-" "meta-externalagent/1.1 (+https://developers.facebook.com/docs/sharing/webmasters/crawler)"
2a03:2880:f814:32:: - - [15/Jun/2026:16:29:17 +0200] "GET /detail/013221522200 HTTP/2" 200 0 "-" "meta-externalagent/1.1 (+https://developers.facebook.com/docs/sharing/webmasters/crawler)"
2a03:2880:f814:1:: - - [15/Jun/2026:16:29:18 +0200] "GET /special/014255078556 HTTP/2" 200 0 "-" "meta-externalagent/1.1 (+https://developers.facebook.com/docs/sharing/webmasters/crawler)"
40.77.167.16 - - [15/Jun/2026:16:29:17 +0200] "GET /special/01997898624 HTTP/2" 200 26273 "-" "Mozilla/5.0 AppleWebKit/537.36 (KHTML, like Gecko; compatible; bingbot/2.0; +http://www.bing.com/bingbot.htm) Chrome/116.0.1938.76 Safari/537.36"
2a03:2880:f814:6:: - - [15/Jun/2026:16:29:20 +0200] "GET /items/0117184317 HTTP/2" 200 0 "-" "meta-externalagent/1.1 (+https://developers.facebook.com/docs/sharing/webmasters/crawler)"
2a03:2880:f814:29:: - - [15/Jun/2026:16:29:21 +0200] "GET /item/012432203038 HTTP/2" 200 0 "-" "meta-externalagent/1.1 (+https://developers.facebook.com/docs/sharing/webmasters/crawler)"
2a03:2880:f814:1e:: - - [15/Jun/2026:16:29:07 +0200] "GET /shopdetail/011949989495 HTTP/2" 200 0 "-" "meta-externalagent/1.1 (+https://developers.facebook.com/docs/sharing/webmasters/crawler)"
2a03:2880:f814:2:: - - [15/Jun/2026:16:29:08 +0200] "GET /shopdetail/01802379118 HTTP/2" 200 0 "-" "meta-externalagent/1.1 (+https://developers.facebook.com/docs/sharing/webmasters/crawler)"
74.7.242.55 - - [15/Jun/2026:16:29:03 +0200] "GET /market/011342894310 HTTP/2" 200 0 "https://schweiz-macher.ch/sitemap-item-2991.xml" "Mozilla/5.0 AppleWebKit/537.36 (KHTML, like Gecko; compatible; GPTBot/1.4; +https://openai.com/gptbot)"
2a03:2880:f814:2f:: - - [15/Jun/2026:16:29:09 +0200] "GET /detail/011938831347 HTTP/2" 200 0 "-" "meta-externalagent/1.1 (+https://developers.facebook.com/docs/sharing/webmasters/crawler)"
2a03:2880:f814:13:: - - [15/Jun/2026:16:29:09 +0200] "GET /shopbrand/011254963414 HTTP/2" 200 0 "-" "meta-externalagent/1.1 (+https://developers.facebook.com/docs/sharing/webmasters/crawler)"
2a03:2880:f814:20:: - - [15/Jun/2026:16:29:10 +0200] "GET /item/013966909240 HTTP/2" 200 0 "-" "meta-externalagent/1.1 (+https://developers.facebook.com/docs/sharing/webmasters/crawler)"
2a03:2880:f814:3d:: - - [15/Jun/2026:16:29:10 +0200] "GET /product/01530933868 HTTP/2" 200 0 "-" "meta-externalagent/1.1 (+https://developers.facebook.com/docs/sharing/webmasters/crawler)"
2a03:2880:f814:2:: - - [15/Jun/2026:16:29:12 +0200] "GET /item/012818182849 HTTP/2" 200 0 "-" "meta-externalagent/1.1 (+https://developers.facebook.com/docs/sharing/webmasters/crawler)"
2a03:2880:f814:27:: - - [15/Jun/2026:16:29:13 +0200] "GET /info/011865967020 HTTP/2" 200 0 "-" "meta-externalagent/1.1 (+https://developers.facebook.com/docs/sharing/webmasters/crawler)"
2a03:2880:f814:f:: - - [15/Jun/2026:16:29:14 +0200] "GET /info/012057120336 HTTP/2" 200 0 "-" "meta-externalagent/1.1 (+https://developers.facebook.com/docs/sharing/webmasters/crawler)"
2a03:2880:f814:2d:: - - [15/Jun/2026:16:29:15 +0200] "GET /entity/01613441069 HTTP/2" 200 0 "-" "meta-externalagent/1.1 (+https://developers.facebook.com/docs/sharing/webmasters/crawler)"
2a03:2880:f814:1a:: - - [15/Jun/2026:16:29:15 +0200] "GET /item/012591511871 HTTP/2" 200 0 "-" "meta-externalagent/1.1 (+https://developers.facebook.com/docs/sharing/webmasters/crawler)"
216.73.217.78 - - [15/Jun/2026:16:29:31 +0200] "GET /entity/01365627297 HTTP/2" 200 0 "-" "Mozilla/5.0 AppleWebKit/537.36 (KHTML, like Gecko; compatible; ClaudeBot/1.0; +claudebot@anthropic.com)"
2a03:2880:f814:3b:: - - [15/Jun/2026:16:29:16 +0200] "GET /detail/01724371714 HTTP/2" 200 0 "-" "meta-externalagent/1.1 (+https://developers.facebook.com/docs/sharing/webmasters/crawler)"
2a03:2880:f814:30:: - - [15/Jun/2026:16:29:18 +0200] "GET /shopbrand/013685517941 HTTP/2" 200 0 "-" "meta-externalagent/1.1 (+https://developers.facebook.com/docs/sharing/webmasters/crawler)"
2a03:2880:f814:14:: - - [15/Jun/2026:16:29:18 +0200] "GET /goods/011525759364 HTTP/2" 200 0 "-" "meta-externalagent/1.1 (+https://developers.facebook.com/docs/sharing/webmasters/crawler)"
2a03:2880:f814:3b:: - - [15/Jun/2026:16:29:20 +0200] "GET /products/013736483850 HTTP/2" 200 0 "-" "meta-externalagent/1.1 (+https://developers.facebook.com/docs/sharing/webmasters/crawler)"
2a03:2880:f814:41:: - - [15/Jun/2026:16:29:21 +0200] "GET /goods/011169332805 HTTP/2" 200 0 "-" "meta-externalagent/1.1 (+https://developers.facebook.com/docs/sharing/webmasters/crawler)"
2a03:2880:f814:22:: - - [15/Jun/2026:16:29:23 +0200] "GET /shopdetail/013881511127 HTTP/2" 200 0 "-" "meta-externalagent/1.1 (+https://developers.facebook.com/docs/sharing/webmasters/crawler)"
20.15.133.184 - - [15/Jun/2026:16:29:26 +0200] "GET /special/012159626857 HTTP/2" 200 26613 "-" "Mozilla/5.0 AppleWebKit/537.36 (KHTML, like Gecko; compatible; bingbot/2.0; +http://www.bing.com/bingbot.htm) Chrome/116.0.1938.76 Safari/537.36"
2a03:2880:f814:2a:: - - [15/Jun/2026:16:29:24 +0200] "GET /shopdetail/013554511196 HTTP/2" 200 0 "-" "meta-externalagent/1.1 (+https://developers.facebook.com/docs/sharing/webmasters/crawler)"
2a03:2880:f814:2e:: - - [15/Jun/2026:16:29:21 +0200] "GET /market/013104305658 HTTP/2" 200 0 "-" "meta-externalagent/1.1 (+https://developers.facebook.com/docs/sharing/webmasters/crawler)"
2a03:2880:f814:1b:: - - [15/Jun/2026:16:29:22 +0200] "GET /goodscode/01822717896 HTTP/2" 200 0 "-" "meta-externalagent/1.1 (+https://developers.facebook.com/docs/sharing/webmasters/crawler)"
2a03:2880:f814:41:: - - [15/Jun/2026:16:29:23 +0200] "GET /detail/011159991706 HTTP/2" 200 0 "-" "meta-externalagent/1.1 (+https://developers.facebook.com/docs/sharing/webmasters/crawler)"
2a03:2880:f814:31:: - - [15/Jun/2026:16:29:23 +0200] "GET /shopdetail/013911191036 HTTP/2" 200 0 "-" "meta-externalagent/1.1 (+https://developers.facebook.com/docs/sharing/webmasters/crawler)"
40.77.167.16 - - [15/Jun/2026:16:29:15 +0200] "GET /special/012773653555 HTTP/2" 200 26909 "-" "Mozilla/5.0 AppleWebKit/537.36 (KHTML, like Gecko; compatible; bingbot/2.0; +http://www.bing.com/bingbot.htm) Chrome/116.0.1938.76 Safari/537.36"
2a03:2880:f814:21:: - - [15/Jun/2026:16:29:27 +0200] "GET /info/011287458271 HTTP/2" 200 0 "-" "meta-externalagent/1.1 (+https://developers.facebook.com/docs/sharing/webmasters/crawler)"
2a03:2880:f814:2e:: - - [15/Jun/2026:16:29:27 +0200] "GET /goodscode/011650662063 HTTP/2" 200 0 "-" "meta-externalagent/1.1 (+https://developers.facebook.com/docs/sharing/webmasters/crawler)"
2a03:2880:f814:3c:: - - [15/Jun/2026:16:29:29 +0200] "GET /goods/01314512897 HTTP/2" 200 0 "-" "meta-externalagent/1.1 (+https://developers.facebook.com/docs/sharing/webmasters/crawler)"
216.73.217.78 - - [15/Jun/2026:16:29:45 +0200] "GET /entity/014203422613 HTTP/2" 200 0 "-" "Mozilla/5.0 AppleWebKit/537.36 (KHTML, like Gecko; compatible; ClaudeBot/1.0; +claudebot@anthropic.com)"
2a03:2880:f814:17:: - - [15/Jun/2026:16:29:30 +0200] "GET /shopping/011251586725 HTTP/2" 200 0 "-" "meta-externalagent/1.1 (+https://developers.facebook.com/docs/sharing/webmasters/crawler)"
2a03:2880:f814:32:: - - [15/Jun/2026:16:29:31 +0200] "GET /product/013959732747 HTTP/2" 200 0 "-" "meta-externalagent/1.1 (+https://developers.facebook.com/docs/sharing/webmasters/crawler)"
2a03:2880:f814:44:: - - [15/Jun/2026:16:29:31 +0200] "GET /item/013636369081 HTTP/2" 200 0 "-" "meta-externalagent/1.1 (+https://developers.facebook.com/docs/sharing/webmasters/crawler)"
2a03:2880:f814:43:: - - [15/Jun/2026:16:29:32 +0200] "GET /shopping/01754442341 HTTP/2" 200 0 "-" "meta-externalagent/1.1 (+https://developers.facebook.com/docs/sharing/webmasters/crawler)"
2a03:2880:f814:31:: - - [15/Jun/2026:16:29:32 +0200] "GET /products/013131001811 HTTP/2" 200 0 "-" "meta-externalagent/1.1 (+https://developers.facebook.com/docs/sharing/webmasters/crawler)"
2a03:2880:f814:d:: - - [15/Jun/2026:16:29:33 +0200] "GET /products/01905573712 HTTP/2" 200 0 "-" "meta-externalagent/1.1 (+https://developers.facebook.com/docs/sharing/webmasters/crawler)"
2a03:2880:f814:31:: - - [15/Jun/2026:16:29:34 +0200] "GET /shopbrand/014027055795 HTTP/2" 200 0 "-" "meta-externalagent/1.1 (+https://developers.facebook.com/docs/sharing/webmasters/crawler)"
2a03:2880:f814:1b:: - - [15/Jun/2026:16:29:34 +0200] "GET /items/012963727517 HTTP/2" 200 0 "-" "meta-externalagent/1.1 (+https://developers.facebook.com/docs/sharing/webmasters/crawler)"
2a03:2880:f814:31:: - - [15/Jun/2026:16:29:36 +0200] "GET /shopdetail/013879346537 HTTP/2" 200 0 "-" "meta-externalagent/1.1 (+https://developers.facebook.com/docs/sharing/webmasters/crawler)"
2a03:2880:f814:2:: - - [15/Jun/2026:16:29:36 +0200] "GET /item/0164168587 HTTP/2" 200 0 "-" "meta-externalagent/1.1 (+https://developers.facebook.com/docs/sharing/webmasters/crawler)"
2a03:2880:f814:44:: - - [15/Jun/2026:16:29:36 +0200] "GET /item/012815758651 HTTP/2" 200 0 "-" "meta-externalagent/1.1 (+https://developers.facebook.com/docs/sharing/webmasters/crawler)"
2a03:2880:f814:22:: - - [15/Jun/2026:16:29:38 +0200] "GET /special/012618994777 HTTP/2" 200 0 "-" "meta-externalagent/1.1 (+https://developers.facebook.com/docs/sharing/webmasters/crawler)"
2a03:2880:f814:30:: - - [15/Jun/2026:16:29:19 +0200] "GET /item/012402523129 HTTP/2" 200 0 "-" "meta-externalagent/1.1 (+https://developers.facebook.com/docs/sharing/webmasters/crawler)"
2a03:2880:f814:42:: - - [15/Jun/2026:16:29:21 +0200] "GET /special/013199927740 HTTP/2" 200 0 "-" "meta-externalagent/1.1 (+https://developers.facebook.com/docs/sharing/webmasters/crawler)"
2a03:2880:f814:7:: - - [15/Jun/2026:16:29:24 +0200] "GET /info/01164938967 HTTP/2" 200 0 "-" "meta-externalagent/1.1 (+https://developers.facebook.com/docs/sharing/webmasters/crawler)"
2a03:2880:f814:2e:: - - [15/Jun/2026:16:29:24 +0200] "GET /info/01653671945 HTTP/2" 200 0 "-" "meta-externalagent/1.1 (+https://developers.facebook.com/docs/sharing/webmasters/crawler)"
2a03:2880:f814:31:: - - [15/Jun/2026:16:29:25 +0200] "GET /info/013116070971 HTTP/2" 200 0 "-" "meta-externalagent/1.1 (+https://developers.facebook.com/docs/sharing/webmasters/crawler)"
2a03:2880:f814:12:: - - [15/Jun/2026:16:29:27 +0200] "GET /item/011569990207 HTTP/2" 200 0 "-" "meta-externalagent/1.1 (+https://developers.facebook.com/docs/sharing/webmasters/crawler)"
2a03:2880:f814:22:: - - [15/Jun/2026:16:29:27 +0200] "GET /shopbrand/012271516384 HTTP/2" 200 0 "-" "meta-externalagent/1.1 (+https://developers.facebook.com/docs/sharing/webmasters/crawler)"
2a03:2880:f814:f:: - - [15/Jun/2026:16:29:28 +0200] "GET /items/01485161697 HTTP/2" 200 0 "-" "meta-externalagent/1.1 (+https://developers.facebook.com/docs/sharing/webmasters/crawler)"
2a03:2880:f814:3e:: - - [15/Jun/2026:16:29:28 +0200] "GET /detail/013060302058 HTTP/2" 200 0 "-" "meta-externalagent/1.1 (+https://developers.facebook.com/docs/sharing/webmasters/crawler)"
2a03:2880:f814:a:: - - [15/Jun/2026:16:29:29 +0200] "GET /market/014125447401 HTTP/2" 200 0 "-" "meta-externalagent/1.1 (+https://developers.facebook.com/docs/sharing/webmasters/crawler)"
2a03:2880:f814:: - - [15/Jun/2026:16:29:30 +0200] "GET /shopbrand/013834526857 HTTP/2" 200 0 "-" "meta-externalagent/1.1 (+https://developers.facebook.com/docs/sharing/webmasters/crawler)"
2a03:2880:f814:28:: - - [15/Jun/2026:16:29:30 +0200] "GET /info/01844825277 HTTP/2" 200 0 "-" "meta-externalagent/1.1 (+https://developers.facebook.com/docs/sharing/webmasters/crawler)"
2a03:2880:f814:19:: - - [15/Jun/2026:16:29:34 +0200] "GET /goods/01303959683 HTTP/2" 200 0 "-" "meta-externalagent/1.1 (+https://developers.facebook.com/docs/sharing/webmasters/crawler)"
2a03:2880:f814:f:: - - [15/Jun/2026:16:29:36 +0200] "GET /shopdetail/014081053067 HTTP/2" 200 0 "-" "meta-externalagent/1.1 (+https://developers.facebook.com/docs/sharing/webmasters/crawler)"
2a03:2880:f814:11:: - - [15/Jun/2026:16:29:37 +0200] "GET /entity/01864949871 HTTP/2" 200 0 "-" "meta-externalagent/1.1 (+https://developers.facebook.com/docs/sharing/webmasters/crawler)"
2a03:2880:f814:7:: - - [15/Jun/2026:16:29:37 +0200] "GET /shopbrand/01946807772 HTTP/2" 200 0 "-" "meta-externalagent/1.1 (+https://developers.facebook.com/docs/sharing/webmasters/crawler)"
2a03:2880:f814:23:: - - [15/Jun/2026:16:29:39 +0200] "GET /items/0123148711 HTTP/2" 200 0 "-" "meta-externalagent/1.1 (+https://developers.facebook.com/docs/sharing/webmasters/crawler)"
2a03:2880:f814:42:: - - [15/Jun/2026:16:29:40 +0200] "GET /market/013417309728 HTTP/2" 200 0 "-" "meta-externalagent/1.1 (+https://developers.facebook.com/docs/sharing/webmasters/crawler)"
2a03:2880:f814:f:: - - [15/Jun/2026:16:29:42 +0200] "GET /shopdetail/013162284553 HTTP/2" 200 0 "-" "meta-externalagent/1.1 (+https://developers.facebook.com/docs/sharing/webmasters/crawler)"
2a03:2880:f814:a:: - - [15/Jun/2026:16:29:42 +0200] "GET /entity/014244688881 HTTP/2" 200 0 "-" "meta-externalagent/1.1 (+https://developers.facebook.com/docs/sharing/webmasters/crawler)"
2a03:2880:f814:a:: - - [15/Jun/2026:16:29:43 +0200] "GET /goodscode/01830846912 HTTP/2" 200 0 "-" "meta-externalagent/1.1 (+https://developers.facebook.com/docs/sharing/webmasters/crawler)"
2a03:2880:f814:3:: - - [15/Jun/2026:16:29:24 +0200] "GET /entity/011109796469 HTTP/2" 200 0 "-" "meta-externalagent/1.1 (+https://developers.facebook.com/docs/sharing/webmasters/crawler)"
2a03:2880:f814:31:: - - [15/Jun/2026:16:29:25 +0200] "GET /entity/013039406792 HTTP/2" 200 0 "-" "meta-externalagent/1.1 (+https://developers.facebook.com/docs/sharing/webmasters/crawler)"
2a03:2880:f814:15:: - - [15/Jun/2026:16:29:26 +0200] "GET /shopping/01945595657 HTTP/2" 200 0 "-" "meta-externalagent/1.1 (+https://developers.facebook.com/docs/sharing/webmasters/crawler)"
2a03:2880:f814:d:: - - [15/Jun/2026:16:29:27 +0200] "GET /info/013252199992 HTTP/2" 200 0 "-" "meta-externalagent/1.1 (+https://developers.facebook.com/docs/sharing/webmasters/crawler)"
2a03:2880:f814:34:: - - [15/Jun/2026:16:29:31 +0200] "GET /special/013950209813 HTTP/2" 200 0 "-" "meta-externalagent/1.1 (+https://developers.facebook.com/docs/sharing/webmasters/crawler)"
2a03:2880:f814:2b:: - - [15/Jun/2026:16:29:32 +0200] "GET /entity/013345397860 HTTP/2" 200 0 "-" "meta-externalagent/1.1 (+https://developers.facebook.com/docs/sharing/webmasters/crawler)"
2a03:2880:f814:2d:: - - [15/Jun/2026:16:29:33 +0200] "GET /info/011897811503 HTTP/2" 200 0 "-" "meta-externalagent/1.1 (+https://developers.facebook.com/docs/sharing/webmasters/crawler)"
2a03:2880:f814:31:: - - [15/Jun/2026:16:29:34 +0200] "GET /goods/013694251891 HTTP/2" 200 0 "-" "meta-externalagent/1.1 (+https://developers.facebook.com/docs/sharing/webmasters/crawler)"
2a03:2880:f814:6:: - - [15/Jun/2026:16:29:35 +0200] "GET /goodscode/012043141955 HTTP/2" 200 0 "-" "meta-externalagent/1.1 (+https://developers.facebook.com/docs/sharing/webmasters/crawler)"
2a03:2880:f814:2e:: - - [15/Jun/2026:16:29:37 +0200] "GET /product/012816970750 HTTP/2" 200 0 "-" "meta-externalagent/1.1 (+https://developers.facebook.com/docs/sharing/webmasters/crawler)"
2a03:2880:f814:22:: - - [15/Jun/2026:16:29:37 +0200] "GET /products/012612848548 HTTP/2" 200 0 "-" "meta-externalagent/1.1 (+https://developers.facebook.com/docs/sharing/webmasters/crawler)"
2a03:2880:f814:43:: - - [15/Jun/2026:16:29:38 +0200] "GET /market/0171526899 HTTP/2" 200 0 "-" "meta-externalagent/1.1 (+https://developers.facebook.com/docs/sharing/webmasters/crawler)"
2a03:2880:f814:32:: - - [15/Jun/2026:16:29:39 +0200] "GET /goods/013392596330 HTTP/2" 200 0 "-" "meta-externalagent/1.1 (+https://developers.facebook.com/docs/sharing/webmasters/crawler)"
2a03:2880:f814:28:: - - [15/Jun/2026:16:29:40 +0200] "GET /special/012326843854 HTTP/2" 200 0 "-" "meta-externalagent/1.1 (+https://developers.facebook.com/docs/sharing/webmasters/crawler)"
2a03:2880:f814:3b:: - - [15/Jun/2026:16:29:43 +0200] "GET /entity/0198828018 HTTP/2" 200 0 "-" "meta-externalagent/1.1 (+https://developers.facebook.com/docs/sharing/webmasters/crawler)"
2a03:2880:f814:2e:: - - [15/Jun/2026:16:29:43 +0200] "GET /shopbrand/012820725146 HTTP/2" 200 0 "-" "meta-externalagent/1.1 (+https://developers.facebook.com/docs/sharing/webmasters/crawler)"
2a03:2880:f814:2e:: - - [15/Jun/2026:16:29:45 +0200] "GET /goodscode/01209940482 HTTP/2" 200 0 "-" "meta-externalagent/1.1 (+https://developers.facebook.com/docs/sharing/webmasters/crawler)"
43.157.20.63 - - [15/Jun/2026:16:29:46 +0200] "GET / HTTP/1.1" 200 12807 "http://www.dieschweizmacher.ch" "Mozilla/5.0 (iPhone; CPU iPhone OS 13_2_3 like Mac OS X) AppleWebKit/605.1.15 (KHTML, like Gecko) Version/13.0.3 Mobile/15E148 Safari/604.1"
2a03:2880:f814:2:: - - [15/Jun/2026:16:29:50 +0200] "GET /shopping/013512279221 HTTP/2" 200 0 "-" "meta-externalagent/1.1 (+https://developers.facebook.com/docs/sharing/webmasters/crawler)"
2a03:2880:f814:12:: - - [15/Jun/2026:16:29:50 +0200] "GET /detail/012374451354 HTTP/2" 200 0 "-" "meta-externalagent/1.1 (+https://developers.facebook.com/docs/sharing/webmasters/crawler)"
216.73.217.78 - - [15/Jun/2026:16:30:06 +0200] "GET /items/012968316305 HTTP/2" 200 0 "-" "Mozilla/5.0 AppleWebKit/537.36 (KHTML, like Gecko; compatible; ClaudeBot/1.0; +claudebot@anthropic.com)"
2a03:2880:f814:31:: - - [15/Jun/2026:16:29:43 +0200] "GET /product/014058945686 HTTP/2" 200 0 "-" "meta-externalagent/1.1 (+https://developers.facebook.com/docs/sharing/webmasters/crawler)"
2a03:2880:f814:27:: - - [15/Jun/2026:16:29:45 +0200] "GET /market/013106729872 HTTP/2" 200 0 "-" "meta-externalagent/1.1 (+https://developers.facebook.com/docs/sharing/webmasters/crawler)"
2a03:2880:f814:3d:: - - [15/Jun/2026:16:29:46 +0200] "GET /shopbrand/013999800100 HTTP/2" 200 0 "-" "meta-externalagent/1.1 (+https://developers.facebook.com/docs/sharing/webmasters/crawler)"
2a03:2880:f814:f:: - - [15/Jun/2026:16:29:47 +0200] "GET /shopbrand/014194493644 HTTP/2" 200 0 "-" "meta-externalagent/1.1 (+https://developers.facebook.com/docs/sharing/webmasters/crawler)"
40.77.167.16 - - [15/Jun/2026:16:29:45 +0200] "GET /special/012027822272 HTTP/2" 200 25867 "-" "Mozilla/5.0 AppleWebKit/537.36 (KHTML, like Gecko; compatible; bingbot/2.0; +http://www.bing.com/bingbot.htm) Chrome/116.0.1938.76 Safari/537.36"
2a03:2880:f814:27:: - - [15/Jun/2026:16:29:47 +0200] "GET /shopdetail/012042189464 HTTP/2" 200 0 "-" "meta-externalagent/1.1 (+https://developers.facebook.com/docs/sharing/webmasters/crawler)"
2a03:2880:f814:3d:: - - [15/Jun/2026:16:29:47 +0200] "GET /product/013638697194 HTTP/2" 200 0 "-" "meta-externalagent/1.1 (+https://developers.facebook.com/docs/sharing/webmasters/crawler)"
2a03:2880:f814:31:: - - [15/Jun/2026:16:29:48 +0200] "GET /product/013446168272 HTTP/2" 200 0 "-" "meta-externalagent/1.1 (+https://developers.facebook.com/docs/sharing/webmasters/crawler)"
2a03:2880:f814:16:: - - [15/Jun/2026:16:29:48 +0200] "GET /market/013114858856 HTTP/2" 200 0 "-" "meta-externalagent/1.1 (+https://developers.facebook.com/docs/sharing/webmasters/crawler)"
2a03:2880:f814:3b:: - - [15/Jun/2026:16:29:48 +0200] "GET /shopping/01956148855 HTTP/2" 200 0 "-" "meta-externalagent/1.1 (+https://developers.facebook.com/docs/sharing/webmasters/crawler)"
2a03:2880:f814:13:: - - [15/Jun/2026:16:29:48 +0200] "GET /market/013250987893 HTTP/2" 200 0 "-" "meta-externalagent/1.1 (+https://developers.facebook.com/docs/sharing/webmasters/crawler)"
2a03:2880:f814:1:: - - [15/Jun/2026:16:29:50 +0200] "GET /items/011393376981 HTTP/2" 200 0 "-" "meta-externalagent/1.1 (+https://developers.facebook.com/docs/sharing/webmasters/crawler)"
2a03:2880:f814:11:: - - [15/Jun/2026:16:29:50 +0200] "GET /product/014056521504 HTTP/2" 200 0 "-" "meta-externalagent/1.1 (+https://developers.facebook.com/docs/sharing/webmasters/crawler)"
40.77.167.16 - - [15/Jun/2026:16:29:47 +0200] "GET /special/01385121178 HTTP/2" 200 26871 "-" "Mozilla/5.0 AppleWebKit/537.36 (KHTML, like Gecko; compatible; bingbot/2.0; +http://www.bing.com/bingbot.htm) Chrome/116.0.1938.76 Safari/537.36"
2a03:2880:f814:2a:: - - [15/Jun/2026:16:29:52 +0200] "GET /market/012721003342 HTTP/2" 200 0 "-" "meta-externalagent/1.1 (+https://developers.facebook.com/docs/sharing/webmasters/crawler)"
2a03:2880:f814:8:: - - [15/Jun/2026:16:29:53 +0200] "GET /special/01293617631 HTTP/2" 200 0 "-" "meta-externalagent/1.1 (+https://developers.facebook.com/docs/sharing/webmasters/crawler)"
2a03:2880:f814:33:: - - [15/Jun/2026:16:29:53 +0200] "GET /goods/011016686176 HTTP/2" 200 0 "-" "meta-externalagent/1.1 (+https://developers.facebook.com/docs/sharing/webmasters/crawler)"
2a03:2880:f814:7:: - - [15/Jun/2026:16:29:54 +0200] "GET /shopping/013187161474 HTTP/2" 200 0 "-" "meta-externalagent/1.1 (+https://developers.facebook.com/docs/sharing/webmasters/crawler)"
2a03:2880:f814:16:: - - [15/Jun/2026:16:29:55 +0200] "GET /detail/013802455163 HTTP/2" 200 0 "-" "meta-externalagent/1.1 (+https://developers.facebook.com/docs/sharing/webmasters/crawler)"
2a03:2880:f814:2f:: - - [15/Jun/2026:16:29:59 +0200] "GET /shopping/013839279184 HTTP/2" 200 0 "-" "meta-externalagent/1.1 (+https://developers.facebook.com/docs/sharing/webmasters/crawler)"
2a03:2880:f814:1b:: - - [15/Jun/2026:16:29:59 +0200] "GET /market/014286920824 HTTP/2" 200 0 "-" "meta-externalagent/1.1 (+https://developers.facebook.com/docs/sharing/webmasters/crawler)"
2a03:2880:f814:1:: - - [15/Jun/2026:16:29:39 +0200] "GET /shopbrand/011543901187 HTTP/2" 200 0 "-" "meta-externalagent/1.1 (+https://developers.facebook.com/docs/sharing/webmasters/crawler)"
2a03:2880:f814:19:: - - [15/Jun/2026:16:29:40 +0200] "GET /product/012095319979 HTTP/2" 200 0 "-" "meta-externalagent/1.1 (+https://developers.facebook.com/docs/sharing/webmasters/crawler)"
2a03:2880:f814:12:: - - [15/Jun/2026:16:29:40 +0200] "GET /entity/01611276479 HTTP/2" 200 0 "-" "meta-externalagent/1.1 (+https://developers.facebook.com/docs/sharing/webmasters/crawler)"
2a03:2880:f814:42:: - - [15/Jun/2026:16:29:41 +0200] "GET /item/01582581458 HTTP/2" 200 0 "-" "meta-externalagent/1.1 (+https://developers.facebook.com/docs/sharing/webmasters/crawler)"
2a03:2880:f814:29:: - - [15/Jun/2026:16:29:42 +0200] "GET /products/01489913992 HTTP/2" 200 0 "-" "meta-externalagent/1.1 (+https://developers.facebook.com/docs/sharing/webmasters/crawler)"
2a03:2880:f814:43:: - - [15/Jun/2026:16:29:44 +0200] "GET /product/013607641695 HTTP/2" 200 0 "-" "meta-externalagent/1.1 (+https://developers.facebook.com/docs/sharing/webmasters/crawler)"
2a03:2880:f814:37:: - - [15/Jun/2026:16:29:45 +0200] "GET /item/012230496524 HTTP/2" 200 0 "-" "meta-externalagent/1.1 (+https://developers.facebook.com/docs/sharing/webmasters/crawler)"
2a03:2880:f814:3b:: - - [15/Jun/2026:16:29:47 +0200] "GET /goodscode/011586133146 HTTP/2" 200 0 "-" "meta-externalagent/1.1 (+https://developers.facebook.com/docs/sharing/webmasters/crawler)"
2a03:2880:f814:3a:: - - [15/Jun/2026:16:29:50 +0200] "GET /entity/011494147393 HTTP/2" 200 0 "-" "meta-externalagent/1.1 (+https://developers.facebook.com/docs/sharing/webmasters/crawler)"
2a03:2880:f814:20:: - - [15/Jun/2026:16:29:51 +0200] "GET /item/01366872708 HTTP/2" 200 0 "-" "meta-externalagent/1.1 (+https://developers.facebook.com/docs/sharing/webmasters/crawler)"
2a03:2880:f814:6:: - - [15/Jun/2026:16:29:51 +0200] "GET /products/012935259723 HTTP/2" 200 0 "-" "meta-externalagent/1.1 (+https://developers.facebook.com/docs/sharing/webmasters/crawler)"
2a03:2880:f814:31:: - - [15/Jun/2026:16:29:56 +0200] "GET /item/013606689188 HTTP/2" 200 0 "-" "meta-externalagent/1.1 (+https://developers.facebook.com/docs/sharing/webmasters/crawler)"
2a03:2880:f814:27:: - - [15/Jun/2026:16:29:56 +0200] "GET /shopbrand/014037609009 HTTP/2" 200 0 "-" "meta-externalagent/1.1 (+https://developers.facebook.com/docs/sharing/webmasters/crawler)"
2a03:2880:f814:1e:: - - [15/Jun/2026:16:29:57 +0200] "GET /shopbrand/011676587528 HTTP/2" 200 0 "-" "meta-externalagent/1.1 (+https://developers.facebook.com/docs/sharing/webmasters/crawler)"
2a03:2880:f814:34:: - - [15/Jun/2026:16:29:59 +0200] "GET /shopbrand/012276105156 HTTP/2" 200 0 "-" "meta-externalagent/1.1 (+https://developers.facebook.com/docs/sharing/webmasters/crawler)"
2a03:2880:f814:31:: - - [15/Jun/2026:16:30:01 +0200] "GET /shopbrand/01921716667 HTTP/2" 200 0 "-" "meta-externalagent/1.1 (+https://developers.facebook.com/docs/sharing/webmasters/crawler)"
2a03:2880:f814:40:: - - [15/Jun/2026:16:30:01 +0200] "GET /items/012445314630 HTTP/2" 200 0 "-" "meta-externalagent/1.1 (+https://developers.facebook.com/docs/sharing/webmasters/crawler)"
2a03:2880:f814:20:: - - [15/Jun/2026:16:30:02 +0200] "GET /shopdetail/01383179202 HTTP/2" 200 0 "-" "meta-externalagent/1.1 (+https://developers.facebook.com/docs/sharing/webmasters/crawler)"
2a03:2880:f814:2b:: - - [15/Jun/2026:16:30:03 +0200] "GET /market/012066461435 HTTP/2" 200 0 "-" "meta-externalagent/1.1 (+https://developers.facebook.com/docs/sharing/webmasters/crawler)"
2a03:2880:f814:20:: - - [15/Jun/2026:16:30:04 +0200] "GET /special/012622535005 HTTP/2" 200 0 "-" "meta-externalagent/1.1 (+https://developers.facebook.com/docs/sharing/webmasters/crawler)"
2a03:2880:f814:24:: - - [15/Jun/2026:16:30:04 +0200] "GET /special/01775337607 HTTP/2" 200 0 "-" "meta-externalagent/1.1 (+https://developers.facebook.com/docs/sharing/webmasters/crawler)"
2a03:2880:f814:29:: - - [15/Jun/2026:16:29:51 +0200] "GET /entity/0192863592 HTTP/2" 200 0 "-" "meta-externalagent/1.1 (+https://developers.facebook.com/docs/sharing/webmasters/crawler)"
2a03:2880:f814:6:: - - [15/Jun/2026:16:29:52 +0200] "GET /products/014149719372 HTTP/2" 200 0 "-" "meta-externalagent/1.1 (+https://developers.facebook.com/docs/sharing/webmasters/crawler)"
2a03:2880:f814:19:: - - [15/Jun/2026:16:29:53 +0200] "GET /product/011271711319 HTTP/2" 200 0 "-" "meta-externalagent/1.1 (+https://developers.facebook.com/docs/sharing/webmasters/crawler)"
2a03:2880:f814:28:: - - [15/Jun/2026:16:29:53 +0200] "GET /items/0119608499 HTTP/2" 200 0 "-" "meta-externalagent/1.1 (+https://developers.facebook.com/docs/sharing/webmasters/crawler)"
2a03:2880:f814:31:: - - [15/Jun/2026:16:29:54 +0200] "GET /item/014057733587 HTTP/2" 200 0 "-" "meta-externalagent/1.1 (+https://developers.facebook.com/docs/sharing/webmasters/crawler)"
2a03:2880:f814:34:: - - [15/Jun/2026:16:29:54 +0200] "GET /goods/011165792609 HTTP/2" 200 0 "-" "meta-externalagent/1.1 (+https://developers.facebook.com/docs/sharing/webmasters/crawler)"
2a03:2880:f814:31:: - - [15/Jun/2026:16:29:55 +0200] "GET /goods/014271385018 HTTP/2" 200 0 "-" "meta-externalagent/1.1 (+https://developers.facebook.com/docs/sharing/webmasters/crawler)"
2a03:2880:f814:e:: - - [15/Jun/2026:16:29:56 +0200] "GET /shopbrand/011093489991 HTTP/2" 200 0 "-" "meta-externalagent/1.1 (+https://developers.facebook.com/docs/sharing/webmasters/crawler)"
20.15.133.184 - - [15/Jun/2026:16:29:33 +0200] "GET /info/011691737053 HTTP/2" 200 26378 "-" "Mozilla/5.0 AppleWebKit/537.36 (KHTML, like Gecko; compatible; bingbot/2.0; +http://www.bing.com/bingbot.htm) Chrome/116.0.1938.76 Safari/537.36"
2a03:2880:f814:3a:: - - [15/Jun/2026:16:29:57 +0200] "GET /shopbrand/01428394885 HTTP/2" 200 0 "-" "meta-externalagent/1.1 (+https://developers.facebook.com/docs/sharing/webmasters/crawler)"
2a03:2880:f814:31:: - - [15/Jun/2026:16:29:58 +0200] "GET /entity/01444701363 HTTP/2" 200 0 "-" "meta-externalagent/1.1 (+https://developers.facebook.com/docs/sharing/webmasters/crawler)"
2a03:2880:f814:3a:: - - [15/Jun/2026:16:29:58 +0200] "GET /detail/012982640012 HTTP/2" 200 0 "-" "meta-externalagent/1.1 (+https://developers.facebook.com/docs/sharing/webmasters/crawler)"
2a03:2880:f814:a:: - - [15/Jun/2026:16:29:59 +0200] "GET /products/013988245949 HTTP/2" 200 0 "-" "meta-externalagent/1.1 (+https://developers.facebook.com/docs/sharing/webmasters/crawler)"
2a03:2880:f814:6:: - - [15/Jun/2026:16:29:59 +0200] "GET /info/01324247800 HTTP/2" 200 0 "-" "meta-externalagent/1.1 (+https://developers.facebook.com/docs/sharing/webmasters/crawler)"
2a03:2880:f814:36:: - - [15/Jun/2026:16:30:01 +0200] "GET /shopping/012305948588 HTTP/2" 200 0 "-" "meta-externalagent/1.1 (+https://developers.facebook.com/docs/sharing/webmasters/crawler)"
2a03:2880:f814:43:: - - [15/Jun/2026:16:30:03 +0200] "GET /item/011797041091 HTTP/2" 200 0 "-" "meta-externalagent/1.1 (+https://developers.facebook.com/docs/sharing/webmasters/crawler)"
2a03:2880:f814:2:: - - [15/Jun/2026:16:30:06 +0200] "GET /shopbrand/012303360851 HTTP/2" 200 0 "-" "meta-externalagent/1.1 (+https://developers.facebook.com/docs/sharing/webmasters/crawler)"
2a03:2880:f814:40:: - - [15/Jun/2026:16:30:06 +0200] "GET /goodscode/013158648272 HTTP/2" 200 0 "-" "meta-externalagent/1.1 (+https://developers.facebook.com/docs/sharing/webmasters/crawler)"
2a03:2880:f814:23:: - - [15/Jun/2026:16:30:07 +0200] "GET /detail/013226111004 HTTP/2" 200 0 "-" "meta-externalagent/1.1 (+https://developers.facebook.com/docs/sharing/webmasters/crawler)"
2a03:2880:f814:2e:: - - [15/Jun/2026:16:30:07 +0200] "GET /shopping/012790881746 HTTP/2" 200 0 "-" "meta-externalagent/1.1 (+https://developers.facebook.com/docs/sharing/webmasters/crawler)"
2a03:2880:f814:36:: - - [15/Jun/2026:16:30:08 +0200] "GET /item/012417061052 HTTP/2" 200 0 "-" "meta-externalagent/1.1 (+https://developers.facebook.com/docs/sharing/webmasters/crawler)"
2a03:2880:f814:1a:: - - [15/Jun/2026:16:30:00 +0200] "GET /products/011750220344 HTTP/2" 200 0 "-" "meta-externalagent/1.1 (+https://developers.facebook.com/docs/sharing/webmasters/crawler)"
2a03:2880:f814:1a:: - - [15/Jun/2026:16:30:02 +0200] "GET /products/012350786548 HTTP/2" 200 0 "-" "meta-externalagent/1.1 (+https://developers.facebook.com/docs/sharing/webmasters/crawler)"
2a03:2880:f814:31:: - - [15/Jun/2026:16:30:03 +0200] "GET /detail/011323889343 HTTP/2" 200 0 "-" "meta-externalagent/1.1 (+https://developers.facebook.com/docs/sharing/webmasters/crawler)"
2a03:2880:f814:42:: - - [15/Jun/2026:16:30:03 +0200] "GET /shopbrand/014031644583 HTTP/2" 200 0 "-" "meta-externalagent/1.1 (+https://developers.facebook.com/docs/sharing/webmasters/crawler)"
2a03:2880:f814:44:: - - [15/Jun/2026:16:30:06 +0200] "GET /goods/014269220444 HTTP/2" 200 0 "-" "meta-externalagent/1.1 (+https://developers.facebook.com/docs/sharing/webmasters/crawler)"
2a03:2880:f814:14:: - - [15/Jun/2026:16:30:07 +0200] "GET /info/013416097629 HTTP/2" 200 0 "-" "meta-externalagent/1.1 (+https://developers.facebook.com/docs/sharing/webmasters/crawler)"
2a03:2880:f814:41:: - - [15/Jun/2026:16:30:08 +0200] "GET /item/01577992670 HTTP/2" 200 0 "-" "meta-externalagent/1.1 (+https://developers.facebook.com/docs/sharing/webmasters/crawler)"
2a03:2880:f814:3c:: - - [15/Jun/2026:16:30:10 +0200] "GET /goodscode/011649286425 HTTP/2" 200 0 "-" "meta-externalagent/1.1 (+https://developers.facebook.com/docs/sharing/webmasters/crawler)"
2a03:2880:f814:27:: - - [15/Jun/2026:16:30:10 +0200] "GET /shopbrand/01398715008 HTTP/2" 200 0 "-" "meta-externalagent/1.1 (+https://developers.facebook.com/docs/sharing/webmasters/crawler)"
2a03:2880:f814:1:: - - [15/Jun/2026:16:30:10 +0200] "GET /goodscode/011430364541 HTTP/2" 200 0 "-" "meta-externalagent/1.1 (+https://developers.facebook.com/docs/sharing/webmasters/crawler)"
2a03:2880:f814:30:: - - [15/Jun/2026:16:30:11 +0200] "GET /goods/012375663469 HTTP/2" 200 0 "-" "meta-externalagent/1.1 (+https://developers.facebook.com/docs/sharing/webmasters/crawler)"
2a03:2880:f814:2b:: - - [15/Jun/2026:16:30:12 +0200] "GET /goods/011849219115 HTTP/2" 200 0 "-" "meta-externalagent/1.1 (+https://developers.facebook.com/docs/sharing/webmasters/crawler)"
2a03:2880:f814:21:: - - [15/Jun/2026:16:30:13 +0200] "GET /detail/011521007069 HTTP/2" 200 0 "-" "meta-externalagent/1.1 (+https://developers.facebook.com/docs/sharing/webmasters/crawler)"
2a03:2880:f814:4:: - - [15/Jun/2026:16:30:14 +0200] "GET /shopdetail/013296249000 HTTP/2" 200 0 "-" "meta-externalagent/1.1 (+https://developers.facebook.com/docs/sharing/webmasters/crawler)"
2a03:2880:f814:21:: - - [15/Jun/2026:16:30:15 +0200] "GET /goods/013227323103 HTTP/2" 200 0 "-" "meta-externalagent/1.1 (+https://developers.facebook.com/docs/sharing/webmasters/crawler)"
40.77.167.16 - - [15/Jun/2026:16:30:15 +0200] "GET /info/011654063115 HTTP/2" 200 26032 "-" "Mozilla/5.0 AppleWebKit/537.36 (KHTML, like Gecko; compatible; bingbot/2.0; +http://www.bing.com/bingbot.htm) Chrome/116.0.1938.76 Safari/537.36"
2a03:2880:f814:b:: - - [15/Jun/2026:16:30:17 +0200] "GET /goods/011027239374 HTTP/2" 200 0 "-" "meta-externalagent/1.1 (+https://developers.facebook.com/docs/sharing/webmasters/crawler)"
2a03:2880:f814:27:: - - [15/Jun/2026:16:30:20 +0200] "GET /item/01876108003 HTTP/2" 200 0 "-" "meta-externalagent/1.1 (+https://developers.facebook.com/docs/sharing/webmasters/crawler)"
2a03:2880:f814:14:: - - [15/Jun/2026:16:30:20 +0200] "GET /shopping/012469846209 HTTP/2" 200 0 "-" "meta-externalagent/1.1 (+https://developers.facebook.com/docs/sharing/webmasters/crawler)"
2a03:2880:f814:a:: - - [15/Jun/2026:16:30:21 +0200] "GET /item/013007171559 HTTP/2" 200 0 "-" "meta-externalagent/1.1 (+https://developers.facebook.com/docs/sharing/webmasters/crawler)"
2a03:2880:f814:36:: - - [15/Jun/2026:16:30:22 +0200] "GET /entity/01455254577 HTTP/2" 200 0 "-" "meta-externalagent/1.1 (+https://developers.facebook.com/docs/sharing/webmasters/crawler)"
2a03:2880:f814:1e:: - - [15/Jun/2026:16:30:04 +0200] "GET /items/012934047608 HTTP/2" 200 0 "-" "meta-externalagent/1.1 (+https://developers.facebook.com/docs/sharing/webmasters/crawler)"
2a03:2880:f814:e:: - - [15/Jun/2026:16:30:06 +0200] "GET /info/0175163212 HTTP/2" 200 0 "-" "meta-externalagent/1.1 (+https://developers.facebook.com/docs/sharing/webmasters/crawler)"
2a03:2880:f814:f:: - - [15/Jun/2026:16:30:07 +0200] "GET /goods/013055549747 HTTP/2" 200 0 "-" "meta-externalagent/1.1 (+https://developers.facebook.com/docs/sharing/webmasters/crawler)"
2a03:2880:f814:8:: - - [15/Jun/2026:16:30:07 +0200] "GET /item/013960944846 HTTP/2" 200 0 "-" "meta-externalagent/1.1 (+https://developers.facebook.com/docs/sharing/webmasters/crawler)"
2a03:2880:f814:2a:: - - [15/Jun/2026:16:30:09 +0200] "GET /products/011398129308 HTTP/2" 200 0 "-" "meta-externalagent/1.1 (+https://developers.facebook.com/docs/sharing/webmasters/crawler)"
2a03:2880:f814:6:: - - [15/Jun/2026:16:30:09 +0200] "GET /entity/01252172425 HTTP/2" 200 0 "-" "meta-externalagent/1.1 (+https://developers.facebook.com/docs/sharing/webmasters/crawler)"
2a03:2880:f814:14:: - - [15/Jun/2026:16:30:09 +0200] "GET /market/011445555005 HTTP/2" 200 0 "-" "meta-externalagent/1.1 (+https://developers.facebook.com/docs/sharing/webmasters/crawler)"
2a03:2880:f814:43:: - - [15/Jun/2026:16:30:10 +0200] "GET /products/011918706769 HTTP/2" 200 0 "-" "meta-externalagent/1.1 (+https://developers.facebook.com/docs/sharing/webmasters/crawler)"
2a03:2880:f814:2d:: - - [15/Jun/2026:16:30:12 +0200] "GET /info/013080426668 HTTP/2" 200 0 "-" "meta-externalagent/1.1 (+https://developers.facebook.com/docs/sharing/webmasters/crawler)"
2a03:2880:f814:20:: - - [15/Jun/2026:16:30:12 +0200] "GET /shopbrand/01944383558 HTTP/2" 200 0 "-" "meta-externalagent/1.1 (+https://developers.facebook.com/docs/sharing/webmasters/crawler)"
2a03:2880:f814:2e:: - - [15/Jun/2026:16:30:13 +0200] "GET /detail/01134261175 HTTP/2" 200 0 "-" "meta-externalagent/1.1 (+https://developers.facebook.com/docs/sharing/webmasters/crawler)"
2a03:2880:f814:36:: - - [15/Jun/2026:16:30:15 +0200] "GET /entity/01292405532 HTTP/2" 200 0 "-" "meta-externalagent/1.1 (+https://developers.facebook.com/docs/sharing/webmasters/crawler)"
2a03:2880:f814:31:: - - [15/Jun/2026:16:30:16 +0200] "GET /item/011648511 HTTP/2" 200 0 "-" "meta-externalagent/1.1 (+https://developers.facebook.com/docs/sharing/webmasters/crawler)"
2a03:2880:f814:40:: - - [15/Jun/2026:16:30:16 +0200] "GET /shopdetail/01630352497 HTTP/2" 200 0 "-" "meta-externalagent/1.1 (+https://developers.facebook.com/docs/sharing/webmasters/crawler)"
2a03:2880:f814:1e:: - - [15/Jun/2026:16:30:18 +0200] "GET /special/013862598632 HTTP/2" 200 0 "-" "meta-externalagent/1.1 (+https://developers.facebook.com/docs/sharing/webmasters/crawler)"
2a03:2880:f814:13:: - - [15/Jun/2026:16:30:18 +0200] "GET /products/014179399265 HTTP/2" 200 0 "-" "meta-externalagent/1.1 (+https://developers.facebook.com/docs/sharing/webmasters/crawler)"
2a03:2880:f814:26:: - - [15/Jun/2026:16:30:19 +0200] "GET /shopbrand/013521620336 HTTP/2" 200 0 "-" "meta-externalagent/1.1 (+https://developers.facebook.com/docs/sharing/webmasters/crawler)"
2a03:2880:f814:12:: - - [15/Jun/2026:16:30:20 +0200] "GET /entity/01870914265 HTTP/2" 200 0 "-" "meta-externalagent/1.1 (+https://developers.facebook.com/docs/sharing/webmasters/crawler)"
2a03:2880:f814:4:: - - [15/Jun/2026:16:30:21 +0200] "GET /special/013346609959 HTTP/2" 200 0 "-" "meta-externalagent/1.1 (+https://developers.facebook.com/docs/sharing/webmasters/crawler)"
2a03:2880:f814:17:: - - [15/Jun/2026:16:30:21 +0200] "GET /item/012229120886 HTTP/2" 200 0 "-" "meta-externalagent/1.1 (+https://developers.facebook.com/docs/sharing/webmasters/crawler)"
2a03:2880:f814:3:: - - [15/Jun/2026:16:30:23 +0200] "GET /special/011501323902 HTTP/2" 200 0 "-" "meta-externalagent/1.1 (+https://developers.facebook.com/docs/sharing/webmasters/crawler)"
216.73.217.78 - - [15/Jun/2026:16:30:27 +0200] "GET /items/013180301056 HTTP/2" 200 0 "-" "Mozilla/5.0 AppleWebKit/537.36 (KHTML, like Gecko; compatible; ClaudeBot/1.0; +claudebot@anthropic.com)"
74.7.242.55 - - [15/Jun/2026:16:30:07 +0200] "GET /market/012970482567 HTTP/2" 200 0 "https://schweiz-macher.ch/sitemap-item-954.xml" "Mozilla/5.0 AppleWebKit/537.36 (KHTML, like Gecko; compatible; GPTBot/1.4; +https://openai.com/gptbot)"
2a03:2880:f814:16:: - - [15/Jun/2026:16:30:14 +0200] "GET /shopbrand/012126998724 HTTP/2" 200 0 "-" "meta-externalagent/1.1 (+https://developers.facebook.com/docs/sharing/webmasters/crawler)"
2a03:2880:f814:31:: - - [15/Jun/2026:16:30:14 +0200] "GET /info/014288132939 HTTP/2" 200 0 "-" "meta-externalagent/1.1 (+https://developers.facebook.com/docs/sharing/webmasters/crawler)"
2a03:2880:f814:31:: - - [15/Jun/2026:16:30:14 +0200] "GET /detail/01105629874 HTTP/2" 200 0 "-" "meta-externalagent/1.1 (+https://developers.facebook.com/docs/sharing/webmasters/crawler)"
20.15.133.184 - - [15/Jun/2026:16:30:04 +0200] "GET /special/012792927082 HTTP/2" 200 26591 "-" "Mozilla/5.0 AppleWebKit/537.36 (KHTML, like Gecko; compatible; bingbot/2.0; +http://www.bing.com/bingbot.htm) Chrome/116.0.1938.76 Safari/537.36"
2a03:2880:f814:1:: - - [15/Jun/2026:16:30:16 +0200] "GET /goodscode/012177106417 HTTP/2" 200 0 "-" "meta-externalagent/1.1 (+https://developers.facebook.com/docs/sharing/webmasters/crawler)"
2a03:2880:f814:15:: - - [15/Jun/2026:16:30:17 +0200] "GET /goodscode/012040977365 HTTP/2" 200 0 "-" "meta-externalagent/1.1 (+https://developers.facebook.com/docs/sharing/webmasters/crawler)"
2a03:2880:f814:3:: - - [15/Jun/2026:16:30:17 +0200] "GET /product/012839637641 HTTP/2" 200 0 "-" "meta-externalagent/1.1 (+https://developers.facebook.com/docs/sharing/webmasters/crawler)"
2a03:2880:f814:12:: - - [15/Jun/2026:16:30:19 +0200] "GET /info/013709624190 HTTP/2" 200 0 "-" "meta-externalagent/1.1 (+https://developers.facebook.com/docs/sharing/webmasters/crawler)"
2a03:2880:f814:2f:: - - [15/Jun/2026:16:30:19 +0200] "GET /info/012659062162 HTTP/2" 200 0 "-" "meta-externalagent/1.1 (+https://developers.facebook.com/docs/sharing/webmasters/crawler)"
2a03:2880:f814:21:: - - [15/Jun/2026:16:30:22 +0200] "GET /goods/013151289928 HTTP/2" 200 0 "-" "meta-externalagent/1.1 (+https://developers.facebook.com/docs/sharing/webmasters/crawler)"
