2a03:2880:f814:7:: - - [15/Jun/2026:16:26:05 +0200] "GET /info/011444342890 HTTP/2" 200 0 "-" "meta-externalagent/1.1 (+https://developers.facebook.com/docs/sharing/webmasters/crawler)"
2a03:2880:f814:40:: - - [15/Jun/2026:16:26:09 +0200] "GET /detail/014270172919 HTTP/2" 200 0 "-" "meta-externalagent/1.1 (+https://developers.facebook.com/docs/sharing/webmasters/crawler)"
2a03:2880:f814:31:: - - [15/Jun/2026:16:26:09 +0200] "GET /shopping/014009141215 HTTP/2" 200 0 "-" "meta-externalagent/1.1 (+https://developers.facebook.com/docs/sharing/webmasters/crawler)"
2a03:2880:f814:15:: - - [15/Jun/2026:16:26:10 +0200] "GET /item/011625014470 HTTP/2" 200 0 "-" "meta-externalagent/1.1 (+https://developers.facebook.com/docs/sharing/webmasters/crawler)"
2a03:2880:f814:40:: - - [15/Jun/2026:16:26:11 +0200] "GET /special/013344185777 HTTP/2" 200 0 "-" "meta-externalagent/1.1 (+https://developers.facebook.com/docs/sharing/webmasters/crawler)"
2a03:2880:f814:36:: - - [15/Jun/2026:16:26:11 +0200] "GET /products/014174810477 HTTP/2" 200 0 "-" "meta-externalagent/1.1 (+https://developers.facebook.com/docs/sharing/webmasters/crawler)"
2a03:2880:f814:a:: - - [15/Jun/2026:16:26:13 +0200] "GET /item/013604265006 HTTP/2" 200 0 "-" "meta-externalagent/1.1 (+https://developers.facebook.com/docs/sharing/webmasters/crawler)"
2a03:2880:f814:41:: - - [15/Jun/2026:16:26:13 +0200] "GET /shopdetail/011593309655 HTTP/2" 200 0 "-" "meta-externalagent/1.1 (+https://developers.facebook.com/docs/sharing/webmasters/crawler)"
2a03:2880:f814:11:: - - [15/Jun/2026:16:26:13 +0200] "GET /detail/012533760203 HTTP/2" 200 0 "-" "meta-externalagent/1.1 (+https://developers.facebook.com/docs/sharing/webmasters/crawler)"
2a03:2880:f814:33:: - - [15/Jun/2026:16:26:17 +0200] "GET /special/013197503526 HTTP/2" 200 0 "-" "meta-externalagent/1.1 (+https://developers.facebook.com/docs/sharing/webmasters/crawler)"
2a03:2880:f814:6:: - - [15/Jun/2026:16:26:18 +0200] "GET /shopping/012132799627 HTTP/2" 200 0 "-" "meta-externalagent/1.1 (+https://developers.facebook.com/docs/sharing/webmasters/crawler)"
2a03:2880:f814:20:: - - [15/Jun/2026:16:26:18 +0200] "GET /shopdetail/012643871698 HTTP/2" 200 0 "-" "meta-externalagent/1.1 (+https://developers.facebook.com/docs/sharing/webmasters/crawler)"
2a03:2880:f814:26:: - - [15/Jun/2026:16:26:20 +0200] "GET /goods/011021274948 HTTP/2" 200 0 "-" "meta-externalagent/1.1 (+https://developers.facebook.com/docs/sharing/webmasters/crawler)"
2a03:2880:f814:7:: - - [15/Jun/2026:16:26:20 +0200] "GET /special/013040618907 HTTP/2" 200 0 "-" "meta-externalagent/1.1 (+https://developers.facebook.com/docs/sharing/webmasters/crawler)"
2a03:2880:f814:17:: - - [15/Jun/2026:16:26:21 +0200] "GET /shopbrand/011252798824 HTTP/2" 200 0 "-" "meta-externalagent/1.1 (+https://developers.facebook.com/docs/sharing/webmasters/crawler)"
40.77.167.16 - - [15/Jun/2026:16:26:18 +0200] "GET /special/01924214796 HTTP/2" 200 27197 "-" "Mozilla/5.0 AppleWebKit/537.36 (KHTML, like Gecko; compatible; bingbot/2.0; +http://www.bing.com/bingbot.htm) Chrome/116.0.1938.76 Safari/537.36"
2a03:2880:f814:3c:: - - [15/Jun/2026:16:26:22 +0200] "GET /shopbrand/011973654317 HTTP/2" 200 0 "-" "meta-externalagent/1.1 (+https://developers.facebook.com/docs/sharing/webmasters/crawler)"
2a03:2880:f814:2f:: - - [15/Jun/2026:16:26:24 +0200] "GET /items/013976480652 HTTP/2" 200 0 "-" "meta-externalagent/1.1 (+https://developers.facebook.com/docs/sharing/webmasters/crawler)"
2a03:2880:f814:e:: - - [15/Jun/2026:16:26:09 +0200] "GET /info/012664766948 HTTP/2" 200 0 "-" "meta-externalagent/1.1 (+https://developers.facebook.com/docs/sharing/webmasters/crawler)"
2a03:2880:f814:6:: - - [15/Jun/2026:16:26:10 +0200] "GET /entity/011305158667 HTTP/2" 200 0 "-" "meta-externalagent/1.1 (+https://developers.facebook.com/docs/sharing/webmasters/crawler)"
2a03:2880:f814:19:: - - [15/Jun/2026:16:26:10 +0200] "GET /product/012836097429 HTTP/2" 200 0 "-" "meta-externalagent/1.1 (+https://developers.facebook.com/docs/sharing/webmasters/crawler)"
2a03:2880:f814:43:: - - [15/Jun/2026:16:26:11 +0200] "GET /special/013789525374 HTTP/2" 200 0 "-" "meta-externalagent/1.1 (+https://developers.facebook.com/docs/sharing/webmasters/crawler)"
216.73.217.78 - - [15/Jun/2026:16:26:26 +0200] "GET /info/01633110716 HTTP/2" 200 0 "-" "Mozilla/5.0 AppleWebKit/537.36 (KHTML, like Gecko; compatible; ClaudeBot/1.0; +claudebot@anthropic.com)"
2a03:2880:f814:36:: - - [15/Jun/2026:16:26:11 +0200] "GET /product/011571202306 HTTP/2" 200 0 "-" "meta-externalagent/1.1 (+https://developers.facebook.com/docs/sharing/webmasters/crawler)"
2a03:2880:f814:21:: - - [15/Jun/2026:16:26:13 +0200] "GET /market/011866919495 HTTP/2" 200 0 "-" "meta-externalagent/1.1 (+https://developers.facebook.com/docs/sharing/webmasters/crawler)"
2a03:2880:f814:14:: - - [15/Jun/2026:16:26:13 +0200] "GET /shopbrand/014007929116 HTTP/2" 200 0 "-" "meta-externalagent/1.1 (+https://developers.facebook.com/docs/sharing/webmasters/crawler)"
2a03:2880:f814:33:: - - [15/Jun/2026:16:26:16 +0200] "GET /product/013435615074 HTTP/2" 200 0 "-" "meta-externalagent/1.1 (+https://developers.facebook.com/docs/sharing/webmasters/crawler)"
2a03:2880:f814:13:: - - [15/Jun/2026:16:26:16 +0200] "GET /item/012239674084 HTTP/2" 200 0 "-" "meta-externalagent/1.1 (+https://developers.facebook.com/docs/sharing/webmasters/crawler)"
2a03:2880:f814:3c:: - - [15/Jun/2026:16:26:18 +0200] "GET /goods/01140062078 HTTP/2" 200 0 "-" "meta-externalagent/1.1 (+https://developers.facebook.com/docs/sharing/webmasters/crawler)"
2a03:2880:f814:6:: - - [15/Jun/2026:16:26:19 +0200] "GET /goods/014099358413 HTTP/2" 200 0 "-" "meta-externalagent/1.1 (+https://developers.facebook.com/docs/sharing/webmasters/crawler)"
2a03:2880:f814:42:: - - [15/Jun/2026:16:26:21 +0200] "GET /products/011721589027 HTTP/2" 200 0 "-" "meta-externalagent/1.1 (+https://developers.facebook.com/docs/sharing/webmasters/crawler)"
2a03:2880:f814:28:: - - [15/Jun/2026:16:26:21 +0200] "GET /item/0166592785 HTTP/2" 200 0 "-" "meta-externalagent/1.1 (+https://developers.facebook.com/docs/sharing/webmasters/crawler)"
2a03:2880:f814:f:: - - [15/Jun/2026:16:26:23 +0200] "GET /market/012058332419 HTTP/2" 200 0 "-" "meta-externalagent/1.1 (+https://developers.facebook.com/docs/sharing/webmasters/crawler)"
2a03:2880:f814:37:: - - [15/Jun/2026:16:26:23 +0200] "GET /entity/011504700591 HTTP/2" 200 0 "-" "meta-externalagent/1.1 (+https://developers.facebook.com/docs/sharing/webmasters/crawler)"
2a03:2880:f814:36:: - - [15/Jun/2026:16:26:24 +0200] "GET /shopbrand/0135914993 HTTP/2" 200 0 "-" "meta-externalagent/1.1 (+https://developers.facebook.com/docs/sharing/webmasters/crawler)"
2a03:2880:f814:2b:: - - [15/Jun/2026:16:26:26 +0200] "GET /products/012933884085 HTTP/2" 200 0 "-" "meta-externalagent/1.1 (+https://developers.facebook.com/docs/sharing/webmasters/crawler)"
2a03:2880:f814:6:: - - [15/Jun/2026:16:26:26 +0200] "GET /product/011376629076 HTTP/2" 200 0 "-" "meta-externalagent/1.1 (+https://developers.facebook.com/docs/sharing/webmasters/crawler)"
2a03:2880:f814:15:: - - [15/Jun/2026:16:26:27 +0200] "GET /goodscode/013155108060 HTTP/2" 200 0 "-" "meta-externalagent/1.1 (+https://developers.facebook.com/docs/sharing/webmasters/crawler)"
2a03:2880:f814:36:: - - [15/Jun/2026:16:26:27 +0200] "GET /products/013126413039 HTTP/2" 200 0 "-" "meta-externalagent/1.1 (+https://developers.facebook.com/docs/sharing/webmasters/crawler)"
2a03:2880:f814:e:: - - [15/Jun/2026:16:26:12 +0200] "GET /info/013411508825 HTTP/2" 200 0 "-" "meta-externalagent/1.1 (+https://developers.facebook.com/docs/sharing/webmasters/crawler)"
2a03:2880:f814:f:: - - [15/Jun/2026:16:26:15 +0200] "GET /shopping/013482599344 HTTP/2" 200 0 "-" "meta-externalagent/1.1 (+https://developers.facebook.com/docs/sharing/webmasters/crawler)"
2a03:2880:f814:34:: - - [15/Jun/2026:16:26:15 +0200] "GET /detail/012569404490 HTTP/2" 200 0 "-" "meta-externalagent/1.1 (+https://developers.facebook.com/docs/sharing/webmasters/crawler)"
2a03:2880:f814:b:: - - [15/Jun/2026:16:26:15 +0200] "GET /product/014218254519 HTTP/2" 200 0 "-" "meta-externalagent/1.1 (+https://developers.facebook.com/docs/sharing/webmasters/crawler)"
2a03:2880:f814:2a:: - - [15/Jun/2026:16:26:16 +0200] "GET /products/011916542163 HTTP/2" 200 0 "-" "meta-externalagent/1.1 (+https://developers.facebook.com/docs/sharing/webmasters/crawler)"
2a03:2880:f814:d:: - - [15/Jun/2026:16:26:17 +0200] "GET /goodscode/01219118042 HTTP/2" 200 0 "-" "meta-externalagent/1.1 (+https://developers.facebook.com/docs/sharing/webmasters/crawler)"
2a03:2880:f814:31:: - - [15/Jun/2026:16:26:18 +0200] "GET /special/013954798601 HTTP/2" 200 0 "-" "meta-externalagent/1.1 (+https://developers.facebook.com/docs/sharing/webmasters/crawler)"
2a03:2880:f814:44:: - - [15/Jun/2026:16:26:19 +0200] "GET /market/011902563798 HTTP/2" 200 0 "-" "meta-externalagent/1.1 (+https://developers.facebook.com/docs/sharing/webmasters/crawler)"
2a03:2880:f814:b:: - - [15/Jun/2026:16:26:20 +0200] "GET /detail/014272597133 HTTP/2" 200 0 "-" "meta-externalagent/1.1 (+https://developers.facebook.com/docs/sharing/webmasters/crawler)"
2a03:2880:f814:15:: - - [15/Jun/2026:16:26:20 +0200] "GET /goodscode/01990155745 HTTP/2" 200 0 "-" "meta-externalagent/1.1 (+https://developers.facebook.com/docs/sharing/webmasters/crawler)"
2a03:2880:f814:40:: - - [15/Jun/2026:16:26:22 +0200] "GET /item/013611277976 HTTP/2" 200 0 "-" "meta-externalagent/1.1 (+https://developers.facebook.com/docs/sharing/webmasters/crawler)"
2a03:2880:f814:2:: - - [15/Jun/2026:16:26:22 +0200] "GET /shopdetail/014078628853 HTTP/2" 200 0 "-" "meta-externalagent/1.1 (+https://developers.facebook.com/docs/sharing/webmasters/crawler)"
2a03:2880:f814:31:: - - [15/Jun/2026:16:26:24 +0200] "GET /market/013408132136 HTTP/2" 200 0 "-" "meta-externalagent/1.1 (+https://developers.facebook.com/docs/sharing/webmasters/crawler)"
2a03:2880:f814:3c:: - - [15/Jun/2026:16:26:25 +0200] "GET /item/01576617032 HTTP/2" 200 0 "-" "meta-externalagent/1.1 (+https://developers.facebook.com/docs/sharing/webmasters/crawler)"
2a03:2880:f814:29:: - - [15/Jun/2026:16:26:26 +0200] "GET /market/011897975026 HTTP/2" 200 0 "-" "meta-externalagent/1.1 (+https://developers.facebook.com/docs/sharing/webmasters/crawler)"
2a03:2880:f814:31:: - - [15/Jun/2026:16:26:27 +0200] "GET /product/012231448999 HTTP/2" 200 0 "-" "meta-externalagent/1.1 (+https://developers.facebook.com/docs/sharing/webmasters/crawler)"
2a03:2880:f814:2b:: - - [15/Jun/2026:16:26:28 +0200] "GET /goods/013589334134 HTTP/2" 200 0 "-" "meta-externalagent/1.1 (+https://developers.facebook.com/docs/sharing/webmasters/crawler)"
2a03:2880:f814:17:: - - [15/Jun/2026:16:26:31 +0200] "GET /entity/012156818300 HTTP/2" 200 0 "-" "meta-externalagent/1.1 (+https://developers.facebook.com/docs/sharing/webmasters/crawler)"
2a03:2880:f814:11:: - - [15/Jun/2026:16:26:32 +0200] "GET /detail/013391384231 HTTP/2" 200 0 "-" "meta-externalagent/1.1 (+https://developers.facebook.com/docs/sharing/webmasters/crawler)"
2a03:2880:f814:e:: - - [15/Jun/2026:16:26:32 +0200] "GET /entity/012018265050 HTTP/2" 200 0 "-" "meta-externalagent/1.1 (+https://developers.facebook.com/docs/sharing/webmasters/crawler)"
2a03:2880:f814:1b:: - - [15/Jun/2026:16:26:33 +0200] "GET /special/014245900964 HTTP/2" 200 0 "-" "meta-externalagent/1.1 (+https://developers.facebook.com/docs/sharing/webmasters/crawler)"
2a03:2880:f814:3a:: - - [15/Jun/2026:16:26:25 +0200] "GET /items/013268342947 HTTP/2" 200 0 "-" "meta-externalagent/1.1 (+https://developers.facebook.com/docs/sharing/webmasters/crawler)"
2a03:2880:f814:26:: - - [15/Jun/2026:16:26:29 +0200] "GET /shopping/01340947243 HTTP/2" 200 0 "-" "meta-externalagent/1.1 (+https://developers.facebook.com/docs/sharing/webmasters/crawler)"
2a03:2880:f814:42:: - - [15/Jun/2026:16:26:29 +0200] "GET /shopdetail/013155271583 HTTP/2" 200 0 "-" "meta-externalagent/1.1 (+https://developers.facebook.com/docs/sharing/webmasters/crawler)"
2a03:2880:f814:27:: - - [15/Jun/2026:16:26:30 +0200] "GET /shopdetail/013876922339 HTTP/2" 200 0 "-" "meta-externalagent/1.1 (+https://developers.facebook.com/docs/sharing/webmasters/crawler)"
2a03:2880:f814:31:: - - [15/Jun/2026:16:26:30 +0200] "GET /entity/01449290151 HTTP/2" 200 0 "-" "meta-externalagent/1.1 (+https://developers.facebook.com/docs/sharing/webmasters/crawler)"
2a03:2880:f814:29:: - - [15/Jun/2026:16:26:31 +0200] "GET /item/013963369028 HTTP/2" 200 0 "-" "meta-externalagent/1.1 (+https://developers.facebook.com/docs/sharing/webmasters/crawler)"
2a03:2880:f814:31:: - - [15/Jun/2026:16:26:31 +0200] "GET /entity/011475020682 HTTP/2" 200 0 "-" "meta-externalagent/1.1 (+https://developers.facebook.com/docs/sharing/webmasters/crawler)"
2a03:2880:f814:1a:: - - [15/Jun/2026:16:26:32 +0200] "GET /items/01600281854 HTTP/2" 200 0 "-" "meta-externalagent/1.1 (+https://developers.facebook.com/docs/sharing/webmasters/crawler)"
2a03:2880:f814:2a:: - - [15/Jun/2026:16:26:33 +0200] "GET /shopdetail/013460146637 HTTP/2" 200 0 "-" "meta-externalagent/1.1 (+https://developers.facebook.com/docs/sharing/webmasters/crawler)"
2a03:2880:f814:28:: - - [15/Jun/2026:16:26:34 +0200] "GET /special/013790900980 HTTP/2" 200 0 "-" "meta-externalagent/1.1 (+https://developers.facebook.com/docs/sharing/webmasters/crawler)"
2a03:2880:f814:28:: - - [15/Jun/2026:16:26:34 +0200] "GET /items/01187046348 HTTP/2" 200 0 "-" "meta-externalagent/1.1 (+https://developers.facebook.com/docs/sharing/webmasters/crawler)"
2a03:2880:f814:31:: - - [15/Jun/2026:16:26:35 +0200] "GET /shopdetail/01404730095 HTTP/2" 200 0 "-" "meta-externalagent/1.1 (+https://developers.facebook.com/docs/sharing/webmasters/crawler)"
2a03:2880:f814:28:: - - [15/Jun/2026:16:26:38 +0200] "GET /special/012325468216 HTTP/2" 200 0 "-" "meta-externalagent/1.1 (+https://developers.facebook.com/docs/sharing/webmasters/crawler)"
2a03:2880:f814:3c:: - - [15/Jun/2026:16:26:39 +0200] "GET /goodscode/012695519272 HTTP/2" 200 0 "-" "meta-externalagent/1.1 (+https://developers.facebook.com/docs/sharing/webmasters/crawler)"
2a03:2880:f814:41:: - - [15/Jun/2026:16:26:40 +0200] "GET /market/012661390259 HTTP/2" 200 0 "-" "meta-externalagent/1.1 (+https://developers.facebook.com/docs/sharing/webmasters/crawler)"
2a03:2880:f814:3b:: - - [15/Jun/2026:16:26:41 +0200] "GET /goods/013757820559 HTTP/2" 200 0 "-" "meta-externalagent/1.1 (+https://developers.facebook.com/docs/sharing/webmasters/crawler)"
2a03:2880:f814:12:: - - [15/Jun/2026:16:26:43 +0200] "GET /shopdetail/012006545161 HTTP/2" 200 0 "-" "meta-externalagent/1.1 (+https://developers.facebook.com/docs/sharing/webmasters/crawler)"
2a03:2880:f814:29:: - - [15/Jun/2026:16:26:43 +0200] "GET /info/01655836535 HTTP/2" 200 0 "-" "meta-externalagent/1.1 (+https://developers.facebook.com/docs/sharing/webmasters/crawler)"
2a03:2880:f814:31:: - - [15/Jun/2026:16:26:45 +0200] "GET /market/011542343762 HTTP/2" 200 0 "-" "meta-externalagent/1.1 (+https://developers.facebook.com/docs/sharing/webmasters/crawler)"
2a03:2880:f814:1:: - - [15/Jun/2026:16:26:45 +0200] "GET /product/012387217620 HTTP/2" 200 0 "-" "meta-externalagent/1.1 (+https://developers.facebook.com/docs/sharing/webmasters/crawler)"
2a03:2880:f814:32:: - - [15/Jun/2026:16:26:46 +0200] "GET /shopbrand/013835902495 HTTP/2" 200 0 "-" "meta-externalagent/1.1 (+https://developers.facebook.com/docs/sharing/webmasters/crawler)"
2a03:2880:f814:15:: - - [15/Jun/2026:16:26:28 +0200] "GET /item/01532145967 HTTP/2" 200 0 "-" "meta-externalagent/1.1 (+https://developers.facebook.com/docs/sharing/webmasters/crawler)"
2a03:2880:f814:36:: - - [15/Jun/2026:16:26:28 +0200] "GET /product/011623802371 HTTP/2" 200 0 "-" "meta-externalagent/1.1 (+https://developers.facebook.com/docs/sharing/webmasters/crawler)"
20.15.133.184 - - [15/Jun/2026:16:26:04 +0200] "GET /info/011513770701 HTTP/2" 200 0 "-" "Mozilla/5.0 AppleWebKit/537.36 (KHTML, like Gecko; compatible; bingbot/2.0; +http://www.bing.com/bingbot.htm) Chrome/116.0.1938.76 Safari/537.36"
2a03:2880:f814:24:: - - [15/Jun/2026:16:26:29 +0200] "GET /info/011542507269 HTTP/2" 200 0 "-" "meta-externalagent/1.1 (+https://developers.facebook.com/docs/sharing/webmasters/crawler)"
216.73.217.78 - - [15/Jun/2026:16:26:50 +0200] "GET /items/012695107942 HTTP/2" 200 0 "-" "Mozilla/5.0 AppleWebKit/537.36 (KHTML, like Gecko; compatible; ClaudeBot/1.0; +claudebot@anthropic.com)"
2a03:2880:f814:3c:: - - [15/Jun/2026:16:26:36 +0200] "GET /entity/011508240787 HTTP/2" 200 0 "-" "meta-externalagent/1.1 (+https://developers.facebook.com/docs/sharing/webmasters/crawler)"
2a03:2880:f814:11:: - - [15/Jun/2026:16:26:37 +0200] "GET /special/013044159119 HTTP/2" 200 0 "-" "meta-externalagent/1.1 (+https://developers.facebook.com/docs/sharing/webmasters/crawler)"
2a03:2880:f814:6:: - - [15/Jun/2026:16:26:37 +0200] "GET /products/012354326760 HTTP/2" 200 0 "-" "meta-externalagent/1.1 (+https://developers.facebook.com/docs/sharing/webmasters/crawler)"
2a03:2880:f814:d:: - - [15/Jun/2026:16:26:37 +0200] "GET /special/01286604629 HTTP/2" 200 0 "-" "meta-externalagent/1.1 (+https://developers.facebook.com/docs/sharing/webmasters/crawler)"
2a03:2880:f814:: - - [15/Jun/2026:16:26:39 +0200] "GET /market/011286246172 HTTP/2" 200 0 "-" "meta-externalagent/1.1 (+https://developers.facebook.com/docs/sharing/webmasters/crawler)"
2a03:2880:f814:17:: - - [15/Jun/2026:16:26:39 +0200] "GET /shopbrand/012462669684 HTTP/2" 200 0 "-" "meta-externalagent/1.1 (+https://developers.facebook.com/docs/sharing/webmasters/crawler)"
2a03:2880:f814:23:: - - [15/Jun/2026:16:26:39 +0200] "GET /goodscode/01636153368 HTTP/2" 200 0 "-" "meta-externalagent/1.1 (+https://developers.facebook.com/docs/sharing/webmasters/crawler)"
2a03:2880:f814:2f:: - - [15/Jun/2026:16:26:40 +0200] "GET /goodscode/013909978921 HTTP/2" 200 0 "-" "meta-externalagent/1.1 (+https://developers.facebook.com/docs/sharing/webmasters/crawler)"
2a03:2880:f814:8:: - - [15/Jun/2026:16:26:41 +0200] "GET /shopbrand/012785080859 HTTP/2" 200 0 "-" "meta-externalagent/1.1 (+https://developers.facebook.com/docs/sharing/webmasters/crawler)"
2a03:2880:f814:11:: - - [15/Jun/2026:16:26:42 +0200] "GET /special/014252913966 HTTP/2" 200 0 "-" "meta-externalagent/1.1 (+https://developers.facebook.com/docs/sharing/webmasters/crawler)"
2a03:2880:f814:2a:: - - [15/Jun/2026:16:26:42 +0200] "GET /products/012775950874 HTTP/2" 200 0 "-" "meta-externalagent/1.1 (+https://developers.facebook.com/docs/sharing/webmasters/crawler)"
2a03:2880:f814:1:: - - [15/Jun/2026:16:26:44 +0200] "GET /shopping/013834690396 HTTP/2" 200 0 "-" "meta-externalagent/1.1 (+https://developers.facebook.com/docs/sharing/webmasters/crawler)"
2a03:2880:f814:36:: - - [15/Jun/2026:16:26:45 +0200] "GET /info/012197049176 HTTP/2" 200 0 "-" "meta-externalagent/1.1 (+https://developers.facebook.com/docs/sharing/webmasters/crawler)"
2a03:2880:f814:23:: - - [15/Jun/2026:16:26:46 +0200] "GET /entity/01774125508 HTTP/2" 200 0 "-" "meta-externalagent/1.1 (+https://developers.facebook.com/docs/sharing/webmasters/crawler)"
2a03:2880:f814:18:: - - [15/Jun/2026:16:26:47 +0200] "GET /goods/013747267361 HTTP/2" 200 0 "-" "meta-externalagent/1.1 (+https://developers.facebook.com/docs/sharing/webmasters/crawler)"
20.15.133.184 - - [15/Jun/2026:16:26:34 +0200] "GET /info/012362626198 HTTP/2" 200 26143 "-" "Mozilla/5.0 AppleWebKit/537.36 (KHTML, like Gecko; compatible; bingbot/2.0; +http://www.bing.com/bingbot.htm) Chrome/116.0.1938.76 Safari/537.36"
2a03:2880:f814:26:: - - [15/Jun/2026:16:26:34 +0200] "GET /entity/012322091527 HTTP/2" 200 0 "-" "meta-externalagent/1.1 (+https://developers.facebook.com/docs/sharing/webmasters/crawler)"
2a03:2880:f814:21:: - - [15/Jun/2026:16:26:34 +0200] "GET /entity/012623747104 HTTP/2" 200 0 "-" "meta-externalagent/1.1 (+https://developers.facebook.com/docs/sharing/webmasters/crawler)"
2a03:2880:f814:1a:: - - [15/Jun/2026:16:26:35 +0200] "GET /market/011372481715 HTTP/2" 200 0 "-" "meta-externalagent/1.1 (+https://developers.facebook.com/docs/sharing/webmasters/crawler)"
2a03:2880:f814:17:: - - [15/Jun/2026:16:26:36 +0200] "GET /shopbrand/012137551938 HTTP/2" 200 0 "-" "meta-externalagent/1.1 (+https://developers.facebook.com/docs/sharing/webmasters/crawler)"
2a03:2880:f814:3e:: - - [15/Jun/2026:16:26:37 +0200] "GET /goods/011352357137 HTTP/2" 200 0 "-" "meta-externalagent/1.1 (+https://developers.facebook.com/docs/sharing/webmasters/crawler)"
2a03:2880:f814:40:: - - [15/Jun/2026:16:26:39 +0200] "GET /shopping/011092277892 HTTP/2" 200 0 "-" "meta-externalagent/1.1 (+https://developers.facebook.com/docs/sharing/webmasters/crawler)"
2a03:2880:f814:f:: - - [15/Jun/2026:16:26:42 +0200] "GET /entity/012735327033 HTTP/2" 200 0 "-" "meta-externalagent/1.1 (+https://developers.facebook.com/docs/sharing/webmasters/crawler)"
2a03:2880:f814:31:: - - [15/Jun/2026:16:26:42 +0200] "GET /shopbrand/013318538184 HTTP/2" 200 0 "-" "meta-externalagent/1.1 (+https://developers.facebook.com/docs/sharing/webmasters/crawler)"
216.73.217.78 - - [15/Jun/2026:16:26:59 +0200] "GET /items/011669383220 HTTP/2" 200 0 "-" "Mozilla/5.0 AppleWebKit/537.36 (KHTML, like Gecko; compatible; ClaudeBot/1.0; +claudebot@anthropic.com)"
2a03:2880:f814:42:: - - [15/Jun/2026:16:26:43 +0200] "GET /items/011229479376 HTTP/2" 200 0 "-" "meta-externalagent/1.1 (+https://developers.facebook.com/docs/sharing/webmasters/crawler)"
2a03:2880:f814:32:: - - [15/Jun/2026:16:26:44 +0200] "GET /product/013635156982 HTTP/2" 200 0 "-" "meta-externalagent/1.1 (+https://developers.facebook.com/docs/sharing/webmasters/crawler)"
68.178.160.25 - - [15/Jun/2026:16:26:51 +0200] "GET /wp-login.php HTTP/2" 200 0 "-" "Mozilla/5.0 (Windows NT 10.0; WOW64) AppleWebKit/537.36 (KHTML, like Gecko) Chrome/133.0.0.0 Safari/537.36"
216.73.217.78 - - [15/Jun/2026:16:27:01 +0200] "GET /items/012384848420 HTTP/2" 200 0 "-" "Mozilla/5.0 AppleWebKit/537.36 (KHTML, like Gecko; compatible; ClaudeBot/1.0; +claudebot@anthropic.com)"
2a03:2880:f814:39:: - - [15/Jun/2026:16:26:46 +0200] "GET /shopbrand/013997375918 HTTP/2" 200 0 "-" "meta-externalagent/1.1 (+https://developers.facebook.com/docs/sharing/webmasters/crawler)"
2a03:2880:f814:1b:: - - [15/Jun/2026:16:26:47 +0200] "GET /product/012812381946 HTTP/2" 200 0 "-" "meta-externalagent/1.1 (+https://developers.facebook.com/docs/sharing/webmasters/crawler)"
2a03:2880:f814:4:: - - [15/Jun/2026:16:26:48 +0200] "GET /item/011184263677 HTTP/2" 200 0 "-" "meta-externalagent/1.1 (+https://developers.facebook.com/docs/sharing/webmasters/crawler)"
2a03:2880:f814:34:: - - [15/Jun/2026:16:26:51 +0200] "GET /entity/013340809088 HTTP/2" 200 0 "-" "meta-externalagent/1.1 (+https://developers.facebook.com/docs/sharing/webmasters/crawler)"
2a03:2880:f814:17:: - - [15/Jun/2026:16:26:51 +0200] "GET /detail/011940206969 HTTP/2" 200 0 "-" "meta-externalagent/1.1 (+https://developers.facebook.com/docs/sharing/webmasters/crawler)"
2a03:2880:f814:17:: - - [15/Jun/2026:16:26:53 +0200] "GET /shopping/0145256092 HTTP/2" 200 0 "-" "meta-externalagent/1.1 (+https://developers.facebook.com/docs/sharing/webmasters/crawler)"
2a03:2880:f814:3a:: - - [15/Jun/2026:16:26:54 +0200] "GET /product/014211241549 HTTP/2" 200 0 "-" "meta-externalagent/1.1 (+https://developers.facebook.com/docs/sharing/webmasters/crawler)"
2a03:2880:f814:e:: - - [15/Jun/2026:16:26:57 +0200] "GET /entity/012319667345 HTTP/2" 200 0 "-" "meta-externalagent/1.1 (+https://developers.facebook.com/docs/sharing/webmasters/crawler)"
2a03:2880:f814:43:: - - [15/Jun/2026:16:26:48 +0200] "GET /shopping/011256175513 HTTP/2" 200 0 "-" "meta-externalagent/1.1 (+https://developers.facebook.com/docs/sharing/webmasters/crawler)"
2a03:2880:f814:42:: - - [15/Jun/2026:16:26:49 +0200] "GET /products/013985821735 HTTP/2" 200 0 "-" "meta-externalagent/1.1 (+https://developers.facebook.com/docs/sharing/webmasters/crawler)"
2a03:2880:f814:28:: - - [15/Jun/2026:16:26:51 +0200] "GET /shopdetail/01832058995 HTTP/2" 200 0 "-" "meta-externalagent/1.1 (+https://developers.facebook.com/docs/sharing/webmasters/crawler)"
2a03:2880:f814:3d:: - - [15/Jun/2026:16:26:52 +0200] "GET /shopdetail/012646295880 HTTP/2" 200 0 "-" "meta-externalagent/1.1 (+https://developers.facebook.com/docs/sharing/webmasters/crawler)"
2a03:2880:f814:3:: - - [15/Jun/2026:16:26:52 +0200] "GET /special/012020852771 HTTP/2" 200 0 "-" "meta-externalagent/1.1 (+https://developers.facebook.com/docs/sharing/webmasters/crawler)"
2a03:2880:f814:1e:: - - [15/Jun/2026:16:26:52 +0200] "GET /goodscode/01987991139 HTTP/2" 200 0 "-" "meta-externalagent/1.1 (+https://developers.facebook.com/docs/sharing/webmasters/crawler)"
2a03:2880:f814:2f:: - - [15/Jun/2026:16:26:53 +0200] "GET /detail/011944795773 HTTP/2" 200 0 "-" "meta-externalagent/1.1 (+https://developers.facebook.com/docs/sharing/webmasters/crawler)"
2a03:2880:f814:d:: - - [15/Jun/2026:16:26:54 +0200] "GET /goodscode/013461099112 HTTP/2" 200 0 "-" "meta-externalagent/1.1 (+https://developers.facebook.com/docs/sharing/webmasters/crawler)"
2a03:2880:f814:34:: - - [15/Jun/2026:16:26:54 +0200] "GET /market/012655425849 HTTP/2" 200 0 "-" "meta-externalagent/1.1 (+https://developers.facebook.com/docs/sharing/webmasters/crawler)"
2a03:2880:f814:31:: - - [15/Jun/2026:16:26:55 +0200] "GET /entity/01451714365 HTTP/2" 200 0 "-" "meta-externalagent/1.1 (+https://developers.facebook.com/docs/sharing/webmasters/crawler)"
2a03:2880:f814:e:: - - [15/Jun/2026:16:26:56 +0200] "GET /special/013948834207 HTTP/2" 200 0 "-" "meta-externalagent/1.1 (+https://developers.facebook.com/docs/sharing/webmasters/crawler)"
2a03:2880:f814:15:: - - [15/Jun/2026:16:26:57 +0200] "GET /special/013203467952 HTTP/2" 200 0 "-" "meta-externalagent/1.1 (+https://developers.facebook.com/docs/sharing/webmasters/crawler)"
2a03:2880:f814:8:: - - [15/Jun/2026:16:26:58 +0200] "GET /items/013731731539 HTTP/2" 200 0 "-" "meta-externalagent/1.1 (+https://developers.facebook.com/docs/sharing/webmasters/crawler)"
2a03:2880:f814:26:: - - [15/Jun/2026:16:26:59 +0200] "GET /products/011752644558 HTTP/2" 200 0 "-" "meta-externalagent/1.1 (+https://developers.facebook.com/docs/sharing/webmasters/crawler)"
2a03:2880:f814:31:: - - [15/Jun/2026:16:27:01 +0200] "GET /items/013263754175 HTTP/2" 200 0 "-" "meta-externalagent/1.1 (+https://developers.facebook.com/docs/sharing/webmasters/crawler)"
2a03:2880:f814:14:: - - [15/Jun/2026:16:27:02 +0200] "GET /market/011483363882 HTTP/2" 200 0 "-" "meta-externalagent/1.1 (+https://developers.facebook.com/docs/sharing/webmasters/crawler)"
2a03:2880:f814:31:: - - [15/Jun/2026:16:27:02 +0200] "GET /special/01291193417 HTTP/2" 200 0 "-" "meta-externalagent/1.1 (+https://developers.facebook.com/docs/sharing/webmasters/crawler)"
2a03:2880:f814:1a:: - - [15/Jun/2026:16:27:03 +0200] "GET /shopbrand/0138079583 HTTP/2" 200 0 "-" "meta-externalagent/1.1 (+https://developers.facebook.com/docs/sharing/webmasters/crawler)"
2a03:2880:f814:28:: - - [15/Jun/2026:16:27:03 +0200] "GET /shopbrand/01342159342 HTTP/2" 200 0 "-" "meta-externalagent/1.1 (+https://developers.facebook.com/docs/sharing/webmasters/crawler)"
2a03:2880:f814:1a:: - - [15/Jun/2026:16:27:04 +0200] "GET /shopping/011254010939 HTTP/2" 200 0 "-" "meta-externalagent/1.1 (+https://developers.facebook.com/docs/sharing/webmasters/crawler)"
2a03:2880:f814:22:: - - [15/Jun/2026:16:27:04 +0200] "GET /shopping/012821937261 HTTP/2" 200 0 "-" "meta-externalagent/1.1 (+https://developers.facebook.com/docs/sharing/webmasters/crawler)"
2a03:2880:f814:14:: - - [15/Jun/2026:16:26:48 +0200] "GET /items/011722801126 HTTP/2" 200 0 "-" "meta-externalagent/1.1 (+https://developers.facebook.com/docs/sharing/webmasters/crawler)"
2a03:2880:f814:31:: - - [15/Jun/2026:16:26:49 +0200] "GET /info/012206226768 HTTP/2" 200 0 "-" "meta-externalagent/1.1 (+https://developers.facebook.com/docs/sharing/webmasters/crawler)"
2a03:2880:f814:1:: - - [15/Jun/2026:16:26:49 +0200] "GET /info/012067673534 HTTP/2" 200 0 "-" "meta-externalagent/1.1 (+https://developers.facebook.com/docs/sharing/webmasters/crawler)"
2a03:2880:f814:30:: - - [15/Jun/2026:16:26:50 +0200] "GET /items/012930507396 HTTP/2" 200 0 "-" "meta-externalagent/1.1 (+https://developers.facebook.com/docs/sharing/webmasters/crawler)"
2a03:2880:f814:26:: - - [15/Jun/2026:16:26:50 +0200] "GET /products/011144455916 HTTP/2" 200 0 "-" "meta-externalagent/1.1 (+https://developers.facebook.com/docs/sharing/webmasters/crawler)"
2a03:2880:f814:22:: - - [15/Jun/2026:16:26:51 +0200] "GET /goodscode/014075252164 HTTP/2" 200 0 "-" "meta-externalagent/1.1 (+https://developers.facebook.com/docs/sharing/webmasters/crawler)"
40.77.167.16 - - [15/Jun/2026:16:26:47 +0200] "GET /info/011977195417 HTTP/2" 200 27663 "-" "Mozilla/5.0 AppleWebKit/537.36 (KHTML, like Gecko; compatible; bingbot/2.0; +http://www.bing.com/bingbot.htm) Chrome/116.0.1938.76 Safari/537.36"
2a03:2880:f814:44:: - - [15/Jun/2026:16:26:54 +0200] "GET /product/012808841734 HTTP/2" 200 0 "-" "meta-externalagent/1.1 (+https://developers.facebook.com/docs/sharing/webmasters/crawler)"
2a03:2880:f814:40:: - - [15/Jun/2026:16:26:56 +0200] "GET /shopping/014030692108 HTTP/2" 200 0 "-" "meta-externalagent/1.1 (+https://developers.facebook.com/docs/sharing/webmasters/crawler)"
2a03:2880:f814:31:: - - [15/Jun/2026:16:26:56 +0200] "GET /goods/01725583797 HTTP/2" 200 0 "-" "meta-externalagent/1.1 (+https://developers.facebook.com/docs/sharing/webmasters/crawler)"
2a03:2880:f814:: - - [15/Jun/2026:16:26:57 +0200] "GET /entity/011983996385 HTTP/2" 200 0 "-" "meta-externalagent/1.1 (+https://developers.facebook.com/docs/sharing/webmasters/crawler)"
2a03:2880:f814:2d:: - - [15/Jun/2026:16:26:58 +0200] "GET /products/014145130568 HTTP/2" 200 0 "-" "meta-externalagent/1.1 (+https://developers.facebook.com/docs/sharing/webmasters/crawler)"
2a03:2880:f814:2b:: - - [15/Jun/2026:16:26:59 +0200] "GET /info/013081802290 HTTP/2" 200 0 "-" "meta-externalagent/1.1 (+https://developers.facebook.com/docs/sharing/webmasters/crawler)"
2a03:2880:f814:27:: - - [15/Jun/2026:16:26:59 +0200] "GET /market/01332213293 HTTP/2" 200 0 "-" "meta-externalagent/1.1 (+https://developers.facebook.com/docs/sharing/webmasters/crawler)"
2a03:2880:f814:40:: - - [15/Jun/2026:16:27:01 +0200] "GET /detail/01141274177 HTTP/2" 200 0 "-" "meta-externalagent/1.1 (+https://developers.facebook.com/docs/sharing/webmasters/crawler)"
2a03:2880:f814:15:: - - [15/Jun/2026:16:27:02 +0200] "GET /items/012349574465 HTTP/2" 200 0 "-" "meta-externalagent/1.1 (+https://developers.facebook.com/docs/sharing/webmasters/crawler)"
2a03:2880:f814:a:: - - [15/Jun/2026:16:27:04 +0200] "GET /special/013537763291 HTTP/2" 200 0 "-" "meta-externalagent/1.1 (+https://developers.facebook.com/docs/sharing/webmasters/crawler)"
2a03:2880:f814:3e:: - - [15/Jun/2026:16:27:04 +0200] "GET /shopbrand/012884293798 HTTP/2" 200 0 "-" "meta-externalagent/1.1 (+https://developers.facebook.com/docs/sharing/webmasters/crawler)"
2a03:2880:f814:36:: - - [15/Jun/2026:16:27:05 +0200] "GET /detail/013750644050 HTTP/2" 200 0 "-" "meta-externalagent/1.1 (+https://developers.facebook.com/docs/sharing/webmasters/crawler)"
2a03:2880:f814:31:: - - [15/Jun/2026:16:27:07 +0200] "GET /goodscode/012852403907 HTTP/2" 200 0 "-" "meta-externalagent/1.1 (+https://developers.facebook.com/docs/sharing/webmasters/crawler)"
2a03:2880:f814:d:: - - [15/Jun/2026:16:27:07 +0200] "GET /items/012616225237 HTTP/2" 200 0 "-" "meta-externalagent/1.1 (+https://developers.facebook.com/docs/sharing/webmasters/crawler)"
2a03:2880:f814:33:: - - [15/Jun/2026:16:26:58 +0200] "GET /entity/013334844662 HTTP/2" 200 0 "-" "meta-externalagent/1.1 (+https://developers.facebook.com/docs/sharing/webmasters/crawler)"
74.7.242.55 - - [15/Jun/2026:16:26:55 +0200] "GET /market/011053269318 HTTP/2" 200 0 "https://schweiz-macher.ch/sitemap-item-2829.xml" "Mozilla/5.0 AppleWebKit/537.36 (KHTML, like Gecko; compatible; GPTBot/1.4; +https://openai.com/gptbot)"
2a03:2880:f814:36:: - - [15/Jun/2026:16:27:00 +0200] "GET /goodscode/014079840952 HTTP/2" 200 0 "-" "meta-externalagent/1.1 (+https://developers.facebook.com/docs/sharing/webmasters/crawler)"
2a03:2880:f814:11:: - - [15/Jun/2026:16:27:00 +0200] "GET /entity/012152229496 HTTP/2" 200 0 "-" "meta-externalagent/1.1 (+https://developers.facebook.com/docs/sharing/webmasters/crawler)"
2a03:2880:f814:27:: - - [15/Jun/2026:16:27:01 +0200] "GET /entity/013370488965 HTTP/2" 200 0 "-" "meta-externalagent/1.1 (+https://developers.facebook.com/docs/sharing/webmasters/crawler)"
20.15.133.184 - - [15/Jun/2026:16:27:04 +0200] "GET /info/012983475781 HTTP/2" 200 25903 "-" "Mozilla/5.0 AppleWebKit/537.36 (KHTML, like Gecko; compatible; bingbot/2.0; +http://www.bing.com/bingbot.htm) Chrome/116.0.1938.76 Safari/537.36"
2a03:2880:f814:3e:: - - [15/Jun/2026:16:27:07 +0200] "GET /goods/013805831852 HTTP/2" 200 0 "-" "meta-externalagent/1.1 (+https://developers.facebook.com/docs/sharing/webmasters/crawler)"
2a03:2880:f814:26:: - - [15/Jun/2026:16:27:07 +0200] "GET /info/011874096004 HTTP/2" 200 0 "-" "meta-externalagent/1.1 (+https://developers.facebook.com/docs/sharing/webmasters/crawler)"
2a03:2880:f814:12:: - - [15/Jun/2026:16:27:08 +0200] "GET /market/01160186672 HTTP/2" 200 0 "-" "meta-externalagent/1.1 (+https://developers.facebook.com/docs/sharing/webmasters/crawler)"
2a03:2880:f814:1b:: - - [15/Jun/2026:16:27:09 +0200] "GET /shopping/012793305928 HTTP/2" 200 0 "-" "meta-externalagent/1.1 (+https://developers.facebook.com/docs/sharing/webmasters/crawler)"
2a03:2880:f814:41:: - - [15/Jun/2026:16:27:09 +0200] "GET /shopdetail/011438589610 HTTP/2" 200 0 "-" "meta-externalagent/1.1 (+https://developers.facebook.com/docs/sharing/webmasters/crawler)"
2a03:2880:f814:32:: - - [15/Jun/2026:16:27:09 +0200] "GET /items/012350950071 HTTP/2" 200 0 "-" "meta-externalagent/1.1 (+https://developers.facebook.com/docs/sharing/webmasters/crawler)"
2a03:2880:f814:1a:: - - [15/Jun/2026:16:27:10 +0200] "GET /items/011231903558 HTTP/2" 200 0 "-" "meta-externalagent/1.1 (+https://developers.facebook.com/docs/sharing/webmasters/crawler)"
2a03:2880:f814:3b:: - - [15/Jun/2026:16:27:10 +0200] "GET /items/011063670446 HTTP/2" 200 0 "-" "meta-externalagent/1.1 (+https://developers.facebook.com/docs/sharing/webmasters/crawler)"
2a03:2880:f814:7:: - - [15/Jun/2026:16:27:11 +0200] "GET /detail/011164580510 HTTP/2" 200 0 "-" "meta-externalagent/1.1 (+https://developers.facebook.com/docs/sharing/webmasters/crawler)"
2a03:2880:f814:14:: - - [15/Jun/2026:16:27:12 +0200] "GET /info/012911940243 HTTP/2" 200 0 "-" "meta-externalagent/1.1 (+https://developers.facebook.com/docs/sharing/webmasters/crawler)"
2a03:2880:f814:21:: - - [15/Jun/2026:16:27:12 +0200] "GET /shopdetail/012859580432 HTTP/2" 200 0 "-" "meta-externalagent/1.1 (+https://developers.facebook.com/docs/sharing/webmasters/crawler)"
2a03:2880:f814:3b:: - - [15/Jun/2026:16:27:13 +0200] "GET /product/011210566881 HTTP/2" 200 0 "-" "meta-externalagent/1.1 (+https://developers.facebook.com/docs/sharing/webmasters/crawler)"
2a03:2880:f814:3b:: - - [15/Jun/2026:16:27:14 +0200] "GET /goodscode/013878134438 HTTP/2" 200 0 "-" "meta-externalagent/1.1 (+https://developers.facebook.com/docs/sharing/webmasters/crawler)"
2a03:2880:f814:2b:: - - [15/Jun/2026:16:27:14 +0200] "GET /shopbrand/012467258472 HTTP/2" 200 0 "-" "meta-externalagent/1.1 (+https://developers.facebook.com/docs/sharing/webmasters/crawler)"
2a03:2880:f814:4:: - - [15/Jun/2026:16:27:15 +0200] "GET /product/013613606089 HTTP/2" 200 0 "-" "meta-externalagent/1.1 (+https://developers.facebook.com/docs/sharing/webmasters/crawler)"
68.178.160.25 - gruethemann [15/Jun/2026:16:27:11 +0200] "GET /wp-json/wp/v2/users/me HTTP/2" 200 0 "-" "Mozilla/5.0 (Windows NT 10.0; WOW64) AppleWebKit/537.36 (KHTML, like Gecko) Chrome/133.0.0.0 Safari/537.36"
2a03:2880:f814:2b:: - - [15/Jun/2026:16:27:05 +0200] "GET /detail/012380415764 HTTP/2" 200 0 "-" "meta-externalagent/1.1 (+https://developers.facebook.com/docs/sharing/webmasters/crawler)"
2a03:2880:f814:2b:: - - [15/Jun/2026:16:27:05 +0200] "GET /market/012913152342 HTTP/2" 200 0 "-" "meta-externalagent/1.1 (+https://developers.facebook.com/docs/sharing/webmasters/crawler)"
2a03:2880:f814:2a:: - - [15/Jun/2026:16:27:06 +0200] "GET /products/011064882545 HTTP/2" 200 0 "-" "meta-externalagent/1.1 (+https://developers.facebook.com/docs/sharing/webmasters/crawler)"
2a00:c1e0:0:1::1:105e - - [15/Jun/2026:16:27:17 +0200] "POST /wp-cron.php?doing_wp_cron=1781533637.2389750480651855468750 HTTP/1.1" 200 20 "-" "WordPress/7.0; https://schweiz-macher.ch"
2a03:2880:f814:f:: - - [15/Jun/2026:16:27:11 +0200] "GET /item/011211778964 HTTP/2" 200 0 "-" "meta-externalagent/1.1 (+https://developers.facebook.com/docs/sharing/webmasters/crawler)"
2a00:c1e0:0:1::1:105e - - [15/Jun/2026:16:27:25 +0200] "POST /wp-cron.php?doing_wp_cron=1781533645.3402950763702392578125 HTTP/1.1" 200 0 "-" "WordPress/7.0; https://schweiz-macher.ch"
2a03:2880:f814:3d:: - - [15/Jun/2026:16:27:11 +0200] "GET /items/011057706020 HTTP/2" 200 0 "-" "meta-externalagent/1.1 (+https://developers.facebook.com/docs/sharing/webmasters/crawler)"
2a03:2880:f814:29:: - - [15/Jun/2026:16:27:12 +0200] "GET /shopping/013516868009 HTTP/2" 200 0 "-" "meta-externalagent/1.1 (+https://developers.facebook.com/docs/sharing/webmasters/crawler)"
2a03:2880:f814:4:: - - [15/Jun/2026:16:27:14 +0200] "GET /goodscode/013915943331 HTTP/2" 200 0 "-" "meta-externalagent/1.1 (+https://developers.facebook.com/docs/sharing/webmasters/crawler)"
2a00:c1e0:0:1::1:105e - - [15/Jun/2026:16:27:19 +0200] "POST /wp-cron.php?doing_wp_cron=1781533638.9611129760742187500000 HTTP/1.1" 200 20 "-" "WordPress/7.0; https://schweiz-macher.ch"
2a03:2880:f814:2b:: - - [15/Jun/2026:16:27:15 +0200] "GET /item/011628554682 HTTP/2" 200 0 "-" "meta-externalagent/1.1 (+https://developers.facebook.com/docs/sharing/webmasters/crawler)"
2a03:2880:f814:e:: - - [15/Jun/2026:16:27:17 +0200] "GET /goodscode/01212364664 HTTP/2" 200 0 "-" "meta-externalagent/1.1 (+https://developers.facebook.com/docs/sharing/webmasters/crawler)"
2a03:2880:f814:2b:: - - [15/Jun/2026:16:27:18 +0200] "GET /special/011985208468 HTTP/2" 200 0 "-" "meta-externalagent/1.1 (+https://developers.facebook.com/docs/sharing/webmasters/crawler)"
2a03:2880:f814:1b:: - - [15/Jun/2026:16:27:18 +0200] "GET /shopping/012467422011 HTTP/2" 200 0 "-" "meta-externalagent/1.1 (+https://developers.facebook.com/docs/sharing/webmasters/crawler)"
2a00:c1e0:0:1::1:105e - - [15/Jun/2026:16:27:23 +0200] "POST /wp-cron.php?doing_wp_cron=1781533643.2597310543060302734375 HTTP/1.1" 200 20 "-" "WordPress/7.0; https://schweiz-macher.ch"
2a03:2880:f814:13:: - - [15/Jun/2026:16:27:20 +0200] "GET /shopdetail/01827470223 HTTP/2" 200 0 "-" "meta-externalagent/1.1 (+https://developers.facebook.com/docs/sharing/webmasters/crawler)"
2a03:2880:f814:2e:: - - [15/Jun/2026:16:27:23 +0200] "GET /product/012391806408 HTTP/2" 200 0 "-" "meta-externalagent/1.1 (+https://developers.facebook.com/docs/sharing/webmasters/crawler)"
2a03:2880:f814:21:: - - [15/Jun/2026:16:27:23 +0200] "GET /detail/01302747600 HTTP/2" 200 0 "-" "meta-externalagent/1.1 (+https://developers.facebook.com/docs/sharing/webmasters/crawler)"
2a03:2880:f814:3:: - - [15/Jun/2026:16:27:23 +0200] "GET /items/012957763091 HTTP/2" 200 0 "-" "meta-externalagent/1.1 (+https://developers.facebook.com/docs/sharing/webmasters/crawler)"
2a03:2880:f814:39:: - - [15/Jun/2026:16:27:24 +0200] "GET /goods/012540936696 HTTP/2" 200 0 "-" "meta-externalagent/1.1 (+https://developers.facebook.com/docs/sharing/webmasters/crawler)"
2a03:2880:f814:3b:: - - [15/Jun/2026:16:27:09 +0200] "GET /product/012842061855 HTTP/2" 200 0 "-" "meta-externalagent/1.1 (+https://developers.facebook.com/docs/sharing/webmasters/crawler)"
216.73.217.78 - - [15/Jun/2026:16:27:25 +0200] "GET /entity/012311360878 HTTP/2" 200 0 "-" "Mozilla/5.0 AppleWebKit/537.36 (KHTML, like Gecko; compatible; ClaudeBot/1.0; +claudebot@anthropic.com)"
40.77.167.16 - - [15/Jun/2026:16:26:46 +0200] "GET /items/01279367855 HTTP/2" 200 26589 "-" "Mozilla/5.0 AppleWebKit/537.36 (KHTML, like Gecko; compatible; bingbot/2.0; +http://www.bing.com/bingbot.htm) Chrome/116.0.1938.76 Safari/537.36"
2a03:2880:f814:2e:: - - [15/Jun/2026:16:27:12 +0200] "GET /shopping/01924044780 HTTP/2" 200 0 "-" "meta-externalagent/1.1 (+https://developers.facebook.com/docs/sharing/webmasters/crawler)"
2a00:c1e0:0:1::1:105e - - [15/Jun/2026:16:27:19 +0200] "POST /wp-cron.php?doing_wp_cron=1781533639.1575140953063964843750 HTTP/1.1" 200 20 "-" "WordPress/7.0; https://schweiz-macher.ch"
2a00:c1e0:0:1::1:105e - - [15/Jun/2026:16:27:20 +0200] "POST /wp-cron.php?doing_wp_cron=1781533640.6489500999450683593750 HTTP/1.1" 200 20 "-" "WordPress/7.0; https://schweiz-macher.ch"
2a03:2880:f814:31:: - - [15/Jun/2026:16:27:12 +0200] "GET /detail/014106275314 HTTP/2" 200 0 "-" "meta-externalagent/1.1 (+https://developers.facebook.com/docs/sharing/webmasters/crawler)"
2a00:c1e0:0:1::1:105e - - [15/Jun/2026:16:27:22 +0200] "POST /wp-cron.php?doing_wp_cron=1781533642.0371580123901367187500 HTTP/1.1" 200 20 "-" "WordPress/7.0; https://schweiz-macher.ch"
2a03:2880:f814:13:: - - [15/Jun/2026:16:27:13 +0200] "GET /shopbrand/012789669647 HTTP/2" 200 0 "-" "meta-externalagent/1.1 (+https://developers.facebook.com/docs/sharing/webmasters/crawler)"
2a00:c1e0:0:1::1:105e - - [15/Jun/2026:16:27:26 +0200] "POST /wp-cron.php?doing_wp_cron=1781533645.7413439750671386718750 HTTP/1.1" 200 20 "-" "WordPress/7.0; https://schweiz-macher.ch"
2a03:2880:f814:24:: - - [15/Jun/2026:16:27:16 +0200] "GET /goods/011360486121 HTTP/2" 200 0 "-" "meta-externalagent/1.1 (+https://developers.facebook.com/docs/sharing/webmasters/crawler)"
2a03:2880:f814:23:: - - [15/Jun/2026:16:27:17 +0200] "GET /product/014024677021 HTTP/2" 200 0 "-" "meta-externalagent/1.1 (+https://developers.facebook.com/docs/sharing/webmasters/crawler)"
2a03:2880:f814:1:: - - [15/Jun/2026:16:27:21 +0200] "GET /special/012025441559 HTTP/2" 200 0 "-" "meta-externalagent/1.1 (+https://developers.facebook.com/docs/sharing/webmasters/crawler)"
2a03:2880:f814:16:: - - [15/Jun/2026:16:27:23 +0200] "GET /info/011868131594 HTTP/2" 200 0 "-" "meta-externalagent/1.1 (+https://developers.facebook.com/docs/sharing/webmasters/crawler)"
2a03:2880:f814:34:: - - [15/Jun/2026:16:27:24 +0200] "GET /goodscode/012336415250 HTTP/2" 200 0 "-" "meta-externalagent/1.1 (+https://developers.facebook.com/docs/sharing/webmasters/crawler)"
2a03:2880:f814:3d:: - - [15/Jun/2026:16:27:26 +0200] "GET /info/01680927640 HTTP/2" 200 0 "-" "meta-externalagent/1.1 (+https://developers.facebook.com/docs/sharing/webmasters/crawler)"
2a03:2880:f814:3c:: - - [15/Jun/2026:16:27:26 +0200] "GET /shopping/01343371441 HTTP/2" 200 0 "-" "meta-externalagent/1.1 (+https://developers.facebook.com/docs/sharing/webmasters/crawler)"
2a00:c1e0:0:1::1:105e - - [15/Jun/2026:16:27:32 +0200] "POST /wp-cron.php?doing_wp_cron=1781533651.9390890598297119140625 HTTP/1.1" 200 20 "-" "WordPress/7.0; https://schweiz-macher.ch"
2a03:2880:f814:1a:: - - [15/Jun/2026:16:27:27 +0200] "GET /entity/01778714296 HTTP/2" 200 0 "-" "meta-externalagent/1.1 (+https://developers.facebook.com/docs/sharing/webmasters/crawler)"
2a03:2880:f814:7:: - - [15/Jun/2026:16:27:28 +0200] "GET /shopping/012277317255 HTTP/2" 200 0 "-" "meta-externalagent/1.1 (+https://developers.facebook.com/docs/sharing/webmasters/crawler)"
2a03:2880:f814:43:: - - [15/Jun/2026:16:27:28 +0200] "GET /info/01850789671 HTTP/2" 200 0 "-" "meta-externalagent/1.1 (+https://developers.facebook.com/docs/sharing/webmasters/crawler)"
2a03:2880:f814:f:: - - [15/Jun/2026:16:27:15 +0200] "GET /detail/012885851239 HTTP/2" 200 0 "-" "meta-externalagent/1.1 (+https://developers.facebook.com/docs/sharing/webmasters/crawler)"
2a03:2880:f814:22:: - - [15/Jun/2026:16:27:16 +0200] "GET /entity/013783724471 HTTP/2" 200 0 "-" "meta-externalagent/1.1 (+https://developers.facebook.com/docs/sharing/webmasters/crawler)"
2a03:2880:f814:17:: - - [15/Jun/2026:16:27:17 +0200] "GET /info/01855378475 HTTP/2" 200 0 "-" "meta-externalagent/1.1 (+https://developers.facebook.com/docs/sharing/webmasters/crawler)"
216.73.217.78 - - [15/Jun/2026:16:27:33 +0200] "GET /info/0181734217 HTTP/2" 200 0 "-" "Mozilla/5.0 AppleWebKit/537.36 (KHTML, like Gecko; compatible; ClaudeBot/1.0; +claudebot@anthropic.com)"
40.77.167.16 - - [15/Jun/2026:16:27:17 +0200] "GET /info/011985155538 HTTP/2" 200 26097 "-" "Mozilla/5.0 AppleWebKit/537.36 (KHTML, like Gecko; compatible; bingbot/2.0; +http://www.bing.com/bingbot.htm) Chrome/116.0.1938.76 Safari/537.36"
2a03:2880:f814:31:: - - [15/Jun/2026:16:27:18 +0200] "GET /detail/013589170611 HTTP/2" 200 0 "-" "meta-externalagent/1.1 (+https://developers.facebook.com/docs/sharing/webmasters/crawler)"
2a03:2880:f814:2e:: - - [15/Jun/2026:16:27:18 +0200] "GET /shopping/014202718713 HTTP/2" 200 0 "-" "meta-externalagent/1.1 (+https://developers.facebook.com/docs/sharing/webmasters/crawler)"
2a00:c1e0:0:1::1:105e - - [15/Jun/2026:16:27:20 +0200] "POST /wp-cron.php?doing_wp_cron=1781533640.5606598854064941406250 HTTP/1.1" 200 20 "-" "WordPress/7.0; https://schweiz-macher.ch"
2a03:2880:f814:33:: - - [15/Jun/2026:16:27:20 +0200] "GET /goodscode/013467063538 HTTP/2" 200 0 "-" "meta-externalagent/1.1 (+https://developers.facebook.com/docs/sharing/webmasters/crawler)"
2a03:2880:f814:31:: - - [15/Jun/2026:16:27:20 +0200] "GET /info/013927497498 HTTP/2" 200 0 "-" "meta-externalagent/1.1 (+https://developers.facebook.com/docs/sharing/webmasters/crawler)"
2a03:2880:f814:23:: - - [15/Jun/2026:16:27:20 +0200] "GET /goods/01563850782 HTTP/2" 200 0 "-" "meta-externalagent/1.1 (+https://developers.facebook.com/docs/sharing/webmasters/crawler)"
2a03:2880:f814:22:: - - [15/Jun/2026:16:27:20 +0200] "GET /entity/012317502739 HTTP/2" 200 0 "-" "meta-externalagent/1.1 (+https://developers.facebook.com/docs/sharing/webmasters/crawler)"
2a03:2880:f814:34:: - - [15/Jun/2026:16:27:21 +0200] "GET /goods/011744301358 HTTP/2" 200 0 "-" "meta-externalagent/1.1 (+https://developers.facebook.com/docs/sharing/webmasters/crawler)"
2a03:2880:f814:3a:: - - [15/Jun/2026:16:27:22 +0200] "GET /shopbrand/012792093829 HTTP/2" 200 0 "-" "meta-externalagent/1.1 (+https://developers.facebook.com/docs/sharing/webmasters/crawler)"
2a00:c1e0:0:1::1:105e - - [15/Jun/2026:16:27:28 +0200] "POST /wp-cron.php?doing_wp_cron=1781533648.0390100479125976562500 HTTP/1.1" 200 20 "-" "WordPress/7.0; https://schweiz-macher.ch"
2a03:2880:f814:12:: - - [15/Jun/2026:16:27:24 +0200] "GET /goods/012564652179 HTTP/2" 200 0 "-" "meta-externalagent/1.1 (+https://developers.facebook.com/docs/sharing/webmasters/crawler)"
2a03:2880:f814:32:: - - [15/Jun/2026:16:27:24 +0200] "GET /shopdetail/013298413590 HTTP/2" 200 0 "-" "meta-externalagent/1.1 (+https://developers.facebook.com/docs/sharing/webmasters/crawler)"
2a03:2880:f814:2f:: - - [15/Jun/2026:16:27:25 +0200] "GET /detail/01554509667 HTTP/2" 200 0 "-" "meta-externalagent/1.1 (+https://developers.facebook.com/docs/sharing/webmasters/crawler)"
2a03:2880:f814:2e:: - - [15/Jun/2026:16:27:27 +0200] "GET /goodscode/013456510324 HTTP/2" 200 0 "-" "meta-externalagent/1.1 (+https://developers.facebook.com/docs/sharing/webmasters/crawler)"
20.15.133.184 - - [15/Jun/2026:16:27:26 +0200] "GET /special/011864215084 HTTP/2" 200 25538 "-" "Mozilla/5.0 AppleWebKit/537.36 (KHTML, like Gecko; compatible; bingbot/2.0; +http://www.bing.com/bingbot.htm) Chrome/116.0.1938.76 Safari/537.36"
2a03:2880:f814:28:: - - [15/Jun/2026:16:27:28 +0200] "GET /info/013933461908 HTTP/2" 200 0 "-" "meta-externalagent/1.1 (+https://developers.facebook.com/docs/sharing/webmasters/crawler)"
2a03:2880:f814:a:: - - [15/Jun/2026:16:27:30 +0200] "GET /market/011447719595 HTTP/2" 200 0 "-" "meta-externalagent/1.1 (+https://developers.facebook.com/docs/sharing/webmasters/crawler)"
2a03:2880:f814:16:: - - [15/Jun/2026:16:27:30 +0200] "GET /item/01527557179 HTTP/2" 200 0 "-" "meta-externalagent/1.1 (+https://developers.facebook.com/docs/sharing/webmasters/crawler)"
2a03:2880:f814:40:: - - [15/Jun/2026:16:27:31 +0200] "GET /shopdetail/012178318500 HTTP/2" 200 0 "-" "meta-externalagent/1.1 (+https://developers.facebook.com/docs/sharing/webmasters/crawler)"
2a03:2880:f814:e:: - - [15/Jun/2026:16:27:31 +0200] "GET /items/014146342683 HTTP/2" 200 0 "-" "meta-externalagent/1.1 (+https://developers.facebook.com/docs/sharing/webmasters/crawler)"
2a03:2880:f814:18:: - - [15/Jun/2026:16:27:34 +0200] "GET /detail/014098146298 HTTP/2" 200 0 "-" "meta-externalagent/1.1 (+https://developers.facebook.com/docs/sharing/webmasters/crawler)"
2a03:2880:f814:12:: - - [15/Jun/2026:16:27:34 +0200] "GET /shopping/01926468978 HTTP/2" 200 0 "-" "meta-externalagent/1.1 (+https://developers.facebook.com/docs/sharing/webmasters/crawler)"
2a03:2880:f814:37:: - - [15/Jun/2026:16:27:34 +0200] "GET /special/011471643993 HTTP/2" 200 0 "-" "meta-externalagent/1.1 (+https://developers.facebook.com/docs/sharing/webmasters/crawler)"
2a03:2880:f814:1b:: - - [15/Jun/2026:16:27:35 +0200] "GET /shopping/011094702090 HTTP/2" 200 0 "-" "meta-externalagent/1.1 (+https://developers.facebook.com/docs/sharing/webmasters/crawler)"
2a03:2880:f814:15:: - - [15/Jun/2026:16:27:36 +0200] "GET /product/01361071837 HTTP/2" 200 0 "-" "meta-externalagent/1.1 (+https://developers.facebook.com/docs/sharing/webmasters/crawler)"
20.15.133.184 - - [15/Jun/2026:16:27:34 +0200] "GET /market/011447711880 HTTP/2" 200 27879 "-" "Mozilla/5.0 AppleWebKit/537.36 (KHTML, like Gecko; compatible; bingbot/2.0; +http://www.bing.com/bingbot.htm) Chrome/116.0.1938.76 Safari/537.36"
2a03:2880:f814:27:: - - [15/Jun/2026:16:27:38 +0200] "GET /detail/01726536304 HTTP/2" 200 0 "-" "meta-externalagent/1.1 (+https://developers.facebook.com/docs/sharing/webmasters/crawler)"
2a03:2880:f814:32:: - - [15/Jun/2026:16:27:39 +0200] "GET /goods/013583369740 HTTP/2" 200 0 "-" "meta-externalagent/1.1 (+https://developers.facebook.com/docs/sharing/webmasters/crawler)"
