52.167.144.216 - - [15/Jun/2026:17:01:18 +0200] "GET /info/011188714073 HTTP/2" 200 26686 "-" "Mozilla/5.0 AppleWebKit/537.36 (KHTML, like Gecko; compatible; bingbot/2.0; +http://www.bing.com/bingbot.htm) Chrome/116.0.1938.76 Safari/537.36"
40.77.167.255 - - [15/Jun/2026:17:01:00 +0200] "GET /special/011310379735 HTTP/2" 200 26516 "-" "Mozilla/5.0 AppleWebKit/537.36 (KHTML, like Gecko; compatible; bingbot/2.0; +http://www.bing.com/bingbot.htm) Chrome/116.0.1938.76 Safari/537.36"
52.167.144.216 - - [15/Jun/2026:17:01:22 +0200] "GET /special/011238682083 HTTP/2" 200 26745 "-" "Mozilla/5.0 AppleWebKit/537.36 (KHTML, like Gecko; compatible; bingbot/2.0; +http://www.bing.com/bingbot.htm) Chrome/116.0.1938.76 Safari/537.36"
52.167.144.216 - - [15/Jun/2026:17:01:30 +0200] "GET /product/011359301355 HTTP/2" 200 25901 "-" "Mozilla/5.0 AppleWebKit/537.36 (KHTML, like Gecko; compatible; bingbot/2.0; +http://www.bing.com/bingbot.htm) Chrome/116.0.1938.76 Safari/537.36"
52.167.144.216 - - [15/Jun/2026:17:01:34 +0200] "GET /special/012796873473 HTTP/2" 200 25812 "-" "Mozilla/5.0 AppleWebKit/537.36 (KHTML, like Gecko; compatible; bingbot/2.0; +http://www.bing.com/bingbot.htm) Chrome/116.0.1938.76 Safari/537.36"
2a00:c1e0:0:1::1:105e - - [15/Jun/2026:17:01:38 +0200] "POST /wp-cron.php?doing_wp_cron=1781535698.8726639747619628906250 HTTP/1.1" 200 20 "-" "WordPress/7.0; https://schweiz-macher.ch"
52.167.144.216 - - [15/Jun/2026:17:01:38 +0200] "GET /info/013304405317 HTTP/2" 200 25755 "-" "Mozilla/5.0 AppleWebKit/537.36 (KHTML, like Gecko; compatible; bingbot/2.0; +http://www.bing.com/bingbot.htm) Chrome/116.0.1938.76 Safari/537.36"
40.77.167.255 - - [15/Jun/2026:17:01:38 +0200] "GET /special/01483811206 HTTP/2" 200 26719 "-" "Mozilla/5.0 AppleWebKit/537.36 (KHTML, like Gecko; compatible; bingbot/2.0; +http://www.bing.com/bingbot.htm) Chrome/116.0.1938.76 Safari/537.36"
40.77.167.255 - - [15/Jun/2026:17:01:54 +0200] "GET /info/012532797903 HTTP/2" 200 26801 "-" "Mozilla/5.0 AppleWebKit/537.36 (KHTML, like Gecko; compatible; bingbot/2.0; +http://www.bing.com/bingbot.htm) Chrome/116.0.1938.76 Safari/537.36"
40.77.167.255 - - [15/Jun/2026:17:01:58 +0200] "GET /info/01546534397 HTTP/2" 200 27228 "-" "Mozilla/5.0 AppleWebKit/537.36 (KHTML, like Gecko; compatible; bingbot/2.0; +http://www.bing.com/bingbot.htm) Chrome/116.0.1938.76 Safari/537.36"
216.73.217.78 - - [15/Jun/2026:17:02:19 +0200] "GET /items/013537942618 HTTP/2" 404 17400 "-" "Mozilla/5.0 AppleWebKit/537.36 (KHTML, like Gecko; compatible; ClaudeBot/1.0; +claudebot@anthropic.com)"
74.7.242.55 - - [15/Jun/2026:17:00:30 +0200] "GET /market/013949321926 HTTP/2" 404 17393 "https://schweiz-macher.ch/sitemap-item-1066.xml" "Mozilla/5.0 AppleWebKit/537.36 (KHTML, like Gecko; compatible; GPTBot/1.4; +https://openai.com/gptbot)"
176.65.139.237 - - [15/Jun/2026:17:00:46 +0200] "GET /.env HTTP/1.1" 404 99568 "-" "Mozilla/5.0 (Windows NT 10.0; Win64; x64) AppleWebKit/537.36 (KHTML, like Gecko) Chrome/147.0.0.0 Safari/537.36"
2a03:2880:f814:3a:: - - [15/Jun/2026:17:00:48 +0200] "GET /it/bestrebungen/istruzione-ricerca/ HTTP/2" 200 160937 "-" "meta-externalagent/1.1 (+https://developers.facebook.com/docs/sharing/webmasters/crawler)"
51.89.129.34 - - [15/Jun/2026:17:01:25 +0200] "GET /current_video/organspendegesetz-in-der-schweiz-was-man-euch-bisher-verschwiegen-hat/ HTTP/2" 404 17400 "-" "Mozilla/5.0 (compatible; AhrefsBot/7.0; +http://ahrefs.com/robot/)"
74.7.242.55 - - [15/Jun/2026:17:01:35 +0200] "GET /entity/012973848965 HTTP/2" 404 17400 "https://schweiz-macher.ch/sitemap-item-2644.xml" "Mozilla/5.0 AppleWebKit/537.36 (KHTML, like Gecko; compatible; GPTBot/1.4; +https://openai.com/gptbot)"
20.15.133.184 - - [15/Jun/2026:17:01:56 +0200] "GET /shopbrand/013131192667 HTTP/2" 200 25668 "-" "Mozilla/5.0 AppleWebKit/537.36 (KHTML, like Gecko; compatible; bingbot/2.0; +http://www.bing.com/bingbot.htm) Chrome/116.0.1938.76 Safari/537.36"
40.77.167.255 - - [15/Jun/2026:17:02:30 +0200] "GET /special/013430253604 HTTP/2" 200 27165 "-" "Mozilla/5.0 AppleWebKit/537.36 (KHTML, like Gecko; compatible; bingbot/2.0; +http://www.bing.com/bingbot.htm) Chrome/116.0.1938.76 Safari/537.36"
74.7.242.55 - - [15/Jun/2026:17:02:38 +0200] "GET /entity/012940628876 HTTP/2" 404 17398 "https://schweiz-macher.ch/sitemap-item-2644.xml" "Mozilla/5.0 AppleWebKit/537.36 (KHTML, like Gecko; compatible; GPTBot/1.4; +https://openai.com/gptbot)"
40.77.167.255 - - [15/Jun/2026:17:02:34 +0200] "GET /special/013849737127 HTTP/2" 200 26488 "-" "Mozilla/5.0 AppleWebKit/537.36 (KHTML, like Gecko; compatible; bingbot/2.0; +http://www.bing.com/bingbot.htm) Chrome/116.0.1938.76 Safari/537.36"
40.77.167.255 - - [15/Jun/2026:17:02:38 +0200] "GET /info/012879112649 HTTP/2" 200 27787 "-" "Mozilla/5.0 AppleWebKit/537.36 (KHTML, like Gecko; compatible; bingbot/2.0; +http://www.bing.com/bingbot.htm) Chrome/116.0.1938.76 Safari/537.36"
40.77.167.255 - - [15/Jun/2026:17:02:42 +0200] "GET /info/011086107564 HTTP/2" 200 26420 "-" "Mozilla/5.0 AppleWebKit/537.36 (KHTML, like Gecko; compatible; bingbot/2.0; +http://www.bing.com/bingbot.htm) Chrome/116.0.1938.76 Safari/537.36"
40.77.167.255 - - [15/Jun/2026:17:02:45 +0200] "GET /special/012415831666 HTTP/2" 200 26238 "-" "Mozilla/5.0 AppleWebKit/537.36 (KHTML, like Gecko; compatible; bingbot/2.0; +http://www.bing.com/bingbot.htm) Chrome/116.0.1938.76 Safari/537.36"
40.77.167.255 - - [15/Jun/2026:17:02:54 +0200] "GET /info/012096289482 HTTP/2" 200 26361 "-" "Mozilla/5.0 AppleWebKit/537.36 (KHTML, like Gecko; compatible; bingbot/2.0; +http://www.bing.com/bingbot.htm) Chrome/116.0.1938.76 Safari/537.36"
74.7.242.55 - - [15/Jun/2026:17:03:42 +0200] "GET /market/011585780367 HTTP/2" 404 17404 "https://schweiz-macher.ch/sitemap-item-1324.xml" "Mozilla/5.0 AppleWebKit/537.36 (KHTML, like Gecko; compatible; GPTBot/1.4; +https://openai.com/gptbot)"
40.77.167.255 - - [15/Jun/2026:17:03:40 +0200] "GET /special/01543122314 HTTP/2" 200 26619 "-" "Mozilla/5.0 AppleWebKit/537.36 (KHTML, like Gecko; compatible; bingbot/2.0; +http://www.bing.com/bingbot.htm) Chrome/116.0.1938.76 Safari/537.36"
40.77.167.255 - - [15/Jun/2026:17:03:49 +0200] "GET /info/014059210037 HTTP/2" 200 26874 "-" "Mozilla/5.0 AppleWebKit/537.36 (KHTML, like Gecko; compatible; bingbot/2.0; +http://www.bing.com/bingbot.htm) Chrome/116.0.1938.76 Safari/537.36"
40.77.167.255 - - [15/Jun/2026:17:04:08 +0200] "GET /info/014132531132 HTTP/2" 200 26568 "-" "Mozilla/5.0 AppleWebKit/537.36 (KHTML, like Gecko; compatible; bingbot/2.0; +http://www.bing.com/bingbot.htm) Chrome/116.0.1938.76 Safari/537.36"
40.77.167.255 - - [15/Jun/2026:17:02:08 +0200] "GET /special/011538957264 HTTP/2" 200 27271 "-" "Mozilla/5.0 AppleWebKit/537.36 (KHTML, like Gecko; compatible; bingbot/2.0; +http://www.bing.com/bingbot.htm) Chrome/116.0.1938.76 Safari/537.36"
40.77.167.255 - - [15/Jun/2026:17:03:09 +0200] "GET /special/012363272409 HTTP/2" 200 26963 "-" "Mozilla/5.0 AppleWebKit/537.36 (KHTML, like Gecko; compatible; bingbot/2.0; +http://www.bing.com/bingbot.htm) Chrome/116.0.1938.76 Safari/537.36"
40.77.167.255 - - [15/Jun/2026:17:03:18 +0200] "GET /special/01481885836 HTTP/2" 200 27562 "-" "Mozilla/5.0 AppleWebKit/537.36 (KHTML, like Gecko; compatible; bingbot/2.0; +http://www.bing.com/bingbot.htm) Chrome/116.0.1938.76 Safari/537.36"
40.77.167.255 - - [15/Jun/2026:17:03:34 +0200] "GET /special/01358374687 HTTP/2" 200 28274 "-" "Mozilla/5.0 AppleWebKit/537.36 (KHTML, like Gecko; compatible; bingbot/2.0; +http://www.bing.com/bingbot.htm) Chrome/116.0.1938.76 Safari/537.36"
40.77.167.255 - - [15/Jun/2026:17:03:39 +0200] "GET /special/011391562610 HTTP/2" 200 26067 "-" "Mozilla/5.0 AppleWebKit/537.36 (KHTML, like Gecko; compatible; bingbot/2.0; +http://www.bing.com/bingbot.htm) Chrome/116.0.1938.76 Safari/537.36"
114.119.157.103 - - [15/Jun/2026:17:03:47 +0200] "GET /klima-wandel/ HTTP/1.1" 200 25324 "https://schweiz-macher.ch/schweizer-auf-eu-sanktionsliste-2/" "Mozilla/5.0 (Linux; Android 7.0;) AppleWebKit/537.36 (HTML, like Gecko) Mobile Safari/537.36 (compatible; PetalBot;+https://webmaster.petalsearch.com/site/petalbot)"
216.73.217.78 - - [15/Jun/2026:17:03:46 +0200] "GET /info/013931362782 HTTP/2" 301 20 "-" "Mozilla/5.0 AppleWebKit/537.36 (KHTML, like Gecko; compatible; ClaudeBot/1.0; +claudebot@anthropic.com)"
216.73.217.78 - - [15/Jun/2026:17:03:50 +0200] "GET /datenschutz/13931362782/ HTTP/2" 301 20 "https://schweiz-macher.ch/info/013931362782" "Mozilla/5.0 AppleWebKit/537.36 (KHTML, like Gecko; compatible; ClaudeBot/1.0; +claudebot@anthropic.com)"
216.73.217.78 - - [15/Jun/2026:17:03:52 +0200] "GET /datenschutz/ HTTP/2" 200 25143 "https://schweiz-macher.ch/datenschutz/13931362782/" "Mozilla/5.0 AppleWebKit/537.36 (KHTML, like Gecko; compatible; ClaudeBot/1.0; +claudebot@anthropic.com)"
216.73.217.78 - - [15/Jun/2026:17:04:16 +0200] "GET /goodscode/012867363552 HTTP/2" 404 17411 "-" "Mozilla/5.0 AppleWebKit/537.36 (KHTML, like Gecko; compatible; ClaudeBot/1.0; +claudebot@anthropic.com)"
40.77.167.255 - - [15/Jun/2026:17:04:19 +0200] "GET /special/012385799587 HTTP/2" 200 26301 "-" "Mozilla/5.0 AppleWebKit/537.36 (KHTML, like Gecko; compatible; bingbot/2.0; +http://www.bing.com/bingbot.htm) Chrome/116.0.1938.76 Safari/537.36"
40.77.167.255 - - [15/Jun/2026:17:04:22 +0200] "GET /special/01923949525 HTTP/2" 200 26318 "-" "Mozilla/5.0 AppleWebKit/537.36 (KHTML, like Gecko; compatible; bingbot/2.0; +http://www.bing.com/bingbot.htm) Chrome/116.0.1938.76 Safari/537.36"
40.77.167.255 - - [15/Jun/2026:17:04:31 +0200] "GET /info/01383281702 HTTP/2" 200 26820 "-" "Mozilla/5.0 AppleWebKit/537.36 (KHTML, like Gecko; compatible; bingbot/2.0; +http://www.bing.com/bingbot.htm) Chrome/116.0.1938.76 Safari/537.36"
40.77.167.255 - - [15/Jun/2026:17:04:38 +0200] "GET /special/013531327254 HTTP/2" 200 26380 "-" "Mozilla/5.0 AppleWebKit/537.36 (KHTML, like Gecko; compatible; bingbot/2.0; +http://www.bing.com/bingbot.htm) Chrome/116.0.1938.76 Safari/537.36"
40.77.167.255 - - [15/Jun/2026:17:04:38 +0200] "GET /product/0195123363 HTTP/2" 200 26530 "-" "Mozilla/5.0 AppleWebKit/537.36 (KHTML, like Gecko; compatible; bingbot/2.0; +http://www.bing.com/bingbot.htm) Chrome/116.0.1938.76 Safari/537.36"
40.77.167.255 - - [15/Jun/2026:17:04:48 +0200] "GET /info/013649060412 HTTP/2" 200 26894 "-" "Mozilla/5.0 AppleWebKit/537.36 (KHTML, like Gecko; compatible; bingbot/2.0; +http://www.bing.com/bingbot.htm) Chrome/116.0.1938.76 Safari/537.36"
40.77.167.255 - - [15/Jun/2026:16:59:53 +0200] "GET /special/011157266833 HTTP/2" 200 26504 "-" "Mozilla/5.0 AppleWebKit/537.36 (KHTML, like Gecko; compatible; bingbot/2.0; +http://www.bing.com/bingbot.htm) Chrome/116.0.1938.76 Safari/537.36"
40.77.167.255 - - [15/Jun/2026:17:00:21 +0200] "GET /shopbrand/011318044957 HTTP/2" 200 26323 "-" "Mozilla/5.0 AppleWebKit/537.36 (KHTML, like Gecko; compatible; bingbot/2.0; +http://www.bing.com/bingbot.htm) Chrome/116.0.1938.76 Safari/537.36"
216.73.217.78 - - [15/Jun/2026:17:01:40 +0200] "GET /entity/013739662362 HTTP/2" 404 17414 "-" "Mozilla/5.0 AppleWebKit/537.36 (KHTML, like Gecko; compatible; ClaudeBot/1.0; +claudebot@anthropic.com)"
20.15.133.184 - - [15/Jun/2026:17:02:16 +0200] "GET /info/011309949647 HTTP/2" 200 26914 "-" "Mozilla/5.0 AppleWebKit/537.36 (KHTML, like Gecko; compatible; bingbot/2.0; +http://www.bing.com/bingbot.htm) Chrome/116.0.1938.76 Safari/537.36"
216.73.217.78 - - [15/Jun/2026:17:02:51 +0200] "GET /info/01270181780 HTTP/2" 301 20 "-" "Mozilla/5.0 AppleWebKit/537.36 (KHTML, like Gecko; compatible; ClaudeBot/1.0; +claudebot@anthropic.com)"
216.73.217.78 - - [15/Jun/2026:17:02:54 +0200] "GET /datenschutz/1270181780/ HTTP/2" 301 20 "https://schweiz-macher.ch/info/01270181780" "Mozilla/5.0 AppleWebKit/537.36 (KHTML, like Gecko; compatible; ClaudeBot/1.0; +claudebot@anthropic.com)"
216.73.217.78 - - [15/Jun/2026:17:02:56 +0200] "GET /datenschutz/ HTTP/2" 200 25144 "https://schweiz-macher.ch/datenschutz/1270181780/" "Mozilla/5.0 AppleWebKit/537.36 (KHTML, like Gecko; compatible; ClaudeBot/1.0; +claudebot@anthropic.com)"
216.73.217.78 - - [15/Jun/2026:17:03:13 +0200] "GET /info/012820577443 HTTP/2" 301 20 "-" "Mozilla/5.0 AppleWebKit/537.36 (KHTML, like Gecko; compatible; ClaudeBot/1.0; +claudebot@anthropic.com)"
216.73.217.78 - - [15/Jun/2026:17:03:16 +0200] "GET /datenschutz/12820577443/ HTTP/2" 301 20 "https://schweiz-macher.ch/info/012820577443" "Mozilla/5.0 AppleWebKit/537.36 (KHTML, like Gecko; compatible; ClaudeBot/1.0; +claudebot@anthropic.com)"
216.73.217.78 - - [15/Jun/2026:17:03:20 +0200] "GET /datenschutz/ HTTP/2" 200 0 "https://schweiz-macher.ch/datenschutz/12820577443/" "Mozilla/5.0 AppleWebKit/537.36 (KHTML, like Gecko; compatible; ClaudeBot/1.0; +claudebot@anthropic.com)"
216.73.217.78 - - [15/Jun/2026:17:04:47 +0200] "GET /item/013663430909 HTTP/2" 404 17407 "-" "Mozilla/5.0 AppleWebKit/537.36 (KHTML, like Gecko; compatible; ClaudeBot/1.0; +claudebot@anthropic.com)"
20.15.133.191 - - [15/Jun/2026:17:04:42 +0200] "GET /special/013262517639 HTTP/2" 200 27605 "-" "Mozilla/5.0 AppleWebKit/537.36 (KHTML, like Gecko; compatible; bingbot/2.0; +http://www.bing.com/bingbot.htm) Chrome/116.0.1938.76 Safari/537.36"
34.90.69.83 - - [15/Jun/2026:17:05:08 +0200] "GET / HTTP/1.1" 200 12807 "https://www.schweiz-macher.ch/" "Scrapy/2.16.0 (+https://scrapy.org)"
216.73.217.78 - - [15/Jun/2026:17:05:28 +0200] "GET /items/011137128864 HTTP/2" 404 17410 "-" "Mozilla/5.0 AppleWebKit/537.36 (KHTML, like Gecko; compatible; ClaudeBot/1.0; +claudebot@anthropic.com)"
40.77.167.255 - - [15/Jun/2026:17:06:07 +0200] "GET /info/013223250271 HTTP/2" 200 27334 "-" "Mozilla/5.0 AppleWebKit/537.36 (KHTML, like Gecko; compatible; bingbot/2.0; +http://www.bing.com/bingbot.htm) Chrome/116.0.1938.76 Safari/537.36"
40.77.167.255 - - [15/Jun/2026:17:06:09 +0200] "GET /product/01462007533 HTTP/2" 200 26459 "-" "Mozilla/5.0 AppleWebKit/537.36 (KHTML, like Gecko; compatible; bingbot/2.0; +http://www.bing.com/bingbot.htm) Chrome/116.0.1938.76 Safari/537.36"
40.77.167.255 - - [15/Jun/2026:17:06:13 +0200] "GET /products/013383904178 HTTP/2" 200 28807 "-" "Mozilla/5.0 AppleWebKit/537.36 (KHTML, like Gecko; compatible; bingbot/2.0; +http://www.bing.com/bingbot.htm) Chrome/116.0.1938.76 Safari/537.36"
40.77.167.255 - - [15/Jun/2026:17:06:18 +0200] "GET /info/012893543704 HTTP/2" 200 27138 "-" "Mozilla/5.0 AppleWebKit/537.36 (KHTML, like Gecko; compatible; bingbot/2.0; +http://www.bing.com/bingbot.htm) Chrome/116.0.1938.76 Safari/537.36"
40.77.167.255 - - [15/Jun/2026:17:06:23 +0200] "GET /info/011291214590 HTTP/2" 200 25831 "-" "Mozilla/5.0 AppleWebKit/537.36 (KHTML, like Gecko; compatible; bingbot/2.0; +http://www.bing.com/bingbot.htm) Chrome/116.0.1938.76 Safari/537.36"
40.77.167.255 - - [15/Jun/2026:17:06:26 +0200] "GET /product/01551891032 HTTP/2" 200 25897 "-" "Mozilla/5.0 AppleWebKit/537.36 (KHTML, like Gecko; compatible; bingbot/2.0; +http://www.bing.com/bingbot.htm) Chrome/116.0.1938.76 Safari/537.36"
40.77.167.255 - - [15/Jun/2026:17:06:29 +0200] "GET /info/012561954969 HTTP/2" 200 30285 "-" "Mozilla/5.0 AppleWebKit/537.36 (KHTML, like Gecko; compatible; bingbot/2.0; +http://www.bing.com/bingbot.htm) Chrome/116.0.1938.76 Safari/537.36"
20.15.133.184 - - [15/Jun/2026:17:04:36 +0200] "GET /special/012308215694 HTTP/2" 200 26358 "-" "Mozilla/5.0 AppleWebKit/537.36 (KHTML, like Gecko; compatible; bingbot/2.0; +http://www.bing.com/bingbot.htm) Chrome/116.0.1938.76 Safari/537.36"
74.7.242.55 - - [15/Jun/2026:17:04:45 +0200] "GET /market/014022819615 HTTP/2" 404 17403 "https://schweiz-macher.ch/sitemap-item-2634.xml" "Mozilla/5.0 AppleWebKit/537.36 (KHTML, like Gecko; compatible; GPTBot/1.4; +https://openai.com/gptbot)"
34.90.69.83 - - [15/Jun/2026:17:05:03 +0200] "GET / HTTP/1.1" 301 20 "-" "Scrapy/2.16.0 (+https://scrapy.org)"
20.15.133.184 - - [15/Jun/2026:17:04:46 +0200] "GET /products/012012352859 HTTP/2" 200 26694 "-" "Mozilla/5.0 AppleWebKit/537.36 (KHTML, like Gecko; compatible; bingbot/2.0; +http://www.bing.com/bingbot.htm) Chrome/116.0.1938.76 Safari/537.36"
114.119.158.203 - - [15/Jun/2026:17:05:11 +0200] "GET /fr/bestrebungen/ecologie-economie/ HTTP/1.1" 200 23574 "https://schweiz-macher.ch/fr/portfolio_category/efforts/" "Mozilla/5.0 (Linux; Android 7.0;) AppleWebKit/537.36 (HTML, like Gecko) Mobile Safari/537.36 (compatible; PetalBot;+https://webmaster.petalsearch.com/site/petalbot)"
20.15.133.184 - - [15/Jun/2026:17:05:26 +0200] "GET /special/013833120337 HTTP/2" 200 25835 "-" "Mozilla/5.0 AppleWebKit/537.36 (KHTML, like Gecko; compatible; bingbot/2.0; +http://www.bing.com/bingbot.htm) Chrome/116.0.1938.76 Safari/537.36"
40.77.167.255 - - [15/Jun/2026:17:05:35 +0200] "GET /info/011844617709 HTTP/2" 200 26113 "-" "Mozilla/5.0 AppleWebKit/537.36 (KHTML, like Gecko; compatible; bingbot/2.0; +http://www.bing.com/bingbot.htm) Chrome/116.0.1938.76 Safari/537.36"
40.77.167.255 - - [15/Jun/2026:17:05:37 +0200] "GET /products/013509624320 HTTP/2" 200 28422 "-" "Mozilla/5.0 AppleWebKit/537.36 (KHTML, like Gecko; compatible; bingbot/2.0; +http://www.bing.com/bingbot.htm) Chrome/116.0.1938.76 Safari/537.36"
40.77.167.255 - - [15/Jun/2026:17:05:39 +0200] "GET /info/01898876817 HTTP/2" 200 26815 "-" "Mozilla/5.0 AppleWebKit/537.36 (KHTML, like Gecko; compatible; bingbot/2.0; +http://www.bing.com/bingbot.htm) Chrome/116.0.1938.76 Safari/537.36"
40.77.167.255 - - [15/Jun/2026:17:05:42 +0200] "GET /items/71994169198 HTTP/2" 200 28162 "-" "Mozilla/5.0 AppleWebKit/537.36 (KHTML, like Gecko; compatible; bingbot/2.0; +http://www.bing.com/bingbot.htm) Chrome/116.0.1938.76 Safari/537.36"
74.7.242.55 - - [15/Jun/2026:17:05:47 +0200] "GET /market/013605947392 HTTP/2" 404 17409 "https://schweiz-macher.ch/sitemap-item-2759.xml" "Mozilla/5.0 AppleWebKit/537.36 (KHTML, like Gecko; compatible; GPTBot/1.4; +https://openai.com/gptbot)"
40.77.167.255 - - [15/Jun/2026:17:05:46 +0200] "GET /special/013984549009 HTTP/2" 200 26242 "-" "Mozilla/5.0 AppleWebKit/537.36 (KHTML, like Gecko; compatible; bingbot/2.0; +http://www.bing.com/bingbot.htm) Chrome/116.0.1938.76 Safari/537.36"
40.77.167.255 - - [15/Jun/2026:17:06:00 +0200] "GET /market/01202406013 HTTP/2" 200 26129 "-" "Mozilla/5.0 AppleWebKit/537.36 (KHTML, like Gecko; compatible; bingbot/2.0; +http://www.bing.com/bingbot.htm) Chrome/116.0.1938.76 Safari/537.36"
216.73.161.204 - - [15/Jun/2026:17:06:36 +0200] "POST /wp-login.php HTTP/1.1" 200 3617 "-" "Mozilla/5.0 (Windows NT 10.0; Win64; rv:143.0) Gecko/20100101 Firefox/143.0"
40.77.167.255 - - [15/Jun/2026:17:05:02 +0200] "GET /special/012602130939 HTTP/2" 200 27260 "-" "Mozilla/5.0 AppleWebKit/537.36 (KHTML, like Gecko; compatible; bingbot/2.0; +http://www.bing.com/bingbot.htm) Chrome/116.0.1938.76 Safari/537.36"
40.77.167.255 - - [15/Jun/2026:17:05:08 +0200] "GET /info/014280321296 HTTP/2" 200 26025 "-" "Mozilla/5.0 AppleWebKit/537.36 (KHTML, like Gecko; compatible; bingbot/2.0; +http://www.bing.com/bingbot.htm) Chrome/116.0.1938.76 Safari/537.36"
40.77.167.255 - - [15/Jun/2026:17:05:20 +0200] "GET /info/011297322585 HTTP/2" 200 28271 "-" "Mozilla/5.0 AppleWebKit/537.36 (KHTML, like Gecko; compatible; bingbot/2.0; +http://www.bing.com/bingbot.htm) Chrome/116.0.1938.76 Safari/537.36"
43.156.125.227 - - [15/Jun/2026:17:05:24 +0200] "GET / HTTP/1.1" 200 12807 "http://www.swiss-maker.ch" "Mozilla/5.0 (iPhone; CPU iPhone OS 13_2_3 like Mac OS X) AppleWebKit/605.1.15 (KHTML, like Gecko) Version/13.0.3 Mobile/15E148 Safari/604.1"
40.77.167.255 - - [15/Jun/2026:17:05:23 +0200] "GET /items/013652222244 HTTP/2" 200 26278 "-" "Mozilla/5.0 AppleWebKit/537.36 (KHTML, like Gecko; compatible; bingbot/2.0; +http://www.bing.com/bingbot.htm) Chrome/116.0.1938.76 Safari/537.36"
40.77.167.255 - - [15/Jun/2026:17:05:27 +0200] "GET /info/011601720590 HTTP/2" 200 26541 "-" "Mozilla/5.0 AppleWebKit/537.36 (KHTML, like Gecko; compatible; bingbot/2.0; +http://www.bing.com/bingbot.htm) Chrome/116.0.1938.76 Safari/537.36"
40.77.167.255 - - [15/Jun/2026:17:05:30 +0200] "GET /products/01984658447 HTTP/2" 200 28132 "-" "Mozilla/5.0 AppleWebKit/537.36 (KHTML, like Gecko; compatible; bingbot/2.0; +http://www.bing.com/bingbot.htm) Chrome/116.0.1938.76 Safari/537.36"
216.73.217.78 - - [15/Jun/2026:17:05:58 +0200] "GET /goodscode/01167823409 HTTP/2" 404 17404 "-" "Mozilla/5.0 AppleWebKit/537.36 (KHTML, like Gecko; compatible; ClaudeBot/1.0; +claudebot@anthropic.com)"
216.73.217.78 - - [15/Jun/2026:17:06:28 +0200] "GET /item/0185337606 HTTP/2" 404 17402 "-" "Mozilla/5.0 AppleWebKit/537.36 (KHTML, like Gecko; compatible; ClaudeBot/1.0; +claudebot@anthropic.com)"
40.77.167.255 - - [15/Jun/2026:17:06:38 +0200] "GET /info/0129190490 HTTP/2" 200 27518 "-" "Mozilla/5.0 AppleWebKit/537.36 (KHTML, like Gecko; compatible; bingbot/2.0; +http://www.bing.com/bingbot.htm) Chrome/116.0.1938.76 Safari/537.36"
40.77.167.255 - - [15/Jun/2026:17:06:35 +0200] "GET /info/013510544313 HTTP/2" 200 27100 "-" "Mozilla/5.0 AppleWebKit/537.36 (KHTML, like Gecko; compatible; bingbot/2.0; +http://www.bing.com/bingbot.htm) Chrome/116.0.1938.76 Safari/537.36"
40.77.167.255 - - [15/Jun/2026:17:06:43 +0200] "GET /info/01745694463 HTTP/2" 200 27560 "-" "Mozilla/5.0 AppleWebKit/537.36 (KHTML, like Gecko; compatible; bingbot/2.0; +http://www.bing.com/bingbot.htm) Chrome/116.0.1938.76 Safari/537.36"
40.77.167.255 - - [15/Jun/2026:17:06:48 +0200] "GET /info/012092070153 HTTP/2" 200 26253 "-" "Mozilla/5.0 AppleWebKit/537.36 (KHTML, like Gecko; compatible; bingbot/2.0; +http://www.bing.com/bingbot.htm) Chrome/116.0.1938.76 Safari/537.36"
40.77.167.255 - - [15/Jun/2026:17:06:53 +0200] "GET /special/014006744334 HTTP/2" 200 26197 "-" "Mozilla/5.0 AppleWebKit/537.36 (KHTML, like Gecko; compatible; bingbot/2.0; +http://www.bing.com/bingbot.htm) Chrome/116.0.1938.76 Safari/537.36"
40.77.167.255 - - [15/Jun/2026:17:07:02 +0200] "GET /special/013235622541 HTTP/2" 200 27317 "-" "Mozilla/5.0 AppleWebKit/537.36 (KHTML, like Gecko; compatible; bingbot/2.0; +http://www.bing.com/bingbot.htm) Chrome/116.0.1938.76 Safari/537.36"
40.77.167.255 - - [15/Jun/2026:17:07:08 +0200] "GET /special/013618892302 HTTP/2" 200 30269 "-" "Mozilla/5.0 AppleWebKit/537.36 (KHTML, like Gecko; compatible; bingbot/2.0; +http://www.bing.com/bingbot.htm) Chrome/116.0.1938.76 Safari/537.36"
40.77.167.255 - - [15/Jun/2026:17:07:08 +0200] "GET /special/011690080720 HTTP/2" 200 26630 "-" "Mozilla/5.0 AppleWebKit/537.36 (KHTML, like Gecko; compatible; bingbot/2.0; +http://www.bing.com/bingbot.htm) Chrome/116.0.1938.76 Safari/537.36"
216.73.217.78 - - [15/Jun/2026:17:07:32 +0200] "GET /info/011023322848 HTTP/2" 301 20 "-" "Mozilla/5.0 AppleWebKit/537.36 (KHTML, like Gecko; compatible; ClaudeBot/1.0; +claudebot@anthropic.com)"
216.73.217.78 - - [15/Jun/2026:17:07:36 +0200] "GET /datenschutz/11023322848/ HTTP/2" 301 20 "https://schweiz-macher.ch/info/011023322848" "Mozilla/5.0 AppleWebKit/537.36 (KHTML, like Gecko; compatible; ClaudeBot/1.0; +claudebot@anthropic.com)"
216.73.217.78 - - [15/Jun/2026:17:07:39 +0200] "GET /datenschutz/ HTTP/2" 200 0 "https://schweiz-macher.ch/datenschutz/11023322848/" "Mozilla/5.0 AppleWebKit/537.36 (KHTML, like Gecko; compatible; ClaudeBot/1.0; +claudebot@anthropic.com)"
40.77.167.255 - - [15/Jun/2026:17:08:21 +0200] "GET /special/013535590986 HTTP/2" 200 28239 "-" "Mozilla/5.0 AppleWebKit/537.36 (KHTML, like Gecko; compatible; bingbot/2.0; +http://www.bing.com/bingbot.htm) Chrome/116.0.1938.76 Safari/537.36"
40.77.167.255 - - [15/Jun/2026:17:08:25 +0200] "GET /special/011453297520 HTTP/2" 200 28010 "-" "Mozilla/5.0 AppleWebKit/537.36 (KHTML, like Gecko; compatible; bingbot/2.0; +http://www.bing.com/bingbot.htm) Chrome/116.0.1938.76 Safari/537.36"
40.77.167.255 - - [15/Jun/2026:17:08:32 +0200] "GET /special/01291185718 HTTP/2" 200 28739 "-" "Mozilla/5.0 AppleWebKit/537.36 (KHTML, like Gecko; compatible; bingbot/2.0; +http://www.bing.com/bingbot.htm) Chrome/116.0.1938.76 Safari/537.36"
40.77.167.255 - - [15/Jun/2026:17:08:39 +0200] "GET /info/011052140378 HTTP/2" 200 25670 "-" "Mozilla/5.0 AppleWebKit/537.36 (KHTML, like Gecko; compatible; bingbot/2.0; +http://www.bing.com/bingbot.htm) Chrome/116.0.1938.76 Safari/537.36"
40.77.167.255 - - [15/Jun/2026:17:08:39 +0200] "GET /special/01261505841 HTTP/2" 200 27707 "-" "Mozilla/5.0 AppleWebKit/537.36 (KHTML, like Gecko; compatible; bingbot/2.0; +http://www.bing.com/bingbot.htm) Chrome/116.0.1938.76 Safari/537.36"
40.77.167.255 - - [15/Jun/2026:17:08:41 +0200] "GET /info/011377258157 HTTP/2" 200 25680 "-" "Mozilla/5.0 AppleWebKit/537.36 (KHTML, like Gecko; compatible; bingbot/2.0; +http://www.bing.com/bingbot.htm) Chrome/116.0.1938.76 Safari/537.36"
74.7.242.55 - - [15/Jun/2026:17:06:50 +0200] "GET /market/013534710814 HTTP/2" 404 17403 "https://schweiz-macher.ch/sitemap-item-1066.xml" "Mozilla/5.0 AppleWebKit/537.36 (KHTML, like Gecko; compatible; GPTBot/1.4; +https://openai.com/gptbot)"
216.73.217.78 - - [15/Jun/2026:17:06:58 +0200] "GET /goodscode/014266117173 HTTP/2" 404 17400 "-" "Mozilla/5.0 AppleWebKit/537.36 (KHTML, like Gecko; compatible; ClaudeBot/1.0; +claudebot@anthropic.com)"
35.204.81.173 - - [15/Jun/2026:17:07:26 +0200] "GET /wp-content/uploads/2025/12/fav-schweiz-macher-64.png HTTP/1.1" 200 3732 "-" "Scrapy/2.16.0 (+https://scrapy.org)"
40.77.167.255 - - [15/Jun/2026:17:07:14 +0200] "GET /info/011203124840 HTTP/2" 200 26446 "-" "Mozilla/5.0 AppleWebKit/537.36 (KHTML, like Gecko; compatible; bingbot/2.0; +http://www.bing.com/bingbot.htm) Chrome/116.0.1938.76 Safari/537.36"
40.77.167.255 - - [15/Jun/2026:17:07:38 +0200] "GET /special/011668563532 HTTP/2" 200 25842 "-" "Mozilla/5.0 AppleWebKit/537.36 (KHTML, like Gecko; compatible; bingbot/2.0; +http://www.bing.com/bingbot.htm) Chrome/116.0.1938.76 Safari/537.36"
74.7.242.55 - - [15/Jun/2026:17:07:54 +0200] "GET /market/012641190774 HTTP/2" 404 17395 "https://schweiz-macher.ch/sitemap-item-1324.xml" "Mozilla/5.0 AppleWebKit/537.36 (KHTML, like Gecko; compatible; GPTBot/1.4; +https://openai.com/gptbot)"
216.73.217.78 - - [15/Jun/2026:17:08:03 +0200] "GET /entity/011993132512 HTTP/2" 404 17395 "-" "Mozilla/5.0 AppleWebKit/537.36 (KHTML, like Gecko; compatible; ClaudeBot/1.0; +claudebot@anthropic.com)"
40.77.167.255 - - [15/Jun/2026:17:08:09 +0200] "GET /info/011003613219 HTTP/2" 200 26991 "-" "Mozilla/5.0 AppleWebKit/537.36 (KHTML, like Gecko; compatible; bingbot/2.0; +http://www.bing.com/bingbot.htm) Chrome/116.0.1938.76 Safari/537.36"
40.77.167.255 - - [15/Jun/2026:17:07:45 +0200] "GET /product/014019029968 HTTP/2" 200 26961 "-" "Mozilla/5.0 AppleWebKit/537.36 (KHTML, like Gecko; compatible; bingbot/2.0; +http://www.bing.com/bingbot.htm) Chrome/116.0.1938.76 Safari/537.36"
40.77.167.255 - - [15/Jun/2026:17:08:14 +0200] "GET /info/013393078536 HTTP/2" 200 28260 "-" "Mozilla/5.0 AppleWebKit/537.36 (KHTML, like Gecko; compatible; bingbot/2.0; +http://www.bing.com/bingbot.htm) Chrome/116.0.1938.76 Safari/537.36"
40.77.167.255 - - [15/Jun/2026:17:08:52 +0200] "GET /info/013446797321 HTTP/2" 200 25906 "-" "Mozilla/5.0 AppleWebKit/537.36 (KHTML, like Gecko; compatible; bingbot/2.0; +http://www.bing.com/bingbot.htm) Chrome/116.0.1938.76 Safari/537.36"
40.77.167.255 - - [15/Jun/2026:17:08:55 +0200] "GET /goods/01519744270 HTTP/2" 200 27275 "-" "Mozilla/5.0 AppleWebKit/537.36 (KHTML, like Gecko; compatible; bingbot/2.0; +http://www.bing.com/bingbot.htm) Chrome/116.0.1938.76 Safari/537.36"
74.7.242.55 - - [15/Jun/2026:17:08:56 +0200] "GET /market/012399453624 HTTP/2" 404 17401 "https://schweiz-macher.ch/sitemap-item-2634.xml" "Mozilla/5.0 AppleWebKit/537.36 (KHTML, like Gecko; compatible; GPTBot/1.4; +https://openai.com/gptbot)"
40.77.167.255 - - [15/Jun/2026:17:08:58 +0200] "GET /special/011066464085 HTTP/2" 200 25968 "-" "Mozilla/5.0 AppleWebKit/537.36 (KHTML, like Gecko; compatible; bingbot/2.0; +http://www.bing.com/bingbot.htm) Chrome/116.0.1938.76 Safari/537.36"
40.77.167.255 - - [15/Jun/2026:17:09:01 +0200] "GET /info/011792579198 HTTP/2" 200 26036 "-" "Mozilla/5.0 AppleWebKit/537.36 (KHTML, like Gecko; compatible; bingbot/2.0; +http://www.bing.com/bingbot.htm) Chrome/116.0.1938.76 Safari/537.36"
40.77.167.255 - - [15/Jun/2026:17:09:04 +0200] "GET /info/014078656170 HTTP/2" 200 25710 "-" "Mozilla/5.0 AppleWebKit/537.36 (KHTML, like Gecko; compatible; bingbot/2.0; +http://www.bing.com/bingbot.htm) Chrome/116.0.1938.76 Safari/537.36"
40.77.167.255 - - [15/Jun/2026:17:09:06 +0200] "GET /special/013225399405 HTTP/2" 200 27549 "-" "Mozilla/5.0 AppleWebKit/537.36 (KHTML, like Gecko; compatible; bingbot/2.0; +http://www.bing.com/bingbot.htm) Chrome/116.0.1938.76 Safari/537.36"
216.73.217.78 - - [15/Jun/2026:17:08:29 +0200] "GET /goodscode/012060077152 HTTP/2" 404 17395 "-" "Mozilla/5.0 AppleWebKit/537.36 (KHTML, like Gecko; compatible; ClaudeBot/1.0; +claudebot@anthropic.com)"
40.77.167.255 - - [15/Jun/2026:17:09:32 +0200] "GET /items/012702134290 HTTP/2" 200 26535 "-" "Mozilla/5.0 AppleWebKit/537.36 (KHTML, like Gecko; compatible; bingbot/2.0; +http://www.bing.com/bingbot.htm) Chrome/116.0.1938.76 Safari/537.36"
40.77.167.255 - - [15/Jun/2026:17:09:35 +0200] "GET /shopbrand/012338829623 HTTP/2" 200 26406 "-" "Mozilla/5.0 AppleWebKit/537.36 (KHTML, like Gecko; compatible; bingbot/2.0; +http://www.bing.com/bingbot.htm) Chrome/116.0.1938.76 Safari/537.36"
40.77.167.255 - - [15/Jun/2026:17:09:38 +0200] "GET /shopping/011999781974 HTTP/2" 200 26425 "-" "Mozilla/5.0 AppleWebKit/537.36 (KHTML, like Gecko; compatible; bingbot/2.0; +http://www.bing.com/bingbot.htm) Chrome/116.0.1938.76 Safari/537.36"
40.77.167.255 - - [15/Jun/2026:17:09:38 +0200] "GET /shopbrand/012498402838 HTTP/2" 200 26605 "-" "Mozilla/5.0 AppleWebKit/537.36 (KHTML, like Gecko; compatible; bingbot/2.0; +http://www.bing.com/bingbot.htm) Chrome/116.0.1938.76 Safari/537.36"
40.77.167.255 - - [15/Jun/2026:17:09:49 +0200] "GET /shopping/013419499449 HTTP/2" 200 27306 "-" "Mozilla/5.0 AppleWebKit/537.36 (KHTML, like Gecko; compatible; bingbot/2.0; +http://www.bing.com/bingbot.htm) Chrome/116.0.1938.76 Safari/537.36"
40.77.167.255 - - [15/Jun/2026:17:09:52 +0200] "GET /items/012147760748 HTTP/2" 200 30213 "-" "Mozilla/5.0 AppleWebKit/537.36 (KHTML, like Gecko; compatible; bingbot/2.0; +http://www.bing.com/bingbot.htm) Chrome/116.0.1938.76 Safari/537.36"
40.77.167.255 - - [15/Jun/2026:17:09:55 +0200] "GET /products/011779724722 HTTP/2" 200 26755 "-" "Mozilla/5.0 AppleWebKit/537.36 (KHTML, like Gecko; compatible; bingbot/2.0; +http://www.bing.com/bingbot.htm) Chrome/116.0.1938.76 Safari/537.36"
40.77.167.255 - - [15/Jun/2026:17:10:00 +0200] "GET /special/014048676035 HTTP/2" 200 27744 "-" "Mozilla/5.0 AppleWebKit/537.36 (KHTML, like Gecko; compatible; bingbot/2.0; +http://www.bing.com/bingbot.htm) Chrome/116.0.1938.76 Safari/537.36"
74.7.242.55 - - [15/Jun/2026:17:10:01 +0200] "GET /entity/012133658915 HTTP/2" 404 17409 "https://schweiz-macher.ch/sitemap-item-1324.xml" "Mozilla/5.0 AppleWebKit/537.36 (KHTML, like Gecko; compatible; GPTBot/1.4; +https://openai.com/gptbot)"
204.93.187.39 - - [15/Jun/2026:17:10:19 +0200] "GET /wp-content/plugins/updraftplus/css/updraftplus-admin.css HTTP/1.1" 200 20 "-" "Mozilla/5.0 (X11; Linux x86_64) AppleWebKit/537.36 (KHTML, like Gecko) Chrome/131.0.0.0 Safari/537.36"
206.206.69.233 - - [15/Jun/2026:17:10:23 +0200] "GET /wp-content/plugins/updraftplus/central/js/central.js HTTP/1.1" 200 20 "-" "Mozilla/5.0 (X11; Linux x86_64) AppleWebKit/537.36 (KHTML, like Gecko) Chrome/131.0.0.0 Safari/537.36"
40.77.167.32 - - [15/Jun/2026:17:10:56 +0200] "GET /info/011922727061 HTTP/2" 200 26556 "-" "Mozilla/5.0 AppleWebKit/537.36 (KHTML, like Gecko; compatible; bingbot/2.0; +http://www.bing.com/bingbot.htm) Chrome/116.0.1938.76 Safari/537.36"
40.77.167.32 - - [15/Jun/2026:17:11:00 +0200] "GET /shopbrand/011735080283 HTTP/2" 200 28069 "-" "Mozilla/5.0 AppleWebKit/537.36 (KHTML, like Gecko; compatible; bingbot/2.0; +http://www.bing.com/bingbot.htm) Chrome/116.0.1938.76 Safari/537.36"
74.7.242.55 - - [15/Jun/2026:17:11:04 +0200] "GET /market/012449874165 HTTP/2" 404 17411 "https://schweiz-macher.ch/sitemap-item-2517.xml" "Mozilla/5.0 AppleWebKit/537.36 (KHTML, like Gecko; compatible; GPTBot/1.4; +https://openai.com/gptbot)"
52.167.144.216 - - [15/Jun/2026:17:11:08 +0200] "GET /info/013090627696 HTTP/2" 200 27993 "-" "Mozilla/5.0 AppleWebKit/537.36 (KHTML, like Gecko; compatible; bingbot/2.0; +http://www.bing.com/bingbot.htm) Chrome/116.0.1938.76 Safari/537.36"
52.167.144.216 - - [15/Jun/2026:17:11:14 +0200] "GET /shopbrand/013301567317 HTTP/2" 200 28290 "-" "Mozilla/5.0 AppleWebKit/537.36 (KHTML, like Gecko; compatible; bingbot/2.0; +http://www.bing.com/bingbot.htm) Chrome/116.0.1938.76 Safari/537.36"
40.77.167.255 - - [15/Jun/2026:17:09:08 +0200] "GET /info/012612040880 HTTP/2" 200 27080 "-" "Mozilla/5.0 AppleWebKit/537.36 (KHTML, like Gecko; compatible; bingbot/2.0; +http://www.bing.com/bingbot.htm) Chrome/116.0.1938.76 Safari/537.36"
40.77.167.255 - - [15/Jun/2026:17:09:11 +0200] "GET /info/011792917845 HTTP/2" 200 26000 "-" "Mozilla/5.0 AppleWebKit/537.36 (KHTML, like Gecko; compatible; bingbot/2.0; +http://www.bing.com/bingbot.htm) Chrome/116.0.1938.76 Safari/537.36"
216.73.217.78 - - [15/Jun/2026:17:09:13 +0200] "GET /goodscode/01258790745 HTTP/2" 404 17407 "-" "Mozilla/5.0 AppleWebKit/537.36 (KHTML, like Gecko; compatible; ClaudeBot/1.0; +claudebot@anthropic.com)"
40.77.167.255 - - [15/Jun/2026:17:09:14 +0200] "GET /info/893290129566 HTTP/2" 200 28644 "-" "Mozilla/5.0 AppleWebKit/537.36 (KHTML, like Gecko; compatible; bingbot/2.0; +http://www.bing.com/bingbot.htm) Chrome/116.0.1938.76 Safari/537.36"
40.77.167.255 - - [15/Jun/2026:17:09:17 +0200] "GET /info/012840711364 HTTP/2" 200 26528 "-" "Mozilla/5.0 AppleWebKit/537.36 (KHTML, like Gecko; compatible; bingbot/2.0; +http://www.bing.com/bingbot.htm) Chrome/116.0.1938.76 Safari/537.36"
40.77.167.255 - - [15/Jun/2026:17:09:20 +0200] "GET /special/014155545406 HTTP/2" 200 26059 "-" "Mozilla/5.0 AppleWebKit/537.36 (KHTML, like Gecko; compatible; bingbot/2.0; +http://www.bing.com/bingbot.htm) Chrome/116.0.1938.76 Safari/537.36"
216.73.217.78 - - [15/Jun/2026:17:10:13 +0200] "GET /goodscode/013368539274 HTTP/2" 404 17387 "-" "Mozilla/5.0 AppleWebKit/537.36 (KHTML, like Gecko; compatible; ClaudeBot/1.0; +claudebot@anthropic.com)"
40.77.167.32 - - [15/Jun/2026:17:10:24 +0200] "GET /products/01351980521 HTTP/2" 200 27061 "-" "Mozilla/5.0 AppleWebKit/537.36 (KHTML, like Gecko; compatible; bingbot/2.0; +http://www.bing.com/bingbot.htm) Chrome/116.0.1938.76 Safari/537.36"
40.77.167.32 - - [15/Jun/2026:17:10:38 +0200] "GET /info/01475423822 HTTP/2" 200 27144 "-" "Mozilla/5.0 AppleWebKit/537.36 (KHTML, like Gecko; compatible; bingbot/2.0; +http://www.bing.com/bingbot.htm) Chrome/116.0.1938.76 Safari/537.36"
40.77.167.32 - - [15/Jun/2026:17:10:39 +0200] "GET /info/013581195341 HTTP/2" 200 26361 "-" "Mozilla/5.0 AppleWebKit/537.36 (KHTML, like Gecko; compatible; bingbot/2.0; +http://www.bing.com/bingbot.htm) Chrome/116.0.1938.76 Safari/537.36"
40.77.167.32 - - [15/Jun/2026:17:10:43 +0200] "GET /product/012548806934 HTTP/2" 200 26328 "-" "Mozilla/5.0 AppleWebKit/537.36 (KHTML, like Gecko; compatible; bingbot/2.0; +http://www.bing.com/bingbot.htm) Chrome/116.0.1938.76 Safari/537.36"
52.167.144.162 - - [15/Jun/2026:17:11:27 +0200] "GET /info/014029729806 HTTP/2" 200 27863 "-" "Mozilla/5.0 AppleWebKit/537.36 (KHTML, like Gecko; compatible; bingbot/2.0; +http://www.bing.com/bingbot.htm) Chrome/116.0.1938.76 Safari/537.36"
216.73.217.78 - - [15/Jun/2026:17:11:48 +0200] "GET /info/012228605352 HTTP/2" 301 20 "-" "Mozilla/5.0 AppleWebKit/537.36 (KHTML, like Gecko; compatible; ClaudeBot/1.0; +claudebot@anthropic.com)"
216.73.217.78 - - [15/Jun/2026:17:11:52 +0200] "GET /datenschutz/12228605352/ HTTP/2" 301 20 "https://schweiz-macher.ch/info/012228605352" "Mozilla/5.0 AppleWebKit/537.36 (KHTML, like Gecko; compatible; ClaudeBot/1.0; +claudebot@anthropic.com)"
216.73.217.78 - - [15/Jun/2026:17:11:56 +0200] "GET /datenschutz/ HTTP/2" 200 0 "https://schweiz-macher.ch/datenschutz/12228605352/" "Mozilla/5.0 AppleWebKit/537.36 (KHTML, like Gecko; compatible; ClaudeBot/1.0; +claudebot@anthropic.com)"
2a00:c1e0:0:1::1:105e - - [15/Jun/2026:17:11:57 +0200] "GET / HTTP/1.1" 200 12450 "-" "Python/3.11 aiohttp/3.9.2"
52.167.144.162 - - [15/Jun/2026:17:11:32 +0200] "GET /info/012236809567 HTTP/2" 200 26171 "-" "Mozilla/5.0 AppleWebKit/537.36 (KHTML, like Gecko; compatible; bingbot/2.0; +http://www.bing.com/bingbot.htm) Chrome/116.0.1938.76 Safari/537.36"
2a00:c1e0:0:1::1:105e - - [15/Jun/2026:17:12:21 +0200] "GET / HTTP/1.1" 200 12450 "-" "Python/3.11 aiohttp/3.9.2"
40.77.167.32 - - [15/Jun/2026:17:11:04 +0200] "GET /products/011567815808 HTTP/2" 200 26306 "-" "Mozilla/5.0 AppleWebKit/537.36 (KHTML, like Gecko; compatible; bingbot/2.0; +http://www.bing.com/bingbot.htm) Chrome/116.0.1938.76 Safari/537.36"
52.167.144.216 - - [15/Jun/2026:17:11:13 +0200] "GET /special/014158665021 HTTP/2" 200 26443 "-" "Mozilla/5.0 AppleWebKit/537.36 (KHTML, like Gecko; compatible; bingbot/2.0; +http://www.bing.com/bingbot.htm) Chrome/116.0.1938.76 Safari/537.36"
52.167.144.216 - - [15/Jun/2026:17:11:19 +0200] "GET /special/011504856415 HTTP/2" 200 28529 "-" "Mozilla/5.0 AppleWebKit/537.36 (KHTML, like Gecko; compatible; bingbot/2.0; +http://www.bing.com/bingbot.htm) Chrome/116.0.1938.76 Safari/537.36"
2a03:2880:f814:2b:: - - [15/Jun/2026:17:11:23 +0200] "GET /members/ HTTP/2" 200 93626 "-" "meta-externalagent/1.1 (+https://developers.facebook.com/docs/sharing/webmasters/crawler)"
52.167.144.216 - - [15/Jun/2026:17:11:21 +0200] "GET /info/013113639074 HTTP/2" 200 28223 "-" "Mozilla/5.0 AppleWebKit/537.36 (KHTML, like Gecko; compatible; bingbot/2.0; +http://www.bing.com/bingbot.htm) Chrome/116.0.1938.76 Safari/537.36"
74.7.242.55 - - [15/Jun/2026:17:12:05 +0200] "GET /market/012982518300 HTTP/2" 404 17400 "https://schweiz-macher.ch/sitemap-item-2991.xml" "Mozilla/5.0 AppleWebKit/537.36 (KHTML, like Gecko; compatible; GPTBot/1.4; +https://openai.com/gptbot)"
185.32.124.82 - - [15/Jun/2026:17:12:25 +0200] "GET / HTTP/1.1" 200 12450 "-" "Python/3.11 aiohttp/3.9.2"
2a00:c1e0:0:1::1:105e - - [15/Jun/2026:17:12:28 +0200] "GET / HTTP/1.1" 200 12450 "-" "Python/3.11 aiohttp/3.9.2"
40.77.167.32 - - [15/Jun/2026:17:12:25 +0200] "GET /shopping/014260474470 HTTP/2" 200 26767 "-" "Mozilla/5.0 AppleWebKit/537.36 (KHTML, like Gecko; compatible; bingbot/2.0; +http://www.bing.com/bingbot.htm) Chrome/116.0.1938.76 Safari/537.36"
40.77.167.32 - - [15/Jun/2026:17:12:40 +0200] "GET /info/012815620259 HTTP/2" 200 26322 "-" "Mozilla/5.0 AppleWebKit/537.36 (KHTML, like Gecko; compatible; bingbot/2.0; +http://www.bing.com/bingbot.htm) Chrome/116.0.1938.76 Safari/537.36"
2a00:c1e0:0:1::1:105e - - [15/Jun/2026:17:12:41 +0200] "GET / HTTP/1.1" 200 12450 "-" "Python/3.11 aiohttp/3.9.2"
40.77.167.32 - - [15/Jun/2026:17:12:43 +0200] "GET /special/013270792292 HTTP/2" 200 26685 "-" "Mozilla/5.0 AppleWebKit/537.36 (KHTML, like Gecko; compatible; bingbot/2.0; +http://www.bing.com/bingbot.htm) Chrome/116.0.1938.76 Safari/537.36"
40.77.167.32 - - [15/Jun/2026:17:12:51 +0200] "GET /info/013864317720 HTTP/2" 200 25561 "-" "Mozilla/5.0 AppleWebKit/537.36 (KHTML, like Gecko; compatible; bingbot/2.0; +http://www.bing.com/bingbot.htm) Chrome/116.0.1938.76 Safari/537.36"
40.77.167.32 - - [15/Jun/2026:17:12:53 +0200] "GET /special/013841608143 HTTP/2" 200 26344 "-" "Mozilla/5.0 AppleWebKit/537.36 (KHTML, like Gecko; compatible; bingbot/2.0; +http://www.bing.com/bingbot.htm) Chrome/116.0.1938.76 Safari/537.36"
40.77.167.32 - - [15/Jun/2026:17:12:46 +0200] "GET /special/01483811206 HTTP/2" 200 26808 "-" "Mozilla/5.0 AppleWebKit/537.36 (KHTML, like Gecko; compatible; bingbot/2.0; +http://www.bing.com/bingbot.htm) Chrome/116.0.1938.76 Safari/537.36"
74.7.242.55 - - [15/Jun/2026:17:13:07 +0200] "GET /market/013979056920 HTTP/2" 404 17407 "https://schweiz-macher.ch/sitemap-item-2829.xml" "Mozilla/5.0 AppleWebKit/537.36 (KHTML, like Gecko; compatible; GPTBot/1.4; +https://openai.com/gptbot)"
185.32.124.82 - - [15/Jun/2026:17:13:08 +0200] "GET / HTTP/1.1" 200 12450 "-" "Python/3.11 aiohttp/3.9.2"
40.77.167.32 - - [15/Jun/2026:17:12:56 +0200] "GET /shopbrand/014237211681 HTTP/2" 200 26954 "-" "Mozilla/5.0 AppleWebKit/537.36 (KHTML, like Gecko; compatible; bingbot/2.0; +http://www.bing.com/bingbot.htm) Chrome/116.0.1938.76 Safari/537.36"
40.77.167.32 - - [15/Jun/2026:17:13:20 +0200] "GET /products/012209671741 HTTP/2" 200 26288 "-" "Mozilla/5.0 AppleWebKit/537.36 (KHTML, like Gecko; compatible; bingbot/2.0; +http://www.bing.com/bingbot.htm) Chrome/116.0.1938.76 Safari/537.36"
40.77.167.255 - - [15/Jun/2026:17:08:46 +0200] "GET /info/012610665242 HTTP/2" 200 27391 "-" "Mozilla/5.0 AppleWebKit/537.36 (KHTML, like Gecko; compatible; bingbot/2.0; +http://www.bing.com/bingbot.htm) Chrome/116.0.1938.76 Safari/537.36"
40.77.167.255 - - [15/Jun/2026:17:08:49 +0200] "GET /info/01536151705 HTTP/2" 200 26034 "-" "Mozilla/5.0 AppleWebKit/537.36 (KHTML, like Gecko; compatible; bingbot/2.0; +http://www.bing.com/bingbot.htm) Chrome/116.0.1938.76 Safari/537.36"
2a00:c1e0:0:1::1:105e - - [15/Jun/2026:17:09:15 +0200] "POST /wp-cron.php?doing_wp_cron=1781536155.3042829036712646484375 HTTP/1.1" 200 20 "-" "WordPress/7.0; https://schweiz-macher.ch"
40.77.167.255 - - [15/Jun/2026:17:10:03 +0200] "GET /special/013092790176 HTTP/2" 200 26489 "-" "Mozilla/5.0 AppleWebKit/537.36 (KHTML, like Gecko; compatible; bingbot/2.0; +http://www.bing.com/bingbot.htm) Chrome/116.0.1938.76 Safari/537.36"
40.77.167.255 - - [15/Jun/2026:17:10:05 +0200] "GET /shopbrand/01780310406 HTTP/2" 200 26365 "-" "Mozilla/5.0 AppleWebKit/537.36 (KHTML, like Gecko; compatible; bingbot/2.0; +http://www.bing.com/bingbot.htm) Chrome/116.0.1938.76 Safari/537.36"
40.77.167.255 - - [15/Jun/2026:17:10:08 +0200] "GET /info/012260596683 HTTP/2" 200 25691 "-" "Mozilla/5.0 AppleWebKit/537.36 (KHTML, like Gecko; compatible; bingbot/2.0; +http://www.bing.com/bingbot.htm) Chrome/116.0.1938.76 Safari/537.36"
2a00:c1e0:0:1::1:105e - - [15/Jun/2026:17:10:15 +0200] "POST /wp-cron.php?doing_wp_cron=1781536215.3588409423828125000000 HTTP/1.1" 200 20 "-" "WordPress/7.0; https://schweiz-macher.ch"
206.232.13.74 - - [15/Jun/2026:17:10:15 +0200] "GET /wp-content/plugins/updraftplus/readme.txt HTTP/1.1" 200 20 "-" "Mozilla/5.0 (X11; Linux x86_64) AppleWebKit/537.36 (KHTML, like Gecko) Chrome/131.0.0.0 Safari/537.36"
40.77.167.255 - - [15/Jun/2026:17:10:08 +0200] "GET /special/013241896609 HTTP/2" 200 26179 "-" "Mozilla/5.0 AppleWebKit/537.36 (KHTML, like Gecko; compatible; bingbot/2.0; +http://www.bing.com/bingbot.htm) Chrome/116.0.1938.76 Safari/537.36"
136.144.35.46 - - [15/Jun/2026:17:10:19 +0200] "POST /wp-login.php HTTP/1.1" 200 11344 "-" "Mozilla/5.0"
40.77.167.255 - - [15/Jun/2026:17:10:16 +0200] "GET /special/01154635584 HTTP/2" 200 27087 "-" "Mozilla/5.0 AppleWebKit/537.36 (KHTML, like Gecko; compatible; bingbot/2.0; +http://www.bing.com/bingbot.htm) Chrome/116.0.1938.76 Safari/537.36"
216.73.217.78 - - [15/Jun/2026:17:10:44 +0200] "GET /entity/013878263849 HTTP/2" 404 17400 "-" "Mozilla/5.0 AppleWebKit/537.36 (KHTML, like Gecko; compatible; ClaudeBot/1.0; +claudebot@anthropic.com)"
216.73.217.78 - - [15/Jun/2026:17:11:17 +0200] "GET /entity/011159878537 HTTP/2" 404 17399 "-" "Mozilla/5.0 AppleWebKit/537.36 (KHTML, like Gecko; compatible; ClaudeBot/1.0; +claudebot@anthropic.com)"
185.32.124.82 - - [15/Jun/2026:17:11:59 +0200] "GET / HTTP/1.1" 200 12450 "-" "Python/3.11 aiohttp/3.9.2"
2a03:2880:f814:f:: - - [15/Jun/2026:17:12:11 +0200] "GET /fr/bestrebungen/education-recherche/ HTTP/2" 200 161214 "-" "meta-externalagent/1.1 (+https://developers.facebook.com/docs/sharing/webmasters/crawler)"
40.77.167.32 - - [15/Jun/2026:17:11:51 +0200] "GET /info/011312373829 HTTP/2" 200 27085 "-" "Mozilla/5.0 AppleWebKit/537.36 (KHTML, like Gecko; compatible; bingbot/2.0; +http://www.bing.com/bingbot.htm) Chrome/116.0.1938.76 Safari/537.36"
2a00:c1e0:0:1::1:105e - - [15/Jun/2026:17:12:19 +0200] "GET / HTTP/1.1" 301 20 "-" "Python/3.11 aiohttp/3.9.2"
40.77.167.32 - - [15/Jun/2026:17:12:20 +0200] "GET /products/012732070384 HTTP/2" 200 26545 "-" "Mozilla/5.0 AppleWebKit/537.36 (KHTML, like Gecko; compatible; bingbot/2.0; +http://www.bing.com/bingbot.htm) Chrome/116.0.1938.76 Safari/537.36"
185.32.124.82 - - [15/Jun/2026:17:12:47 +0200] "GET / HTTP/1.1" 200 12450 "-" "Python/3.11 aiohttp/3.9.2"
2a00:c1e0:0:1::1:105e - - [15/Jun/2026:17:14:17 +0200] "POST /wp-cron.php?doing_wp_cron=1781536457.6663150787353515625000 HTTP/1.1" 200 20 "-" "WordPress/7.0; https://schweiz-macher.ch"
216.73.217.78 - - [15/Jun/2026:17:12:22 +0200] "GET /info/01644975731 HTTP/2" 301 20 "-" "Mozilla/5.0 AppleWebKit/537.36 (KHTML, like Gecko; compatible; ClaudeBot/1.0; +claudebot@anthropic.com)"
216.73.217.78 - - [15/Jun/2026:17:12:26 +0200] "GET /datenschutz/1644975731/ HTTP/2" 301 20 "https://schweiz-macher.ch/info/01644975731" "Mozilla/5.0 AppleWebKit/537.36 (KHTML, like Gecko; compatible; ClaudeBot/1.0; +claudebot@anthropic.com)"
216.73.217.78 - - [15/Jun/2026:17:12:29 +0200] "GET /datenschutz/ HTTP/2" 200 25147 "https://schweiz-macher.ch/datenschutz/1644975731/" "Mozilla/5.0 AppleWebKit/537.36 (KHTML, like Gecko; compatible; ClaudeBot/1.0; +claudebot@anthropic.com)"
216.73.217.78 - - [15/Jun/2026:17:12:39 +0200] "GET /info/012551906230 HTTP/2" 301 20 "-" "Mozilla/5.0 AppleWebKit/537.36 (KHTML, like Gecko; compatible; ClaudeBot/1.0; +claudebot@anthropic.com)"
216.73.217.78 - - [15/Jun/2026:17:12:41 +0200] "GET /datenschutz/12551906230/ HTTP/2" 301 20 "https://schweiz-macher.ch/info/012551906230" "Mozilla/5.0 AppleWebKit/537.36 (KHTML, like Gecko; compatible; ClaudeBot/1.0; +claudebot@anthropic.com)"
185.32.124.82 - - [15/Jun/2026:17:12:43 +0200] "GET / HTTP/1.1" 200 12450 "-" "Python/3.11 aiohttp/3.9.2"
216.73.217.78 - - [15/Jun/2026:17:12:44 +0200] "GET /datenschutz/ HTTP/2" 200 25148 "https://schweiz-macher.ch/datenschutz/12551906230/" "Mozilla/5.0 AppleWebKit/537.36 (KHTML, like Gecko; compatible; ClaudeBot/1.0; +claudebot@anthropic.com)"
2a00:c1e0:0:1::1:105e - - [15/Jun/2026:17:12:46 +0200] "GET / HTTP/1.1" 200 12450 "-" "Python/3.11 aiohttp/3.9.2"
2a00:c1e0:0:1::1:105e - - [15/Jun/2026:17:13:05 +0200] "GET / HTTP/1.1" 200 12450 "-" "Python/3.11 aiohttp/3.9.2"
216.73.217.78 - - [15/Jun/2026:17:13:10 +0200] "GET /entity/011718032529 HTTP/2" 404 17406 "-" "Mozilla/5.0 AppleWebKit/537.36 (KHTML, like Gecko; compatible; ClaudeBot/1.0; +claudebot@anthropic.com)"
216.73.217.78 - - [15/Jun/2026:17:13:38 +0200] "GET /robots.txt HTTP/2" 200 82 "-" "Mozilla/5.0 AppleWebKit/537.36 (KHTML, like Gecko; compatible; ClaudeBot/1.0; +claudebot@anthropic.com)"
216.73.217.78 - - [15/Jun/2026:17:13:42 +0200] "GET /item/01649255283 HTTP/2" 404 17397 "-" "Mozilla/5.0 AppleWebKit/537.36 (KHTML, like Gecko; compatible; ClaudeBot/1.0; +claudebot@anthropic.com)"
40.77.167.32 - - [15/Jun/2026:17:14:10 +0200] "GET /special/013288330373 HTTP/2" 200 26699 "-" "Mozilla/5.0 AppleWebKit/537.36 (KHTML, like Gecko; compatible; bingbot/2.0; +http://www.bing.com/bingbot.htm) Chrome/116.0.1938.76 Safari/537.36"
216.73.217.78 - - [15/Jun/2026:17:14:14 +0200] "GET /entity/012536500492 HTTP/2" 404 17397 "-" "Mozilla/5.0 AppleWebKit/537.36 (KHTML, like Gecko; compatible; ClaudeBot/1.0; +claudebot@anthropic.com)"
40.77.167.32 - - [15/Jun/2026:17:14:15 +0200] "GET /product/012183582737 HTTP/2" 200 26403 "-" "Mozilla/5.0 AppleWebKit/537.36 (KHTML, like Gecko; compatible; bingbot/2.0; +http://www.bing.com/bingbot.htm) Chrome/116.0.1938.76 Safari/537.36"
40.77.167.32 - - [15/Jun/2026:17:14:20 +0200] "GET /info/014089284567 HTTP/2" 200 26147 "-" "Mozilla/5.0 AppleWebKit/537.36 (KHTML, like Gecko; compatible; bingbot/2.0; +http://www.bing.com/bingbot.htm) Chrome/116.0.1938.76 Safari/537.36"
40.77.167.32 - - [15/Jun/2026:17:14:35 +0200] "GET /products/013120564504 HTTP/2" 200 26266 "-" "Mozilla/5.0 AppleWebKit/537.36 (KHTML, like Gecko; compatible; bingbot/2.0; +http://www.bing.com/bingbot.htm) Chrome/116.0.1938.76 Safari/537.36"
40.77.167.32 - - [15/Jun/2026:17:14:40 +0200] "GET /info/013621664695 HTTP/2" 200 26123 "-" "Mozilla/5.0 AppleWebKit/537.36 (KHTML, like Gecko; compatible; bingbot/2.0; +http://www.bing.com/bingbot.htm) Chrome/116.0.1938.76 Safari/537.36"
40.77.167.32 - - [15/Jun/2026:17:13:13 +0200] "GET /info/014083122418 HTTP/2" 200 25874 "-" "Mozilla/5.0 AppleWebKit/537.36 (KHTML, like Gecko; compatible; bingbot/2.0; +http://www.bing.com/bingbot.htm) Chrome/116.0.1938.76 Safari/537.36"
40.77.167.32 - - [15/Jun/2026:17:13:28 +0200] "GET /shopbrand/014247764879 HTTP/2" 200 26114 "-" "Mozilla/5.0 AppleWebKit/537.36 (KHTML, like Gecko; compatible; bingbot/2.0; +http://www.bing.com/bingbot.htm) Chrome/116.0.1938.76 Safari/537.36"
40.77.167.32 - - [15/Jun/2026:17:13:31 +0200] "GET /shopping/014179304010 HTTP/2" 200 26333 "-" "Mozilla/5.0 AppleWebKit/537.36 (KHTML, like Gecko; compatible; bingbot/2.0; +http://www.bing.com/bingbot.htm) Chrome/116.0.1938.76 Safari/537.36"
40.77.167.32 - - [15/Jun/2026:17:13:38 +0200] "GET /special/011351960345 HTTP/2" 200 26727 "-" "Mozilla/5.0 AppleWebKit/537.36 (KHTML, like Gecko; compatible; bingbot/2.0; +http://www.bing.com/bingbot.htm) Chrome/116.0.1938.76 Safari/537.36"
40.77.167.32 - - [15/Jun/2026:17:13:40 +0200] "GET /product/013232177914 HTTP/2" 200 26081 "-" "Mozilla/5.0 AppleWebKit/537.36 (KHTML, like Gecko; compatible; bingbot/2.0; +http://www.bing.com/bingbot.htm) Chrome/116.0.1938.76 Safari/537.36"
40.77.167.32 - - [15/Jun/2026:17:13:50 +0200] "GET /products/013254726722 HTTP/2" 200 26756 "-" "Mozilla/5.0 AppleWebKit/537.36 (KHTML, like Gecko; compatible; bingbot/2.0; +http://www.bing.com/bingbot.htm) Chrome/116.0.1938.76 Safari/537.36"
