52.167.144.21 - - [15/Jun/2026:16:37:45 +0200] "GET /info/011566155313 HTTP/2" 200 27266 "-" "Mozilla/5.0 AppleWebKit/537.36 (KHTML, like Gecko; compatible; bingbot/2.0; +http://www.bing.com/bingbot.htm) Chrome/116.0.1938.76 Safari/537.36"
52.167.144.21 - - [15/Jun/2026:16:38:24 +0200] "GET /special/011956133366 HTTP/2" 200 28146 "-" "Mozilla/5.0 AppleWebKit/537.36 (KHTML, like Gecko; compatible; bingbot/2.0; +http://www.bing.com/bingbot.htm) Chrome/116.0.1938.76 Safari/537.36"
74.7.242.55 - - [15/Jun/2026:16:38:26 +0200] "GET /market/014130065049 HTTP/2" 404 17403 "https://schweiz-macher.ch/sitemap-item-2759.xml" "Mozilla/5.0 AppleWebKit/537.36 (KHTML, like Gecko; compatible; GPTBot/1.4; +https://openai.com/gptbot)"
152.232.16.54 - - [15/Jun/2026:16:38:30 +0200] "GET /robots.txt HTTP/1.1" 200 82 "-" "Exabot"
52.167.144.21 - - [15/Jun/2026:16:37:54 +0200] "GET /special/012532926048 HTTP/2" 200 26512 "-" "Mozilla/5.0 AppleWebKit/537.36 (KHTML, like Gecko; compatible; bingbot/2.0; +http://www.bing.com/bingbot.htm) Chrome/116.0.1938.76 Safari/537.36"
52.167.144.21 - - [15/Jun/2026:16:38:30 +0200] "GET /special/011320630990 HTTP/2" 200 26475 "-" "Mozilla/5.0 AppleWebKit/537.36 (KHTML, like Gecko; compatible; bingbot/2.0; +http://www.bing.com/bingbot.htm) Chrome/116.0.1938.76 Safari/537.36"
52.167.144.21 - - [15/Jun/2026:16:38:37 +0200] "GET /shopping/011251594424 HTTP/2" 200 26309 "-" "Mozilla/5.0 AppleWebKit/537.36 (KHTML, like Gecko; compatible; bingbot/2.0; +http://www.bing.com/bingbot.htm) Chrome/116.0.1938.76 Safari/537.36"
216.73.217.78 - - [15/Jun/2026:16:38:46 +0200] "GET /info/012243497481 HTTP/2" 301 20 "-" "Mozilla/5.0 AppleWebKit/537.36 (KHTML, like Gecko; compatible; ClaudeBot/1.0; +claudebot@anthropic.com)"
52.167.144.21 - - [15/Jun/2026:16:38:47 +0200] "GET /info/012654215802 HTTP/2" 200 27489 "-" "Mozilla/5.0 AppleWebKit/537.36 (KHTML, like Gecko; compatible; bingbot/2.0; +http://www.bing.com/bingbot.htm) Chrome/116.0.1938.76 Safari/537.36"
216.73.217.78 - - [15/Jun/2026:16:38:52 +0200] "GET /datenschutz/12243497481/ HTTP/2" 200 0 "https://schweiz-macher.ch/info/012243497481" "Mozilla/5.0 AppleWebKit/537.36 (KHTML, like Gecko; compatible; ClaudeBot/1.0; +claudebot@anthropic.com)"
20.15.133.184 - - [15/Jun/2026:16:35:23 +0200] "GET /info/014068448448 HTTP/2" 200 25839 "-" "Mozilla/5.0 AppleWebKit/537.36 (KHTML, like Gecko; compatible; bingbot/2.0; +http://www.bing.com/bingbot.htm) Chrome/116.0.1938.76 Safari/537.36"
20.15.133.184 - - [15/Jun/2026:16:35:28 +0200] "GET /info/012105269303 HTTP/2" 200 26260 "-" "Mozilla/5.0 AppleWebKit/537.36 (KHTML, like Gecko; compatible; bingbot/2.0; +http://www.bing.com/bingbot.htm) Chrome/116.0.1938.76 Safari/537.36"
20.15.133.184 - - [15/Jun/2026:16:35:34 +0200] "GET /special/013971860226 HTTP/2" 200 25829 "-" "Mozilla/5.0 AppleWebKit/537.36 (KHTML, like Gecko; compatible; bingbot/2.0; +http://www.bing.com/bingbot.htm) Chrome/116.0.1938.76 Safari/537.36"
216.73.217.78 - - [15/Jun/2026:16:35:44 +0200] "GET /items/013959587938 HTTP/2" 404 17400 "-" "Mozilla/5.0 AppleWebKit/537.36 (KHTML, like Gecko; compatible; ClaudeBot/1.0; +claudebot@anthropic.com)"
40.77.167.16 - - [15/Jun/2026:16:36:18 +0200] "GET /info/01985612206 HTTP/2" 200 28293 "-" "Mozilla/5.0 AppleWebKit/537.36 (KHTML, like Gecko; compatible; bingbot/2.0; +http://www.bing.com/bingbot.htm) Chrome/116.0.1938.76 Safari/537.36"
40.77.167.16 - - [15/Jun/2026:16:36:33 +0200] "GET /special/013317698878 HTTP/2" 200 25967 "-" "Mozilla/5.0 AppleWebKit/537.36 (KHTML, like Gecko; compatible; bingbot/2.0; +http://www.bing.com/bingbot.htm) Chrome/116.0.1938.76 Safari/537.36"
40.77.167.16 - - [15/Jun/2026:16:36:41 +0200] "GET /special/011509460585 HTTP/2" 200 27270 "-" "Mozilla/5.0 AppleWebKit/537.36 (KHTML, like Gecko; compatible; bingbot/2.0; +http://www.bing.com/bingbot.htm) Chrome/116.0.1938.76 Safari/537.36"
40.77.167.16 - - [15/Jun/2026:16:36:47 +0200] "GET /special/014248317463 HTTP/2" 200 28868 "-" "Mozilla/5.0 AppleWebKit/537.36 (KHTML, like Gecko; compatible; bingbot/2.0; +http://www.bing.com/bingbot.htm) Chrome/116.0.1938.76 Safari/537.36"
216.73.217.78 - - [15/Jun/2026:16:36:53 +0200] "GET /entity/011983985716 HTTP/2" 404 17394 "-" "Mozilla/5.0 AppleWebKit/537.36 (KHTML, like Gecko; compatible; ClaudeBot/1.0; +claudebot@anthropic.com)"
216.73.217.78 - - [15/Jun/2026:16:37:10 +0200] "GET /goodscode/013398428509 HTTP/2" 404 17403 "-" "Mozilla/5.0 AppleWebKit/537.36 (KHTML, like Gecko; compatible; ClaudeBot/1.0; +claudebot@anthropic.com)"
216.73.217.78 - - [15/Jun/2026:16:37:34 +0200] "GET /info/012568640863 HTTP/2" 301 20 "-" "Mozilla/5.0 AppleWebKit/537.36 (KHTML, like Gecko; compatible; ClaudeBot/1.0; +claudebot@anthropic.com)"
216.73.217.78 - - [15/Jun/2026:16:37:38 +0200] "GET /datenschutz/12568640863/ HTTP/2" 301 20 "https://schweiz-macher.ch/info/012568640863" "Mozilla/5.0 AppleWebKit/537.36 (KHTML, like Gecko; compatible; ClaudeBot/1.0; +claudebot@anthropic.com)"
216.73.217.78 - - [15/Jun/2026:16:37:42 +0200] "GET /datenschutz/ HTTP/2" 200 0 "https://schweiz-macher.ch/datenschutz/12568640863/" "Mozilla/5.0 AppleWebKit/537.36 (KHTML, like Gecko; compatible; ClaudeBot/1.0; +claudebot@anthropic.com)"
216.73.217.78 - - [15/Jun/2026:16:37:43 +0200] "GET /entity/011892120393 HTTP/2" 404 17411 "-" "Mozilla/5.0 AppleWebKit/537.36 (KHTML, like Gecko; compatible; ClaudeBot/1.0; +claudebot@anthropic.com)"
162.254.36.150 - cschoenenberger [15/Jun/2026:16:37:46 +0200] "GET /wp-json/wp/v2/users/me HTTP/2" 401 107 "-" "Mozilla/5.0 (Macintosh; Intel Mac OS X 10_15_7) AppleWebKit/537.36 (KHTML, like Gecko) Chrome/133.0.0.0 Safari/537.36"
216.73.217.78 - - [15/Jun/2026:16:38:07 +0200] "GET /info/013079997408 HTTP/2" 301 20 "-" "Mozilla/5.0 AppleWebKit/537.36 (KHTML, like Gecko; compatible; ClaudeBot/1.0; +claudebot@anthropic.com)"
216.73.217.78 - - [15/Jun/2026:16:38:11 +0200] "GET /datenschutz/13079997408/ HTTP/2" 301 20 "https://schweiz-macher.ch/info/013079997408" "Mozilla/5.0 AppleWebKit/537.36 (KHTML, like Gecko; compatible; ClaudeBot/1.0; +claudebot@anthropic.com)"
216.73.217.78 - - [15/Jun/2026:16:38:15 +0200] "GET /datenschutz/ HTTP/2" 200 0 "https://schweiz-macher.ch/datenschutz/13079997408/" "Mozilla/5.0 AppleWebKit/537.36 (KHTML, like Gecko; compatible; ClaudeBot/1.0; +claudebot@anthropic.com)"
216.73.217.78 - - [15/Jun/2026:16:38:30 +0200] "GET /datenschutz/ HTTP/2" 200 0 "https://schweiz-macher.ch/datenschutz/12379745672/" "Mozilla/5.0 AppleWebKit/537.36 (KHTML, like Gecko; compatible; ClaudeBot/1.0; +claudebot@anthropic.com)"
20.15.133.184 - - [15/Jun/2026:16:38:29 +0200] "GET /special/011383970028 HTTP/2" 200 28501 "-" "Mozilla/5.0 AppleWebKit/537.36 (KHTML, like Gecko; compatible; bingbot/2.0; +http://www.bing.com/bingbot.htm) Chrome/116.0.1938.76 Safari/537.36"
20.15.133.184 - - [15/Jun/2026:16:38:37 +0200] "GET /special/011190392514 HTTP/2" 200 28267 "-" "Mozilla/5.0 AppleWebKit/537.36 (KHTML, like Gecko; compatible; bingbot/2.0; +http://www.bing.com/bingbot.htm) Chrome/116.0.1938.76 Safari/537.36"
20.15.133.184 - - [15/Jun/2026:16:38:42 +0200] "GET /info/013749158939 HTTP/2" 200 27142 "-" "Mozilla/5.0 AppleWebKit/537.36 (KHTML, like Gecko; compatible; bingbot/2.0; +http://www.bing.com/bingbot.htm) Chrome/116.0.1938.76 Safari/537.36"
20.15.133.184 - - [15/Jun/2026:16:38:56 +0200] "GET /info/011182468124 HTTP/2" 200 26343 "-" "Mozilla/5.0 AppleWebKit/537.36 (KHTML, like Gecko; compatible; bingbot/2.0; +http://www.bing.com/bingbot.htm) Chrome/116.0.1938.76 Safari/537.36"
20.15.133.184 - - [15/Jun/2026:16:39:04 +0200] "GET /info/011190597108 HTTP/2" 200 26617 "-" "Mozilla/5.0 AppleWebKit/537.36 (KHTML, like Gecko; compatible; bingbot/2.0; +http://www.bing.com/bingbot.htm) Chrome/116.0.1938.76 Safari/537.36"
20.15.133.184 - - [15/Jun/2026:16:39:13 +0200] "GET /info/012899558164 HTTP/2" 200 28643 "-" "Mozilla/5.0 AppleWebKit/537.36 (KHTML, like Gecko; compatible; bingbot/2.0; +http://www.bing.com/bingbot.htm) Chrome/116.0.1938.76 Safari/537.36"
20.15.133.184 - - [15/Jun/2026:16:39:22 +0200] "GET /special/011903209527 HTTP/2" 200 27859 "-" "Mozilla/5.0 AppleWebKit/537.36 (KHTML, like Gecko; compatible; bingbot/2.0; +http://www.bing.com/bingbot.htm) Chrome/116.0.1938.76 Safari/537.36"
216.73.217.78 - - [15/Jun/2026:16:39:29 +0200] "GET /info/01385492763 HTTP/2" 301 20 "-" "Mozilla/5.0 AppleWebKit/537.36 (KHTML, like Gecko; compatible; ClaudeBot/1.0; +claudebot@anthropic.com)"
20.15.133.184 - - [15/Jun/2026:16:39:29 +0200] "GET /special/012354792318 HTTP/2" 200 25970 "-" "Mozilla/5.0 AppleWebKit/537.36 (KHTML, like Gecko; compatible; bingbot/2.0; +http://www.bing.com/bingbot.htm) Chrome/116.0.1938.76 Safari/537.36"
216.73.217.78 - - [15/Jun/2026:16:39:32 +0200] "GET /datenschutz/1385492763/ HTTP/2" 301 20 "https://schweiz-macher.ch/info/01385492763" "Mozilla/5.0 AppleWebKit/537.36 (KHTML, like Gecko; compatible; ClaudeBot/1.0; +claudebot@anthropic.com)"
216.73.217.78 - - [15/Jun/2026:16:39:36 +0200] "GET /datenschutz/ HTTP/2" 200 0 "https://schweiz-macher.ch/datenschutz/1385492763/" "Mozilla/5.0 AppleWebKit/537.36 (KHTML, like Gecko; compatible; ClaudeBot/1.0; +claudebot@anthropic.com)"
20.15.133.184 - - [15/Jun/2026:16:39:34 +0200] "GET /special/013379822381 HTTP/2" 200 28026 "-" "Mozilla/5.0 AppleWebKit/537.36 (KHTML, like Gecko; compatible; bingbot/2.0; +http://www.bing.com/bingbot.htm) Chrome/116.0.1938.76 Safari/537.36"
20.15.133.184 - - [15/Jun/2026:16:39:11 +0200] "GET /special/014122799837 HTTP/2" 200 26590 "-" "Mozilla/5.0 AppleWebKit/537.36 (KHTML, like Gecko; compatible; bingbot/2.0; +http://www.bing.com/bingbot.htm) Chrome/116.0.1938.76 Safari/537.36"
20.15.133.184 - - [15/Jun/2026:16:39:41 +0200] "GET /special/0177104824 HTTP/2" 200 28227 "-" "Mozilla/5.0 AppleWebKit/537.36 (KHTML, like Gecko; compatible; bingbot/2.0; +http://www.bing.com/bingbot.htm) Chrome/116.0.1938.76 Safari/537.36"
20.15.133.184 - - [15/Jun/2026:16:39:43 +0200] "GET /special/013956955492 HTTP/2" 200 27305 "-" "Mozilla/5.0 AppleWebKit/537.36 (KHTML, like Gecko; compatible; bingbot/2.0; +http://www.bing.com/bingbot.htm) Chrome/116.0.1938.76 Safari/537.36"
20.15.133.184 - - [15/Jun/2026:16:39:57 +0200] "GET /special/01844258907 HTTP/2" 200 27994 "-" "Mozilla/5.0 AppleWebKit/537.36 (KHTML, like Gecko; compatible; bingbot/2.0; +http://www.bing.com/bingbot.htm) Chrome/116.0.1938.76 Safari/537.36"
2.57.31.80 - - [15/Jun/2026:16:38:57 +0200] "GET /robots.txt HTTP/1.1" 200 82 "-" "Googlebot"
216.73.217.78 - - [15/Jun/2026:16:38:58 +0200] "GET /info/013300021999 HTTP/2" 301 20 "-" "Mozilla/5.0 AppleWebKit/537.36 (KHTML, like Gecko; compatible; ClaudeBot/1.0; +claudebot@anthropic.com)"
216.73.217.78 - - [15/Jun/2026:16:39:04 +0200] "GET /datenschutz/13300021999/ HTTP/2" 200 0 "https://schweiz-macher.ch/info/013300021999" "Mozilla/5.0 AppleWebKit/537.36 (KHTML, like Gecko; compatible; ClaudeBot/1.0; +claudebot@anthropic.com)"
52.167.144.21 - - [15/Jun/2026:16:39:10 +0200] "GET /info/01887009834 HTTP/2" 200 26352 "-" "Mozilla/5.0 AppleWebKit/537.36 (KHTML, like Gecko; compatible; bingbot/2.0; +http://www.bing.com/bingbot.htm) Chrome/116.0.1938.76 Safari/537.36"
52.167.144.21 - - [15/Jun/2026:16:39:18 +0200] "GET /products/013239595389 HTTP/2" 200 26202 "-" "Mozilla/5.0 AppleWebKit/537.36 (KHTML, like Gecko; compatible; bingbot/2.0; +http://www.bing.com/bingbot.htm) Chrome/116.0.1938.76 Safari/537.36"
52.167.144.21 - - [15/Jun/2026:16:39:17 +0200] "GET /products/011171936480 HTTP/2" 200 27991 "-" "Mozilla/5.0 AppleWebKit/537.36 (KHTML, like Gecko; compatible; bingbot/2.0; +http://www.bing.com/bingbot.htm) Chrome/116.0.1938.76 Safari/537.36"
216.73.217.78 - - [15/Jun/2026:16:39:42 +0200] "GET /goodscode/01701500706 HTTP/2" 404 17401 "-" "Mozilla/5.0 AppleWebKit/537.36 (KHTML, like Gecko; compatible; ClaudeBot/1.0; +claudebot@anthropic.com)"
52.167.144.21 - - [15/Jun/2026:16:39:23 +0200] "GET /shopbrand/013329258196 HTTP/2" 200 26854 "-" "Mozilla/5.0 AppleWebKit/537.36 (KHTML, like Gecko; compatible; bingbot/2.0; +http://www.bing.com/bingbot.htm) Chrome/116.0.1938.76 Safari/537.36"
216.73.217.78 - - [15/Jun/2026:16:40:39 +0200] "GET /entity/012936495383 HTTP/2" 404 17405 "-" "Mozilla/5.0 AppleWebKit/537.36 (KHTML, like Gecko; compatible; ClaudeBot/1.0; +claudebot@anthropic.com)"
216.73.217.78 - - [15/Jun/2026:16:40:46 +0200] "GET /shopbrand/011128564171 HTTP/2" 404 17409 "-" "Mozilla/5.0 AppleWebKit/537.36 (KHTML, like Gecko; compatible; ClaudeBot/1.0; +claudebot@anthropic.com)"
20.15.133.184 - - [15/Jun/2026:16:40:49 +0200] "GET /info/012910816546 HTTP/2" 200 27631 "-" "Mozilla/5.0 AppleWebKit/537.36 (KHTML, like Gecko; compatible; bingbot/2.0; +http://www.bing.com/bingbot.htm) Chrome/116.0.1938.76 Safari/537.36"
20.15.133.184 - - [15/Jun/2026:16:40:56 +0200] "GET /info/012058488243 HTTP/2" 200 29657 "-" "Mozilla/5.0 AppleWebKit/537.36 (KHTML, like Gecko; compatible; bingbot/2.0; +http://www.bing.com/bingbot.htm) Chrome/116.0.1938.76 Safari/537.36"
52.167.144.21 - - [15/Jun/2026:16:40:32 +0200] "GET /info/011582411377 HTTP/2" 200 26434 "-" "Mozilla/5.0 AppleWebKit/537.36 (KHTML, like Gecko; compatible; bingbot/2.0; +http://www.bing.com/bingbot.htm) Chrome/116.0.1938.76 Safari/537.36"
216.73.217.78 - - [15/Jun/2026:16:41:10 +0200] "GET /items/012119110616 HTTP/2" 404 17408 "-" "Mozilla/5.0 AppleWebKit/537.36 (KHTML, like Gecko; compatible; ClaudeBot/1.0; +claudebot@anthropic.com)"
20.15.133.184 - - [15/Jun/2026:16:41:13 +0200] "GET /info/012945611832 HTTP/2" 200 25935 "-" "Mozilla/5.0 AppleWebKit/537.36 (KHTML, like Gecko; compatible; bingbot/2.0; +http://www.bing.com/bingbot.htm) Chrome/116.0.1938.76 Safari/537.36"
52.167.144.21 - - [15/Jun/2026:16:40:47 +0200] "GET /special/012830236261 HTTP/2" 200 26984 "-" "Mozilla/5.0 AppleWebKit/537.36 (KHTML, like Gecko; compatible; bingbot/2.0; +http://www.bing.com/bingbot.htm) Chrome/116.0.1938.76 Safari/537.36"
20.15.133.184 - - [15/Jun/2026:16:41:08 +0200] "GET /special/013891454834 HTTP/2" 200 28649 "-" "Mozilla/5.0 AppleWebKit/537.36 (KHTML, like Gecko; compatible; bingbot/2.0; +http://www.bing.com/bingbot.htm) Chrome/116.0.1938.76 Safari/537.36"
52.167.144.21 - - [15/Jun/2026:16:41:18 +0200] "GET /info/011041584242 HTTP/2" 200 26320 "-" "Mozilla/5.0 AppleWebKit/537.36 (KHTML, like Gecko; compatible; bingbot/2.0; +http://www.bing.com/bingbot.htm) Chrome/116.0.1938.76 Safari/537.36"
52.167.144.21 - - [15/Jun/2026:16:38:45 +0200] "GET /shopbrand/013616209748 HTTP/2" 200 27980 "-" "Mozilla/5.0 AppleWebKit/537.36 (KHTML, like Gecko; compatible; bingbot/2.0; +http://www.bing.com/bingbot.htm) Chrome/116.0.1938.76 Safari/537.36"
52.167.144.21 - - [15/Jun/2026:16:38:54 +0200] "GET /shopbrand/013311527266 HTTP/2" 200 30072 "-" "Mozilla/5.0 AppleWebKit/537.36 (KHTML, like Gecko; compatible; bingbot/2.0; +http://www.bing.com/bingbot.htm) Chrome/116.0.1938.76 Safari/537.36"
216.73.217.78 - - [15/Jun/2026:16:39:24 +0200] "GET /entity/011846237556 HTTP/2" 404 17392 "-" "Mozilla/5.0 AppleWebKit/537.36 (KHTML, like Gecko; compatible; ClaudeBot/1.0; +claudebot@anthropic.com)"
104.253.208.155 - - [15/Jun/2026:16:39:29 +0200] "GET /die-schweiz-braucht-volksmedien-neu/ HTTP/1.1" 200 26063 "-" "Mozilla/5.0 (compatible; Googlebot/2.1; +http://www.google.com/bot.html)"
74.7.242.55 - - [15/Jun/2026:16:39:32 +0200] "GET /entity/011744889760 HTTP/2" 404 17411 "https://schweiz-macher.ch/sitemap-item-2759.xml" "Mozilla/5.0 AppleWebKit/537.36 (KHTML, like Gecko; compatible; GPTBot/1.4; +https://openai.com/gptbot)"
52.167.144.21 - - [15/Jun/2026:16:39:47 +0200] "GET /info/013076058732 HTTP/2" 200 26175 "-" "Mozilla/5.0 AppleWebKit/537.36 (KHTML, like Gecko; compatible; bingbot/2.0; +http://www.bing.com/bingbot.htm) Chrome/116.0.1938.76 Safari/537.36"
52.167.144.21 - - [15/Jun/2026:16:39:57 +0200] "GET /info/01206676962 HTTP/2" 200 25771 "-" "Mozilla/5.0 AppleWebKit/537.36 (KHTML, like Gecko; compatible; bingbot/2.0; +http://www.bing.com/bingbot.htm) Chrome/116.0.1938.76 Safari/537.36"
52.167.144.21 - - [15/Jun/2026:16:40:03 +0200] "GET /shopbrand/0110544108 HTTP/2" 200 25548 "-" "Mozilla/5.0 AppleWebKit/537.36 (KHTML, like Gecko; compatible; bingbot/2.0; +http://www.bing.com/bingbot.htm) Chrome/116.0.1938.76 Safari/537.36"
20.15.133.184 - - [15/Jun/2026:16:40:14 +0200] "GET /special/011071052873 HTTP/2" 200 25823 "-" "Mozilla/5.0 AppleWebKit/537.36 (KHTML, like Gecko; compatible; bingbot/2.0; +http://www.bing.com/bingbot.htm) Chrome/116.0.1938.76 Safari/537.36"
216.73.217.78 - - [15/Jun/2026:16:40:15 +0200] "GET /goodscode/013461211015 HTTP/2" 404 17408 "-" "Mozilla/5.0 AppleWebKit/537.36 (KHTML, like Gecko; compatible; ClaudeBot/1.0; +claudebot@anthropic.com)"
20.15.133.184 - - [15/Jun/2026:16:40:19 +0200] "GET /info/011088051286 HTTP/2" 200 25629 "-" "Mozilla/5.0 AppleWebKit/537.36 (KHTML, like Gecko; compatible; bingbot/2.0; +http://www.bing.com/bingbot.htm) Chrome/116.0.1938.76 Safari/537.36"
52.167.144.21 - - [15/Jun/2026:16:40:17 +0200] "GET /market/011053235584 HTTP/2" 200 26541 "-" "Mozilla/5.0 AppleWebKit/537.36 (KHTML, like Gecko; compatible; bingbot/2.0; +http://www.bing.com/bingbot.htm) Chrome/116.0.1938.76 Safari/537.36"
20.15.133.184 - - [15/Jun/2026:16:40:27 +0200] "GET /special/01416838360 HTTP/2" 200 29243 "-" "Mozilla/5.0 AppleWebKit/537.36 (KHTML, like Gecko; compatible; bingbot/2.0; +http://www.bing.com/bingbot.htm) Chrome/116.0.1938.76 Safari/537.36"
74.7.242.55 - - [15/Jun/2026:16:40:32 +0200] "GET /market/014224526129 HTTP/2" 404 17402 "https://schweiz-macher.ch/sitemap-item-2634.xml" "Mozilla/5.0 AppleWebKit/537.36 (KHTML, like Gecko; compatible; GPTBot/1.4; +https://openai.com/gptbot)"
52.167.144.21 - - [15/Jun/2026:16:40:10 +0200] "GET /product/01444111 HTTP/2" 200 26319 "-" "Mozilla/5.0 AppleWebKit/537.36 (KHTML, like Gecko; compatible; bingbot/2.0; +http://www.bing.com/bingbot.htm) Chrome/116.0.1938.76 Safari/537.36"
20.15.133.184 - - [15/Jun/2026:16:40:43 +0200] "GET /shopbrand/011334378156 HTTP/2" 200 26176 "-" "Mozilla/5.0 AppleWebKit/537.36 (KHTML, like Gecko; compatible; bingbot/2.0; +http://www.bing.com/bingbot.htm) Chrome/116.0.1938.76 Safari/537.36"
20.15.133.184 - - [15/Jun/2026:16:40:34 +0200] "GET /product/012213338892 HTTP/2" 200 26308 "-" "Mozilla/5.0 AppleWebKit/537.36 (KHTML, like Gecko; compatible; bingbot/2.0; +http://www.bing.com/bingbot.htm) Chrome/116.0.1938.76 Safari/537.36"
20.15.133.184 - - [15/Jun/2026:16:41:24 +0200] "GET /special/013828934742 HTTP/2" 200 28798 "-" "Mozilla/5.0 AppleWebKit/537.36 (KHTML, like Gecko; compatible; bingbot/2.0; +http://www.bing.com/bingbot.htm) Chrome/116.0.1938.76 Safari/537.36"
20.15.133.184 - - [15/Jun/2026:16:41:29 +0200] "GET /special/012000358153 HTTP/2" 200 26587 "-" "Mozilla/5.0 AppleWebKit/537.36 (KHTML, like Gecko; compatible; bingbot/2.0; +http://www.bing.com/bingbot.htm) Chrome/116.0.1938.76 Safari/537.36"
74.7.242.55 - - [15/Jun/2026:16:41:32 +0200] "GET /market/012596881024 HTTP/2" 404 17406 "https://schweiz-macher.ch/sitemap-item-2644.xml" "Mozilla/5.0 AppleWebKit/537.36 (KHTML, like Gecko; compatible; GPTBot/1.4; +https://openai.com/gptbot)"
20.15.133.184 - - [15/Jun/2026:16:41:35 +0200] "GET /special/011471386437 HTTP/2" 200 27437 "-" "Mozilla/5.0 AppleWebKit/537.36 (KHTML, like Gecko; compatible; bingbot/2.0; +http://www.bing.com/bingbot.htm) Chrome/116.0.1938.76 Safari/537.36"
20.15.133.184 - - [15/Jun/2026:16:41:44 +0200] "GET /special/011495101936 HTTP/2" 200 26722 "-" "Mozilla/5.0 AppleWebKit/537.36 (KHTML, like Gecko; compatible; bingbot/2.0; +http://www.bing.com/bingbot.htm) Chrome/116.0.1938.76 Safari/537.36"
20.15.133.184 - - [15/Jun/2026:16:41:40 +0200] "GET /info/013013484602 HTTP/2" 200 26287 "-" "Mozilla/5.0 AppleWebKit/537.36 (KHTML, like Gecko; compatible; bingbot/2.0; +http://www.bing.com/bingbot.htm) Chrome/116.0.1938.76 Safari/537.36"
216.73.217.78 - - [15/Jun/2026:16:41:55 +0200] "GET /items/012427305918 HTTP/2" 404 17387 "-" "Mozilla/5.0 AppleWebKit/537.36 (KHTML, like Gecko; compatible; ClaudeBot/1.0; +claudebot@anthropic.com)"
185.32.124.82 - - [15/Jun/2026:16:41:58 +0200] "GET / HTTP/1.1" 200 12450 "-" "Python/3.11 aiohttp/3.9.2"
20.15.133.184 - - [15/Jun/2026:16:41:48 +0200] "GET /special/791807498222 HTTP/2" 200 26751 "-" "Mozilla/5.0 AppleWebKit/537.36 (KHTML, like Gecko; compatible; bingbot/2.0; +http://www.bing.com/bingbot.htm) Chrome/116.0.1938.76 Safari/537.36"
20.15.133.184 - - [15/Jun/2026:16:42:14 +0200] "GET /info/012235547900 HTTP/2" 200 26493 "-" "Mozilla/5.0 AppleWebKit/537.36 (KHTML, like Gecko; compatible; bingbot/2.0; +http://www.bing.com/bingbot.htm) Chrome/116.0.1938.76 Safari/537.36"
2a00:c1e0:0:1::1:105e - - [15/Jun/2026:16:42:19 +0200] "GET / HTTP/1.1" 301 20 "-" "Python/3.11 aiohttp/3.9.2"
74.7.242.55 - - [15/Jun/2026:16:42:34 +0200] "GET /market/012317826951 HTTP/2" 404 17408 "https://schweiz-macher.ch/sitemap-item-1066.xml" "Mozilla/5.0 AppleWebKit/537.36 (KHTML, like Gecko; compatible; GPTBot/1.4; +https://openai.com/gptbot)"
216.73.217.78 - - [15/Jun/2026:16:42:36 +0200] "GET /goodscode/011399341813 HTTP/2" 404 17395 "-" "Mozilla/5.0 AppleWebKit/537.36 (KHTML, like Gecko; compatible; ClaudeBot/1.0; +claudebot@anthropic.com)"
20.15.133.184 - - [15/Jun/2026:16:42:22 +0200] "GET /info/012169844404 HTTP/2" 200 26761 "-" "Mozilla/5.0 AppleWebKit/537.36 (KHTML, like Gecko; compatible; bingbot/2.0; +http://www.bing.com/bingbot.htm) Chrome/116.0.1938.76 Safari/537.36"
20.15.133.184 - - [15/Jun/2026:16:42:43 +0200] "GET /special/01282806877 HTTP/2" 200 27024 "-" "Mozilla/5.0 AppleWebKit/537.36 (KHTML, like Gecko; compatible; bingbot/2.0; +http://www.bing.com/bingbot.htm) Chrome/116.0.1938.76 Safari/537.36"
2a00:c1e0:0:1::1:105e - - [15/Jun/2026:16:42:46 +0200] "GET / HTTP/1.1" 200 12450 "-" "Python/3.11 aiohttp/3.9.2"
185.32.124.82 - - [15/Jun/2026:16:42:46 +0200] "GET / HTTP/1.1" 200 12450 "-" "Python/3.11 aiohttp/3.9.2"
185.32.124.82 - - [15/Jun/2026:16:42:50 +0200] "GET / HTTP/1.1" 200 12450 "-" "Python/3.11 aiohttp/3.9.2"
52.167.144.21 - - [15/Jun/2026:16:42:47 +0200] "GET /shopbrand/012261184022 HTTP/2" 200 26781 "-" "Mozilla/5.0 AppleWebKit/537.36 (KHTML, like Gecko; compatible; bingbot/2.0; +http://www.bing.com/bingbot.htm) Chrome/116.0.1938.76 Safari/537.36"
20.15.133.184 - - [15/Jun/2026:16:42:42 +0200] "GET /special/013336277629 HTTP/2" 200 26133 "-" "Mozilla/5.0 AppleWebKit/537.36 (KHTML, like Gecko; compatible; bingbot/2.0; +http://www.bing.com/bingbot.htm) Chrome/116.0.1938.76 Safari/537.36"
52.167.144.21 - - [15/Jun/2026:16:42:40 +0200] "GET /info/013111703035 HTTP/2" 200 27005 "-" "Mozilla/5.0 AppleWebKit/537.36 (KHTML, like Gecko; compatible; bingbot/2.0; +http://www.bing.com/bingbot.htm) Chrome/116.0.1938.76 Safari/537.36"
216.73.217.78 - - [15/Jun/2026:16:43:17 +0200] "GET /goodscode/013373073022 HTTP/2" 404 17401 "-" "Mozilla/5.0 AppleWebKit/537.36 (KHTML, like Gecko; compatible; ClaudeBot/1.0; +claudebot@anthropic.com)"
52.167.144.21 - - [15/Jun/2026:16:42:56 +0200] "GET /info/013046468502 HTTP/2" 200 26192 "-" "Mozilla/5.0 AppleWebKit/537.36 (KHTML, like Gecko; compatible; bingbot/2.0; +http://www.bing.com/bingbot.htm) Chrome/116.0.1938.76 Safari/537.36"
74.7.242.55 - - [15/Jun/2026:16:43:38 +0200] "GET /market/012550234091 HTTP/2" 404 17410 "https://schweiz-macher.ch/sitemap-item-954.xml" "Mozilla/5.0 AppleWebKit/537.36 (KHTML, like Gecko; compatible; GPTBot/1.4; +https://openai.com/gptbot)"
52.167.144.21 - - [15/Jun/2026:16:43:18 +0200] "GET /product/013199178213 HTTP/2" 200 26149 "-" "Mozilla/5.0 AppleWebKit/537.36 (KHTML, like Gecko; compatible; bingbot/2.0; +http://www.bing.com/bingbot.htm) Chrome/116.0.1938.76 Safari/537.36"
52.167.144.21 - - [15/Jun/2026:16:43:48 +0200] "GET /info/01926633405 HTTP/2" 200 28939 "-" "Mozilla/5.0 AppleWebKit/537.36 (KHTML, like Gecko; compatible; bingbot/2.0; +http://www.bing.com/bingbot.htm) Chrome/116.0.1938.76 Safari/537.36"
52.167.144.21 - - [15/Jun/2026:16:43:56 +0200] "GET /shopbrand/012181418205 HTTP/2" 200 28778 "-" "Mozilla/5.0 AppleWebKit/537.36 (KHTML, like Gecko; compatible; bingbot/2.0; +http://www.bing.com/bingbot.htm) Chrome/116.0.1938.76 Safari/537.36"
52.167.144.21 - - [15/Jun/2026:16:44:02 +0200] "GET /special/012434532039 HTTP/2" 200 27473 "-" "Mozilla/5.0 AppleWebKit/537.36 (KHTML, like Gecko; compatible; bingbot/2.0; +http://www.bing.com/bingbot.htm) Chrome/116.0.1938.76 Safari/537.36"
52.167.144.21 - - [15/Jun/2026:16:44:09 +0200] "GET /info/013295903920 HTTP/2" 200 26696 "-" "Mozilla/5.0 AppleWebKit/537.36 (KHTML, like Gecko; compatible; bingbot/2.0; +http://www.bing.com/bingbot.htm) Chrome/116.0.1938.76 Safari/537.36"
52.167.144.21 - - [15/Jun/2026:16:44:14 +0200] "GET /info/01764900358 HTTP/2" 200 29078 "-" "Mozilla/5.0 AppleWebKit/537.36 (KHTML, like Gecko; compatible; bingbot/2.0; +http://www.bing.com/bingbot.htm) Chrome/116.0.1938.76 Safari/537.36"
216.73.217.78 - - [15/Jun/2026:16:44:18 +0200] "GET /info/013237169023 HTTP/2" 301 20 "-" "Mozilla/5.0 AppleWebKit/537.36 (KHTML, like Gecko; compatible; ClaudeBot/1.0; +claudebot@anthropic.com)"
52.167.144.21 - - [15/Jun/2026:16:44:17 +0200] "GET /info/014203999170 HTTP/2" 200 28066 "-" "Mozilla/5.0 AppleWebKit/537.36 (KHTML, like Gecko; compatible; bingbot/2.0; +http://www.bing.com/bingbot.htm) Chrome/116.0.1938.76 Safari/537.36"
216.73.217.78 - - [15/Jun/2026:16:44:21 +0200] "GET /datenschutz/13237169023/ HTTP/2" 301 20 "https://schweiz-macher.ch/info/013237169023" "Mozilla/5.0 AppleWebKit/537.36 (KHTML, like Gecko; compatible; ClaudeBot/1.0; +claudebot@anthropic.com)"
216.73.217.78 - - [15/Jun/2026:16:44:25 +0200] "GET /datenschutz/ HTTP/2" 200 0 "https://schweiz-macher.ch/datenschutz/13237169023/" "Mozilla/5.0 AppleWebKit/537.36 (KHTML, like Gecko; compatible; ClaudeBot/1.0; +claudebot@anthropic.com)"
52.167.144.21 - - [15/Jun/2026:16:44:24 +0200] "GET /info/011654208768 HTTP/2" 200 26710 "-" "Mozilla/5.0 AppleWebKit/537.36 (KHTML, like Gecko; compatible; bingbot/2.0; +http://www.bing.com/bingbot.htm) Chrome/116.0.1938.76 Safari/537.36"
74.7.242.55 - - [15/Jun/2026:16:44:39 +0200] "GET /market/014186317854 HTTP/2" 404 17408 "https://schweiz-macher.ch/sitemap-item-954.xml" "Mozilla/5.0 AppleWebKit/537.36 (KHTML, like Gecko; compatible; GPTBot/1.4; +https://openai.com/gptbot)"
216.73.217.78 - - [15/Jun/2026:16:41:24 +0200] "GET /info/0185420098 HTTP/2" 301 20 "-" "Mozilla/5.0 AppleWebKit/537.36 (KHTML, like Gecko; compatible; ClaudeBot/1.0; +claudebot@anthropic.com)"
216.73.217.78 - - [15/Jun/2026:16:41:28 +0200] "GET /datenschutz/185420098/ HTTP/2" 301 20 "https://schweiz-macher.ch/info/0185420098" "Mozilla/5.0 AppleWebKit/537.36 (KHTML, like Gecko; compatible; ClaudeBot/1.0; +claudebot@anthropic.com)"
216.73.217.78 - - [15/Jun/2026:16:41:32 +0200] "GET /datenschutz/ HTTP/2" 200 0 "https://schweiz-macher.ch/datenschutz/185420098/" "Mozilla/5.0 AppleWebKit/537.36 (KHTML, like Gecko; compatible; ClaudeBot/1.0; +claudebot@anthropic.com)"
52.167.144.21 - - [15/Jun/2026:16:41:25 +0200] "GET /special/013785157438 HTTP/2" 200 26788 "-" "Mozilla/5.0 AppleWebKit/537.36 (KHTML, like Gecko; compatible; bingbot/2.0; +http://www.bing.com/bingbot.htm) Chrome/116.0.1938.76 Safari/537.36"
52.167.144.21 - - [15/Jun/2026:16:41:44 +0200] "GET /shopbrand/011334378156 HTTP/2" 200 26141 "-" "Mozilla/5.0 AppleWebKit/537.36 (KHTML, like Gecko; compatible; bingbot/2.0; +http://www.bing.com/bingbot.htm) Chrome/116.0.1938.76 Safari/537.36"
216.73.217.78 - - [15/Jun/2026:16:41:49 +0200] "GET /goodscode/014260149068 HTTP/2" 404 17405 "-" "Mozilla/5.0 AppleWebKit/537.36 (KHTML, like Gecko; compatible; ClaudeBot/1.0; +claudebot@anthropic.com)"
52.167.144.21 - - [15/Jun/2026:16:41:47 +0200] "GET /special/012977217069 HTTP/2" 200 27222 "-" "Mozilla/5.0 AppleWebKit/537.36 (KHTML, like Gecko; compatible; bingbot/2.0; +http://www.bing.com/bingbot.htm) Chrome/116.0.1938.76 Safari/537.36"
52.167.144.21 - - [15/Jun/2026:16:42:02 +0200] "GET /special/011561541302 HTTP/2" 200 26490 "-" "Mozilla/5.0 AppleWebKit/537.36 (KHTML, like Gecko; compatible; bingbot/2.0; +http://www.bing.com/bingbot.htm) Chrome/116.0.1938.76 Safari/537.36"
52.167.144.21 - - [15/Jun/2026:16:42:07 +0200] "GET /special/011237118457 HTTP/2" 200 26935 "-" "Mozilla/5.0 AppleWebKit/537.36 (KHTML, like Gecko; compatible; bingbot/2.0; +http://www.bing.com/bingbot.htm) Chrome/116.0.1938.76 Safari/537.36"
52.167.144.21 - - [15/Jun/2026:16:42:14 +0200] "GET /special/013950430665 HTTP/2" 200 26412 "-" "Mozilla/5.0 AppleWebKit/537.36 (KHTML, like Gecko; compatible; bingbot/2.0; +http://www.bing.com/bingbot.htm) Chrome/116.0.1938.76 Safari/537.36"
2a00:c1e0:0:1::1:105e - - [15/Jun/2026:16:42:22 +0200] "GET / HTTP/1.1" 200 12450 "-" "Python/3.11 aiohttp/3.9.2"
52.167.144.21 - - [15/Jun/2026:16:42:17 +0200] "GET /info/012455432910 HTTP/2" 200 27308 "-" "Mozilla/5.0 AppleWebKit/537.36 (KHTML, like Gecko; compatible; bingbot/2.0; +http://www.bing.com/bingbot.htm) Chrome/116.0.1938.76 Safari/537.36"
216.73.217.78 - - [15/Jun/2026:16:42:44 +0200] "GET /item/011817359305 HTTP/2" 404 17401 "-" "Mozilla/5.0 AppleWebKit/537.36 (KHTML, like Gecko; compatible; ClaudeBot/1.0; +claudebot@anthropic.com)"
2a00:c1e0:0:1::1:105e - - [15/Jun/2026:16:42:50 +0200] "GET / HTTP/1.1" 200 12450 "-" "Python/3.11 aiohttp/3.9.2"
2a00:c1e0:0:1::1:105e - - [15/Jun/2026:16:43:06 +0200] "GET / HTTP/1.1" 200 12450 "-" "Python/3.11 aiohttp/3.9.2"
216.73.217.78 - - [15/Jun/2026:16:43:41 +0200] "GET /items/013577799498 HTTP/2" 404 17411 "-" "Mozilla/5.0 AppleWebKit/537.36 (KHTML, like Gecko; compatible; ClaudeBot/1.0; +claudebot@anthropic.com)"
216.73.217.78 - - [15/Jun/2026:16:45:10 +0200] "GET /goodscode/01644646937 HTTP/2" 404 17406 "-" "Mozilla/5.0 AppleWebKit/537.36 (KHTML, like Gecko; compatible; ClaudeBot/1.0; +claudebot@anthropic.com)"
216.73.217.78 - - [15/Jun/2026:16:45:36 +0200] "GET /entity/013806930782 HTTP/2" 404 17409 "-" "Mozilla/5.0 AppleWebKit/537.36 (KHTML, like Gecko; compatible; ClaudeBot/1.0; +claudebot@anthropic.com)"
74.7.242.55 - - [15/Jun/2026:16:45:45 +0200] "GET /entity/013067057124 HTTP/2" 404 17398 "https://schweiz-macher.ch/sitemap-item-954.xml" "Mozilla/5.0 AppleWebKit/537.36 (KHTML, like Gecko; compatible; GPTBot/1.4; +https://openai.com/gptbot)"
52.167.144.21 - - [15/Jun/2026:16:44:47 +0200] "GET /entity/01900235397 HTTP/2" 200 27074 "-" "Mozilla/5.0 AppleWebKit/537.36 (KHTML, like Gecko; compatible; bingbot/2.0; +http://www.bing.com/bingbot.htm) Chrome/116.0.1938.76 Safari/537.36"
52.167.144.21 - - [15/Jun/2026:16:44:52 +0200] "GET /product/011619434435 HTTP/2" 200 26610 "-" "Mozilla/5.0 AppleWebKit/537.36 (KHTML, like Gecko; compatible; bingbot/2.0; +http://www.bing.com/bingbot.htm) Chrome/116.0.1938.76 Safari/537.36"
52.167.144.21 - - [15/Jun/2026:16:44:39 +0200] "GET /market/011697537924 HTTP/2" 200 26727 "-" "Mozilla/5.0 AppleWebKit/537.36 (KHTML, like Gecko; compatible; bingbot/2.0; +http://www.bing.com/bingbot.htm) Chrome/116.0.1938.76 Safari/537.36"
52.167.144.21 - - [15/Jun/2026:16:44:58 +0200] "GET /info/011265844578 HTTP/2" 200 29366 "-" "Mozilla/5.0 AppleWebKit/537.36 (KHTML, like Gecko; compatible; bingbot/2.0; +http://www.bing.com/bingbot.htm) Chrome/116.0.1938.76 Safari/537.36"
52.167.144.21 - - [15/Jun/2026:16:45:03 +0200] "GET /special/01523588129 HTTP/2" 200 27377 "-" "Mozilla/5.0 AppleWebKit/537.36 (KHTML, like Gecko; compatible; bingbot/2.0; +http://www.bing.com/bingbot.htm) Chrome/116.0.1938.76 Safari/537.36"
52.167.144.21 - - [15/Jun/2026:16:45:07 +0200] "GET /shopbrand/01893463303 HTTP/2" 200 26179 "-" "Mozilla/5.0 AppleWebKit/537.36 (KHTML, like Gecko; compatible; bingbot/2.0; +http://www.bing.com/bingbot.htm) Chrome/116.0.1938.76 Safari/537.36"
52.167.144.189 - - [15/Jun/2026:16:45:18 +0200] "GET /sitemap-item-778.xml HTTP/2" 200 18304 "-" "Mozilla/5.0 AppleWebKit/537.36 (KHTML, like Gecko; compatible; bingbot/2.0; +http://www.bing.com/bingbot.htm) Chrome/116.0.1938.76 Safari/537.36"
216.73.217.78 - - [15/Jun/2026:16:45:21 +0200] "GET /items/012506541225 HTTP/2" 404 17402 "-" "Mozilla/5.0 AppleWebKit/537.36 (KHTML, like Gecko; compatible; ClaudeBot/1.0; +claudebot@anthropic.com)"
52.167.144.189 - - [15/Jun/2026:16:45:22 +0200] "GET /sitemap-item-2265.xml HTTP/2" 200 18267 "-" "Mozilla/5.0 AppleWebKit/537.36 (KHTML, like Gecko; compatible; bingbot/2.0; +http://www.bing.com/bingbot.htm) Chrome/116.0.1938.76 Safari/537.36"
52.167.144.194 - - [15/Jun/2026:16:45:28 +0200] "GET /sitemap-item-477.xml HTTP/2" 200 18337 "-" "Mozilla/5.0 AppleWebKit/537.36 (KHTML, like Gecko; compatible; bingbot/2.0; +http://www.bing.com/bingbot.htm) Chrome/116.0.1938.76 Safari/537.36"
52.167.144.194 - - [15/Jun/2026:16:45:36 +0200] "GET /sitemap-item-1214.xml HTTP/2" 200 18256 "-" "Mozilla/5.0 AppleWebKit/537.36 (KHTML, like Gecko; compatible; bingbot/2.0; +http://www.bing.com/bingbot.htm) Chrome/116.0.1938.76 Safari/537.36"
52.167.144.194 - - [15/Jun/2026:16:45:44 +0200] "GET /sitemap-item-2997.xml HTTP/2" 200 18263 "-" "Mozilla/5.0 AppleWebKit/537.36 (KHTML, like Gecko; compatible; bingbot/2.0; +http://www.bing.com/bingbot.htm) Chrome/116.0.1938.76 Safari/537.36"
52.167.144.194 - - [15/Jun/2026:16:45:54 +0200] "GET /sitemap-item-354.xml HTTP/2" 200 18251 "-" "Mozilla/5.0 AppleWebKit/537.36 (KHTML, like Gecko; compatible; bingbot/2.0; +http://www.bing.com/bingbot.htm) Chrome/116.0.1938.76 Safari/537.36"
216.73.217.78 - - [15/Jun/2026:16:46:00 +0200] "GET /items/013593126650 HTTP/2" 404 17406 "-" "Mozilla/5.0 AppleWebKit/537.36 (KHTML, like Gecko; compatible; ClaudeBot/1.0; +claudebot@anthropic.com)"
52.167.144.189 - - [15/Jun/2026:16:45:58 +0200] "GET /sitemap-item-1983.xml HTTP/2" 200 18341 "-" "Mozilla/5.0 AppleWebKit/537.36 (KHTML, like Gecko; compatible; bingbot/2.0; +http://www.bing.com/bingbot.htm) Chrome/116.0.1938.76 Safari/537.36"
52.167.144.189 - - [15/Jun/2026:16:46:02 +0200] "GET /sitemap-item-833.xml HTTP/2" 200 18313 "-" "Mozilla/5.0 AppleWebKit/537.36 (KHTML, like Gecko; compatible; bingbot/2.0; +http://www.bing.com/bingbot.htm) Chrome/116.0.1938.76 Safari/537.36"
52.167.144.189 - - [15/Jun/2026:16:46:11 +0200] "GET /sitemap-item-2791.xml HTTP/2" 200 18314 "-" "Mozilla/5.0 AppleWebKit/537.36 (KHTML, like Gecko; compatible; bingbot/2.0; +http://www.bing.com/bingbot.htm) Chrome/116.0.1938.76 Safari/537.36"
216.73.217.78 - - [15/Jun/2026:16:40:06 +0200] "GET /goodscode/01623420182 HTTP/2" 404 17401 "-" "Mozilla/5.0 AppleWebKit/537.36 (KHTML, like Gecko; compatible; ClaudeBot/1.0; +claudebot@anthropic.com)"
20.15.133.184 - - [15/Jun/2026:16:40:06 +0200] "GET /info/01563474452 HTTP/2" 200 25890 "-" "Mozilla/5.0 AppleWebKit/537.36 (KHTML, like Gecko; compatible; bingbot/2.0; +http://www.bing.com/bingbot.htm) Chrome/116.0.1938.76 Safari/537.36"
93.159.230.84 - - [15/Jun/2026:16:41:28 +0200] "GET / HTTP/1.1" 200 12807 "http://swiss-maker.ch" "Mozilla/5.0 (Linux; arm_64; Android 12; CPH2205) AppleWebKit/537.36 (KHTML, like Gecko) Chrome/110.0.0.0 YaBrowser/23.3.3.86.00 SA/3 Mobile Safari/537.36"
2a00:c1e0:0:1::1:105e - - [15/Jun/2026:16:41:57 +0200] "GET / HTTP/1.1" 200 12450 "-" "Python/3.11 aiohttp/3.9.2"
216.73.217.78 - - [15/Jun/2026:16:42:13 +0200] "GET /goodscode/014134054577 HTTP/2" 404 17406 "-" "Mozilla/5.0 AppleWebKit/537.36 (KHTML, like Gecko; compatible; ClaudeBot/1.0; +claudebot@anthropic.com)"
185.32.124.82 - - [15/Jun/2026:16:42:25 +0200] "GET / HTTP/1.1" 200 12450 "-" "Python/3.11 aiohttp/3.9.2"
2a00:c1e0:0:1::1:105e - - [15/Jun/2026:16:42:30 +0200] "GET / HTTP/1.1" 200 12450 "-" "Python/3.11 aiohttp/3.9.2"
216.73.217.78 - - [15/Jun/2026:16:43:09 +0200] "GET /entity/011569285927 HTTP/2" 404 17407 "-" "Mozilla/5.0 AppleWebKit/537.36 (KHTML, like Gecko; compatible; ClaudeBot/1.0; +claudebot@anthropic.com)"
185.32.124.82 - - [15/Jun/2026:16:43:10 +0200] "GET / HTTP/1.1" 200 12450 "-" "Python/3.11 aiohttp/3.9.2"
216.73.217.78 - - [15/Jun/2026:16:43:54 +0200] "GET /info/01869753440 HTTP/2" 301 20 "-" "Mozilla/5.0 AppleWebKit/537.36 (KHTML, like Gecko; compatible; ClaudeBot/1.0; +claudebot@anthropic.com)"
216.73.217.78 - - [15/Jun/2026:16:43:58 +0200] "GET /datenschutz/1869753440/ HTTP/2" 301 20 "https://schweiz-macher.ch/info/01869753440" "Mozilla/5.0 AppleWebKit/537.36 (KHTML, like Gecko; compatible; ClaudeBot/1.0; +claudebot@anthropic.com)"
216.73.217.78 - - [15/Jun/2026:16:44:01 +0200] "GET /datenschutz/ HTTP/2" 200 0 "https://schweiz-macher.ch/datenschutz/1869753440/" "Mozilla/5.0 AppleWebKit/537.36 (KHTML, like Gecko; compatible; ClaudeBot/1.0; +claudebot@anthropic.com)"
45.92.229.93 - - [15/Jun/2026:16:44:13 +0200] "POST /wp-login.php HTTP/1.1" 200 3617 "-" "Mozilla/5.0 (Macintosh; Intel Mac OS X 10_15_7) AppleWebKit/605.1.15 Version/17.0 Safari/605.1.15"
216.73.217.78 - - [15/Jun/2026:16:44:40 +0200] "GET /goodscode/012196153184 HTTP/2" 404 17401 "-" "Mozilla/5.0 AppleWebKit/537.36 (KHTML, like Gecko; compatible; ClaudeBot/1.0; +claudebot@anthropic.com)"
216.73.217.78 - - [15/Jun/2026:16:44:46 +0200] "GET /items/014063059719 HTTP/2" 404 17390 "-" "Mozilla/5.0 AppleWebKit/537.36 (KHTML, like Gecko; compatible; ClaudeBot/1.0; +claudebot@anthropic.com)"
52.167.144.21 - - [15/Jun/2026:16:45:11 +0200] "GET /special/011505084950 HTTP/2" 200 26635 "-" "Mozilla/5.0 AppleWebKit/537.36 (KHTML, like Gecko; compatible; bingbot/2.0; +http://www.bing.com/bingbot.htm) Chrome/116.0.1938.76 Safari/537.36"
52.167.144.21 - - [15/Jun/2026:16:45:16 +0200] "GET /shopbrand/014169713070 HTTP/2" 200 26415 "-" "Mozilla/5.0 AppleWebKit/537.36 (KHTML, like Gecko; compatible; bingbot/2.0; +http://www.bing.com/bingbot.htm) Chrome/116.0.1938.76 Safari/537.36"
216.73.217.78 - - [15/Jun/2026:16:46:47 +0200] "GET /items/012229394202 HTTP/2" 404 17403 "-" "Mozilla/5.0 AppleWebKit/537.36 (KHTML, like Gecko; compatible; ClaudeBot/1.0; +claudebot@anthropic.com)"
216.73.217.78 - - [15/Jun/2026:16:46:53 +0200] "GET /goodscode/01990327433 HTTP/2" 404 17397 "-" "Mozilla/5.0 AppleWebKit/537.36 (KHTML, like Gecko; compatible; ClaudeBot/1.0; +claudebot@anthropic.com)"
216.73.217.78 - - [15/Jun/2026:16:46:59 +0200] "GET /entity/013043402331 HTTP/2" 404 17404 "-" "Mozilla/5.0 AppleWebKit/537.36 (KHTML, like Gecko; compatible; ClaudeBot/1.0; +claudebot@anthropic.com)"
216.73.217.78 - - [15/Jun/2026:16:47:05 +0200] "GET /info/01851114727 HTTP/2" 301 20 "-" "Mozilla/5.0 AppleWebKit/537.36 (KHTML, like Gecko; compatible; ClaudeBot/1.0; +claudebot@anthropic.com)"
216.73.217.78 - - [15/Jun/2026:16:47:09 +0200] "GET /datenschutz/1851114727/ HTTP/2" 301 20 "https://schweiz-macher.ch/info/01851114727" "Mozilla/5.0 AppleWebKit/537.36 (KHTML, like Gecko; compatible; ClaudeBot/1.0; +claudebot@anthropic.com)"
216.73.217.78 - - [15/Jun/2026:16:47:13 +0200] "GET /datenschutz/ HTTP/2" 200 0 "https://schweiz-macher.ch/datenschutz/1851114727/" "Mozilla/5.0 AppleWebKit/537.36 (KHTML, like Gecko; compatible; ClaudeBot/1.0; +claudebot@anthropic.com)"
216.73.217.78 - - [15/Jun/2026:16:47:17 +0200] "GET /entity/011719827660 HTTP/2" 404 17411 "-" "Mozilla/5.0 AppleWebKit/537.36 (KHTML, like Gecko; compatible; ClaudeBot/1.0; +claudebot@anthropic.com)"
216.73.217.78 - - [15/Jun/2026:16:47:23 +0200] "GET /entity/011973913123 HTTP/2" 404 17408 "-" "Mozilla/5.0 AppleWebKit/537.36 (KHTML, like Gecko; compatible; ClaudeBot/1.0; +claudebot@anthropic.com)"
216.73.217.78 - - [15/Jun/2026:16:47:29 +0200] "GET /items/012489697675 HTTP/2" 404 17406 "-" "Mozilla/5.0 AppleWebKit/537.36 (KHTML, like Gecko; compatible; ClaudeBot/1.0; +claudebot@anthropic.com)"
216.73.217.78 - - [15/Jun/2026:16:47:37 +0200] "GET /goodscode/013639635149 HTTP/2" 404 17403 "-" "Mozilla/5.0 AppleWebKit/537.36 (KHTML, like Gecko; compatible; ClaudeBot/1.0; +claudebot@anthropic.com)"
216.73.217.78 - - [15/Jun/2026:16:47:42 +0200] "GET /item/014199587237 HTTP/2" 404 17402 "-" "Mozilla/5.0 AppleWebKit/537.36 (KHTML, like Gecko; compatible; ClaudeBot/1.0; +claudebot@anthropic.com)"
216.73.217.78 - - [15/Jun/2026:16:47:48 +0200] "GET /entity/012207151082 HTTP/2" 404 17406 "-" "Mozilla/5.0 AppleWebKit/537.36 (KHTML, like Gecko; compatible; ClaudeBot/1.0; +claudebot@anthropic.com)"
216.73.217.78 - - [15/Jun/2026:16:47:54 +0200] "GET /entity/013506879871 HTTP/2" 404 17404 "-" "Mozilla/5.0 AppleWebKit/537.36 (KHTML, like Gecko; compatible; ClaudeBot/1.0; +claudebot@anthropic.com)"
216.73.217.78 - - [15/Jun/2026:16:48:00 +0200] "GET /item/01628675686 HTTP/2" 404 17390 "-" "Mozilla/5.0 AppleWebKit/537.36 (KHTML, like Gecko; compatible; ClaudeBot/1.0; +claudebot@anthropic.com)"
216.73.217.78 - - [15/Jun/2026:16:48:06 +0200] "GET /goodscode/01311167484 HTTP/2" 404 17392 "-" "Mozilla/5.0 AppleWebKit/537.36 (KHTML, like Gecko; compatible; ClaudeBot/1.0; +claudebot@anthropic.com)"
216.73.217.78 - - [15/Jun/2026:16:48:13 +0200] "GET /info/014063994644 HTTP/2" 301 20 "-" "Mozilla/5.0 AppleWebKit/537.36 (KHTML, like Gecko; compatible; ClaudeBot/1.0; +claudebot@anthropic.com)"
216.73.217.78 - - [15/Jun/2026:16:48:17 +0200] "GET /datenschutz/14063994644/ HTTP/2" 301 20 "https://schweiz-macher.ch/info/014063994644" "Mozilla/5.0 AppleWebKit/537.36 (KHTML, like Gecko; compatible; ClaudeBot/1.0; +claudebot@anthropic.com)"
216.73.217.78 - - [15/Jun/2026:16:48:19 +0200] "GET /datenschutz/ HTTP/2" 200 25144 "https://schweiz-macher.ch/datenschutz/14063994644/" "Mozilla/5.0 AppleWebKit/537.36 (KHTML, like Gecko; compatible; ClaudeBot/1.0; +claudebot@anthropic.com)"
216.73.217.78 - - [15/Jun/2026:16:48:27 +0200] "GET /items/011640781781 HTTP/2" 404 17384 "-" "Mozilla/5.0 AppleWebKit/537.36 (KHTML, like Gecko; compatible; ClaudeBot/1.0; +claudebot@anthropic.com)"
216.73.217.78 - - [15/Jun/2026:16:48:51 +0200] "GET /info/01991257191 HTTP/2" 301 20 "-" "Mozilla/5.0 AppleWebKit/537.36 (KHTML, like Gecko; compatible; ClaudeBot/1.0; +claudebot@anthropic.com)"
216.73.217.78 - - [15/Jun/2026:16:48:55 +0200] "GET /datenschutz/1991257191/ HTTP/2" 301 20 "https://schweiz-macher.ch/info/01991257191" "Mozilla/5.0 AppleWebKit/537.36 (KHTML, like Gecko; compatible; ClaudeBot/1.0; +claudebot@anthropic.com)"
216.73.217.78 - - [15/Jun/2026:16:48:59 +0200] "GET /datenschutz/ HTTP/2" 200 0 "https://schweiz-macher.ch/datenschutz/1991257191/" "Mozilla/5.0 AppleWebKit/537.36 (KHTML, like Gecko; compatible; ClaudeBot/1.0; +claudebot@anthropic.com)"
52.167.144.189 - - [15/Jun/2026:16:46:20 +0200] "GET /sitemap-item-2082.xml HTTP/2" 200 18318 "-" "Mozilla/5.0 AppleWebKit/537.36 (KHTML, like Gecko; compatible; bingbot/2.0; +http://www.bing.com/bingbot.htm) Chrome/116.0.1938.76 Safari/537.36"
52.167.144.194 - - [15/Jun/2026:16:47:28 +0200] "GET /sitemap-item-2849.xml HTTP/2" 200 18329 "-" "Mozilla/5.0 AppleWebKit/537.36 (KHTML, like Gecko; compatible; bingbot/2.0; +http://www.bing.com/bingbot.htm) Chrome/116.0.1938.76 Safari/537.36"
52.167.144.194 - - [15/Jun/2026:16:47:36 +0200] "GET /sitemap-item-2262.xml HTTP/2" 200 18289 "-" "Mozilla/5.0 AppleWebKit/537.36 (KHTML, like Gecko; compatible; bingbot/2.0; +http://www.bing.com/bingbot.htm) Chrome/116.0.1938.76 Safari/537.36"
52.167.144.189 - - [15/Jun/2026:16:48:15 +0200] "GET /special/011105056763 HTTP/2" 200 28283 "-" "Mozilla/5.0 AppleWebKit/537.36 (KHTML, like Gecko; compatible; bingbot/2.0; +http://www.bing.com/bingbot.htm) Chrome/116.0.1938.76 Safari/537.36"
52.167.144.189 - - [15/Jun/2026:16:48:18 +0200] "GET /special/011402486153 HTTP/2" 200 28827 "-" "Mozilla/5.0 AppleWebKit/537.36 (KHTML, like Gecko; compatible; bingbot/2.0; +http://www.bing.com/bingbot.htm) Chrome/116.0.1938.76 Safari/537.36"
52.167.144.189 - - [15/Jun/2026:16:48:23 +0200] "GET /special/011910191472 HTTP/2" 200 26971 "-" "Mozilla/5.0 AppleWebKit/537.36 (KHTML, like Gecko; compatible; bingbot/2.0; +http://www.bing.com/bingbot.htm) Chrome/116.0.1938.76 Safari/537.36"
52.167.144.189 - - [15/Jun/2026:16:48:29 +0200] "GET /info/011855634674 HTTP/2" 200 26231 "-" "Mozilla/5.0 AppleWebKit/537.36 (KHTML, like Gecko; compatible; bingbot/2.0; +http://www.bing.com/bingbot.htm) Chrome/116.0.1938.76 Safari/537.36"
52.167.144.189 - - [15/Jun/2026:16:48:33 +0200] "GET /info/01426969169 HTTP/2" 200 26277 "-" "Mozilla/5.0 AppleWebKit/537.36 (KHTML, like Gecko; compatible; bingbot/2.0; +http://www.bing.com/bingbot.htm) Chrome/116.0.1938.76 Safari/537.36"
52.167.144.189 - - [15/Jun/2026:16:48:44 +0200] "GET /products/013307150847 HTTP/2" 200 26364 "-" "Mozilla/5.0 AppleWebKit/537.36 (KHTML, like Gecko; compatible; bingbot/2.0; +http://www.bing.com/bingbot.htm) Chrome/116.0.1938.76 Safari/537.36"
52.167.144.189 - - [15/Jun/2026:16:48:49 +0200] "GET /info/011209455594 HTTP/2" 200 26952 "-" "Mozilla/5.0 AppleWebKit/537.36 (KHTML, like Gecko; compatible; bingbot/2.0; +http://www.bing.com/bingbot.htm) Chrome/116.0.1938.76 Safari/537.36"
52.167.144.189 - - [15/Jun/2026:16:48:53 +0200] "GET /info/011056237167 HTTP/2" 200 26020 "-" "Mozilla/5.0 AppleWebKit/537.36 (KHTML, like Gecko; compatible; bingbot/2.0; +http://www.bing.com/bingbot.htm) Chrome/116.0.1938.76 Safari/537.36"
216.73.217.78 - - [15/Jun/2026:16:49:47 +0200] "GET /entity/013461176421 HTTP/2" 404 17407 "-" "Mozilla/5.0 AppleWebKit/537.36 (KHTML, like Gecko; compatible; ClaudeBot/1.0; +claudebot@anthropic.com)"
52.167.144.21 - - [15/Jun/2026:16:46:20 +0200] "GET /info/011426060206 HTTP/2" 200 26139 "-" "Mozilla/5.0 AppleWebKit/537.36 (KHTML, like Gecko; compatible; bingbot/2.0; +http://www.bing.com/bingbot.htm) Chrome/116.0.1938.76 Safari/537.36"
216.73.217.78 - - [15/Jun/2026:16:46:24 +0200] "GET /items/011143243801 HTTP/2" 404 17401 "-" "Mozilla/5.0 AppleWebKit/537.36 (KHTML, like Gecko; compatible; ClaudeBot/1.0; +claudebot@anthropic.com)"
52.167.144.21 - - [15/Jun/2026:16:46:27 +0200] "GET /info/019751038 HTTP/2" 200 26179 "-" "Mozilla/5.0 AppleWebKit/537.36 (KHTML, like Gecko; compatible; bingbot/2.0; +http://www.bing.com/bingbot.htm) Chrome/116.0.1938.76 Safari/537.36"
74.7.242.55 - - [15/Jun/2026:16:46:47 +0200] "GET /entity/013459258750 HTTP/2" 404 17405 "https://schweiz-macher.ch/sitemap-item-1066.xml" "Mozilla/5.0 AppleWebKit/537.36 (KHTML, like Gecko; compatible; GPTBot/1.4; +https://openai.com/gptbot)"
52.167.144.194 - - [15/Jun/2026:16:46:51 +0200] "GET /sitemap-item-1798.xml HTTP/2" 200 18271 "-" "Mozilla/5.0 AppleWebKit/537.36 (KHTML, like Gecko; compatible; bingbot/2.0; +http://www.bing.com/bingbot.htm) Chrome/116.0.1938.76 Safari/537.36"
52.167.144.194 - - [15/Jun/2026:16:47:00 +0200] "GET /sitemap-item-2995.xml HTTP/2" 200 18260 "-" "Mozilla/5.0 AppleWebKit/537.36 (KHTML, like Gecko; compatible; bingbot/2.0; +http://www.bing.com/bingbot.htm) Chrome/116.0.1938.76 Safari/537.36"
52.167.144.21 - - [15/Jun/2026:16:46:34 +0200] "GET /special/0120578034 HTTP/2" 200 26363 "-" "Mozilla/5.0 AppleWebKit/537.36 (KHTML, like Gecko; compatible; bingbot/2.0; +http://www.bing.com/bingbot.htm) Chrome/116.0.1938.76 Safari/537.36"
52.167.144.194 - - [15/Jun/2026:16:47:09 +0200] "GET /sitemap-item-1809.xml HTTP/2" 200 18248 "-" "Mozilla/5.0 AppleWebKit/537.36 (KHTML, like Gecko; compatible; bingbot/2.0; +http://www.bing.com/bingbot.htm) Chrome/116.0.1938.76 Safari/537.36"
52.167.144.194 - - [15/Jun/2026:16:47:17 +0200] "GET /sitemap-item-929.xml HTTP/2" 200 18284 "-" "Mozilla/5.0 AppleWebKit/537.36 (KHTML, like Gecko; compatible; bingbot/2.0; +http://www.bing.com/bingbot.htm) Chrome/116.0.1938.76 Safari/537.36"
52.167.144.194 - - [15/Jun/2026:16:47:20 +0200] "GET /sitemap-item-1521.xml HTTP/2" 200 18331 "-" "Mozilla/5.0 AppleWebKit/537.36 (KHTML, like Gecko; compatible; bingbot/2.0; +http://www.bing.com/bingbot.htm) Chrome/116.0.1938.76 Safari/537.36"
52.167.144.189 - - [15/Jun/2026:16:47:45 +0200] "GET /sitemap-item-2980.xml HTTP/2" 200 18308 "-" "Mozilla/5.0 AppleWebKit/537.36 (KHTML, like Gecko; compatible; bingbot/2.0; +http://www.bing.com/bingbot.htm) Chrome/116.0.1938.76 Safari/537.36"
74.7.242.55 - - [15/Jun/2026:16:47:49 +0200] "GET /entity/011315098296 HTTP/2" 404 17389 "https://schweiz-macher.ch/sitemap-item-2644.xml" "Mozilla/5.0 AppleWebKit/537.36 (KHTML, like Gecko; compatible; GPTBot/1.4; +https://openai.com/gptbot)"
52.167.144.189 - - [15/Jun/2026:16:47:54 +0200] "GET /sitemap-item-997.xml HTTP/2" 200 18283 "-" "Mozilla/5.0 AppleWebKit/537.36 (KHTML, like Gecko; compatible; bingbot/2.0; +http://www.bing.com/bingbot.htm) Chrome/116.0.1938.76 Safari/537.36"
52.167.144.189 - - [15/Jun/2026:16:48:06 +0200] "GET /sitemap-item-784.xml HTTP/2" 200 18302 "-" "Mozilla/5.0 AppleWebKit/537.36 (KHTML, like Gecko; compatible; bingbot/2.0; +http://www.bing.com/bingbot.htm) Chrome/116.0.1938.76 Safari/537.36"
216.73.217.78 - - [15/Jun/2026:16:48:37 +0200] "GET /items/012526007517 HTTP/2" 404 17402 "-" "Mozilla/5.0 AppleWebKit/537.36 (KHTML, like Gecko; compatible; ClaudeBot/1.0; +claudebot@anthropic.com)"
74.7.242.55 - - [15/Jun/2026:16:48:54 +0200] "GET /market/013446638559 HTTP/2" 404 17397 "https://schweiz-macher.ch/sitemap-item-2759.xml" "Mozilla/5.0 AppleWebKit/537.36 (KHTML, like Gecko; compatible; GPTBot/1.4; +https://openai.com/gptbot)"
40.77.167.74 - - [15/Jun/2026:16:49:24 +0200] "GET /info/01425104470 HTTP/2" 200 26412 "-" "Mozilla/5.0 AppleWebKit/537.36 (KHTML, like Gecko; compatible; bingbot/2.0; +http://www.bing.com/bingbot.htm) Chrome/116.0.1938.76 Safari/537.36"
216.73.217.78 - - [15/Jun/2026:16:49:09 +0200] "GET /info/01844825277 HTTP/2" 301 20 "-" "Mozilla/5.0 AppleWebKit/537.36 (KHTML, like Gecko; compatible; ClaudeBot/1.0; +claudebot@anthropic.com)"
216.73.217.78 - - [15/Jun/2026:16:49:13 +0200] "GET /datenschutz/1844825277/ HTTP/2" 301 20 "https://schweiz-macher.ch/info/01844825277" "Mozilla/5.0 AppleWebKit/537.36 (KHTML, like Gecko; compatible; ClaudeBot/1.0; +claudebot@anthropic.com)"
216.73.217.78 - - [15/Jun/2026:16:49:17 +0200] "GET /datenschutz/ HTTP/2" 200 0 "https://schweiz-macher.ch/datenschutz/1844825277/" "Mozilla/5.0 AppleWebKit/537.36 (KHTML, like Gecko; compatible; ClaudeBot/1.0; +claudebot@anthropic.com)"
