168.100.149.224 - - [15/Jun/2026:15:39:21 +0200] "GET /products/01670696180 HTTP/2" 404 17265 "-" "Mozilla/5.0 (Linux; Android 13) AppleWebKit/537.36 (KHTML, like Gecko) Chrome/108.0.5359.128 Mobile Safari/537.36 (compatible; AhrefsSiteAudit/6.1; +http://ahrefs.com/robot/site-audit)"
168.100.149.214 - - [15/Jun/2026:15:39:35 +0200] "GET /items/013775871801 HTTP/2" 404 17262 "-" "Mozilla/5.0 (Linux; Android 13) AppleWebKit/537.36 (KHTML, like Gecko) Chrome/108.0.5359.128 Mobile Safari/537.36 (compatible; AhrefsSiteAudit/6.1; +http://ahrefs.com/robot/site-audit)"
74.7.242.55 - - [15/Jun/2026:15:39:37 +0200] "GET /market/013618452027 HTTP/2" 404 17397 "https://schweiz-macher.ch/sitemap-item-2224.xml" "Mozilla/5.0 AppleWebKit/537.36 (KHTML, like Gecko; compatible; GPTBot/1.4; +https://openai.com/gptbot)"
168.100.149.4 - - [15/Jun/2026:15:39:45 +0200] "GET /shopping/012561715359 HTTP/2" 404 17266 "-" "Mozilla/5.0 (Linux; Android 13) AppleWebKit/537.36 (KHTML, like Gecko) Chrome/108.0.5359.128 Mobile Safari/537.36 (compatible; AhrefsSiteAudit/6.1; +http://ahrefs.com/robot/site-audit)"
168.100.149.101 - - [15/Jun/2026:15:39:47 +0200] "GET /product/01128618503 HTTP/2" 404 17260 "-" "Mozilla/5.0 (Linux; Android 13) AppleWebKit/537.36 (KHTML, like Gecko) Chrome/108.0.5359.128 Mobile Safari/537.36 (compatible; AhrefsSiteAudit/6.1; +http://ahrefs.com/robot/site-audit)"
168.100.149.119 - - [15/Jun/2026:15:39:57 +0200] "GET /shopdetail/011054605677 HTTP/2" 404 17260 "-" "Mozilla/5.0 (Linux; Android 13) AppleWebKit/537.36 (KHTML, like Gecko) Chrome/108.0.5359.128 Mobile Safari/537.36 (compatible; AhrefsSiteAudit/6.1; +http://ahrefs.com/robot/site-audit)"
168.100.149.5 - - [15/Jun/2026:15:40:03 +0200] "GET /items/011814670276 HTTP/2" 404 17273 "-" "Mozilla/5.0 (Linux; Android 13) AppleWebKit/537.36 (KHTML, like Gecko) Chrome/108.0.5359.128 Mobile Safari/537.36 (compatible; AhrefsSiteAudit/6.1; +http://ahrefs.com/robot/site-audit)"
2a00:c1e0:0:1::1:105e - - [15/Jun/2026:15:40:15 +0200] "POST /wp-cron.php?doing_wp_cron=1781530815.2260639667510986328125 HTTP/1.1" 200 20 "-" "WordPress/7.0; https://schweiz-macher.ch"
216.73.217.78 - - [15/Jun/2026:15:40:13 +0200] "GET /goods/012482014697 HTTP/2" 404 17409 "-" "Mozilla/5.0 AppleWebKit/537.36 (KHTML, like Gecko; compatible; ClaudeBot/1.0; +claudebot@anthropic.com)"
168.100.149.39 - - [15/Jun/2026:15:40:17 +0200] "GET /products/01700376073 HTTP/2" 404 17266 "-" "Mozilla/5.0 (Linux; Android 13) AppleWebKit/537.36 (KHTML, like Gecko) Chrome/108.0.5359.128 Mobile Safari/537.36 (compatible; AhrefsSiteAudit/6.1; +http://ahrefs.com/robot/site-audit)"
168.100.149.215 - - [15/Jun/2026:15:40:19 +0200] "GET /detail/011420347281 HTTP/2" 404 17262 "-" "Mozilla/5.0 (Linux; Android 13) AppleWebKit/537.36 (KHTML, like Gecko) Chrome/108.0.5359.128 Mobile Safari/537.36 (compatible; AhrefsSiteAudit/6.1; +http://ahrefs.com/robot/site-audit)"
168.100.149.242 - - [15/Jun/2026:15:40:25 +0200] "GET /shopdetail/012247520743 HTTP/2" 404 17260 "-" "Mozilla/5.0 (Linux; Android 13) AppleWebKit/537.36 (KHTML, like Gecko) Chrome/108.0.5359.128 Mobile Safari/537.36 (compatible; AhrefsSiteAudit/6.1; +http://ahrefs.com/robot/site-audit)"
168.100.149.89 - - [15/Jun/2026:15:40:31 +0200] "GET /items/013938720862 HTTP/2" 404 17247 "-" "Mozilla/5.0 (Linux; Android 13) AppleWebKit/537.36 (KHTML, like Gecko) Chrome/108.0.5359.128 Mobile Safari/537.36 (compatible; AhrefsSiteAudit/6.1; +http://ahrefs.com/robot/site-audit)"
168.100.149.202 - - [15/Jun/2026:15:40:33 +0200] "GET /goods/01373161926 HTTP/2" 404 17255 "-" "Mozilla/5.0 (Linux; Android 13) AppleWebKit/537.36 (KHTML, like Gecko) Chrome/108.0.5359.128 Mobile Safari/537.36 (compatible; AhrefsSiteAudit/6.1; +http://ahrefs.com/robot/site-audit)"
74.7.242.55 - - [15/Jun/2026:15:40:40 +0200] "GET /entity/014156893407 HTTP/2" 404 17389 "https://schweiz-macher.ch/sitemap-item-2224.xml" "Mozilla/5.0 AppleWebKit/537.36 (KHTML, like Gecko; compatible; GPTBot/1.4; +https://openai.com/gptbot)"
168.100.149.71 - - [15/Jun/2026:15:39:37 +0200] "GET /goods/01209264321 HTTP/2" 404 17255 "-" "Mozilla/5.0 (Linux; Android 13) AppleWebKit/537.36 (KHTML, like Gecko) Chrome/108.0.5359.128 Mobile Safari/537.36 (compatible; AhrefsSiteAudit/6.1; +http://ahrefs.com/robot/site-audit)"
168.100.149.244 - - [15/Jun/2026:15:39:43 +0200] "GET /goodscode/012101791000 HTTP/2" 404 17265 "-" "Mozilla/5.0 (Linux; Android 13) AppleWebKit/537.36 (KHTML, like Gecko) Chrome/108.0.5359.128 Mobile Safari/537.36 (compatible; AhrefsSiteAudit/6.1; +http://ahrefs.com/robot/site-audit)"
216.73.217.78 - - [15/Jun/2026:15:39:45 +0200] "GET /goodscode/012586045005 HTTP/2" 404 17420 "-" "Mozilla/5.0 AppleWebKit/537.36 (KHTML, like Gecko; compatible; ClaudeBot/1.0; +claudebot@anthropic.com)"
168.100.149.184 - - [15/Jun/2026:15:39:49 +0200] "GET /products/012727637902 HTTP/2" 404 17269 "-" "Mozilla/5.0 (Linux; Android 13) AppleWebKit/537.36 (KHTML, like Gecko) Chrome/108.0.5359.128 Mobile Safari/537.36 (compatible; AhrefsSiteAudit/6.1; +http://ahrefs.com/robot/site-audit)"
168.100.149.45 - - [15/Jun/2026:15:39:55 +0200] "GET /entity/012481069541 HTTP/2" 404 17258 "-" "Mozilla/5.0 (Linux; Android 13) AppleWebKit/537.36 (KHTML, like Gecko) Chrome/108.0.5359.128 Mobile Safari/537.36 (compatible; AhrefsSiteAudit/6.1; +http://ahrefs.com/robot/site-audit)"
168.100.149.17 - - [15/Jun/2026:15:39:59 +0200] "GET /shopbrand/012781209812 HTTP/2" 404 17254 "-" "Mozilla/5.0 (Linux; Android 13) AppleWebKit/537.36 (KHTML, like Gecko) Chrome/108.0.5359.128 Mobile Safari/537.36 (compatible; AhrefsSiteAudit/6.1; +http://ahrefs.com/robot/site-audit)"
168.100.149.169 - - [15/Jun/2026:15:40:01 +0200] "GET /item/013242182748 HTTP/2" 404 17261 "-" "Mozilla/5.0 (Linux; Android 13) AppleWebKit/537.36 (KHTML, like Gecko) Chrome/108.0.5359.128 Mobile Safari/537.36 (compatible; AhrefsSiteAudit/6.1; +http://ahrefs.com/robot/site-audit)"
168.100.149.155 - - [15/Jun/2026:15:40:09 +0200] "GET /special/011568101947 HTTP/2" 404 17271 "-" "Mozilla/5.0 (Linux; Android 13) AppleWebKit/537.36 (KHTML, like Gecko) Chrome/108.0.5359.128 Mobile Safari/537.36 (compatible; AhrefsSiteAudit/6.1; +http://ahrefs.com/robot/site-audit)"
168.100.149.28 - - [15/Jun/2026:15:40:27 +0200] "GET /shopbrand/01552621423 HTTP/2" 404 17254 "-" "Mozilla/5.0 (Linux; Android 13) AppleWebKit/537.36 (KHTML, like Gecko) Chrome/108.0.5359.128 Mobile Safari/537.36 (compatible; AhrefsSiteAudit/6.1; +http://ahrefs.com/robot/site-audit)"
168.100.149.217 - - [15/Jun/2026:15:40:30 +0200] "GET /item/011339701463 HTTP/2" 404 17269 "-" "Mozilla/5.0 (Linux; Android 13) AppleWebKit/537.36 (KHTML, like Gecko) Chrome/108.0.5359.128 Mobile Safari/537.36 (compatible; AhrefsSiteAudit/6.1; +http://ahrefs.com/robot/site-audit)"
168.100.149.43 - - [15/Jun/2026:15:40:35 +0200] "GET /market/013173507917 HTTP/2" 404 17264 "-" "Mozilla/5.0 (Linux; Android 13) AppleWebKit/537.36 (KHTML, like Gecko) Chrome/108.0.5359.128 Mobile Safari/537.36 (compatible; AhrefsSiteAudit/6.1; +http://ahrefs.com/robot/site-audit)"
168.100.149.177 - - [15/Jun/2026:15:40:37 +0200] "GET /special/013625043637 HTTP/2" 404 17265 "-" "Mozilla/5.0 (Linux; Android 13) AppleWebKit/537.36 (KHTML, like Gecko) Chrome/108.0.5359.128 Mobile Safari/537.36 (compatible; AhrefsSiteAudit/6.1; +http://ahrefs.com/robot/site-audit)"
168.100.149.187 - - [15/Jun/2026:15:40:39 +0200] "GET /goodscode/011191946813 HTTP/2" 404 17253 "-" "Mozilla/5.0 (Linux; Android 13) AppleWebKit/537.36 (KHTML, like Gecko) Chrome/108.0.5359.128 Mobile Safari/537.36 (compatible; AhrefsSiteAudit/6.1; +http://ahrefs.com/robot/site-audit)"
168.100.149.19 - - [15/Jun/2026:15:40:41 +0200] "GET /shopping/013799354788 HTTP/2" 404 17267 "-" "Mozilla/5.0 (Linux; Android 13) AppleWebKit/537.36 (KHTML, like Gecko) Chrome/108.0.5359.128 Mobile Safari/537.36 (compatible; AhrefsSiteAudit/6.1; +http://ahrefs.com/robot/site-audit)"
2a00:c1e0:0:1::1:105e - - [15/Jun/2026:15:40:48 +0200] "POST /wp-cron.php?doing_wp_cron=1781530848.1622900962829589843750 HTTP/1.1" 200 20 "-" "WordPress/7.0; https://schweiz-macher.ch"
168.100.149.110 - - [15/Jun/2026:15:39:41 +0200] "GET /special/013596412336 HTTP/2" 404 17265 "-" "Mozilla/5.0 (Linux; Android 13) AppleWebKit/537.36 (KHTML, like Gecko) Chrome/108.0.5359.128 Mobile Safari/537.36 (compatible; AhrefsSiteAudit/6.1; +http://ahrefs.com/robot/site-audit)"
216.73.217.78 - - [15/Jun/2026:15:39:41 +0200] "GET /entity/013570289408 HTTP/2" 404 17396 "-" "Mozilla/5.0 AppleWebKit/537.36 (KHTML, like Gecko; compatible; ClaudeBot/1.0; +claudebot@anthropic.com)"
168.100.149.72 - - [15/Jun/2026:15:39:51 +0200] "GET /detail/013381548790 HTTP/2" 404 17265 "-" "Mozilla/5.0 (Linux; Android 13) AppleWebKit/537.36 (KHTML, like Gecko) Chrome/108.0.5359.128 Mobile Safari/537.36 (compatible; AhrefsSiteAudit/6.1; +http://ahrefs.com/robot/site-audit)"
168.100.149.120 - - [15/Jun/2026:15:39:53 +0200] "GET /info/011962424958 HTTP/2" 301 20 "-" "Mozilla/5.0 (Linux; Android 13) AppleWebKit/537.36 (KHTML, like Gecko) Chrome/108.0.5359.128 Mobile Safari/537.36 (compatible; AhrefsSiteAudit/6.1; +http://ahrefs.com/robot/site-audit)"
168.100.149.211 - - [15/Jun/2026:15:40:05 +0200] "GET /goods/012333314891 HTTP/2" 404 17256 "-" "Mozilla/5.0 (Linux; Android 13) AppleWebKit/537.36 (KHTML, like Gecko) Chrome/108.0.5359.128 Mobile Safari/537.36 (compatible; AhrefsSiteAudit/6.1; +http://ahrefs.com/robot/site-audit)"
168.100.149.145 - - [15/Jun/2026:15:40:07 +0200] "GET /market/01906850995 HTTP/2" 404 17261 "-" "Mozilla/5.0 (Linux; Android 13) AppleWebKit/537.36 (KHTML, like Gecko) Chrome/108.0.5359.128 Mobile Safari/537.36 (compatible; AhrefsSiteAudit/6.1; +http://ahrefs.com/robot/site-audit)"
168.100.149.76 - - [15/Jun/2026:15:40:11 +0200] "GET /goodscode/014167121330 HTTP/2" 404 17263 "-" "Mozilla/5.0 (Linux; Android 13) AppleWebKit/537.36 (KHTML, like Gecko) Chrome/108.0.5359.128 Mobile Safari/537.36 (compatible; AhrefsSiteAudit/6.1; +http://ahrefs.com/robot/site-audit)"
168.100.149.106 - - [15/Jun/2026:15:40:13 +0200] "GET /shopping/011734024474 HTTP/2" 404 17271 "-" "Mozilla/5.0 (Linux; Android 13) AppleWebKit/537.36 (KHTML, like Gecko) Chrome/108.0.5359.128 Mobile Safari/537.36 (compatible; AhrefsSiteAudit/6.1; +http://ahrefs.com/robot/site-audit)"
168.100.149.195 - - [15/Jun/2026:15:40:15 +0200] "GET /product/012185560225 HTTP/2" 404 17261 "-" "Mozilla/5.0 (Linux; Android 13) AppleWebKit/537.36 (KHTML, like Gecko) Chrome/108.0.5359.128 Mobile Safari/537.36 (compatible; AhrefsSiteAudit/6.1; +http://ahrefs.com/robot/site-audit)"
216.73.217.78 - - [15/Jun/2026:15:40:20 +0200] "GET /goodscode/011604841395 HTTP/2" 404 17395 "-" "Mozilla/5.0 AppleWebKit/537.36 (KHTML, like Gecko; compatible; ClaudeBot/1.0; +claudebot@anthropic.com)"
168.100.149.31 - - [15/Jun/2026:15:40:21 +0200] "GET /info/014086475512 HTTP/2" 301 20 "-" "Mozilla/5.0 (Linux; Android 13) AppleWebKit/537.36 (KHTML, like Gecko) Chrome/108.0.5359.128 Mobile Safari/537.36 (compatible; AhrefsSiteAudit/6.1; +http://ahrefs.com/robot/site-audit)"
168.100.149.4 - - [15/Jun/2026:15:40:23 +0200] "GET /entity/01512528000 HTTP/2" 404 17264 "-" "Mozilla/5.0 (Linux; Android 13) AppleWebKit/537.36 (KHTML, like Gecko) Chrome/108.0.5359.128 Mobile Safari/537.36 (compatible; AhrefsSiteAudit/6.1; +http://ahrefs.com/robot/site-audit)"
216.73.217.78 - - [15/Jun/2026:15:41:44 +0200] "GET /info/01284416114 HTTP/2" 301 20 "-" "Mozilla/5.0 AppleWebKit/537.36 (KHTML, like Gecko; compatible; ClaudeBot/1.0; +claudebot@anthropic.com)"
216.73.217.78 - - [15/Jun/2026:15:41:48 +0200] "GET /datenschutz/1284416114/ HTTP/2" 301 20 "https://schweiz-macher.ch/info/01284416114" "Mozilla/5.0 AppleWebKit/537.36 (KHTML, like Gecko; compatible; ClaudeBot/1.0; +claudebot@anthropic.com)"
216.73.217.78 - - [15/Jun/2026:15:41:51 +0200] "GET /datenschutz/ HTTP/2" 200 0 "https://schweiz-macher.ch/datenschutz/1284416114/" "Mozilla/5.0 AppleWebKit/537.36 (KHTML, like Gecko; compatible; ClaudeBot/1.0; +claudebot@anthropic.com)"
216.73.217.78 - - [15/Jun/2026:15:42:12 +0200] "GET /goodscode/014247602968 HTTP/2" 404 17412 "-" "Mozilla/5.0 AppleWebKit/537.36 (KHTML, like Gecko; compatible; ClaudeBot/1.0; +claudebot@anthropic.com)"
2a00:c1e0:0:1::1:105e - - [15/Jun/2026:15:42:18 +0200] "GET / HTTP/1.1" 301 20 "-" "Python/3.11 aiohttp/3.9.2"
45.147.233.156 - - [15/Jun/2026:15:42:23 +0200] "GET / HTTP/2" 200 12807 "-" "Mozilla/5.0 (Windows NT 10.0; Win64; x64) AppleWebKit/537.36 (KHTML, like Gecko) Chrome/124.0.0.0 Safari/537.36"
2a00:c1e0:0:1::1:105e - - [15/Jun/2026:15:42:46 +0200] "GET / HTTP/1.1" 200 12450 "-" "Python/3.11 aiohttp/3.9.2"
2a00:c1e0:0:1::1:105e - - [15/Jun/2026:15:42:50 +0200] "GET / HTTP/1.1" 200 12450 "-" "Python/3.11 aiohttp/3.9.2"
185.32.124.82 - - [15/Jun/2026:15:42:50 +0200] "GET / HTTP/1.1" 200 12450 "-" "Python/3.11 aiohttp/3.9.2"
168.100.149.149 - - [15/Jun/2026:15:40:43 +0200] "GET /product/01158298412 HTTP/2" 404 17270 "-" "Mozilla/5.0 (Linux; Android 13) AppleWebKit/537.36 (KHTML, like Gecko) Chrome/108.0.5359.128 Mobile Safari/537.36 (compatible; AhrefsSiteAudit/6.1; +http://ahrefs.com/robot/site-audit)"
168.100.149.69 - - [15/Jun/2026:15:40:47 +0200] "GET /detail/013544397851 HTTP/2" 404 17267 "-" "Mozilla/5.0 (Linux; Android 13) AppleWebKit/537.36 (KHTML, like Gecko) Chrome/108.0.5359.128 Mobile Safari/537.36 (compatible; AhrefsSiteAudit/6.1; +http://ahrefs.com/robot/site-audit)"
216.73.217.78 - - [15/Jun/2026:15:40:49 +0200] "GET /info/012380174932 HTTP/2" 301 20 "-" "Mozilla/5.0 AppleWebKit/537.36 (KHTML, like Gecko; compatible; ClaudeBot/1.0; +claudebot@anthropic.com)"
216.73.217.78 - - [15/Jun/2026:15:40:51 +0200] "GET /datenschutz/12380174932/ HTTP/2" 301 20 "https://schweiz-macher.ch/info/012380174932" "Mozilla/5.0 AppleWebKit/537.36 (KHTML, like Gecko; compatible; ClaudeBot/1.0; +claudebot@anthropic.com)"
216.73.217.78 - - [15/Jun/2026:15:40:51 +0200] "GET /goodscode/012946732068 HTTP/2" 404 17399 "-" "Mozilla/5.0 AppleWebKit/537.36 (KHTML, like Gecko; compatible; ClaudeBot/1.0; +claudebot@anthropic.com)"
168.100.149.94 - - [15/Jun/2026:15:40:53 +0200] "GET /shopdetail/019495170 HTTP/2" 404 17261 "-" "Mozilla/5.0 (Linux; Android 13) AppleWebKit/537.36 (KHTML, like Gecko) Chrome/108.0.5359.128 Mobile Safari/537.36 (compatible; AhrefsSiteAudit/6.1; +http://ahrefs.com/robot/site-audit)"
216.73.217.78 - - [15/Jun/2026:15:40:53 +0200] "GET /datenschutz/ HTTP/2" 200 25148 "https://schweiz-macher.ch/datenschutz/12380174932/" "Mozilla/5.0 AppleWebKit/537.36 (KHTML, like Gecko; compatible; ClaudeBot/1.0; +claudebot@anthropic.com)"
216.73.217.78 - - [15/Jun/2026:15:41:16 +0200] "GET /items/013628253805 HTTP/2" 404 17415 "-" "Mozilla/5.0 AppleWebKit/537.36 (KHTML, like Gecko; compatible; ClaudeBot/1.0; +claudebot@anthropic.com)"
74.7.242.55 - - [15/Jun/2026:15:41:42 +0200] "GET /market/014192648769 HTTP/2" 404 17386 "https://schweiz-macher.ch/sitemap-item-2991.xml" "Mozilla/5.0 AppleWebKit/537.36 (KHTML, like Gecko; compatible; GPTBot/1.4; +https://openai.com/gptbot)"
2a00:c1e0:0:1::1:105e - - [15/Jun/2026:15:42:20 +0200] "GET / HTTP/1.1" 200 12450 "-" "Python/3.11 aiohttp/3.9.2"
74.7.242.55 - - [15/Jun/2026:15:42:45 +0200] "GET /market/011986744795 HTTP/2" 404 17403 "https://schweiz-macher.ch/sitemap-item-1066.xml" "Mozilla/5.0 AppleWebKit/537.36 (KHTML, like Gecko; compatible; GPTBot/1.4; +https://openai.com/gptbot)"
185.32.124.82 - - [15/Jun/2026:15:42:46 +0200] "GET / HTTP/1.1" 200 12450 "-" "Python/3.11 aiohttp/3.9.2"
168.100.149.146 - - [15/Jun/2026:15:40:45 +0200] "GET /products/013025753235 HTTP/2" 404 17250 "-" "Mozilla/5.0 (Linux; Android 13) AppleWebKit/537.36 (KHTML, like Gecko) Chrome/108.0.5359.128 Mobile Safari/537.36 (compatible; AhrefsSiteAudit/6.1; +http://ahrefs.com/robot/site-audit)"
168.100.149.107 - - [15/Jun/2026:15:40:49 +0200] "GET /info/012126322563 HTTP/2" 301 20 "-" "Mozilla/5.0 (Linux; Android 13) AppleWebKit/537.36 (KHTML, like Gecko) Chrome/108.0.5359.128 Mobile Safari/537.36 (compatible; AhrefsSiteAudit/6.1; +http://ahrefs.com/robot/site-audit)"
168.100.149.200 - - [15/Jun/2026:15:40:51 +0200] "GET /entity/013852926714 HTTP/2" 404 17259 "-" "Mozilla/5.0 (Linux; Android 13) AppleWebKit/537.36 (KHTML, like Gecko) Chrome/108.0.5359.128 Mobile Safari/537.36 (compatible; AhrefsSiteAudit/6.1; +http://ahrefs.com/robot/site-audit)"
2a00:c1e0:0:1::1:105e - - [15/Jun/2026:15:41:56 +0200] "GET / HTTP/1.1" 200 12450 "-" "Python/3.11 aiohttp/3.9.2"
185.32.124.82 - - [15/Jun/2026:15:41:58 +0200] "GET / HTTP/1.1" 200 12450 "-" "Python/3.11 aiohttp/3.9.2"
216.73.217.78 - - [15/Jun/2026:15:42:15 +0200] "GET /special/013862005367 HTTP/2" 404 17403 "-" "Mozilla/5.0 AppleWebKit/537.36 (KHTML, like Gecko; compatible; ClaudeBot/1.0; +claudebot@anthropic.com)"
185.32.124.82 - - [15/Jun/2026:15:42:25 +0200] "GET / HTTP/1.1" 200 12450 "-" "Python/3.11 aiohttp/3.9.2"
2a00:c1e0:0:1::1:105e - - [15/Jun/2026:15:42:27 +0200] "GET / HTTP/1.1" 200 12450 "-" "Python/3.11 aiohttp/3.9.2"
216.73.217.78 - - [15/Jun/2026:15:42:42 +0200] "GET /goodscode/01994703084 HTTP/2" 404 17403 "-" "Mozilla/5.0 AppleWebKit/537.36 (KHTML, like Gecko; compatible; ClaudeBot/1.0; +claudebot@anthropic.com)"
216.73.217.78 - - [15/Jun/2026:15:42:45 +0200] "GET /item/013409654331 HTTP/2" 404 17404 "-" "Mozilla/5.0 AppleWebKit/537.36 (KHTML, like Gecko; compatible; ClaudeBot/1.0; +claudebot@anthropic.com)"
2a00:c1e0:0:1::1:105e - - [15/Jun/2026:15:43:09 +0200] "GET / HTTP/1.1" 200 12450 "-" "Python/3.11 aiohttp/3.9.2"
216.73.217.78 - - [15/Jun/2026:15:43:13 +0200] "GET /info/012719798942 HTTP/2" 301 20 "-" "Mozilla/5.0 AppleWebKit/537.36 (KHTML, like Gecko; compatible; ClaudeBot/1.0; +claudebot@anthropic.com)"
216.73.217.78 - - [15/Jun/2026:15:43:16 +0200] "GET /datenschutz/12719798942/ HTTP/2" 301 20 "https://schweiz-macher.ch/info/012719798942" "Mozilla/5.0 AppleWebKit/537.36 (KHTML, like Gecko; compatible; ClaudeBot/1.0; +claudebot@anthropic.com)"
216.73.217.78 - - [15/Jun/2026:15:43:19 +0200] "GET /datenschutz/ HTTP/2" 200 25157 "https://schweiz-macher.ch/datenschutz/12719798942/" "Mozilla/5.0 AppleWebKit/537.36 (KHTML, like Gecko; compatible; ClaudeBot/1.0; +claudebot@anthropic.com)"
74.7.242.55 - - [15/Jun/2026:15:43:47 +0200] "GET /market/013922060307 HTTP/2" 404 17402 "https://schweiz-macher.ch/sitemap-item-2517.xml" "Mozilla/5.0 AppleWebKit/537.36 (KHTML, like Gecko; compatible; GPTBot/1.4; +https://openai.com/gptbot)"
216.73.217.78 - - [15/Jun/2026:15:44:30 +0200] "GET /goodscode/01526603902 HTTP/2" 404 17404 "-" "Mozilla/5.0 AppleWebKit/537.36 (KHTML, like Gecko; compatible; ClaudeBot/1.0; +claudebot@anthropic.com)"
216.73.217.78 - - [15/Jun/2026:15:44:58 +0200] "GET /goodscode/014047745433 HTTP/2" 404 17392 "-" "Mozilla/5.0 AppleWebKit/537.36 (KHTML, like Gecko; compatible; ClaudeBot/1.0; +claudebot@anthropic.com)"
216.73.217.78 - - [15/Jun/2026:15:45:03 +0200] "GET /entity/012410626982 HTTP/2" 404 17410 "-" "Mozilla/5.0 AppleWebKit/537.36 (KHTML, like Gecko; compatible; ClaudeBot/1.0; +claudebot@anthropic.com)"
216.73.217.78 - - [15/Jun/2026:15:45:31 +0200] "GET /items/013886546639 HTTP/2" 404 17408 "-" "Mozilla/5.0 AppleWebKit/537.36 (KHTML, like Gecko; compatible; ClaudeBot/1.0; +claudebot@anthropic.com)"
74.7.242.55 - - [15/Jun/2026:15:45:58 +0200] "GET /market/013649632775 HTTP/2" 404 17407 "https://schweiz-macher.ch/sitemap-item-2829.xml" "Mozilla/5.0 AppleWebKit/537.36 (KHTML, like Gecko; compatible; GPTBot/1.4; +https://openai.com/gptbot)"
216.73.217.78 - - [15/Jun/2026:15:46:04 +0200] "GET /info/01225796103 HTTP/2" 301 20 "-" "Mozilla/5.0 AppleWebKit/537.36 (KHTML, like Gecko; compatible; ClaudeBot/1.0; +claudebot@anthropic.com)"
216.73.217.78 - - [15/Jun/2026:15:46:07 +0200] "GET /datenschutz/1225796103/ HTTP/2" 301 20 "https://schweiz-macher.ch/info/01225796103" "Mozilla/5.0 AppleWebKit/537.36 (KHTML, like Gecko; compatible; ClaudeBot/1.0; +claudebot@anthropic.com)"
216.73.217.78 - - [15/Jun/2026:15:46:11 +0200] "GET /datenschutz/ HTTP/2" 200 0 "https://schweiz-macher.ch/datenschutz/1225796103/" "Mozilla/5.0 AppleWebKit/537.36 (KHTML, like Gecko; compatible; ClaudeBot/1.0; +claudebot@anthropic.com)"
74.7.242.55 - - [15/Jun/2026:15:47:01 +0200] "GET /market/012557247061 HTTP/2" 404 17405 "https://schweiz-macher.ch/sitemap-item-954.xml" "Mozilla/5.0 AppleWebKit/537.36 (KHTML, like Gecko; compatible; GPTBot/1.4; +https://openai.com/gptbot)"
216.73.217.78 - - [15/Jun/2026:15:47:07 +0200] "GET /info/01599130326 HTTP/2" 301 20 "-" "Mozilla/5.0 AppleWebKit/537.36 (KHTML, like Gecko; compatible; ClaudeBot/1.0; +claudebot@anthropic.com)"
216.73.217.78 - - [15/Jun/2026:15:47:10 +0200] "GET /datenschutz/1599130326/ HTTP/2" 301 20 "https://schweiz-macher.ch/info/01599130326" "Mozilla/5.0 AppleWebKit/537.36 (KHTML, like Gecko; compatible; ClaudeBot/1.0; +claudebot@anthropic.com)"
216.73.217.78 - - [15/Jun/2026:15:47:14 +0200] "GET /datenschutz/ HTTP/2" 200 25144 "https://schweiz-macher.ch/datenschutz/1599130326/" "Mozilla/5.0 AppleWebKit/537.36 (KHTML, like Gecko; compatible; ClaudeBot/1.0; +claudebot@anthropic.com)"
74.7.242.55 - - [15/Jun/2026:15:48:02 +0200] "GET /market/013968358069 HTTP/2" 404 17402 "https://schweiz-macher.ch/sitemap-item-662.xml" "Mozilla/5.0 AppleWebKit/537.36 (KHTML, like Gecko; compatible; GPTBot/1.4; +https://openai.com/gptbot)"
40.77.167.254 - - [15/Jun/2026:15:48:48 +0200] "GET /sitemap-item-1116.xml HTTP/2" 200 18322 "-" "Mozilla/5.0 AppleWebKit/537.36 (KHTML, like Gecko; compatible; bingbot/2.0; +http://www.bing.com/bingbot.htm) Chrome/116.0.1938.76 Safari/537.36"
216.73.217.78 - - [15/Jun/2026:15:43:17 +0200] "GET /goodscode/013666301451 HTTP/2" 404 17398 "-" "Mozilla/5.0 AppleWebKit/537.36 (KHTML, like Gecko; compatible; ClaudeBot/1.0; +claudebot@anthropic.com)"
216.73.217.78 - - [15/Jun/2026:15:44:02 +0200] "GET /goods/01928118034 HTTP/2" 404 17409 "-" "Mozilla/5.0 AppleWebKit/537.36 (KHTML, like Gecko; compatible; ClaudeBot/1.0; +claudebot@anthropic.com)"
74.7.242.55 - - [15/Jun/2026:15:44:52 +0200] "GET /market/011388794642 HTTP/2" 404 17408 "https://schweiz-macher.ch/sitemap-item-662.xml" "Mozilla/5.0 AppleWebKit/537.36 (KHTML, like Gecko; compatible; GPTBot/1.4; +https://openai.com/gptbot)"
216.73.217.78 - - [15/Jun/2026:15:46:02 +0200] "GET /entity/014154762551 HTTP/2" 404 17396 "-" "Mozilla/5.0 AppleWebKit/537.36 (KHTML, like Gecko; compatible; ClaudeBot/1.0; +claudebot@anthropic.com)"
216.73.217.78 - - [15/Jun/2026:15:46:34 +0200] "GET /entity/013544643488 HTTP/2" 404 17401 "-" "Mozilla/5.0 AppleWebKit/537.36 (KHTML, like Gecko; compatible; ClaudeBot/1.0; +claudebot@anthropic.com)"
216.73.217.78 - - [15/Jun/2026:15:47:02 +0200] "GET /items/012095377654 HTTP/2" 404 17393 "-" "Mozilla/5.0 AppleWebKit/537.36 (KHTML, like Gecko; compatible; ClaudeBot/1.0; +claudebot@anthropic.com)"
216.73.217.78 - - [15/Jun/2026:15:47:35 +0200] "GET /entity/013978493520 HTTP/2" 404 17393 "-" "Mozilla/5.0 AppleWebKit/537.36 (KHTML, like Gecko; compatible; ClaudeBot/1.0; +claudebot@anthropic.com)"
216.73.217.78 - - [15/Jun/2026:15:47:41 +0200] "GET /entity/014111206228 HTTP/2" 404 17400 "-" "Mozilla/5.0 AppleWebKit/537.36 (KHTML, like Gecko; compatible; ClaudeBot/1.0; +claudebot@anthropic.com)"
40.77.167.59 - - [15/Jun/2026:15:48:35 +0200] "GET /sitemap-item-901.xml HTTP/2" 200 18278 "-" "Mozilla/5.0 AppleWebKit/537.36 (KHTML, like Gecko; compatible; bingbot/2.0; +http://www.bing.com/bingbot.htm) Chrome/116.0.1938.76 Safari/537.36"
52.167.144.172 - - [15/Jun/2026:15:49:18 +0200] "GET /sitemap-item-1324.xml HTTP/2" 200 18269 "-" "Mozilla/5.0 AppleWebKit/537.36 (KHTML, like Gecko; compatible; bingbot/2.0; +http://www.bing.com/bingbot.htm) Chrome/116.0.1938.76 Safari/537.36"
216.73.217.78 - - [15/Jun/2026:15:49:31 +0200] "GET /entity/013236946543 HTTP/2" 404 17405 "-" "Mozilla/5.0 AppleWebKit/537.36 (KHTML, like Gecko; compatible; ClaudeBot/1.0; +claudebot@anthropic.com)"
40.77.167.59 - - [15/Jun/2026:15:49:39 +0200] "GET /sitemap-item-2699.xml HTTP/2" 200 18313 "-" "Mozilla/5.0 AppleWebKit/537.36 (KHTML, like Gecko; compatible; bingbot/2.0; +http://www.bing.com/bingbot.htm) Chrome/116.0.1938.76 Safari/537.36"
40.77.167.59 - - [15/Jun/2026:15:49:45 +0200] "GET /sitemap-item-2415.xml HTTP/2" 200 18309 "-" "Mozilla/5.0 AppleWebKit/537.36 (KHTML, like Gecko; compatible; bingbot/2.0; +http://www.bing.com/bingbot.htm) Chrome/116.0.1938.76 Safari/537.36"
216.73.217.78 - - [15/Jun/2026:15:49:59 +0200] "GET /items/01556115966 HTTP/2" 404 17401 "-" "Mozilla/5.0 AppleWebKit/537.36 (KHTML, like Gecko; compatible; ClaudeBot/1.0; +claudebot@anthropic.com)"
52.167.144.172 - - [15/Jun/2026:15:50:23 +0200] "GET /special/013933485849 HTTP/2" 200 26228 "-" "Mozilla/5.0 AppleWebKit/537.36 (KHTML, like Gecko; compatible; bingbot/2.0; +http://www.bing.com/bingbot.htm) Chrome/116.0.1938.76 Safari/537.36"
216.73.217.78 - - [15/Jun/2026:15:50:31 +0200] "GET /info/01591243500 HTTP/2" 301 20 "-" "Mozilla/5.0 AppleWebKit/537.36 (KHTML, like Gecko; compatible; ClaudeBot/1.0; +claudebot@anthropic.com)"
216.73.217.78 - - [15/Jun/2026:15:50:34 +0200] "GET /datenschutz/1591243500/ HTTP/2" 301 20 "https://schweiz-macher.ch/info/01591243500" "Mozilla/5.0 AppleWebKit/537.36 (KHTML, like Gecko; compatible; ClaudeBot/1.0; +claudebot@anthropic.com)"
216.73.217.78 - - [15/Jun/2026:15:50:36 +0200] "GET /goodscode/012443322166 HTTP/2" 404 17396 "-" "Mozilla/5.0 AppleWebKit/537.36 (KHTML, like Gecko; compatible; ClaudeBot/1.0; +claudebot@anthropic.com)"
185.32.124.82 - - [15/Jun/2026:15:43:13 +0200] "GET / HTTP/1.1" 200 12450 "-" "Python/3.11 aiohttp/3.9.2"
216.73.217.78 - - [15/Jun/2026:15:43:34 +0200] "GET /goodscode/011005323766 HTTP/2" 404 17407 "-" "Mozilla/5.0 AppleWebKit/537.36 (KHTML, like Gecko; compatible; ClaudeBot/1.0; +claudebot@anthropic.com)"
136.144.35.34 - - [15/Jun/2026:15:44:57 +0200] "POST /wp-login.php HTTP/1.1" 200 11344 "-" "Mozilla/5.0"
216.73.217.78 - - [15/Jun/2026:15:45:34 +0200] "GET /items/013844660182 HTTP/2" 404 17386 "-" "Mozilla/5.0 AppleWebKit/537.36 (KHTML, like Gecko; compatible; ClaudeBot/1.0; +claudebot@anthropic.com)"
216.73.217.78 - - [15/Jun/2026:15:46:32 +0200] "GET /info/01930147566 HTTP/2" 301 20 "-" "Mozilla/5.0 AppleWebKit/537.36 (KHTML, like Gecko; compatible; ClaudeBot/1.0; +claudebot@anthropic.com)"
216.73.217.78 - - [15/Jun/2026:15:46:35 +0200] "GET /datenschutz/1930147566/ HTTP/2" 301 20 "https://schweiz-macher.ch/info/01930147566" "Mozilla/5.0 AppleWebKit/537.36 (KHTML, like Gecko; compatible; ClaudeBot/1.0; +claudebot@anthropic.com)"
216.73.217.78 - - [15/Jun/2026:15:46:39 +0200] "GET /datenschutz/ HTTP/2" 200 0 "https://schweiz-macher.ch/datenschutz/1930147566/" "Mozilla/5.0 AppleWebKit/537.36 (KHTML, like Gecko; compatible; ClaudeBot/1.0; +claudebot@anthropic.com)"
216.73.217.78 - - [15/Jun/2026:15:47:55 +0200] "GET /goodscode/013743479342 HTTP/2" 404 17410 "-" "Mozilla/5.0 AppleWebKit/537.36 (KHTML, like Gecko; compatible; ClaudeBot/1.0; +claudebot@anthropic.com)"
216.73.217.78 - - [15/Jun/2026:15:48:25 +0200] "GET /items/012131396206 HTTP/2" 404 17400 "-" "Mozilla/5.0 AppleWebKit/537.36 (KHTML, like Gecko; compatible; ClaudeBot/1.0; +claudebot@anthropic.com)"
52.167.144.172 - - [15/Jun/2026:15:48:28 +0200] "GET /sitemap-item-2786.xml HTTP/2" 200 18294 "-" "Mozilla/5.0 AppleWebKit/537.36 (KHTML, like Gecko; compatible; bingbot/2.0; +http://www.bing.com/bingbot.htm) Chrome/116.0.1938.76 Safari/537.36"
216.73.217.78 - - [15/Jun/2026:15:48:57 +0200] "GET /entity/013967945067 HTTP/2" 404 17400 "-" "Mozilla/5.0 AppleWebKit/537.36 (KHTML, like Gecko; compatible; ClaudeBot/1.0; +claudebot@anthropic.com)"
40.77.167.59 - - [15/Jun/2026:15:49:06 +0200] "GET /sitemap-item-1450.xml HTTP/2" 200 18295 "-" "Mozilla/5.0 AppleWebKit/537.36 (KHTML, like Gecko; compatible; bingbot/2.0; +http://www.bing.com/bingbot.htm) Chrome/116.0.1938.76 Safari/537.36"
40.77.167.59 - - [15/Jun/2026:15:49:16 +0200] "GET /sitemap-item-2167.xml HTTP/2" 200 18330 "-" "Mozilla/5.0 AppleWebKit/537.36 (KHTML, like Gecko; compatible; bingbot/2.0; +http://www.bing.com/bingbot.htm) Chrome/116.0.1938.76 Safari/537.36"
40.77.167.59 - - [15/Jun/2026:15:49:22 +0200] "GET /sitemap-item-2839.xml HTTP/2" 200 18318 "-" "Mozilla/5.0 AppleWebKit/537.36 (KHTML, like Gecko; compatible; bingbot/2.0; +http://www.bing.com/bingbot.htm) Chrome/116.0.1938.76 Safari/537.36"
40.77.167.254 - - [15/Jun/2026:15:49:25 +0200] "GET /sitemap-item-1986.xml HTTP/2" 200 18317 "-" "Mozilla/5.0 AppleWebKit/537.36 (KHTML, like Gecko; compatible; bingbot/2.0; +http://www.bing.com/bingbot.htm) Chrome/116.0.1938.76 Safari/537.36"
40.77.167.254 - - [15/Jun/2026:15:49:33 +0200] "GET /sitemap-item-917.xml HTTP/2" 200 18237 "-" "Mozilla/5.0 AppleWebKit/537.36 (KHTML, like Gecko; compatible; bingbot/2.0; +http://www.bing.com/bingbot.htm) Chrome/116.0.1938.76 Safari/537.36"
40.77.167.254 - - [15/Jun/2026:15:49:34 +0200] "GET /sitemap-item-739.xml HTTP/2" 200 18290 "-" "Mozilla/5.0 AppleWebKit/537.36 (KHTML, like Gecko; compatible; bingbot/2.0; +http://www.bing.com/bingbot.htm) Chrome/116.0.1938.76 Safari/537.36"
40.77.167.254 - - [15/Jun/2026:15:49:58 +0200] "GET /sitemap-item-1080.xml HTTP/2" 200 18341 "-" "Mozilla/5.0 AppleWebKit/537.36 (KHTML, like Gecko; compatible; bingbot/2.0; +http://www.bing.com/bingbot.htm) Chrome/116.0.1938.76 Safari/537.36"
40.77.167.254 - - [15/Jun/2026:15:50:06 +0200] "GET /sitemap-item-2814.xml HTTP/2" 200 18259 "-" "Mozilla/5.0 AppleWebKit/537.36 (KHTML, like Gecko; compatible; bingbot/2.0; +http://www.bing.com/bingbot.htm) Chrome/116.0.1938.76 Safari/537.36"
216.73.217.78 - - [15/Jun/2026:15:50:38 +0200] "GET /datenschutz/ HTTP/2" 200 0 "https://schweiz-macher.ch/datenschutz/1591243500/" "Mozilla/5.0 AppleWebKit/537.36 (KHTML, like Gecko; compatible; ClaudeBot/1.0; +claudebot@anthropic.com)"
52.167.144.172 - - [15/Jun/2026:15:50:28 +0200] "GET /shopping/011658651465 HTTP/2" 200 27117 "-" "Mozilla/5.0 AppleWebKit/537.36 (KHTML, like Gecko; compatible; bingbot/2.0; +http://www.bing.com/bingbot.htm) Chrome/116.0.1938.76 Safari/537.36"
40.77.167.59 - - [15/Jun/2026:15:50:42 +0200] "GET /products/01892389944 HTTP/2" 200 27311 "-" "Mozilla/5.0 AppleWebKit/537.36 (KHTML, like Gecko; compatible; bingbot/2.0; +http://www.bing.com/bingbot.htm) Chrome/116.0.1938.76 Safari/537.36"
52.167.144.172 - - [15/Jun/2026:15:50:41 +0200] "GET /shopdetail/012143258430 HTTP/2" 200 26728 "-" "Mozilla/5.0 AppleWebKit/537.36 (KHTML, like Gecko; compatible; bingbot/2.0; +http://www.bing.com/bingbot.htm) Chrome/116.0.1938.76 Safari/537.36"
40.77.167.59 - - [15/Jun/2026:15:50:47 +0200] "GET /sitemap-item-2478.xml HTTP/2" 200 18274 "-" "Mozilla/5.0 AppleWebKit/537.36 (KHTML, like Gecko; compatible; bingbot/2.0; +http://www.bing.com/bingbot.htm) Chrome/116.0.1938.76 Safari/537.36"
216.73.217.78 - - [15/Jun/2026:15:51:05 +0200] "GET /goodscode/013563185751 HTTP/2" 404 17414 "-" "Mozilla/5.0 AppleWebKit/537.36 (KHTML, like Gecko; compatible; ClaudeBot/1.0; +claudebot@anthropic.com)"
40.77.167.59 - - [15/Jun/2026:15:50:55 +0200] "GET /entity/01240037265 HTTP/2" 200 26430 "-" "Mozilla/5.0 AppleWebKit/537.36 (KHTML, like Gecko; compatible; bingbot/2.0; +http://www.bing.com/bingbot.htm) Chrome/116.0.1938.76 Safari/537.36"
40.77.167.59 - - [15/Jun/2026:15:51:11 +0200] "GET /info/012547714031 HTTP/2" 200 26342 "-" "Mozilla/5.0 AppleWebKit/537.36 (KHTML, like Gecko; compatible; bingbot/2.0; +http://www.bing.com/bingbot.htm) Chrome/116.0.1938.76 Safari/537.36"
40.77.167.59 - - [15/Jun/2026:15:51:11 +0200] "GET /info/012022922966 HTTP/2" 200 28420 "-" "Mozilla/5.0 AppleWebKit/537.36 (KHTML, like Gecko; compatible; bingbot/2.0; +http://www.bing.com/bingbot.htm) Chrome/116.0.1938.76 Safari/537.36"
40.77.167.59 - - [15/Jun/2026:15:51:16 +0200] "GET /sitemap-item-1832.xml HTTP/2" 200 18253 "-" "Mozilla/5.0 AppleWebKit/537.36 (KHTML, like Gecko; compatible; bingbot/2.0; +http://www.bing.com/bingbot.htm) Chrome/116.0.1938.76 Safari/537.36"
40.77.167.59 - - [15/Jun/2026:15:51:28 +0200] "GET /sitemap-item-2234.xml HTTP/2" 200 18275 "-" "Mozilla/5.0 AppleWebKit/537.36 (KHTML, like Gecko; compatible; bingbot/2.0; +http://www.bing.com/bingbot.htm) Chrome/116.0.1938.76 Safari/537.36"
40.77.167.59 - - [15/Jun/2026:15:51:36 +0200] "GET /sitemap-item-2613.xml HTTP/2" 200 18271 "-" "Mozilla/5.0 AppleWebKit/537.36 (KHTML, like Gecko; compatible; bingbot/2.0; +http://www.bing.com/bingbot.htm) Chrome/116.0.1938.76 Safari/537.36"
216.73.217.78 - - [15/Jun/2026:15:52:09 +0200] "GET /items/013209092535 HTTP/2" 404 17397 "-" "Mozilla/5.0 AppleWebKit/537.36 (KHTML, like Gecko; compatible; ClaudeBot/1.0; +claudebot@anthropic.com)"
40.77.167.59 - - [15/Jun/2026:15:51:41 +0200] "GET /info/01118535110 HTTP/2" 200 26596 "-" "Mozilla/5.0 AppleWebKit/537.36 (KHTML, like Gecko; compatible; bingbot/2.0; +http://www.bing.com/bingbot.htm) Chrome/116.0.1938.76 Safari/537.36"
40.77.167.59 - - [15/Jun/2026:15:52:12 +0200] "GET /sitemap-item-2002.xml HTTP/2" 200 18241 "-" "Mozilla/5.0 AppleWebKit/537.36 (KHTML, like Gecko; compatible; bingbot/2.0; +http://www.bing.com/bingbot.htm) Chrome/116.0.1938.76 Safari/537.36"
40.77.167.59 - - [15/Jun/2026:15:52:23 +0200] "GET /sitemap-item-1257.xml HTTP/2" 200 18283 "-" "Mozilla/5.0 AppleWebKit/537.36 (KHTML, like Gecko; compatible; bingbot/2.0; +http://www.bing.com/bingbot.htm) Chrome/116.0.1938.76 Safari/537.36"
40.77.167.59 - - [15/Jun/2026:15:52:32 +0200] "GET /sitemap-item-2400.xml HTTP/2" 200 18265 "-" "Mozilla/5.0 AppleWebKit/537.36 (KHTML, like Gecko; compatible; bingbot/2.0; +http://www.bing.com/bingbot.htm) Chrome/116.0.1938.76 Safari/537.36"
216.73.217.78 - - [15/Jun/2026:15:48:53 +0200] "GET /entity/013162773190 HTTP/2" 404 17407 "-" "Mozilla/5.0 AppleWebKit/537.36 (KHTML, like Gecko; compatible; ClaudeBot/1.0; +claudebot@anthropic.com)"
40.77.167.254 - - [15/Jun/2026:15:48:58 +0200] "GET /sitemap-item-1057.xml HTTP/2" 200 18310 "-" "Mozilla/5.0 AppleWebKit/537.36 (KHTML, like Gecko; compatible; bingbot/2.0; +http://www.bing.com/bingbot.htm) Chrome/116.0.1938.76 Safari/537.36"
74.7.242.55 - - [15/Jun/2026:15:49:03 +0200] "GET /market/012403971958 HTTP/2" 404 17386 "https://schweiz-macher.ch/sitemap-item-662.xml" "Mozilla/5.0 AppleWebKit/537.36 (KHTML, like Gecko; compatible; GPTBot/1.4; +https://openai.com/gptbot)"
40.77.167.254 - - [15/Jun/2026:15:49:10 +0200] "GET /sitemap-item-2049.xml HTTP/2" 200 18273 "-" "Mozilla/5.0 AppleWebKit/537.36 (KHTML, like Gecko; compatible; bingbot/2.0; +http://www.bing.com/bingbot.htm) Chrome/116.0.1938.76 Safari/537.36"
216.73.217.78 - - [15/Jun/2026:15:49:25 +0200] "GET /goodscode/01889649309 HTTP/2" 404 17405 "-" "Mozilla/5.0 AppleWebKit/537.36 (KHTML, like Gecko; compatible; ClaudeBot/1.0; +claudebot@anthropic.com)"
52.167.144.172 - - [15/Jun/2026:15:49:50 +0200] "GET /sitemap-item-1842.xml HTTP/2" 200 18261 "-" "Mozilla/5.0 AppleWebKit/537.36 (KHTML, like Gecko; compatible; bingbot/2.0; +http://www.bing.com/bingbot.htm) Chrome/116.0.1938.76 Safari/537.36"
216.73.217.78 - - [15/Jun/2026:15:50:03 +0200] "GET /entity/011273027562 HTTP/2" 404 17400 "-" "Mozilla/5.0 AppleWebKit/537.36 (KHTML, like Gecko; compatible; ClaudeBot/1.0; +claudebot@anthropic.com)"
74.7.242.55 - - [15/Jun/2026:15:50:06 +0200] "GET /entity/013812750425 HTTP/2" 404 17395 "https://schweiz-macher.ch/sitemap-item-954.xml" "Mozilla/5.0 AppleWebKit/537.36 (KHTML, like Gecko; compatible; GPTBot/1.4; +https://openai.com/gptbot)"
52.167.144.172 - - [15/Jun/2026:15:50:09 +0200] "GET /sitemap-item-1692.xml HTTP/2" 200 18308 "-" "Mozilla/5.0 AppleWebKit/537.36 (KHTML, like Gecko; compatible; bingbot/2.0; +http://www.bing.com/bingbot.htm) Chrome/116.0.1938.76 Safari/537.36"
52.167.144.172 - - [15/Jun/2026:15:50:18 +0200] "GET /entity/012207203200 HTTP/2" 200 26666 "-" "Mozilla/5.0 AppleWebKit/537.36 (KHTML, like Gecko; compatible; bingbot/2.0; +http://www.bing.com/bingbot.htm) Chrome/116.0.1938.76 Safari/537.36"
74.7.242.55 - - [15/Jun/2026:15:51:07 +0200] "GET /market/012835519140 HTTP/2" 404 17395 "https://schweiz-macher.ch/sitemap-item-2759.xml" "Mozilla/5.0 AppleWebKit/537.36 (KHTML, like Gecko; compatible; GPTBot/1.4; +https://openai.com/gptbot)"
74.7.242.55 - - [15/Jun/2026:15:52:11 +0200] "GET /market/012603513882 HTTP/2" 404 17411 "https://schweiz-macher.ch/sitemap-item-662.xml" "Mozilla/5.0 AppleWebKit/537.36 (KHTML, like Gecko; compatible; GPTBot/1.4; +https://openai.com/gptbot)"
40.77.167.59 - - [15/Jun/2026:15:52:42 +0200] "GET /special/01275845075 HTTP/2" 200 26340 "-" "Mozilla/5.0 AppleWebKit/537.36 (KHTML, like Gecko; compatible; bingbot/2.0; +http://www.bing.com/bingbot.htm) Chrome/116.0.1938.76 Safari/537.36"
40.77.167.59 - - [15/Jun/2026:15:53:04 +0200] "GET /special/013327461797 HTTP/2" 200 27474 "-" "Mozilla/5.0 AppleWebKit/537.36 (KHTML, like Gecko; compatible; bingbot/2.0; +http://www.bing.com/bingbot.htm) Chrome/116.0.1938.76 Safari/537.36"
74.7.242.55 - - [15/Jun/2026:15:53:12 +0200] "GET /market/012751544676 HTTP/2" 404 17392 "https://schweiz-macher.ch/sitemap-item-2634.xml" "Mozilla/5.0 AppleWebKit/537.36 (KHTML, like Gecko; compatible; GPTBot/1.4; +https://openai.com/gptbot)"
40.77.167.59 - - [15/Jun/2026:15:53:11 +0200] "GET /sitemap-item-1089.xml HTTP/2" 200 18286 "-" "Mozilla/5.0 AppleWebKit/537.36 (KHTML, like Gecko; compatible; bingbot/2.0; +http://www.bing.com/bingbot.htm) Chrome/116.0.1938.76 Safari/537.36"
52.167.144.156 - - [15/Jun/2026:15:53:16 +0200] "GET /sitemap-item-1380.xml HTTP/2" 200 18324 "-" "Mozilla/5.0 AppleWebKit/537.36 (KHTML, like Gecko; compatible; bingbot/2.0; +http://www.bing.com/bingbot.htm) Chrome/116.0.1938.76 Safari/537.36"
52.167.144.156 - - [15/Jun/2026:15:53:22 +0200] "GET /info/013197409147 HTTP/2" 200 26590 "-" "Mozilla/5.0 AppleWebKit/537.36 (KHTML, like Gecko; compatible; bingbot/2.0; +http://www.bing.com/bingbot.htm) Chrome/116.0.1938.76 Safari/537.36"
40.77.167.59 - - [15/Jun/2026:15:53:08 +0200] "GET /info/012484145363 HTTP/2" 200 26242 "-" "Mozilla/5.0 AppleWebKit/537.36 (KHTML, like Gecko; compatible; bingbot/2.0; +http://www.bing.com/bingbot.htm) Chrome/116.0.1938.76 Safari/537.36"
52.167.144.156 - - [15/Jun/2026:15:53:35 +0200] "GET /sitemap-item-2030.xml HTTP/2" 200 18285 "-" "Mozilla/5.0 AppleWebKit/537.36 (KHTML, like Gecko; compatible; bingbot/2.0; +http://www.bing.com/bingbot.htm) Chrome/116.0.1938.76 Safari/537.36"
52.167.144.156 - - [15/Jun/2026:15:53:41 +0200] "GET /sitemap-item-659.xml HTTP/2" 200 18260 "-" "Mozilla/5.0 AppleWebKit/537.36 (KHTML, like Gecko; compatible; bingbot/2.0; +http://www.bing.com/bingbot.htm) Chrome/116.0.1938.76 Safari/537.36"
216.73.217.78 - - [15/Jun/2026:15:53:54 +0200] "GET /entity/011569088188 HTTP/2" 404 17409 "-" "Mozilla/5.0 AppleWebKit/537.36 (KHTML, like Gecko; compatible; ClaudeBot/1.0; +claudebot@anthropic.com)"
52.167.144.156 - - [15/Jun/2026:15:53:48 +0200] "GET /info/01641536785 HTTP/2" 200 26203 "-" "Mozilla/5.0 AppleWebKit/537.36 (KHTML, like Gecko; compatible; bingbot/2.0; +http://www.bing.com/bingbot.htm) Chrome/116.0.1938.76 Safari/537.36"
52.167.144.156 - - [15/Jun/2026:15:54:03 +0200] "GET /sitemap-item-1634.xml HTTP/2" 200 18332 "-" "Mozilla/5.0 AppleWebKit/537.36 (KHTML, like Gecko; compatible; bingbot/2.0; +http://www.bing.com/bingbot.htm) Chrome/116.0.1938.76 Safari/537.36"
52.167.144.156 - - [15/Jun/2026:15:54:08 +0200] "GET /sitemap-item-2450.xml HTTP/2" 200 18249 "-" "Mozilla/5.0 AppleWebKit/537.36 (KHTML, like Gecko; compatible; bingbot/2.0; +http://www.bing.com/bingbot.htm) Chrome/116.0.1938.76 Safari/537.36"
52.167.144.156 - - [15/Jun/2026:15:54:12 +0200] "GET /special/013119635108 HTTP/2" 200 26110 "-" "Mozilla/5.0 AppleWebKit/537.36 (KHTML, like Gecko; compatible; bingbot/2.0; +http://www.bing.com/bingbot.htm) Chrome/116.0.1938.76 Safari/537.36"
52.167.144.156 - - [15/Jun/2026:15:54:21 +0200] "GET /info/011169356746 HTTP/2" 200 26555 "-" "Mozilla/5.0 AppleWebKit/537.36 (KHTML, like Gecko; compatible; bingbot/2.0; +http://www.bing.com/bingbot.htm) Chrome/116.0.1938.76 Safari/537.36"
52.167.144.156 - - [15/Jun/2026:15:54:26 +0200] "GET /sitemap-item-1779.xml HTTP/2" 200 18302 "-" "Mozilla/5.0 AppleWebKit/537.36 (KHTML, like Gecko; compatible; bingbot/2.0; +http://www.bing.com/bingbot.htm) Chrome/116.0.1938.76 Safari/537.36"
52.167.144.156 - - [15/Jun/2026:15:54:34 +0200] "GET /special/012342121742 HTTP/2" 200 26782 "-" "Mozilla/5.0 AppleWebKit/537.36 (KHTML, like Gecko; compatible; bingbot/2.0; +http://www.bing.com/bingbot.htm) Chrome/116.0.1938.76 Safari/537.36"
52.167.144.156 - - [15/Jun/2026:15:54:41 +0200] "GET /sitemap-item-710.xml HTTP/2" 200 18232 "-" "Mozilla/5.0 AppleWebKit/537.36 (KHTML, like Gecko; compatible; bingbot/2.0; +http://www.bing.com/bingbot.htm) Chrome/116.0.1938.76 Safari/537.36"
52.167.144.156 - - [15/Jun/2026:15:54:49 +0200] "GET /special/013157601370 HTTP/2" 200 27983 "-" "Mozilla/5.0 AppleWebKit/537.36 (KHTML, like Gecko; compatible; bingbot/2.0; +http://www.bing.com/bingbot.htm) Chrome/116.0.1938.76 Safari/537.36"
52.167.144.156 - - [15/Jun/2026:15:54:40 +0200] "GET /special/011459508833 HTTP/2" 200 26740 "-" "Mozilla/5.0 AppleWebKit/537.36 (KHTML, like Gecko; compatible; bingbot/2.0; +http://www.bing.com/bingbot.htm) Chrome/116.0.1938.76 Safari/537.36"
216.73.217.78 - - [15/Jun/2026:15:55:15 +0200] "GET /goodscode/014246908453 HTTP/2" 404 17405 "-" "Mozilla/5.0 AppleWebKit/537.36 (KHTML, like Gecko; compatible; ClaudeBot/1.0; +claudebot@anthropic.com)"
52.167.144.156 - - [15/Jun/2026:15:55:34 +0200] "GET /special/012249921773 HTTP/2" 200 26614 "-" "Mozilla/5.0 AppleWebKit/537.36 (KHTML, like Gecko; compatible; bingbot/2.0; +http://www.bing.com/bingbot.htm) Chrome/116.0.1938.76 Safari/537.36"
216.73.217.78 - - [15/Jun/2026:15:51:07 +0200] "GET /items/011634673770 HTTP/2" 404 17410 "-" "Mozilla/5.0 AppleWebKit/537.36 (KHTML, like Gecko; compatible; ClaudeBot/1.0; +claudebot@anthropic.com)"
216.73.217.78 - - [15/Jun/2026:15:51:35 +0200] "GET /items/012729271546 HTTP/2" 404 17381 "-" "Mozilla/5.0 AppleWebKit/537.36 (KHTML, like Gecko; compatible; ClaudeBot/1.0; +claudebot@anthropic.com)"
216.73.217.78 - - [15/Jun/2026:15:51:41 +0200] "GET /items/012756672955 HTTP/2" 404 17398 "-" "Mozilla/5.0 AppleWebKit/537.36 (KHTML, like Gecko; compatible; ClaudeBot/1.0; +claudebot@anthropic.com)"
216.73.217.78 - - [15/Jun/2026:15:52:14 +0200] "GET /info/013487360258 HTTP/2" 301 20 "-" "Mozilla/5.0 AppleWebKit/537.36 (KHTML, like Gecko; compatible; ClaudeBot/1.0; +claudebot@anthropic.com)"
216.73.217.78 - - [15/Jun/2026:15:52:18 +0200] "GET /datenschutz/13487360258/ HTTP/2" 301 20 "https://schweiz-macher.ch/info/013487360258" "Mozilla/5.0 AppleWebKit/537.36 (KHTML, like Gecko; compatible; ClaudeBot/1.0; +claudebot@anthropic.com)"
216.73.217.78 - - [15/Jun/2026:15:52:21 +0200] "GET /datenschutz/ HTTP/2" 200 0 "https://schweiz-macher.ch/datenschutz/13487360258/" "Mozilla/5.0 AppleWebKit/537.36 (KHTML, like Gecko; compatible; ClaudeBot/1.0; +claudebot@anthropic.com)"
216.73.217.78 - - [15/Jun/2026:15:52:46 +0200] "GET /items/013529969924 HTTP/2" 404 17405 "-" "Mozilla/5.0 AppleWebKit/537.36 (KHTML, like Gecko; compatible; ClaudeBot/1.0; +claudebot@anthropic.com)"
2a00:c1e0:0:1::1:105e - - [15/Jun/2026:15:53:15 +0200] "POST /wp-cron.php?doing_wp_cron=1781531595.1806039810180664062500 HTTP/1.1" 200 20 "-" "WordPress/7.0; https://schweiz-macher.ch"
216.73.217.78 - - [15/Jun/2026:15:53:49 +0200] "GET /info/013474410949 HTTP/2" 301 20 "-" "Mozilla/5.0 AppleWebKit/537.36 (KHTML, like Gecko; compatible; ClaudeBot/1.0; +claudebot@anthropic.com)"
216.73.217.78 - - [15/Jun/2026:15:53:52 +0200] "GET /datenschutz/13474410949/ HTTP/2" 301 20 "https://schweiz-macher.ch/info/013474410949" "Mozilla/5.0 AppleWebKit/537.36 (KHTML, like Gecko; compatible; ClaudeBot/1.0; +claudebot@anthropic.com)"
216.73.217.78 - - [15/Jun/2026:15:53:55 +0200] "GET /datenschutz/ HTTP/2" 200 25137 "https://schweiz-macher.ch/datenschutz/13474410949/" "Mozilla/5.0 AppleWebKit/537.36 (KHTML, like Gecko; compatible; ClaudeBot/1.0; +claudebot@anthropic.com)"
216.73.217.78 - - [15/Jun/2026:15:54:14 +0200] "GET /goodscode/012745802922 HTTP/2" 404 17399 "-" "Mozilla/5.0 AppleWebKit/537.36 (KHTML, like Gecko; compatible; ClaudeBot/1.0; +claudebot@anthropic.com)"
52.167.144.156 - - [15/Jun/2026:15:54:54 +0200] "GET /special/013659334558 HTTP/2" 200 30748 "-" "Mozilla/5.0 AppleWebKit/537.36 (KHTML, like Gecko; compatible; bingbot/2.0; +http://www.bing.com/bingbot.htm) Chrome/116.0.1938.76 Safari/537.36"
52.167.144.156 - - [15/Jun/2026:15:54:59 +0200] "GET /info/01620523183 HTTP/2" 200 27160 "-" "Mozilla/5.0 AppleWebKit/537.36 (KHTML, like Gecko; compatible; bingbot/2.0; +http://www.bing.com/bingbot.htm) Chrome/116.0.1938.76 Safari/537.36"
52.167.144.156 - - [15/Jun/2026:15:55:03 +0200] "GET /sitemap-item-1254.xml HTTP/2" 200 18285 "-" "Mozilla/5.0 AppleWebKit/537.36 (KHTML, like Gecko; compatible; bingbot/2.0; +http://www.bing.com/bingbot.htm) Chrome/116.0.1938.76 Safari/537.36"
52.167.144.156 - - [15/Jun/2026:15:55:10 +0200] "GET /sitemap-item-602.xml HTTP/2" 200 18250 "-" "Mozilla/5.0 AppleWebKit/537.36 (KHTML, like Gecko; compatible; bingbot/2.0; +http://www.bing.com/bingbot.htm) Chrome/116.0.1938.76 Safari/537.36"
52.167.144.156 - - [15/Jun/2026:15:55:12 +0200] "GET /products/011681686871 HTTP/2" 200 27252 "-" "Mozilla/5.0 AppleWebKit/537.36 (KHTML, like Gecko; compatible; bingbot/2.0; +http://www.bing.com/bingbot.htm) Chrome/116.0.1938.76 Safari/537.36"
52.167.144.156 - - [15/Jun/2026:15:55:23 +0200] "GET /info/014281962173 HTTP/2" 200 26204 "-" "Mozilla/5.0 AppleWebKit/537.36 (KHTML, like Gecko; compatible; bingbot/2.0; +http://www.bing.com/bingbot.htm) Chrome/116.0.1938.76 Safari/537.36"
216.73.217.78 - - [15/Jun/2026:15:52:42 +0200] "GET /info/011297777896 HTTP/2" 301 20 "-" "Mozilla/5.0 AppleWebKit/537.36 (KHTML, like Gecko; compatible; ClaudeBot/1.0; +claudebot@anthropic.com)"
40.77.167.59 - - [15/Jun/2026:15:52:41 +0200] "GET /info/011167981124 HTTP/2" 200 26162 "-" "Mozilla/5.0 AppleWebKit/537.36 (KHTML, like Gecko; compatible; bingbot/2.0; +http://www.bing.com/bingbot.htm) Chrome/116.0.1938.76 Safari/537.36"
216.73.217.78 - - [15/Jun/2026:15:52:46 +0200] "GET /datenschutz/11297777896/ HTTP/2" 301 20 "https://schweiz-macher.ch/info/011297777896" "Mozilla/5.0 AppleWebKit/537.36 (KHTML, like Gecko; compatible; ClaudeBot/1.0; +claudebot@anthropic.com)"
216.73.217.78 - - [15/Jun/2026:15:52:50 +0200] "GET /datenschutz/ HTTP/2" 200 0 "https://schweiz-macher.ch/datenschutz/11297777896/" "Mozilla/5.0 AppleWebKit/537.36 (KHTML, like Gecko; compatible; ClaudeBot/1.0; +claudebot@anthropic.com)"
216.73.217.78 - - [15/Jun/2026:15:53:14 +0200] "GET /entity/012195946870 HTTP/2" 404 17401 "-" "Mozilla/5.0 AppleWebKit/537.36 (KHTML, like Gecko; compatible; ClaudeBot/1.0; +claudebot@anthropic.com)"
216.73.217.78 - - [15/Jun/2026:15:53:21 +0200] "GET /goodscode/012179519946 HTTP/2" 404 17393 "-" "Mozilla/5.0 AppleWebKit/537.36 (KHTML, like Gecko; compatible; ClaudeBot/1.0; +claudebot@anthropic.com)"
43.165.197.116 - - [15/Jun/2026:15:53:58 +0200] "GET / HTTP/1.1" 200 12807 "http://dieschweizmacher.ch" "Mozilla/5.0 (iPhone; CPU iPhone OS 13_2_3 like Mac OS X) AppleWebKit/605.1.15 (KHTML, like Gecko) Version/13.0.3 Mobile/15E148 Safari/604.1"
74.7.242.55 - - [15/Jun/2026:15:54:17 +0200] "GET /market/013550781712 HTTP/2" 404 17394 "https://schweiz-macher.ch/sitemap-item-1324.xml" "Mozilla/5.0 AppleWebKit/537.36 (KHTML, like Gecko; compatible; GPTBot/1.4; +https://openai.com/gptbot)"
216.73.217.78 - - [15/Jun/2026:15:54:42 +0200] "GET /goodscode/0182541857 HTTP/2" 404 17406 "-" "Mozilla/5.0 AppleWebKit/537.36 (KHTML, like Gecko; compatible; ClaudeBot/1.0; +claudebot@anthropic.com)"
216.73.217.78 - - [15/Jun/2026:15:54:47 +0200] "GET /entity/012246674321 HTTP/2" 404 17402 "-" "Mozilla/5.0 AppleWebKit/537.36 (KHTML, like Gecko; compatible; ClaudeBot/1.0; +claudebot@anthropic.com)"
216.73.217.78 - - [15/Jun/2026:15:55:20 +0200] "GET /goodscode/011902372492 HTTP/2" 404 17408 "-" "Mozilla/5.0 AppleWebKit/537.36 (KHTML, like Gecko; compatible; ClaudeBot/1.0; +claudebot@anthropic.com)"
74.7.242.55 - - [15/Jun/2026:15:55:21 +0200] "GET /market/013871817249 HTTP/2" 404 17401 "https://schweiz-macher.ch/sitemap-item-1324.xml" "Mozilla/5.0 AppleWebKit/537.36 (KHTML, like Gecko; compatible; GPTBot/1.4; +https://openai.com/gptbot)"
216.73.217.78 - - [15/Jun/2026:15:55:40 +0200] "GET /info/012373294269 HTTP/2" 301 20 "-" "Mozilla/5.0 AppleWebKit/537.36 (KHTML, like Gecko; compatible; ClaudeBot/1.0; +claudebot@anthropic.com)"
216.73.217.78 - - [15/Jun/2026:15:55:43 +0200] "GET /datenschutz/12373294269/ HTTP/2" 301 20 "https://schweiz-macher.ch/info/012373294269" "Mozilla/5.0 AppleWebKit/537.36 (KHTML, like Gecko; compatible; ClaudeBot/1.0; +claudebot@anthropic.com)"
216.73.217.78 - - [15/Jun/2026:15:55:47 +0200] "GET /datenschutz/ HTTP/2" 200 0 "https://schweiz-macher.ch/datenschutz/12373294269/" "Mozilla/5.0 AppleWebKit/537.36 (KHTML, like Gecko; compatible; ClaudeBot/1.0; +claudebot@anthropic.com)"
52.167.144.156 - - [15/Jun/2026:15:56:07 +0200] "GET /special/01742188845 HTTP/2" 200 29434 "-" "Mozilla/5.0 AppleWebKit/537.36 (KHTML, like Gecko; compatible; bingbot/2.0; +http://www.bing.com/bingbot.htm) Chrome/116.0.1938.76 Safari/537.36"
2a00:c1e0:0:1::1:105e - - [15/Jun/2026:15:56:15 +0200] "POST /wp-cron.php?doing_wp_cron=1781531775.4915978908538818359375 HTTP/1.1" 200 20 "-" "WordPress/7.0; https://schweiz-macher.ch"
52.167.144.156 - - [15/Jun/2026:15:56:11 +0200] "GET /products/013587864117 HTTP/2" 200 26589 "-" "Mozilla/5.0 AppleWebKit/537.36 (KHTML, like Gecko; compatible; bingbot/2.0; +http://www.bing.com/bingbot.htm) Chrome/116.0.1938.76 Safari/537.36"
52.167.144.156 - - [15/Jun/2026:15:56:11 +0200] "GET /info/013346515580 HTTP/2" 200 28661 "-" "Mozilla/5.0 AppleWebKit/537.36 (KHTML, like Gecko; compatible; bingbot/2.0; +http://www.bing.com/bingbot.htm) Chrome/116.0.1938.76 Safari/537.36"
