2a03:2880:f814:12:: - - [15/Jun/2026:16:23:10 +0200] "GET /products/013728354866 HTTP/2" 200 0 "-" "meta-externalagent/1.1 (+https://developers.facebook.com/docs/sharing/webmasters/crawler)"
2a03:2880:f814:36:: - - [15/Jun/2026:16:23:10 +0200] "GET /market/01652459846 HTTP/2" 200 0 "-" "meta-externalagent/1.1 (+https://developers.facebook.com/docs/sharing/webmasters/crawler)"
2a03:2880:f814:: - - [15/Jun/2026:16:23:11 +0200] "GET /product/01874895920 HTTP/2" 200 0 "-" "meta-externalagent/1.1 (+https://developers.facebook.com/docs/sharing/webmasters/crawler)"
52.167.144.177 - - [15/Jun/2026:16:23:15 +0200] "GET /info/011578871165 HTTP/2" 200 26200 "-" "Mozilla/5.0 AppleWebKit/537.36 (KHTML, like Gecko; compatible; bingbot/2.0; +http://www.bing.com/bingbot.htm) Chrome/116.0.1938.76 Safari/537.36"
2a03:2880:f814:2a:: - - [15/Jun/2026:16:23:16 +0200] "GET /market/011477399488 HTTP/2" 200 0 "-" "meta-externalagent/1.1 (+https://developers.facebook.com/docs/sharing/webmasters/crawler)"
216.73.217.78 - - [15/Jun/2026:16:23:31 +0200] "GET /entity/013106335190 HTTP/2" 200 0 "-" "Mozilla/5.0 AppleWebKit/537.36 (KHTML, like Gecko; compatible; ClaudeBot/1.0; +claudebot@anthropic.com)"
2a03:2880:f814:42:: - - [15/Jun/2026:16:23:16 +0200] "GET /special/012077408437 HTTP/2" 200 0 "-" "meta-externalagent/1.1 (+https://developers.facebook.com/docs/sharing/webmasters/crawler)"
2a03:2880:f814:40:: - - [15/Jun/2026:16:23:17 +0200] "GET /product/011185475776 HTTP/2" 200 0 "-" "meta-externalagent/1.1 (+https://developers.facebook.com/docs/sharing/webmasters/crawler)"
2a03:2880:f814:1e:: - - [15/Jun/2026:16:23:18 +0200] "GET /shopdetail/014071875475 HTTP/2" 200 0 "-" "meta-externalagent/1.1 (+https://developers.facebook.com/docs/sharing/webmasters/crawler)"
2a03:2880:f814:3:: - - [15/Jun/2026:16:23:19 +0200] "GET /market/011443130791 HTTP/2" 200 0 "-" "meta-externalagent/1.1 (+https://developers.facebook.com/docs/sharing/webmasters/crawler)"
2a03:2880:f814:31:: - - [15/Jun/2026:16:23:20 +0200] "GET /shopbrand/01338619114 HTTP/2" 200 0 "-" "meta-externalagent/1.1 (+https://developers.facebook.com/docs/sharing/webmasters/crawler)"
2a03:2880:f814:1b:: - - [15/Jun/2026:16:23:20 +0200] "GET /goodscode/011948777396 HTTP/2" 200 0 "-" "meta-externalagent/1.1 (+https://developers.facebook.com/docs/sharing/webmasters/crawler)"
2a03:2880:f814:41:: - - [15/Jun/2026:16:23:22 +0200] "GET /shopbrand/012131587512 HTTP/2" 200 0 "-" "meta-externalagent/1.1 (+https://developers.facebook.com/docs/sharing/webmasters/crawler)"
2a03:2880:f814:13:: - - [15/Jun/2026:16:23:23 +0200] "GET /products/012962515402 HTTP/2" 200 0 "-" "meta-externalagent/1.1 (+https://developers.facebook.com/docs/sharing/webmasters/crawler)"
2a03:2880:f814:1:: - - [15/Jun/2026:16:23:23 +0200] "GET /products/0122985188 HTTP/2" 200 0 "-" "meta-externalagent/1.1 (+https://developers.facebook.com/docs/sharing/webmasters/crawler)"
2a03:2880:f814:13:: - - [15/Jun/2026:16:23:24 +0200] "GET /products/011062458347 HTTP/2" 200 0 "-" "meta-externalagent/1.1 (+https://developers.facebook.com/docs/sharing/webmasters/crawler)"
2a03:2880:f814:2d:: - - [15/Jun/2026:16:23:27 +0200] "GET /info/0170574408 HTTP/2" 200 0 "-" "meta-externalagent/1.1 (+https://developers.facebook.com/docs/sharing/webmasters/crawler)"
2a03:2880:f814:8:: - - [15/Jun/2026:16:23:28 +0200] "GET /shopping/012883081699 HTTP/2" 200 0 "-" "meta-externalagent/1.1 (+https://developers.facebook.com/docs/sharing/webmasters/crawler)"
2a03:2880:f814:33:: - - [15/Jun/2026:16:23:17 +0200] "GET /market/01849577572 HTTP/2" 200 0 "-" "meta-externalagent/1.1 (+https://developers.facebook.com/docs/sharing/webmasters/crawler)"
2a03:2880:f814:44:: - - [15/Jun/2026:16:23:17 +0200] "GET /goodscode/01378426891 HTTP/2" 200 0 "-" "meta-externalagent/1.1 (+https://developers.facebook.com/docs/sharing/webmasters/crawler)"
2a03:2880:f814:31:: - - [15/Jun/2026:16:23:18 +0200] "GET /info/013417473235 HTTP/2" 200 0 "-" "meta-externalagent/1.1 (+https://developers.facebook.com/docs/sharing/webmasters/crawler)"
2a03:2880:f814:32:: - - [15/Jun/2026:16:23:18 +0200] "GET /goods/014266796230 HTTP/2" 200 0 "-" "meta-externalagent/1.1 (+https://developers.facebook.com/docs/sharing/webmasters/crawler)"
2a03:2880:f814:21:: - - [15/Jun/2026:16:23:21 +0200] "GET /entity/013364524571 HTTP/2" 200 0 "-" "meta-externalagent/1.1 (+https://developers.facebook.com/docs/sharing/webmasters/crawler)"
2a03:2880:f814:23:: - - [15/Jun/2026:16:23:23 +0200] "GET /special/01259348934 HTTP/2" 200 0 "-" "meta-externalagent/1.1 (+https://developers.facebook.com/docs/sharing/webmasters/crawler)"
2a03:2880:f814:3:: - - [15/Jun/2026:16:23:23 +0200] "GET /product/012395346636 HTTP/2" 200 0 "-" "meta-externalagent/1.1 (+https://developers.facebook.com/docs/sharing/webmasters/crawler)"
2a03:2880:f814:2d:: - - [15/Jun/2026:16:23:24 +0200] "GET /goods/01561686192 HTTP/2" 200 0 "-" "meta-externalagent/1.1 (+https://developers.facebook.com/docs/sharing/webmasters/crawler)"
2a03:2880:f814:40:: - - [15/Jun/2026:16:23:24 +0200] "GET /info/013413933039 HTTP/2" 200 0 "-" "meta-externalagent/1.1 (+https://developers.facebook.com/docs/sharing/webmasters/crawler)"
2a03:2880:f814:17:: - - [15/Jun/2026:16:23:25 +0200] "GET /special/0197615919 HTTP/2" 200 0 "-" "meta-externalagent/1.1 (+https://developers.facebook.com/docs/sharing/webmasters/crawler)"
2a03:2880:f814:: - - [15/Jun/2026:16:23:27 +0200] "GET /info/0169198802 HTTP/2" 200 0 "-" "meta-externalagent/1.1 (+https://developers.facebook.com/docs/sharing/webmasters/crawler)"
2a03:2880:f814:20:: - - [15/Jun/2026:16:23:27 +0200] "GET /goodscode/012642659599 HTTP/2" 200 0 "-" "meta-externalagent/1.1 (+https://developers.facebook.com/docs/sharing/webmasters/crawler)"
2a03:2880:f814:8:: - - [15/Jun/2026:16:23:29 +0200] "GET /goods/01723159615 HTTP/2" 200 0 "-" "meta-externalagent/1.1 (+https://developers.facebook.com/docs/sharing/webmasters/crawler)"
2a03:2880:f814:39:: - - [15/Jun/2026:16:23:29 +0200] "GET /items/012412094541 HTTP/2" 200 0 "-" "meta-externalagent/1.1 (+https://developers.facebook.com/docs/sharing/webmasters/crawler)"
2a03:2880:f814:28:: - - [15/Jun/2026:16:23:30 +0200] "GET /shopbrand/013829938069 HTTP/2" 200 0 "-" "meta-externalagent/1.1 (+https://developers.facebook.com/docs/sharing/webmasters/crawler)"
2a03:2880:f814:2f:: - - [15/Jun/2026:16:23:31 +0200] "GET /shopbrand/012301196261 HTTP/2" 200 0 "-" "meta-externalagent/1.1 (+https://developers.facebook.com/docs/sharing/webmasters/crawler)"
2a03:2880:f814:40:: - - [15/Jun/2026:16:23:31 +0200] "GET /shopping/012820561623 HTTP/2" 200 0 "-" "meta-externalagent/1.1 (+https://developers.facebook.com/docs/sharing/webmasters/crawler)"
2a03:2880:f814:3c:: - - [15/Jun/2026:16:23:32 +0200] "GET /goods/012897616536 HTTP/2" 200 0 "-" "meta-externalagent/1.1 (+https://developers.facebook.com/docs/sharing/webmasters/crawler)"
2a03:2880:f814:44:: - - [15/Jun/2026:16:23:32 +0200] "GET /info/012916529031 HTTP/2" 200 0 "-" "meta-externalagent/1.1 (+https://developers.facebook.com/docs/sharing/webmasters/crawler)"
2a03:2880:f814:37:: - - [15/Jun/2026:16:23:33 +0200] "GET /special/013373865654 HTTP/2" 200 0 "-" "meta-externalagent/1.1 (+https://developers.facebook.com/docs/sharing/webmasters/crawler)"
2a03:2880:f814:7:: - - [15/Jun/2026:16:23:34 +0200] "GET /entity/013861386533 HTTP/2" 200 0 "-" "meta-externalagent/1.1 (+https://developers.facebook.com/docs/sharing/webmasters/crawler)"
2a03:2880:f814:31:: - - [15/Jun/2026:16:23:20 +0200] "GET /goodscode/011124120192 HTTP/2" 200 0 "-" "meta-externalagent/1.1 (+https://developers.facebook.com/docs/sharing/webmasters/crawler)"
2a03:2880:f814:20:: - - [15/Jun/2026:16:23:21 +0200] "GET /product/011174922578 HTTP/2" 200 0 "-" "meta-externalagent/1.1 (+https://developers.facebook.com/docs/sharing/webmasters/crawler)"
2a03:2880:f814:2d:: - - [15/Jun/2026:16:23:21 +0200] "GET /item/011792452319 HTTP/2" 200 0 "-" "meta-externalagent/1.1 (+https://developers.facebook.com/docs/sharing/webmasters/crawler)"
2a03:2880:f814:14:: - - [15/Jun/2026:16:23:25 +0200] "GET /goodscode/01800051005 HTTP/2" 200 0 "-" "meta-externalagent/1.1 (+https://developers.facebook.com/docs/sharing/webmasters/crawler)"
2a03:2880:f814:7:: - - [15/Jun/2026:16:23:25 +0200] "GET /shopbrand/012135127740 HTTP/2" 200 0 "-" "meta-externalagent/1.1 (+https://developers.facebook.com/docs/sharing/webmasters/crawler)"
2a03:2880:f814:3c:: - - [15/Jun/2026:16:23:26 +0200] "GET /shopdetail/011597898459 HTTP/2" 200 0 "-" "meta-externalagent/1.1 (+https://developers.facebook.com/docs/sharing/webmasters/crawler)"
2a03:2880:f814:28:: - - [15/Jun/2026:16:23:26 +0200] "GET /entity/01703476448 HTTP/2" 200 0 "-" "meta-externalagent/1.1 (+https://developers.facebook.com/docs/sharing/webmasters/crawler)"
2a03:2880:f814:30:: - - [15/Jun/2026:16:23:29 +0200] "GET /shopbrand/013838067085 HTTP/2" 200 0 "-" "meta-externalagent/1.1 (+https://developers.facebook.com/docs/sharing/webmasters/crawler)"
52.167.144.177 - - [15/Jun/2026:16:23:18 +0200] "GET /shopbrand/012410633415 HTTP/2" 200 26637 "-" "Mozilla/5.0 AppleWebKit/537.36 (KHTML, like Gecko; compatible; bingbot/2.0; +http://www.bing.com/bingbot.htm) Chrome/116.0.1938.76 Safari/537.36"
2a03:2880:f814:31:: - - [15/Jun/2026:16:23:30 +0200] "GET /shopbrand/011086477021 HTTP/2" 200 0 "-" "meta-externalagent/1.1 (+https://developers.facebook.com/docs/sharing/webmasters/crawler)"
2a03:2880:f814:b:: - - [15/Jun/2026:16:23:32 +0200] "GET /shopbrand/013424831579 HTTP/2" 200 0 "-" "meta-externalagent/1.1 (+https://developers.facebook.com/docs/sharing/webmasters/crawler)"
20.15.133.184 - - [15/Jun/2026:16:23:34 +0200] "GET /special/011312710398 HTTP/2" 200 27638 "-" "Mozilla/5.0 AppleWebKit/537.36 (KHTML, like Gecko; compatible; bingbot/2.0; +http://www.bing.com/bingbot.htm) Chrome/116.0.1938.76 Safari/537.36"
2a03:2880:f814:41:: - - [15/Jun/2026:16:23:33 +0200] "GET /shopping/011560255272 HTTP/2" 200 0 "-" "meta-externalagent/1.1 (+https://developers.facebook.com/docs/sharing/webmasters/crawler)"
2a03:2880:f814:29:: - - [15/Jun/2026:16:23:33 +0200] "GET /shopbrand/014089575887 HTTP/2" 200 0 "-" "meta-externalagent/1.1 (+https://developers.facebook.com/docs/sharing/webmasters/crawler)"
2a03:2880:f814:42:: - - [15/Jun/2026:16:23:34 +0200] "GET /goodscode/012005333062 HTTP/2" 200 0 "-" "meta-externalagent/1.1 (+https://developers.facebook.com/docs/sharing/webmasters/crawler)"
2a03:2880:f814:1:: - - [15/Jun/2026:16:23:35 +0200] "GET /products/013572586229 HTTP/2" 200 0 "-" "meta-externalagent/1.1 (+https://developers.facebook.com/docs/sharing/webmasters/crawler)"
2a03:2880:f814:d:: - - [15/Jun/2026:16:23:35 +0200] "GET /detail/014100570512 HTTP/2" 200 0 "-" "meta-externalagent/1.1 (+https://developers.facebook.com/docs/sharing/webmasters/crawler)"
2a03:2880:f814:3c:: - - [15/Jun/2026:16:23:36 +0200] "GET /market/0167986703 HTTP/2" 200 0 "-" "meta-externalagent/1.1 (+https://developers.facebook.com/docs/sharing/webmasters/crawler)"
2a03:2880:f814:14:: - - [15/Jun/2026:16:23:37 +0200] "GET /special/0189486903 HTTP/2" 200 0 "-" "meta-externalagent/1.1 (+https://developers.facebook.com/docs/sharing/webmasters/crawler)"
2a03:2880:f814:: - - [15/Jun/2026:16:23:37 +0200] "GET /item/012090567652 HTTP/2" 200 0 "-" "meta-externalagent/1.1 (+https://developers.facebook.com/docs/sharing/webmasters/crawler)"
2a03:2880:f814:2e:: - - [15/Jun/2026:16:23:28 +0200] "GET /entity/013788313275 HTTP/2" 200 0 "-" "meta-externalagent/1.1 (+https://developers.facebook.com/docs/sharing/webmasters/crawler)"
2a03:2880:f814:1e:: - - [15/Jun/2026:16:23:30 +0200] "GET /goods/013397185134 HTTP/2" 200 0 "-" "meta-externalagent/1.1 (+https://developers.facebook.com/docs/sharing/webmasters/crawler)"
2a03:2880:f814:a:: - - [15/Jun/2026:16:23:32 +0200] "GET /products/01481785008 HTTP/2" 200 0 "-" "meta-externalagent/1.1 (+https://developers.facebook.com/docs/sharing/webmasters/crawler)"
2a03:2880:f814:14:: - - [15/Jun/2026:16:23:35 +0200] "GET /special/01297157827 HTTP/2" 200 0 "-" "meta-externalagent/1.1 (+https://developers.facebook.com/docs/sharing/webmasters/crawler)"
2a03:2880:f814:18:: - - [15/Jun/2026:16:23:37 +0200] "GET /goods/013228698709 HTTP/2" 200 0 "-" "meta-externalagent/1.1 (+https://developers.facebook.com/docs/sharing/webmasters/crawler)"
2a03:2880:f814:1b:: - - [15/Jun/2026:16:23:39 +0200] "GET /goodscode/014070663392 HTTP/2" 404 99538 "-" "meta-externalagent/1.1 (+https://developers.facebook.com/docs/sharing/webmasters/crawler)"
2a03:2880:f814:31:: - - [15/Jun/2026:16:23:39 +0200] "GET /special/01865113394 HTTP/2" 200 0 "-" "meta-externalagent/1.1 (+https://developers.facebook.com/docs/sharing/webmasters/crawler)"
2a03:2880:f814:3:: - - [15/Jun/2026:16:23:39 +0200] "GET /goodscode/013875710256 HTTP/2" 200 0 "-" "meta-externalagent/1.1 (+https://developers.facebook.com/docs/sharing/webmasters/crawler)"
2a03:2880:f814:e:: - - [15/Jun/2026:16:23:40 +0200] "GET /items/013565409720 HTTP/2" 200 0 "-" "meta-externalagent/1.1 (+https://developers.facebook.com/docs/sharing/webmasters/crawler)"
2a03:2880:f814:28:: - - [15/Jun/2026:16:23:42 +0200] "GET /products/011754809148 HTTP/2" 200 0 "-" "meta-externalagent/1.1 (+https://developers.facebook.com/docs/sharing/webmasters/crawler)"
2a03:2880:f814:a:: - - [15/Jun/2026:16:23:45 +0200] "GET /special/013959387405 HTTP/2" 200 0 "-" "meta-externalagent/1.1 (+https://developers.facebook.com/docs/sharing/webmasters/crawler)"
2a03:2880:f814:: - - [15/Jun/2026:16:23:45 +0200] "GET /market/01646495452 HTTP/2" 200 0 "-" "meta-externalagent/1.1 (+https://developers.facebook.com/docs/sharing/webmasters/crawler)"
2a03:2880:f814:29:: - - [15/Jun/2026:16:23:45 +0200] "GET /product/014023301383 HTTP/2" 200 0 "-" "meta-externalagent/1.1 (+https://developers.facebook.com/docs/sharing/webmasters/crawler)"
2a03:2880:f814:12:: - - [15/Jun/2026:16:23:45 +0200] "GET /info/011541131663 HTTP/2" 200 0 "-" "meta-externalagent/1.1 (+https://developers.facebook.com/docs/sharing/webmasters/crawler)"
2a03:2880:f814:24:: - - [15/Jun/2026:16:23:47 +0200] "GET /items/012611636465 HTTP/2" 200 0 "-" "meta-externalagent/1.1 (+https://developers.facebook.com/docs/sharing/webmasters/crawler)"
2a03:2880:f814:2a:: - - [15/Jun/2026:16:23:48 +0200] "GET /shopbrand/013677388957 HTTP/2" 200 0 "-" "meta-externalagent/1.1 (+https://developers.facebook.com/docs/sharing/webmasters/crawler)"
216.73.217.78 - - [15/Jun/2026:16:24:04 +0200] "GET /items/013546985194 HTTP/2" 200 0 "-" "Mozilla/5.0 AppleWebKit/537.36 (KHTML, like Gecko; compatible; ClaudeBot/1.0; +claudebot@anthropic.com)"
2a03:2880:f814:3e:: - - [15/Jun/2026:16:23:50 +0200] "GET /shopping/012302408360 HTTP/2" 200 0 "-" "meta-externalagent/1.1 (+https://developers.facebook.com/docs/sharing/webmasters/crawler)"
2a03:2880:f814:6:: - - [15/Jun/2026:16:23:51 +0200] "GET /special/012320879428 HTTP/2" 200 0 "-" "meta-externalagent/1.1 (+https://developers.facebook.com/docs/sharing/webmasters/crawler)"
74.7.242.55 - - [15/Jun/2026:16:23:47 +0200] "GET /entity/012364544309 HTTP/2" 200 0 "https://schweiz-macher.ch/sitemap-item-2644.xml" "Mozilla/5.0 AppleWebKit/537.36 (KHTML, like Gecko; compatible; GPTBot/1.4; +https://openai.com/gptbot)"
2a03:2880:f814:2e:: - - [15/Jun/2026:16:23:52 +0200] "GET /shopbrand/012819349524 HTTP/2" 200 0 "-" "meta-externalagent/1.1 (+https://developers.facebook.com/docs/sharing/webmasters/crawler)"
2a03:2880:f814:16:: - - [15/Jun/2026:16:23:34 +0200] "GET /shopdetail/01823930011 HTTP/2" 200 0 "-" "meta-externalagent/1.1 (+https://developers.facebook.com/docs/sharing/webmasters/crawler)"
2a03:2880:f814:43:: - - [15/Jun/2026:16:23:39 +0200] "GET /shopdetail/01637365483 HTTP/2" 200 0 "-" "meta-externalagent/1.1 (+https://developers.facebook.com/docs/sharing/webmasters/crawler)"
2a03:2880:f814:11:: - - [15/Jun/2026:16:23:39 +0200] "GET /goodscode/01220493680 HTTP/2" 200 0 "-" "meta-externalagent/1.1 (+https://developers.facebook.com/docs/sharing/webmasters/crawler)"
216.73.217.78 - - [15/Jun/2026:16:23:55 +0200] "GET /entity/012223320421 HTTP/2" 200 0 "-" "Mozilla/5.0 AppleWebKit/537.36 (KHTML, like Gecko; compatible; ClaudeBot/1.0; +claudebot@anthropic.com)"
2a03:2880:f814:d:: - - [15/Jun/2026:16:23:40 +0200] "GET /goods/012539561090 HTTP/2" 200 0 "-" "meta-externalagent/1.1 (+https://developers.facebook.com/docs/sharing/webmasters/crawler)"
2a03:2880:f814:27:: - - [15/Jun/2026:16:23:40 +0200] "GET /items/013120612136 HTTP/2" 200 0 "-" "meta-externalagent/1.1 (+https://developers.facebook.com/docs/sharing/webmasters/crawler)"
2a03:2880:f814:2e:: - - [15/Jun/2026:16:23:41 +0200] "GET /info/011895646913 HTTP/2" 200 0 "-" "meta-externalagent/1.1 (+https://developers.facebook.com/docs/sharing/webmasters/crawler)"
2a03:2880:f814:1e:: - - [15/Jun/2026:16:23:42 +0200] "GET /product/01585958131 HTTP/2" 200 0 "-" "meta-externalagent/1.1 (+https://developers.facebook.com/docs/sharing/webmasters/crawler)"
2a03:2880:f814:8:: - - [15/Jun/2026:16:23:42 +0200] "GET /shopping/012280857483 HTTP/2" 200 0 "-" "meta-externalagent/1.1 (+https://developers.facebook.com/docs/sharing/webmasters/crawler)"
2a03:2880:f814:32:: - - [15/Jun/2026:16:23:44 +0200] "GET /item/012396558735 HTTP/2" 200 0 "-" "meta-externalagent/1.1 (+https://developers.facebook.com/docs/sharing/webmasters/crawler)"
2a03:2880:f814:12:: - - [15/Jun/2026:16:23:45 +0200] "GET /market/012660014653 HTTP/2" 200 0 "-" "meta-externalagent/1.1 (+https://developers.facebook.com/docs/sharing/webmasters/crawler)"
2a03:2880:f814:6:: - - [15/Jun/2026:16:23:46 +0200] "GET /shopdetail/013300837804 HTTP/2" 200 0 "-" "meta-externalagent/1.1 (+https://developers.facebook.com/docs/sharing/webmasters/crawler)"
2a03:2880:f814:23:: - - [15/Jun/2026:16:23:48 +0200] "GET /shopdetail/013157695765 HTTP/2" 200 0 "-" "meta-externalagent/1.1 (+https://developers.facebook.com/docs/sharing/webmasters/crawler)"
2a03:2880:f814:43:: - - [15/Jun/2026:16:23:48 +0200] "GET /items/013266178357 HTTP/2" 200 0 "-" "meta-externalagent/1.1 (+https://developers.facebook.com/docs/sharing/webmasters/crawler)"
2a03:2880:f814:31:: - - [15/Jun/2026:16:23:49 +0200] "GET /detail/011169169298 HTTP/2" 200 0 "-" "meta-externalagent/1.1 (+https://developers.facebook.com/docs/sharing/webmasters/crawler)"
2a03:2880:f814:3e:: - - [15/Jun/2026:16:23:50 +0200] "GET /market/01843613162 HTTP/2" 200 0 "-" "meta-externalagent/1.1 (+https://developers.facebook.com/docs/sharing/webmasters/crawler)"
2a03:2880:f814:19:: - - [15/Jun/2026:16:23:50 +0200] "GET /detail/01560474093 HTTP/2" 200 0 "-" "meta-externalagent/1.1 (+https://developers.facebook.com/docs/sharing/webmasters/crawler)"
2a03:2880:f814:8:: - - [15/Jun/2026:16:23:50 +0200] "GET /goods/011322677244 HTTP/2" 200 0 "-" "meta-externalagent/1.1 (+https://developers.facebook.com/docs/sharing/webmasters/crawler)"
2a03:2880:f814:31:: - - [15/Jun/2026:16:23:52 +0200] "GET /entity/01260301441 HTTP/2" 200 0 "-" "meta-externalagent/1.1 (+https://developers.facebook.com/docs/sharing/webmasters/crawler)"
2a03:2880:f814:11:: - - [15/Jun/2026:16:23:54 +0200] "GET /products/013977692751 HTTP/2" 200 0 "-" "meta-externalagent/1.1 (+https://developers.facebook.com/docs/sharing/webmasters/crawler)"
2a03:2880:f814:2a:: - - [15/Jun/2026:16:23:55 +0200] "GET /entity/01701052234 HTTP/2" 200 0 "-" "meta-externalagent/1.1 (+https://developers.facebook.com/docs/sharing/webmasters/crawler)"
2a03:2880:f814:41:: - - [15/Jun/2026:16:23:37 +0200] "GET /shopdetail/012046778268 HTTP/2" 200 0 "-" "meta-externalagent/1.1 (+https://developers.facebook.com/docs/sharing/webmasters/crawler)"
2a03:2880:f814:e:: - - [15/Jun/2026:16:23:37 +0200] "GET /product/012425026529 HTTP/2" 200 0 "-" "meta-externalagent/1.1 (+https://developers.facebook.com/docs/sharing/webmasters/crawler)"
2a03:2880:f814:7:: - - [15/Jun/2026:16:23:42 +0200] "GET /entity/011980456173 HTTP/2" 200 0 "-" "meta-externalagent/1.1 (+https://developers.facebook.com/docs/sharing/webmasters/crawler)"
2a03:2880:f814:19:: - - [15/Jun/2026:16:23:42 +0200] "GET /shopbrand/013680929169 HTTP/2" 200 0 "-" "meta-externalagent/1.1 (+https://developers.facebook.com/docs/sharing/webmasters/crawler)"
2a03:2880:f814:1:: - - [15/Jun/2026:16:23:43 +0200] "GET /items/014140378273 HTTP/2" 200 0 "-" "meta-externalagent/1.1 (+https://developers.facebook.com/docs/sharing/webmasters/crawler)"
52.167.144.177 - - [15/Jun/2026:16:23:48 +0200] "GET /special/011270438955 HTTP/2" 200 26669 "-" "Mozilla/5.0 AppleWebKit/537.36 (KHTML, like Gecko; compatible; bingbot/2.0; +http://www.bing.com/bingbot.htm) Chrome/116.0.1938.76 Safari/537.36"
2a03:2880:f814:31:: - - [15/Jun/2026:16:23:44 +0200] "GET /market/014227940976 HTTP/2" 200 0 "-" "meta-externalagent/1.1 (+https://developers.facebook.com/docs/sharing/webmasters/crawler)"
2a03:2880:f814:3a:: - - [15/Jun/2026:16:23:46 +0200] "GET /products/014180774871 HTTP/2" 200 0 "-" "meta-externalagent/1.1 (+https://developers.facebook.com/docs/sharing/webmasters/crawler)"
2a03:2880:f814:16:: - - [15/Jun/2026:16:23:46 +0200] "GET /shopdetail/012864169204 HTTP/2" 200 0 "-" "meta-externalagent/1.1 (+https://developers.facebook.com/docs/sharing/webmasters/crawler)"
2a03:2880:f814:3:: - - [15/Jun/2026:16:23:48 +0200] "GET /item/012589087657 HTTP/2" 200 0 "-" "meta-externalagent/1.1 (+https://developers.facebook.com/docs/sharing/webmasters/crawler)"
2a03:2880:f814:34:: - - [15/Jun/2026:16:23:50 +0200] "GET /product/011042333737 HTTP/2" 200 0 "-" "meta-externalagent/1.1 (+https://developers.facebook.com/docs/sharing/webmasters/crawler)"
2a03:2880:f814:16:: - - [15/Jun/2026:16:23:51 +0200] "GET /goodscode/01381967103 HTTP/2" 200 0 "-" "meta-externalagent/1.1 (+https://developers.facebook.com/docs/sharing/webmasters/crawler)"
2a03:2880:f814:6:: - - [15/Jun/2026:16:23:52 +0200] "GET /detail/011774933742 HTTP/2" 200 0 "-" "meta-externalagent/1.1 (+https://developers.facebook.com/docs/sharing/webmasters/crawler)"
2a03:2880:f814:28:: - - [15/Jun/2026:16:23:54 +0200] "GET /detail/011737124849 HTTP/2" 200 0 "-" "meta-externalagent/1.1 (+https://developers.facebook.com/docs/sharing/webmasters/crawler)"
2a03:2880:f814:34:: - - [15/Jun/2026:16:23:56 +0200] "GET /product/014054356914 HTTP/2" 200 0 "-" "meta-externalagent/1.1 (+https://developers.facebook.com/docs/sharing/webmasters/crawler)"
2a03:2880:f814:1:: - - [15/Jun/2026:16:23:57 +0200] "GET /goodscode/012173566205 HTTP/2" 404 99593 "-" "meta-externalagent/1.1 (+https://developers.facebook.com/docs/sharing/webmasters/crawler)"
2a03:2880:f814:11:: - - [15/Jun/2026:16:23:58 +0200] "GET /item/013447380355 HTTP/2" 200 0 "-" "meta-externalagent/1.1 (+https://developers.facebook.com/docs/sharing/webmasters/crawler)"
2a03:2880:f814:2f:: - - [15/Jun/2026:16:23:58 +0200] "GET /item/012427614234 HTTP/2" 200 0 "-" "meta-externalagent/1.1 (+https://developers.facebook.com/docs/sharing/webmasters/crawler)"
2a03:2880:f814:4:: - - [15/Jun/2026:16:24:00 +0200] "GET /detail/012890440043 HTTP/2" 200 0 "-" "meta-externalagent/1.1 (+https://developers.facebook.com/docs/sharing/webmasters/crawler)"
2a03:2880:f814:31:: - - [15/Jun/2026:16:24:02 +0200] "GET /item/013633944883 HTTP/2" 200 0 "-" "meta-externalagent/1.1 (+https://developers.facebook.com/docs/sharing/webmasters/crawler)"
2a03:2880:f814:31:: - - [15/Jun/2026:16:24:03 +0200] "GET /goodscode/013292612719 HTTP/2" 200 0 "-" "meta-externalagent/1.1 (+https://developers.facebook.com/docs/sharing/webmasters/crawler)"
2a03:2880:f814:2b:: - - [15/Jun/2026:16:23:53 +0200] "GET /shopdetail/013165824781 HTTP/2" 200 0 "-" "meta-externalagent/1.1 (+https://developers.facebook.com/docs/sharing/webmasters/crawler)"
2a03:2880:f814:39:: - - [15/Jun/2026:16:23:53 +0200] "GET /market/011700857284 HTTP/2" 200 0 "-" "meta-externalagent/1.1 (+https://developers.facebook.com/docs/sharing/webmasters/crawler)"
2a03:2880:f814:32:: - - [15/Jun/2026:16:23:53 +0200] "GET /detail/013152502043 HTTP/2" 200 0 "-" "meta-externalagent/1.1 (+https://developers.facebook.com/docs/sharing/webmasters/crawler)"
2a03:2880:f814:36:: - - [15/Jun/2026:16:23:54 +0200] "GET /product/0161840458 HTTP/2" 200 0 "-" "meta-externalagent/1.1 (+https://developers.facebook.com/docs/sharing/webmasters/crawler)"
2a03:2880:f814:39:: - - [15/Jun/2026:16:23:56 +0200] "GET /info/013763599877 HTTP/2" 200 0 "-" "meta-externalagent/1.1 (+https://developers.facebook.com/docs/sharing/webmasters/crawler)"
2a03:2880:f814:31:: - - [15/Jun/2026:16:23:56 +0200] "GET /shopdetail/012251391790 HTTP/2" 200 0 "-" "meta-externalagent/1.1 (+https://developers.facebook.com/docs/sharing/webmasters/crawler)"
2a03:2880:f814:30:: - - [15/Jun/2026:16:23:57 +0200] "GET /shopbrand/011666034330 HTTP/2" 200 0 "-" "meta-externalagent/1.1 (+https://developers.facebook.com/docs/sharing/webmasters/crawler)"
2a03:2880:f814:31:: - - [15/Jun/2026:16:23:59 +0200] "GET /special/011995761682 HTTP/2" 200 0 "-" "meta-externalagent/1.1 (+https://developers.facebook.com/docs/sharing/webmasters/crawler)"
2a03:2880:f814:20:: - - [15/Jun/2026:16:24:00 +0200] "GET /special/011981668272 HTTP/2" 200 0 "-" "meta-externalagent/1.1 (+https://developers.facebook.com/docs/sharing/webmasters/crawler)"
2a03:2880:f814:31:: - - [15/Jun/2026:16:24:00 +0200] "GET /goods/012891652142 HTTP/2" 200 0 "-" "meta-externalagent/1.1 (+https://developers.facebook.com/docs/sharing/webmasters/crawler)"
20.15.133.184 - - [15/Jun/2026:16:23:58 +0200] "GET /info/012214571859 HTTP/2" 200 25680 "-" "Mozilla/5.0 AppleWebKit/537.36 (KHTML, like Gecko; compatible; bingbot/2.0; +http://www.bing.com/bingbot.htm) Chrome/116.0.1938.76 Safari/537.36"
2a03:2880:f814:26:: - - [15/Jun/2026:16:24:02 +0200] "GET /item/012586923083 HTTP/2" 200 0 "-" "meta-externalagent/1.1 (+https://developers.facebook.com/docs/sharing/webmasters/crawler)"
2a03:2880:f814:6:: - - [15/Jun/2026:16:24:03 +0200] "GET /market/01166151066 HTTP/2" 200 0 "-" "meta-externalagent/1.1 (+https://developers.facebook.com/docs/sharing/webmasters/crawler)"
2a03:2880:f814:21:: - - [15/Jun/2026:16:24:03 +0200] "GET /shopping/01759031129 HTTP/2" 200 0 "-" "meta-externalagent/1.1 (+https://developers.facebook.com/docs/sharing/webmasters/crawler)"
2a03:2880:f814:43:: - - [15/Jun/2026:16:24:04 +0200] "GET /goodscode/011644697637 HTTP/2" 200 0 "-" "meta-externalagent/1.1 (+https://developers.facebook.com/docs/sharing/webmasters/crawler)"
2a03:2880:f814:: - - [15/Jun/2026:16:24:04 +0200] "GET /shopdetail/012250016152 HTTP/2" 200 0 "-" "meta-externalagent/1.1 (+https://developers.facebook.com/docs/sharing/webmasters/crawler)"
2a03:2880:f814:3d:: - - [15/Jun/2026:16:24:05 +0200] "GET /product/012089355569 HTTP/2" 200 0 "-" "meta-externalagent/1.1 (+https://developers.facebook.com/docs/sharing/webmasters/crawler)"
2a03:2880:f814:2f:: - - [15/Jun/2026:16:24:06 +0200] "GET /info/011282869483 HTTP/2" 200 0 "-" "meta-externalagent/1.1 (+https://developers.facebook.com/docs/sharing/webmasters/crawler)"
2a03:2880:f814:42:: - - [15/Jun/2026:16:24:07 +0200] "GET /products/011727553453 HTTP/2" 200 0 "-" "meta-externalagent/1.1 (+https://developers.facebook.com/docs/sharing/webmasters/crawler)"
2a03:2880:f814:40:: - - [15/Jun/2026:16:24:08 +0200] "GET /shopdetail/012689718401 HTTP/2" 200 0 "-" "meta-externalagent/1.1 (+https://developers.facebook.com/docs/sharing/webmasters/crawler)"
2a03:2880:f814:3d:: - - [15/Jun/2026:16:24:09 +0200] "GET /entity/012016100476 HTTP/2" 200 0 "-" "meta-externalagent/1.1 (+https://developers.facebook.com/docs/sharing/webmasters/crawler)"
2a03:2880:f814:2b:: - - [15/Jun/2026:16:23:56 +0200] "GET /shopping/014195705743 HTTP/2" 200 0 "-" "meta-externalagent/1.1 (+https://developers.facebook.com/docs/sharing/webmasters/crawler)"
2a03:2880:f814:b:: - - [15/Jun/2026:16:23:58 +0200] "GET /products/013569046033 HTTP/2" 200 0 "-" "meta-externalagent/1.1 (+https://developers.facebook.com/docs/sharing/webmasters/crawler)"
2a03:2880:f814:28:: - - [15/Jun/2026:16:23:59 +0200] "GET /item/014220582632 HTTP/2" 200 0 "-" "meta-externalagent/1.1 (+https://developers.facebook.com/docs/sharing/webmasters/crawler)"
2a03:2880:f814:16:: - - [15/Jun/2026:16:24:01 +0200] "GET /shopdetail/011428036428 HTTP/2" 200 0 "-" "meta-externalagent/1.1 (+https://developers.facebook.com/docs/sharing/webmasters/crawler)"
2a03:2880:f814:31:: - - [15/Jun/2026:16:24:01 +0200] "GET /shopbrand/01917127863 HTTP/2" 200 0 "-" "meta-externalagent/1.1 (+https://developers.facebook.com/docs/sharing/webmasters/crawler)"
2a03:2880:f814:19:: - - [15/Jun/2026:16:24:01 +0200] "GET /shopdetail/011651874162 HTTP/2" 200 0 "-" "meta-externalagent/1.1 (+https://developers.facebook.com/docs/sharing/webmasters/crawler)"
2a03:2880:f814:17:: - - [15/Jun/2026:16:24:03 +0200] "GET /shopdetail/013660804575 HTTP/2" 200 0 "-" "meta-externalagent/1.1 (+https://developers.facebook.com/docs/sharing/webmasters/crawler)"
2a03:2880:f814:3c:: - - [15/Jun/2026:16:24:06 +0200] "GET /info/012060660532 HTTP/2" 200 0 "-" "meta-externalagent/1.1 (+https://developers.facebook.com/docs/sharing/webmasters/crawler)"
2a03:2880:f814:16:: - - [15/Jun/2026:16:24:06 +0200] "GET /products/012969528388 HTTP/2" 200 0 "-" "meta-externalagent/1.1 (+https://developers.facebook.com/docs/sharing/webmasters/crawler)"
2a03:2880:f814:27:: - - [15/Jun/2026:16:24:07 +0200] "GET /shopdetail/011140474261 HTTP/2" 200 0 "-" "meta-externalagent/1.1 (+https://developers.facebook.com/docs/sharing/webmasters/crawler)"
2a03:2880:f814:2a:: - - [15/Jun/2026:16:24:08 +0200] "GET /goodscode/01384391285 HTTP/2" 200 0 "-" "meta-externalagent/1.1 (+https://developers.facebook.com/docs/sharing/webmasters/crawler)"
2a00:c1e0:0:1::1:105e - - [15/Jun/2026:16:24:17 +0200] "POST /wp-cron.php?doing_wp_cron=1781533457.5611989498138427734375 HTTP/1.1" 200 20 "-" "WordPress/7.0; https://schweiz-macher.ch"
2a03:2880:f814:4:: - - [15/Jun/2026:16:24:09 +0200] "GET /goodscode/013462474750 HTTP/2" 200 0 "-" "meta-externalagent/1.1 (+https://developers.facebook.com/docs/sharing/webmasters/crawler)"
2a03:2880:f814:42:: - - [15/Jun/2026:16:24:10 +0200] "GET /shopdetail/014076464263 HTTP/2" 200 0 "-" "meta-externalagent/1.1 (+https://developers.facebook.com/docs/sharing/webmasters/crawler)"
2a00:c1e0:0:1::1:105e - - [15/Jun/2026:16:24:21 +0200] "POST /wp-cron.php?doing_wp_cron=1781533461.6467349529266357421875 HTTP/1.1" 200 20 "-" "WordPress/7.0; https://schweiz-macher.ch"
2a00:c1e0:0:1::1:105e - - [15/Jun/2026:16:24:21 +0200] "POST /wp-cron.php?doing_wp_cron=1781533461.8378450870513916015625 HTTP/1.1" 200 20 "-" "WordPress/7.0; https://schweiz-macher.ch"
2a00:c1e0:0:1::1:105e - - [15/Jun/2026:16:24:21 +0200] "POST /wp-cron.php?doing_wp_cron=1781533461.9378581047058105468750 HTTP/1.1" 200 20 "-" "WordPress/7.0; https://schweiz-macher.ch"
2a03:2880:f814:1a:: - - [15/Jun/2026:16:24:10 +0200] "GET /market/013932249825 HTTP/2" 200 0 "-" "meta-externalagent/1.1 (+https://developers.facebook.com/docs/sharing/webmasters/crawler)"
2a03:2880:f814:6:: - - [15/Jun/2026:16:24:11 +0200] "GET /market/013085178963 HTTP/2" 200 0 "-" "meta-externalagent/1.1 (+https://developers.facebook.com/docs/sharing/webmasters/crawler)"
2a03:2880:f814:14:: - - [15/Jun/2026:16:24:12 +0200] "GET /product/014215830337 HTTP/2" 200 0 "-" "meta-externalagent/1.1 (+https://developers.facebook.com/docs/sharing/webmasters/crawler)"
2a03:2880:f814:34:: - - [15/Jun/2026:16:24:14 +0200] "GET /shopbrand/014033020221 HTTP/2" 200 0 "-" "meta-externalagent/1.1 (+https://developers.facebook.com/docs/sharing/webmasters/crawler)"
2a03:2880:f814:4:: - - [15/Jun/2026:16:24:04 +0200] "GET /special/011504864114 HTTP/2" 200 0 "-" "meta-externalagent/1.1 (+https://developers.facebook.com/docs/sharing/webmasters/crawler)"
2a03:2880:f814:19:: - - [15/Jun/2026:16:24:07 +0200] "GET /special/01455091054 HTTP/2" 200 0 "-" "meta-externalagent/1.1 (+https://developers.facebook.com/docs/sharing/webmasters/crawler)"
2a03:2880:f814:31:: - - [15/Jun/2026:16:24:08 +0200] "GET /detail/013804619737 HTTP/2" 200 0 "-" "meta-externalagent/1.1 (+https://developers.facebook.com/docs/sharing/webmasters/crawler)"
2a03:2880:f814:f:: - - [15/Jun/2026:16:24:09 +0200] "GET /detail/012985064210 HTTP/2" 200 0 "-" "meta-externalagent/1.1 (+https://developers.facebook.com/docs/sharing/webmasters/crawler)"
2a00:c1e0:0:1::1:105e - - [15/Jun/2026:16:24:15 +0200] "POST /wp-cron.php?doing_wp_cron=1781533455.4809329509735107421875 HTTP/1.1" 200 20 "-" "WordPress/7.0; https://schweiz-macher.ch"
2a03:2880:f814:18:: - - [15/Jun/2026:16:24:10 +0200] "GET /info/0172738998 HTTP/2" 200 0 "-" "meta-externalagent/1.1 (+https://developers.facebook.com/docs/sharing/webmasters/crawler)"
2a03:2880:f814:18:: - - [15/Jun/2026:16:24:12 +0200] "GET /shopbrand/012468634110 HTTP/2" 200 0 "-" "meta-externalagent/1.1 (+https://developers.facebook.com/docs/sharing/webmasters/crawler)"
2a03:2880:f814:22:: - - [15/Jun/2026:16:24:13 +0200] "GET /market/013242858909 HTTP/2" 200 0 "-" "meta-externalagent/1.1 (+https://developers.facebook.com/docs/sharing/webmasters/crawler)"
2a03:2880:f814:17:: - - [15/Jun/2026:16:24:13 +0200] "GET /info/011903775897 HTTP/2" 200 0 "-" "meta-externalagent/1.1 (+https://developers.facebook.com/docs/sharing/webmasters/crawler)"
2a00:c1e0:0:1::1:105e - - [15/Jun/2026:16:24:17 +0200] "POST /wp-cron.php?doing_wp_cron=1781533457.4397950172424316406250 HTTP/1.1" 200 20 "-" "WordPress/7.0; https://schweiz-macher.ch"
52.167.144.177 - - [15/Jun/2026:16:24:09 +0200] "GET /entity/01422345003 HTTP/2" 200 26155 "-" "Mozilla/5.0 AppleWebKit/537.36 (KHTML, like Gecko; compatible; bingbot/2.0; +http://www.bing.com/bingbot.htm) Chrome/116.0.1938.76 Safari/537.36"
2a00:c1e0:0:1::1:105e - - [15/Jun/2026:16:24:17 +0200] "POST /wp-cron.php?doing_wp_cron=1781533457.5528531074523925781250 HTTP/1.1" 200 20 "-" "WordPress/7.0; https://schweiz-macher.ch"
2a03:2880:f814:30:: - - [15/Jun/2026:16:24:15 +0200] "GET /shopdetail/011649449964 HTTP/2" 200 0 "-" "meta-externalagent/1.1 (+https://developers.facebook.com/docs/sharing/webmasters/crawler)"
2a03:2880:f814:17:: - - [15/Jun/2026:16:24:16 +0200] "GET /product/0165380686 HTTP/2" 200 0 "-" "meta-externalagent/1.1 (+https://developers.facebook.com/docs/sharing/webmasters/crawler)"
2a03:2880:f814:36:: - - [15/Jun/2026:16:24:16 +0200] "GET /detail/014264468117 HTTP/2" 200 0 "-" "meta-externalagent/1.1 (+https://developers.facebook.com/docs/sharing/webmasters/crawler)"
2a00:c1e0:0:1::1:105e - - [15/Jun/2026:16:24:18 +0200] "POST /wp-cron.php?doing_wp_cron=1781533458.8373100757598876953125 HTTP/1.1" 200 20 "-" "WordPress/7.0; https://schweiz-macher.ch"
2a03:2880:f814:1b:: - - [15/Jun/2026:16:24:17 +0200] "GET /items/012605672039 HTTP/2" 200 0 "-" "meta-externalagent/1.1 (+https://developers.facebook.com/docs/sharing/webmasters/crawler)"
2a03:2880:f814:22:: - - [15/Jun/2026:16:24:17 +0200] "GET /entity/0190699002 HTTP/2" 200 0 "-" "meta-externalagent/1.1 (+https://developers.facebook.com/docs/sharing/webmasters/crawler)"
2a03:2880:f814:12:: - - [15/Jun/2026:16:24:17 +0200] "GET /detail/01721947516 HTTP/2" 200 0 "-" "meta-externalagent/1.1 (+https://developers.facebook.com/docs/sharing/webmasters/crawler)"
2a03:2880:f814:2d:: - - [15/Jun/2026:16:24:18 +0200] "GET /products/012442986517 HTTP/2" 200 0 "-" "meta-externalagent/1.1 (+https://developers.facebook.com/docs/sharing/webmasters/crawler)"
2a03:2880:f814:33:: - - [15/Jun/2026:16:24:18 +0200] "GET /goodscode/012345592810 HTTP/2" 200 0 "-" "meta-externalagent/1.1 (+https://developers.facebook.com/docs/sharing/webmasters/crawler)"
2a03:2880:f814:32:: - - [15/Jun/2026:16:24:11 +0200] "GET /goodscode/013911354559 HTTP/2" 200 0 "-" "meta-externalagent/1.1 (+https://developers.facebook.com/docs/sharing/webmasters/crawler)"
2a03:2880:f814:6:: - - [15/Jun/2026:16:24:11 +0200] "GET /special/011822359439 HTTP/2" 200 0 "-" "meta-externalagent/1.1 (+https://developers.facebook.com/docs/sharing/webmasters/crawler)"
2a03:2880:f814:13:: - - [15/Jun/2026:16:24:13 +0200] "GET /special/01808557728 HTTP/2" 200 0 "-" "meta-externalagent/1.1 (+https://developers.facebook.com/docs/sharing/webmasters/crawler)"
2a00:c1e0:0:1::1:105e - - [15/Jun/2026:16:24:20 +0200] "POST /wp-cron.php?doing_wp_cron=1781533459.8521449565887451171875 HTTP/1.1" 200 20 "-" "WordPress/7.0; https://schweiz-macher.ch"
216.73.217.78 - - [15/Jun/2026:16:24:28 +0200] "GET /items/011621411865 HTTP/2" 200 0 "-" "Mozilla/5.0 AppleWebKit/537.36 (KHTML, like Gecko; compatible; ClaudeBot/1.0; +claudebot@anthropic.com)"
2a03:2880:f814:8:: - - [15/Jun/2026:16:24:14 +0200] "GET /shopping/013522832419 HTTP/2" 200 0 "-" "meta-externalagent/1.1 (+https://developers.facebook.com/docs/sharing/webmasters/crawler)"
2a03:2880:f814:3c:: - - [15/Jun/2026:16:24:14 +0200] "GET /products/0128949614 HTTP/2" 200 0 "-" "meta-externalagent/1.1 (+https://developers.facebook.com/docs/sharing/webmasters/crawler)"
2a00:c1e0:0:1::1:105e - - [15/Jun/2026:16:24:21 +0200] "POST /wp-cron.php?doing_wp_cron=1781533461.0664160251617431640625 HTTP/1.1" 200 20 "-" "WordPress/7.0; https://schweiz-macher.ch"
2a00:c1e0:0:1::1:105e - - [15/Jun/2026:16:24:21 +0200] "POST /wp-cron.php?doing_wp_cron=1781533461.3703479766845703125000 HTTP/1.1" 200 20 "-" "WordPress/7.0; https://schweiz-macher.ch"
2a03:2880:f814:22:: - - [15/Jun/2026:16:24:17 +0200] "GET /shopdetail/013887475553 HTTP/2" 200 0 "-" "meta-externalagent/1.1 (+https://developers.facebook.com/docs/sharing/webmasters/crawler)"
2a00:c1e0:0:1::1:105e - - [15/Jun/2026:16:24:21 +0200] "POST /wp-cron.php?doing_wp_cron=1781533461.5660650730133056640625 HTTP/1.1" 200 20 "-" "WordPress/7.0; https://schweiz-macher.ch"
2a03:2880:f814:1e:: - - [15/Jun/2026:16:24:20 +0200] "GET /shopbrand/013513491320 HTTP/2" 200 0 "-" "meta-externalagent/1.1 (+https://developers.facebook.com/docs/sharing/webmasters/crawler)"
2a03:2880:f814:36:: - - [15/Jun/2026:16:24:20 +0200] "GET /special/01461055448 HTTP/2" 200 0 "-" "meta-externalagent/1.1 (+https://developers.facebook.com/docs/sharing/webmasters/crawler)"
2a03:2880:f814:31:: - - [15/Jun/2026:16:24:21 +0200] "GET /goods/012543101286 HTTP/2" 200 0 "-" "meta-externalagent/1.1 (+https://developers.facebook.com/docs/sharing/webmasters/crawler)"
2a03:2880:f814:44:: - - [15/Jun/2026:16:24:21 +0200] "GET /products/012113279983 HTTP/2" 200 0 "-" "meta-externalagent/1.1 (+https://developers.facebook.com/docs/sharing/webmasters/crawler)"
2a03:2880:f814:22:: - - [15/Jun/2026:16:24:22 +0200] "GET /goodscode/012693095090 HTTP/2" 200 0 "-" "meta-externalagent/1.1 (+https://developers.facebook.com/docs/sharing/webmasters/crawler)"
2a03:2880:f814:12:: - - [15/Jun/2026:16:24:23 +0200] "GET /items/012771198563 HTTP/2" 200 0 "-" "meta-externalagent/1.1 (+https://developers.facebook.com/docs/sharing/webmasters/crawler)"
2a03:2880:f814:12:: - - [15/Jun/2026:16:24:23 +0200] "GET /entity/012745880231 HTTP/2" 200 0 "-" "meta-externalagent/1.1 (+https://developers.facebook.com/docs/sharing/webmasters/crawler)"
2a03:2880:f814:7:: - - [15/Jun/2026:16:24:23 +0200] "GET /shopbrand/01753230258 HTTP/2" 200 0 "-" "meta-externalagent/1.1 (+https://developers.facebook.com/docs/sharing/webmasters/crawler)"
2a03:2880:f814:43:: - - [15/Jun/2026:16:24:26 +0200] "GET /shopbrand/011965525301 HTTP/2" 200 0 "-" "meta-externalagent/1.1 (+https://developers.facebook.com/docs/sharing/webmasters/crawler)"
2a03:2880:f814:2e:: - - [15/Jun/2026:16:24:26 +0200] "GET /special/01702264349 HTTP/2" 200 0 "-" "meta-externalagent/1.1 (+https://developers.facebook.com/docs/sharing/webmasters/crawler)"
2a03:2880:f814:31:: - - [15/Jun/2026:16:24:16 +0200] "GET /entity/013033442398 HTTP/2" 200 0 "-" "meta-externalagent/1.1 (+https://developers.facebook.com/docs/sharing/webmasters/crawler)"
2a03:2880:f814:3d:: - - [15/Jun/2026:16:24:19 +0200] "GET /shopping/012138764021 HTTP/2" 404 99568 "-" "meta-externalagent/1.1 (+https://developers.facebook.com/docs/sharing/webmasters/crawler)"
2a03:2880:f814:23:: - - [15/Jun/2026:16:24:19 +0200] "GET /info/013406920037 HTTP/2" 200 0 "-" "meta-externalagent/1.1 (+https://developers.facebook.com/docs/sharing/webmasters/crawler)"
2a03:2880:f814:: - - [15/Jun/2026:16:24:20 +0200] "GET /item/01884237019 HTTP/2" 200 0 "-" "meta-externalagent/1.1 (+https://developers.facebook.com/docs/sharing/webmasters/crawler)"
2a03:2880:f814:2:: - - [15/Jun/2026:16:24:21 +0200] "GET /entity/013958175290 HTTP/2" 200 0 "-" "meta-externalagent/1.1 (+https://developers.facebook.com/docs/sharing/webmasters/crawler)"
2a03:2880:f814:11:: - - [15/Jun/2026:16:24:22 +0200] "GET /items/013567833934 HTTP/2" 200 0 "-" "meta-externalagent/1.1 (+https://developers.facebook.com/docs/sharing/webmasters/crawler)"
2a03:2880:f814:16:: - - [15/Jun/2026:16:24:22 +0200] "GET /product/013632732800 HTTP/2" 200 0 "-" "meta-externalagent/1.1 (+https://developers.facebook.com/docs/sharing/webmasters/crawler)"
2a03:2880:f814:b:: - - [15/Jun/2026:16:24:25 +0200] "GET /special/012624959187 HTTP/2" 200 0 "-" "meta-externalagent/1.1 (+https://developers.facebook.com/docs/sharing/webmasters/crawler)"
2a03:2880:f814:1b:: - - [15/Jun/2026:16:24:26 +0200] "GET /detail/012536184401 HTTP/2" 200 0 "-" "meta-externalagent/1.1 (+https://developers.facebook.com/docs/sharing/webmasters/crawler)"
2a03:2880:f814:39:: - - [15/Jun/2026:16:24:29 +0200] "GET /shopdetail/013493366726 HTTP/2" 200 0 "-" "meta-externalagent/1.1 (+https://developers.facebook.com/docs/sharing/webmasters/crawler)"
2a03:2880:f814:33:: - - [15/Jun/2026:16:24:29 +0200] "GET /shopping/01918339962 HTTP/2" 200 0 "-" "meta-externalagent/1.1 (+https://developers.facebook.com/docs/sharing/webmasters/crawler)"
2a03:2880:f814:1a:: - - [15/Jun/2026:16:24:32 +0200] "GET /info/012495164541 HTTP/2" 301 0 "-" "meta-externalagent/1.1 (+https://developers.facebook.com/docs/sharing/webmasters/crawler)"
2a03:2880:f814:31:: - - [15/Jun/2026:16:24:31 +0200] "GET /entity/0197452396 HTTP/2" 200 0 "-" "meta-externalagent/1.1 (+https://developers.facebook.com/docs/sharing/webmasters/crawler)"
2a03:2880:f814:31:: - - [15/Jun/2026:16:24:34 +0200] "GET /entity/012162782694 HTTP/2" 200 0 "-" "meta-externalagent/1.1 (+https://developers.facebook.com/docs/sharing/webmasters/crawler)"
2a03:2880:f814:31:: - - [15/Jun/2026:16:24:34 +0200] "GET /item/011216367752 HTTP/2" 200 0 "-" "meta-externalagent/1.1 (+https://developers.facebook.com/docs/sharing/webmasters/crawler)"
2a03:2880:f814:34:: - - [15/Jun/2026:16:24:36 +0200] "GET /info/012656637964 HTTP/2" 200 0 "-" "meta-externalagent/1.1 (+https://developers.facebook.com/docs/sharing/webmasters/crawler)"
216.73.217.78 - - [15/Jun/2026:16:24:53 +0200] "GET /entity/013383162366 HTTP/2" 200 0 "-" "Mozilla/5.0 AppleWebKit/537.36 (KHTML, like Gecko; compatible; ClaudeBot/1.0; +claudebot@anthropic.com)"
2a03:2880:f814:43:: - - [15/Jun/2026:16:24:37 +0200] "GET /market/01130506779 HTTP/2" 200 0 "-" "meta-externalagent/1.1 (+https://developers.facebook.com/docs/sharing/webmasters/crawler)"
2a03:2880:f814:34:: - - [15/Jun/2026:16:24:39 +0200] "GET /items/01899772809 HTTP/2" 200 0 "-" "meta-externalagent/1.1 (+https://developers.facebook.com/docs/sharing/webmasters/crawler)"
2a03:2880:f814:1:: - - [15/Jun/2026:16:24:40 +0200] "GET /items/012444198616 HTTP/2" 200 0 "-" "meta-externalagent/1.1 (+https://developers.facebook.com/docs/sharing/webmasters/crawler)"
2a03:2880:f814:3b:: - - [15/Jun/2026:16:24:40 +0200] "GET /goodscode/013886263454 HTTP/2" 200 0 "-" "meta-externalagent/1.1 (+https://developers.facebook.com/docs/sharing/webmasters/crawler)"
2a03:2880:f814:1b:: - - [15/Jun/2026:16:24:19 +0200] "GET /items/01184622134 HTTP/2" 200 0 "-" "meta-externalagent/1.1 (+https://developers.facebook.com/docs/sharing/webmasters/crawler)"
2a03:2880:f814:18:: - - [15/Jun/2026:16:24:19 +0200] "GET /shopbrand/011088901203 HTTP/2" 200 0 "-" "meta-externalagent/1.1 (+https://developers.facebook.com/docs/sharing/webmasters/crawler)"
52.167.144.177 - - [15/Jun/2026:16:24:17 +0200] "GET /special/012297474492 HTTP/2" 200 26930 "-" "Mozilla/5.0 AppleWebKit/537.36 (KHTML, like Gecko; compatible; bingbot/2.0; +http://www.bing.com/bingbot.htm) Chrome/116.0.1938.76 Safari/537.36"
2a03:2880:f814:11:: - - [15/Jun/2026:16:24:24 +0200] "GET /product/0159416260 HTTP/2" 200 0 "-" "meta-externalagent/1.1 (+https://developers.facebook.com/docs/sharing/webmasters/crawler)"
2a03:2880:f814:4:: - - [15/Jun/2026:16:24:24 +0200] "GET /products/013992834737 HTTP/2" 200 0 "-" "meta-externalagent/1.1 (+https://developers.facebook.com/docs/sharing/webmasters/crawler)"
2a03:2880:f814:3c:: - - [15/Jun/2026:16:24:25 +0200] "GET /goods/011031828162 HTTP/2" 200 0 "-" "meta-externalagent/1.1 (+https://developers.facebook.com/docs/sharing/webmasters/crawler)"
2a03:2880:f814:e:: - - [15/Jun/2026:16:24:26 +0200] "GET /items/011403930179 HTTP/2" 200 0 "-" "meta-externalagent/1.1 (+https://developers.facebook.com/docs/sharing/webmasters/crawler)"
2a03:2880:f814:1b:: - - [15/Jun/2026:16:24:27 +0200] "GET /goodscode/013295036901 HTTP/2" 200 0 "-" "meta-externalagent/1.1 (+https://developers.facebook.com/docs/sharing/webmasters/crawler)"
2a03:2880:f814:30:: - - [15/Jun/2026:16:24:29 +0200] "GET /market/01682139755 HTTP/2" 200 0 "-" "meta-externalagent/1.1 (+https://developers.facebook.com/docs/sharing/webmasters/crawler)"
2a03:2880:f814:30:: - - [15/Jun/2026:16:24:30 +0200] "GET /market/012059448449 HTTP/2" 200 0 "-" "meta-externalagent/1.1 (+https://developers.facebook.com/docs/sharing/webmasters/crawler)"
2a03:2880:f814:4:: - - [15/Jun/2026:16:24:30 +0200] "GET /detail/012565864278 HTTP/2" 200 0 "-" "meta-externalagent/1.1 (+https://developers.facebook.com/docs/sharing/webmasters/crawler)"
2a03:2880:f814:40:: - - [15/Jun/2026:16:24:31 +0200] "GET /shopping/01920504552 HTTP/2" 200 0 "-" "meta-externalagent/1.1 (+https://developers.facebook.com/docs/sharing/webmasters/crawler)"
2a03:2880:f814:17:: - - [15/Jun/2026:16:24:33 +0200] "GET /info/013086391062 HTTP/2" 200 0 "-" "meta-externalagent/1.1 (+https://developers.facebook.com/docs/sharing/webmasters/crawler)"
2a03:2880:f814:1a:: - - [15/Jun/2026:16:24:35 +0200] "GET /market/011699481678 HTTP/2" 200 0 "-" "meta-externalagent/1.1 (+https://developers.facebook.com/docs/sharing/webmasters/crawler)"
2a03:2880:f814:17:: - - [15/Jun/2026:16:24:36 +0200] "GET /shopdetail/012012509571 HTTP/2" 200 0 "-" "meta-externalagent/1.1 (+https://developers.facebook.com/docs/sharing/webmasters/crawler)"
2a03:2880:f814:28:: - - [15/Jun/2026:16:24:36 +0200] "GET /goodscode/012038553183 HTTP/2" 200 0 "-" "meta-externalagent/1.1 (+https://developers.facebook.com/docs/sharing/webmasters/crawler)"
2a03:2880:f814:30:: - - [15/Jun/2026:16:24:38 +0200] "GET /goodscode/01828682322 HTTP/2" 200 0 "-" "meta-externalagent/1.1 (+https://developers.facebook.com/docs/sharing/webmasters/crawler)"
2a03:2880:f814:43:: - - [15/Jun/2026:16:24:39 +0200] "GET /detail/01308711994 HTTP/2" 200 0 "-" "meta-externalagent/1.1 (+https://developers.facebook.com/docs/sharing/webmasters/crawler)"
2a03:2880:f814:30:: - - [15/Jun/2026:16:24:41 +0200] "GET /detail/01727911910 HTTP/2" 200 0 "-" "meta-externalagent/1.1 (+https://developers.facebook.com/docs/sharing/webmasters/crawler)"
2a03:2880:f814:40:: - - [15/Jun/2026:16:24:42 +0200] "GET /shopdetail/014074040081 HTTP/2" 200 0 "-" "meta-externalagent/1.1 (+https://developers.facebook.com/docs/sharing/webmasters/crawler)"
2a03:2880:f814:31:: - - [15/Jun/2026:16:24:44 +0200] "GET /special/013340645565 HTTP/2" 200 0 "-" "meta-externalagent/1.1 (+https://developers.facebook.com/docs/sharing/webmasters/crawler)"
2a03:2880:f814:2a:: - - [15/Jun/2026:16:24:27 +0200] "GET /items/01181081938 HTTP/2" 200 0 "-" "meta-externalagent/1.1 (+https://developers.facebook.com/docs/sharing/webmasters/crawler)"
2a03:2880:f814:31:: - - [15/Jun/2026:16:24:28 +0200] "GET /market/014230365158 HTTP/2" 200 0 "-" "meta-externalagent/1.1 (+https://developers.facebook.com/docs/sharing/webmasters/crawler)"
2a03:2880:f814:31:: - - [15/Jun/2026:16:24:28 +0200] "GET /info/013710999796 HTTP/2" 200 0 "-" "meta-externalagent/1.1 (+https://developers.facebook.com/docs/sharing/webmasters/crawler)"
20.15.133.184 - - [15/Jun/2026:16:24:04 +0200] "GET /special/012971666505 HTTP/2" 200 0 "-" "Mozilla/5.0 AppleWebKit/537.36 (KHTML, like Gecko; compatible; bingbot/2.0; +http://www.bing.com/bingbot.htm) Chrome/116.0.1938.76 Safari/537.36"
2a03:2880:f814:8:: - - [15/Jun/2026:16:24:31 +0200] "GET /shopbrand/013183525161 HTTP/2" 200 0 "-" "meta-externalagent/1.1 (+https://developers.facebook.com/docs/sharing/webmasters/crawler)"
2a03:2880:f814:14:: - - [15/Jun/2026:16:24:31 +0200] "GET /items/011750056821 HTTP/2" 200 0 "-" "meta-externalagent/1.1 (+https://developers.facebook.com/docs/sharing/webmasters/crawler)"
2a03:2880:f814:41:: - - [15/Jun/2026:16:24:31 +0200] "GET /items/012353114661 HTTP/2" 200 0 "-" "meta-externalagent/1.1 (+https://developers.facebook.com/docs/sharing/webmasters/crawler)"
2a03:2880:f814:43:: - - [15/Jun/2026:16:24:32 +0200] "GET /shopping/012270304285 HTTP/2" 200 0 "-" "meta-externalagent/1.1 (+https://developers.facebook.com/docs/sharing/webmasters/crawler)"
2a03:2880:f814:2:: - - [15/Jun/2026:16:24:33 +0200] "GET /detail/011361698236 HTTP/2" 200 0 "-" "meta-externalagent/1.1 (+https://developers.facebook.com/docs/sharing/webmasters/crawler)"
2a03:2880:f814:34:: - - [15/Jun/2026:16:24:34 +0200] "GET /entity/01608852265 HTTP/2" 200 0 "-" "meta-externalagent/1.1 (+https://developers.facebook.com/docs/sharing/webmasters/crawler)"
2a03:2880:f814:6:: - - [15/Jun/2026:16:24:34 +0200] "GET /entity/011500111803 HTTP/2" 200 0 "-" "meta-externalagent/1.1 (+https://developers.facebook.com/docs/sharing/webmasters/crawler)"
20.15.133.184 - - [15/Jun/2026:16:24:34 +0200] "GET /info/012268225969 HTTP/2" 200 27744 "-" "Mozilla/5.0 AppleWebKit/537.36 (KHTML, like Gecko; compatible; bingbot/2.0; +http://www.bing.com/bingbot.htm) Chrome/116.0.1938.76 Safari/537.36"
2a03:2880:f814:39:: - - [15/Jun/2026:16:24:36 +0200] "GET /market/012200425865 HTTP/2" 200 0 "-" "meta-externalagent/1.1 (+https://developers.facebook.com/docs/sharing/webmasters/crawler)"
