52.167.144.189 - - [15/Jun/2026:16:49:20 +0200] "GET /special/013182514135 HTTP/2" 200 25864 "-" "Mozilla/5.0 AppleWebKit/537.36 (KHTML, like Gecko; compatible; bingbot/2.0; +http://www.bing.com/bingbot.htm) Chrome/116.0.1938.76 Safari/537.36"
216.73.217.78 - - [15/Jun/2026:16:49:22 +0200] "GET /goodscode/012472912396 HTTP/2" 404 17404 "-" "Mozilla/5.0 AppleWebKit/537.36 (KHTML, like Gecko; compatible; ClaudeBot/1.0; +claudebot@anthropic.com)"
216.73.217.78 - - [15/Jun/2026:16:49:33 +0200] "GET /entity/012523163388 HTTP/2" 404 17400 "-" "Mozilla/5.0 AppleWebKit/537.36 (KHTML, like Gecko; compatible; ClaudeBot/1.0; +claudebot@anthropic.com)"
2a00:c1e0:0:1::1:105e - - [15/Jun/2026:16:50:16 +0200] "POST /wp-cron.php?doing_wp_cron=1781535016.3233940601348876953125 HTTP/1.1" 200 20 "-" "WordPress/7.0; https://schweiz-macher.ch"
216.73.217.78 - - [15/Jun/2026:16:50:27 +0200] "GET /info/011920939645 HTTP/2" 301 20 "-" "Mozilla/5.0 AppleWebKit/537.36 (KHTML, like Gecko; compatible; ClaudeBot/1.0; +claudebot@anthropic.com)"
216.73.217.78 - - [15/Jun/2026:16:50:30 +0200] "GET /datenschutz/11920939645/ HTTP/2" 301 20 "https://schweiz-macher.ch/info/011920939645" "Mozilla/5.0 AppleWebKit/537.36 (KHTML, like Gecko; compatible; ClaudeBot/1.0; +claudebot@anthropic.com)"
216.73.217.78 - - [15/Jun/2026:16:50:34 +0200] "GET /datenschutz/ HTTP/2" 200 0 "https://schweiz-macher.ch/datenschutz/11920939645/" "Mozilla/5.0 AppleWebKit/537.36 (KHTML, like Gecko; compatible; ClaudeBot/1.0; +claudebot@anthropic.com)"
124.221.140.98 - - [15/Jun/2026:16:50:40 +0200] "GET / HTTP/1.1" 200 12807 "http://schweizmacher-events.ch" "Mozilla/5.0 (iPhone; CPU iPhone OS 13_2_3 like Mac OS X) AppleWebKit/605.1.15 (KHTML, like Gecko) Version/13.0.3 Mobile/15E148 Safari/604.1"
43.132.234.142 - - [15/Jun/2026:16:50:51 +0200] "GET / HTTP/1.1" 200 12807 "-" "Mozilla/5.0 (Windows NT 6.1; Win64; x64) AppleWebKit/537.36 (KHTML, like Gecko) Chrome/79.0.3945.88 Safari/537.36"
216.73.217.78 - - [15/Jun/2026:16:51:18 +0200] "GET /info/014265285566 HTTP/2" 301 20 "-" "Mozilla/5.0 AppleWebKit/537.36 (KHTML, like Gecko; compatible; ClaudeBot/1.0; +claudebot@anthropic.com)"
216.73.217.78 - - [15/Jun/2026:16:51:21 +0200] "GET /datenschutz/14265285566/ HTTP/2" 301 20 "https://schweiz-macher.ch/info/014265285566" "Mozilla/5.0 AppleWebKit/537.36 (KHTML, like Gecko; compatible; ClaudeBot/1.0; +claudebot@anthropic.com)"
216.73.217.78 - - [15/Jun/2026:16:51:25 +0200] "GET /datenschutz/ HTTP/2" 200 0 "https://schweiz-macher.ch/datenschutz/14265285566/" "Mozilla/5.0 AppleWebKit/537.36 (KHTML, like Gecko; compatible; ClaudeBot/1.0; +claudebot@anthropic.com)"
40.77.167.74 - - [15/Jun/2026:16:51:23 +0200] "GET /special/012075236148 HTTP/2" 200 27912 "-" "Mozilla/5.0 AppleWebKit/537.36 (KHTML, like Gecko; compatible; bingbot/2.0; +http://www.bing.com/bingbot.htm) Chrome/116.0.1938.76 Safari/537.36"
40.77.167.74 - - [15/Jun/2026:16:51:22 +0200] "GET /special/01838462474 HTTP/2" 200 29919 "-" "Mozilla/5.0 AppleWebKit/537.36 (KHTML, like Gecko; compatible; bingbot/2.0; +http://www.bing.com/bingbot.htm) Chrome/116.0.1938.76 Safari/537.36"
40.77.167.74 - - [15/Jun/2026:16:51:30 +0200] "GET /info/012050109386 HTTP/2" 200 28701 "-" "Mozilla/5.0 AppleWebKit/537.36 (KHTML, like Gecko; compatible; bingbot/2.0; +http://www.bing.com/bingbot.htm) Chrome/116.0.1938.76 Safari/537.36"
136.144.35.60 - - [15/Jun/2026:16:51:38 +0200] "POST /wp-login.php HTTP/1.1" 200 11344 "-" "Mozilla/5.0"
40.77.167.74 - - [15/Jun/2026:16:51:35 +0200] "GET /special/012094470062 HTTP/2" 200 25950 "-" "Mozilla/5.0 AppleWebKit/537.36 (KHTML, like Gecko; compatible; bingbot/2.0; +http://www.bing.com/bingbot.htm) Chrome/116.0.1938.76 Safari/537.36"
40.77.167.74 - - [15/Jun/2026:16:51:40 +0200] "GET /info/013377844935 HTTP/2" 200 28781 "-" "Mozilla/5.0 AppleWebKit/537.36 (KHTML, like Gecko; compatible; bingbot/2.0; +http://www.bing.com/bingbot.htm) Chrome/116.0.1938.76 Safari/537.36"
40.77.167.74 - - [15/Jun/2026:16:51:45 +0200] "GET /special/01894725816 HTTP/2" 200 25705 "-" "Mozilla/5.0 AppleWebKit/537.36 (KHTML, like Gecko; compatible; bingbot/2.0; +http://www.bing.com/bingbot.htm) Chrome/116.0.1938.76 Safari/537.36"
40.77.167.74 - - [15/Jun/2026:16:51:54 +0200] "GET /special/012268252864 HTTP/2" 200 25801 "-" "Mozilla/5.0 AppleWebKit/537.36 (KHTML, like Gecko; compatible; bingbot/2.0; +http://www.bing.com/bingbot.htm) Chrome/116.0.1938.76 Safari/537.36"
40.77.167.74 - - [15/Jun/2026:16:51:59 +0200] "GET /info/0152204677 HTTP/2" 200 26120 "-" "Mozilla/5.0 AppleWebKit/537.36 (KHTML, like Gecko; compatible; bingbot/2.0; +http://www.bing.com/bingbot.htm) Chrome/116.0.1938.76 Safari/537.36"
40.77.167.74 - - [15/Jun/2026:16:49:53 +0200] "GET /info/012054948047 HTTP/2" 200 28969 "-" "Mozilla/5.0 AppleWebKit/537.36 (KHTML, like Gecko; compatible; bingbot/2.0; +http://www.bing.com/bingbot.htm) Chrome/116.0.1938.76 Safari/537.36"
74.7.242.55 - - [15/Jun/2026:16:50:00 +0200] "GET /market/011004661329 HTTP/2" 404 17399 "https://schweiz-macher.ch/sitemap-item-2517.xml" "Mozilla/5.0 AppleWebKit/537.36 (KHTML, like Gecko; compatible; GPTBot/1.4; +https://openai.com/gptbot)"
40.77.167.74 - - [15/Jun/2026:16:49:28 +0200] "GET /special/011887086543 HTTP/2" 200 26572 "-" "Mozilla/5.0 AppleWebKit/537.36 (KHTML, like Gecko; compatible; bingbot/2.0; +http://www.bing.com/bingbot.htm) Chrome/116.0.1938.76 Safari/537.36"
40.77.167.74 - - [15/Jun/2026:16:50:02 +0200] "GET /special/01720978345 HTTP/2" 200 27507 "-" "Mozilla/5.0 AppleWebKit/537.36 (KHTML, like Gecko; compatible; bingbot/2.0; +http://www.bing.com/bingbot.htm) Chrome/116.0.1938.76 Safari/537.36"
40.77.167.74 - - [15/Jun/2026:16:50:09 +0200] "GET /info/011582705621 HTTP/2" 200 28376 "-" "Mozilla/5.0 AppleWebKit/537.36 (KHTML, like Gecko; compatible; bingbot/2.0; +http://www.bing.com/bingbot.htm) Chrome/116.0.1938.76 Safari/537.36"
40.77.167.74 - - [15/Jun/2026:16:50:15 +0200] "GET /info/011509891955 HTTP/2" 200 27646 "-" "Mozilla/5.0 AppleWebKit/537.36 (KHTML, like Gecko; compatible; bingbot/2.0; +http://www.bing.com/bingbot.htm) Chrome/116.0.1938.76 Safari/537.36"
40.77.167.74 - - [15/Jun/2026:16:50:23 +0200] "GET /special/013071866282 HTTP/2" 200 26491 "-" "Mozilla/5.0 AppleWebKit/537.36 (KHTML, like Gecko; compatible; bingbot/2.0; +http://www.bing.com/bingbot.htm) Chrome/116.0.1938.76 Safari/537.36"
40.77.167.74 - - [15/Jun/2026:16:50:27 +0200] "GET /info/013411729693 HTTP/2" 200 26895 "-" "Mozilla/5.0 AppleWebKit/537.36 (KHTML, like Gecko; compatible; bingbot/2.0; +http://www.bing.com/bingbot.htm) Chrome/116.0.1938.76 Safari/537.36"
40.77.167.74 - - [15/Jun/2026:16:50:43 +0200] "GET /products/013044521285 HTTP/2" 200 25854 "-" "Mozilla/5.0 AppleWebKit/537.36 (KHTML, like Gecko; compatible; bingbot/2.0; +http://www.bing.com/bingbot.htm) Chrome/116.0.1938.76 Safari/537.36"
40.77.167.74 - - [15/Jun/2026:16:50:51 +0200] "GET /info/014084464290 HTTP/2" 200 29007 "-" "Mozilla/5.0 AppleWebKit/537.36 (KHTML, like Gecko; compatible; bingbot/2.0; +http://www.bing.com/bingbot.htm) Chrome/116.0.1938.76 Safari/537.36"
40.77.167.74 - - [15/Jun/2026:16:50:53 +0200] "GET /special/01702256634 HTTP/2" 200 29296 "-" "Mozilla/5.0 AppleWebKit/537.36 (KHTML, like Gecko; compatible; bingbot/2.0; +http://www.bing.com/bingbot.htm) Chrome/116.0.1938.76 Safari/537.36"
40.77.167.74 - - [15/Jun/2026:16:51:03 +0200] "GET /info/012084568168 HTTP/2" 200 26475 "-" "Mozilla/5.0 AppleWebKit/537.36 (KHTML, like Gecko; compatible; bingbot/2.0; +http://www.bing.com/bingbot.htm) Chrome/116.0.1938.76 Safari/537.36"
2a03:2880:f814:2:: - - [15/Jun/2026:16:51:24 +0200] "GET /die-schweiz-braucht-volksmedien-neu/ HTTP/2" 200 232419 "-" "meta-externalagent/1.1 (+https://developers.facebook.com/docs/sharing/webmasters/crawler)"
216.73.217.78 - - [15/Jun/2026:16:51:30 +0200] "GET /items/011613218335 HTTP/2" 404 17408 "-" "Mozilla/5.0 AppleWebKit/537.36 (KHTML, like Gecko; compatible; ClaudeBot/1.0; +claudebot@anthropic.com)"
216.73.217.78 - - [15/Jun/2026:16:51:58 +0200] "GET /goodscode/013685207455 HTTP/2" 404 17395 "-" "Mozilla/5.0 AppleWebKit/537.36 (KHTML, like Gecko; compatible; ClaudeBot/1.0; +claudebot@anthropic.com)"
2a00:c1e0:0:1::1:105e - - [15/Jun/2026:16:52:15 +0200] "POST /wp-cron.php?doing_wp_cron=1781535135.3575909137725830078125 HTTP/1.1" 200 20 "-" "WordPress/7.0; https://schweiz-macher.ch"
216.73.217.78 - - [15/Jun/2026:16:52:11 +0200] "GET /goodscode/012670174029 HTTP/2" 404 17402 "-" "Mozilla/5.0 AppleWebKit/537.36 (KHTML, like Gecko; compatible; ClaudeBot/1.0; +claudebot@anthropic.com)"
216.73.217.78 - - [15/Jun/2026:16:52:25 +0200] "GET /items/011266896615 HTTP/2" 404 17406 "-" "Mozilla/5.0 AppleWebKit/537.36 (KHTML, like Gecko; compatible; ClaudeBot/1.0; +claudebot@anthropic.com)"
216.73.217.78 - - [15/Jun/2026:16:50:00 +0200] "GET /info/013554012748 HTTP/2" 301 20 "-" "Mozilla/5.0 AppleWebKit/537.36 (KHTML, like Gecko; compatible; ClaudeBot/1.0; +claudebot@anthropic.com)"
216.73.217.78 - - [15/Jun/2026:16:50:04 +0200] "GET /datenschutz/13554012748/ HTTP/2" 301 20 "https://schweiz-macher.ch/info/013554012748" "Mozilla/5.0 AppleWebKit/537.36 (KHTML, like Gecko; compatible; ClaudeBot/1.0; +claudebot@anthropic.com)"
216.73.217.78 - - [15/Jun/2026:16:50:12 +0200] "GET /entity/011464467500 HTTP/2" 404 17409 "-" "Mozilla/5.0 AppleWebKit/537.36 (KHTML, like Gecko; compatible; ClaudeBot/1.0; +claudebot@anthropic.com)"
216.73.217.78 - - [15/Jun/2026:16:50:28 +0200] "GET /info/012163773097 HTTP/2" 301 20 "-" "Mozilla/5.0 AppleWebKit/537.36 (KHTML, like Gecko; compatible; ClaudeBot/1.0; +claudebot@anthropic.com)"
216.73.217.78 - - [15/Jun/2026:16:50:32 +0200] "GET /datenschutz/12163773097/ HTTP/2" 301 20 "https://schweiz-macher.ch/info/012163773097" "Mozilla/5.0 AppleWebKit/537.36 (KHTML, like Gecko; compatible; ClaudeBot/1.0; +claudebot@anthropic.com)"
216.73.217.78 - - [15/Jun/2026:16:50:36 +0200] "GET /datenschutz/ HTTP/2" 200 0 "https://schweiz-macher.ch/datenschutz/12163773097/" "Mozilla/5.0 AppleWebKit/537.36 (KHTML, like Gecko; compatible; ClaudeBot/1.0; +claudebot@anthropic.com)"
216.73.217.78 - - [15/Jun/2026:16:50:42 +0200] "GET /item/014239672945 HTTP/2" 404 17400 "-" "Mozilla/5.0 AppleWebKit/537.36 (KHTML, like Gecko; compatible; ClaudeBot/1.0; +claudebot@anthropic.com)"
216.73.217.78 - - [15/Jun/2026:16:50:58 +0200] "GET /info/012492740327 HTTP/2" 301 20 "-" "Mozilla/5.0 AppleWebKit/537.36 (KHTML, like Gecko; compatible; ClaudeBot/1.0; +claudebot@anthropic.com)"
216.73.217.78 - - [15/Jun/2026:16:51:02 +0200] "GET /datenschutz/12492740327/ HTTP/2" 301 20 "https://schweiz-macher.ch/info/012492740327" "Mozilla/5.0 AppleWebKit/537.36 (KHTML, like Gecko; compatible; ClaudeBot/1.0; +claudebot@anthropic.com)"
216.73.217.78 - - [15/Jun/2026:16:51:05 +0200] "GET /datenschutz/ HTTP/2" 200 0 "https://schweiz-macher.ch/datenschutz/12492740327/" "Mozilla/5.0 AppleWebKit/537.36 (KHTML, like Gecko; compatible; ClaudeBot/1.0; +claudebot@anthropic.com)"
74.7.242.55 - - [15/Jun/2026:16:51:05 +0200] "GET /entity/013267861179 HTTP/2" 404 17413 "https://schweiz-macher.ch/sitemap-item-2634.xml" "Mozilla/5.0 AppleWebKit/537.36 (KHTML, like Gecko; compatible; GPTBot/1.4; +https://openai.com/gptbot)"
216.73.217.78 - - [15/Jun/2026:16:51:44 +0200] "GET /entity/012655874321 HTTP/2" 404 17403 "-" "Mozilla/5.0 AppleWebKit/537.36 (KHTML, like Gecko; compatible; ClaudeBot/1.0; +claudebot@anthropic.com)"
74.7.242.55 - - [15/Jun/2026:16:52:09 +0200] "GET /market/012243994661 HTTP/2" 404 17408 "https://schweiz-macher.ch/sitemap-item-2644.xml" "Mozilla/5.0 AppleWebKit/537.36 (KHTML, like Gecko; compatible; GPTBot/1.4; +https://openai.com/gptbot)"
216.73.217.78 - - [15/Jun/2026:16:52:57 +0200] "GET /goods/01899102733 HTTP/2" 404 17411 "-" "Mozilla/5.0 AppleWebKit/537.36 (KHTML, like Gecko; compatible; ClaudeBot/1.0; +claudebot@anthropic.com)"
74.7.242.55 - - [15/Jun/2026:16:53:13 +0200] "GET /market/013974322495 HTTP/2" 404 17408 "https://schweiz-macher.ch/sitemap-item-662.xml" "Mozilla/5.0 AppleWebKit/537.36 (KHTML, like Gecko; compatible; GPTBot/1.4; +https://openai.com/gptbot)"
216.73.217.78 - - [15/Jun/2026:16:53:25 +0200] "GET /goodscode/013250796587 HTTP/2" 404 17405 "-" "Mozilla/5.0 AppleWebKit/537.36 (KHTML, like Gecko; compatible; ClaudeBot/1.0; +claudebot@anthropic.com)"
185.32.124.82 - - [15/Jun/2026:16:53:37 +0200] "GET /.well-known/acme-challenge/OSRW6A7WAXG7TDYV981E_30VI2MS0S9D HTTP/1.1" 404 99697 "-" "Cpanel-HTTP-Client/1.0"
216.73.217.78 - - [15/Jun/2026:16:53:39 +0200] "GET /goodscode/011506142489 HTTP/2" 404 17401 "-" "Mozilla/5.0 AppleWebKit/537.36 (KHTML, like Gecko; compatible; ClaudeBot/1.0; +claudebot@anthropic.com)"
216.73.217.78 - - [15/Jun/2026:16:52:43 +0200] "GET /goodscode/011292293116 HTTP/2" 404 17402 "-" "Mozilla/5.0 AppleWebKit/537.36 (KHTML, like Gecko; compatible; ClaudeBot/1.0; +claudebot@anthropic.com)"
40.77.167.74 - - [15/Jun/2026:16:52:53 +0200] "GET /product/013349546313 HTTP/2" 200 26146 "-" "Mozilla/5.0 AppleWebKit/537.36 (KHTML, like Gecko; compatible; bingbot/2.0; +http://www.bing.com/bingbot.htm) Chrome/116.0.1938.76 Safari/537.36"
40.77.167.74 - - [15/Jun/2026:16:52:33 +0200] "GET /special/011350310867 HTTP/2" 200 26388 "-" "Mozilla/5.0 AppleWebKit/537.36 (KHTML, like Gecko; compatible; bingbot/2.0; +http://www.bing.com/bingbot.htm) Chrome/116.0.1938.76 Safari/537.36"
2a00:c1e0:0:1::1:105e - - [15/Jun/2026:16:53:16 +0200] "POST /wp-cron.php?doing_wp_cron=1781535196.7286379337310791015625 HTTP/1.1" 200 20 "-" "WordPress/7.0; https://schweiz-macher.ch"
216.73.217.78 - - [15/Jun/2026:16:53:11 +0200] "GET /item/01794491010 HTTP/2" 404 17404 "-" "Mozilla/5.0 AppleWebKit/537.36 (KHTML, like Gecko; compatible; ClaudeBot/1.0; +claudebot@anthropic.com)"
40.77.167.74 - - [15/Jun/2026:16:53:23 +0200] "GET /info/011507467773 HTTP/2" 200 30393 "-" "Mozilla/5.0 AppleWebKit/537.36 (KHTML, like Gecko; compatible; bingbot/2.0; +http://www.bing.com/bingbot.htm) Chrome/116.0.1938.76 Safari/537.36"
185.32.124.82 - - [15/Jun/2026:16:53:31 +0200] "GET /.well-known/acme-challenge/MDR50KHJRWR_AHDQ_7GBFUANK81BOLAW HTTP/1.1" 404 99687 "-" "Cpanel-HTTP-Client/1.0"
40.77.167.74 - - [15/Jun/2026:16:53:32 +0200] "GET /special/011637045864 HTTP/2" 200 26034 "-" "Mozilla/5.0 AppleWebKit/537.36 (KHTML, like Gecko; compatible; bingbot/2.0; +http://www.bing.com/bingbot.htm) Chrome/116.0.1938.76 Safari/537.36"
40.77.167.74 - - [15/Jun/2026:16:52:58 +0200] "GET /special/012773895729 HTTP/2" 200 26642 "-" "Mozilla/5.0 AppleWebKit/537.36 (KHTML, like Gecko; compatible; bingbot/2.0; +http://www.bing.com/bingbot.htm) Chrome/116.0.1938.76 Safari/537.36"
40.77.167.74 - - [15/Jun/2026:16:53:40 +0200] "GET /special/011411296222 HTTP/2" 200 26392 "-" "Mozilla/5.0 AppleWebKit/537.36 (KHTML, like Gecko; compatible; bingbot/2.0; +http://www.bing.com/bingbot.htm) Chrome/116.0.1938.76 Safari/537.36"
185.32.124.82 - - [15/Jun/2026:16:53:52 +0200] "GET /.well-known/acme-challenge/6IK8Z6R4HMCWIKFWUMINDLJ43_PVITVQ HTTP/1.1" 404 99657 "-" "Cpanel-HTTP-Client/1.0"
40.77.167.74 - - [15/Jun/2026:16:53:52 +0200] "GET /info/011224056433 HTTP/2" 200 26956 "-" "Mozilla/5.0 AppleWebKit/537.36 (KHTML, like Gecko; compatible; bingbot/2.0; +http://www.bing.com/bingbot.htm) Chrome/116.0.1938.76 Safari/537.36"
185.32.124.82 - - [15/Jun/2026:16:54:04 +0200] "GET /.well-known/acme-challenge/-6RQZMY0U5-96CFQRWQER_JW_XV0_PL7 HTTP/1.1" 404 99657 "-" "Cpanel-HTTP-Client/1.0"
185.32.124.82 - - [15/Jun/2026:16:54:12 +0200] "GET /.well-known/acme-challenge/4BL0LHYT2U5KX57UE47O00_VY963OEOM HTTP/1.1" 404 99667 "-" "Cpanel-HTTP-Client/1.0"
185.32.124.82 - - [15/Jun/2026:16:54:16 +0200] "GET /.well-known/acme-challenge/0_NQYWHR93-U2F8CO-9F0X49M51XO1Q9 HTTP/1.1" 404 99677 "-" "Cpanel-HTTP-Client/1.0"
216.73.217.78 - - [15/Jun/2026:16:54:22 +0200] "GET /info/01291270726 HTTP/2" 301 20 "-" "Mozilla/5.0 AppleWebKit/537.36 (KHTML, like Gecko; compatible; ClaudeBot/1.0; +claudebot@anthropic.com)"
216.73.217.78 - - [15/Jun/2026:16:54:26 +0200] "GET /datenschutz/1291270726/ HTTP/2" 301 20 "https://schweiz-macher.ch/info/01291270726" "Mozilla/5.0 AppleWebKit/537.36 (KHTML, like Gecko; compatible; ClaudeBot/1.0; +claudebot@anthropic.com)"
185.32.124.82 - - [15/Jun/2026:16:54:25 +0200] "GET /.well-known/acme-challenge/2U9Z-Z-8HLN1T3EPGFK12O3IZZL03E-2 HTTP/1.1" 404 99662 "-" "Cpanel-HTTP-Client/1.0"
216.73.217.78 - - [15/Jun/2026:16:54:29 +0200] "GET /datenschutz/ HTTP/2" 200 0 "https://schweiz-macher.ch/datenschutz/1291270726/" "Mozilla/5.0 AppleWebKit/537.36 (KHTML, like Gecko; compatible; ClaudeBot/1.0; +claudebot@anthropic.com)"
40.77.167.74 - - [15/Jun/2026:16:51:49 +0200] "GET /shopbrand/011250382325 HTTP/2" 200 26471 "-" "Mozilla/5.0 AppleWebKit/537.36 (KHTML, like Gecko; compatible; bingbot/2.0; +http://www.bing.com/bingbot.htm) Chrome/116.0.1938.76 Safari/537.36"
40.77.167.74 - - [15/Jun/2026:16:52:06 +0200] "GET /info/01301137108 HTTP/2" 200 30059 "-" "Mozilla/5.0 AppleWebKit/537.36 (KHTML, like Gecko; compatible; bingbot/2.0; +http://www.bing.com/bingbot.htm) Chrome/116.0.1938.76 Safari/537.36"
40.77.167.74 - - [15/Jun/2026:16:52:24 +0200] "GET /info/011834631725 HTTP/2" 200 25928 "-" "Mozilla/5.0 AppleWebKit/537.36 (KHTML, like Gecko; compatible; bingbot/2.0; +http://www.bing.com/bingbot.htm) Chrome/116.0.1938.76 Safari/537.36"
40.77.167.74 - - [15/Jun/2026:16:52:16 +0200] "GET /products/011140033926 HTTP/2" 200 26438 "-" "Mozilla/5.0 AppleWebKit/537.36 (KHTML, like Gecko; compatible; bingbot/2.0; +http://www.bing.com/bingbot.htm) Chrome/116.0.1938.76 Safari/537.36"
216.73.217.78 - - [15/Jun/2026:16:52:40 +0200] "GET /goodscode/01540033030 HTTP/2" 404 17400 "-" "Mozilla/5.0 AppleWebKit/537.36 (KHTML, like Gecko; compatible; ClaudeBot/1.0; +claudebot@anthropic.com)"
185.32.124.82 - - [15/Jun/2026:16:53:42 +0200] "GET /.well-known/acme-challenge/P0EY6MA-2M4TTDDGC0Q8J1VN39IDYX4_ HTTP/1.1" 404 99647 "-" "Cpanel-HTTP-Client/1.0"
52.167.144.237 - - [15/Jun/2026:16:53:54 +0200] "GET /special/012570857481 HTTP/2" 200 26919 "-" "Mozilla/5.0 AppleWebKit/537.36 (KHTML, like Gecko; compatible; bingbot/2.0; +http://www.bing.com/bingbot.htm) Chrome/116.0.1938.76 Safari/537.36"
185.32.124.82 - - [15/Jun/2026:16:54:00 +0200] "GET /.well-known/acme-challenge/P9H6QQFQ0YW1BNQGBUW49SF4WBD672_S HTTP/1.1" 404 99667 "-" "Cpanel-HTTP-Client/1.0"
52.167.144.237 - - [15/Jun/2026:16:53:59 +0200] "GET /info/013516181631 HTTP/2" 200 25546 "-" "Mozilla/5.0 AppleWebKit/537.36 (KHTML, like Gecko; compatible; bingbot/2.0; +http://www.bing.com/bingbot.htm) Chrome/116.0.1938.76 Safari/537.36"
52.167.144.237 - - [15/Jun/2026:16:54:09 +0200] "GET /info/011585293840 HTTP/2" 200 26095 "-" "Mozilla/5.0 AppleWebKit/537.36 (KHTML, like Gecko; compatible; bingbot/2.0; +http://www.bing.com/bingbot.htm) Chrome/116.0.1938.76 Safari/537.36"
52.167.144.237 - - [15/Jun/2026:16:54:16 +0200] "GET /info/01477314556 HTTP/2" 200 26464 "-" "Mozilla/5.0 AppleWebKit/537.36 (KHTML, like Gecko; compatible; bingbot/2.0; +http://www.bing.com/bingbot.htm) Chrome/116.0.1938.76 Safari/537.36"
52.167.144.237 - - [15/Jun/2026:16:54:22 +0200] "GET /info/01817289786 HTTP/2" 200 25866 "-" "Mozilla/5.0 AppleWebKit/537.36 (KHTML, like Gecko; compatible; bingbot/2.0; +http://www.bing.com/bingbot.htm) Chrome/116.0.1938.76 Safari/537.36"
52.167.144.237 - - [15/Jun/2026:16:54:23 +0200] "GET /info/011807153970 HTTP/2" 200 27111 "-" "Mozilla/5.0 AppleWebKit/537.36 (KHTML, like Gecko; compatible; bingbot/2.0; +http://www.bing.com/bingbot.htm) Chrome/116.0.1938.76 Safari/537.36"
45.92.229.102 - - [15/Jun/2026:16:55:10 +0200] "POST /wp-login.php HTTP/1.1" 200 3617 "-" "Mozilla/5.0 (Windows NT 10.0; Win64; rv:143.0) Gecko/20100101 Firefox/143.0"
40.77.167.74 - - [15/Jun/2026:16:55:23 +0200] "GET /info/012170302685 HTTP/2" 200 25990 "-" "Mozilla/5.0 AppleWebKit/537.36 (KHTML, like Gecko; compatible; bingbot/2.0; +http://www.bing.com/bingbot.htm) Chrome/116.0.1938.76 Safari/537.36"
216.73.217.78 - - [15/Jun/2026:16:55:35 +0200] "GET /items/012078930616 HTTP/2" 404 17399 "-" "Mozilla/5.0 AppleWebKit/537.36 (KHTML, like Gecko; compatible; ClaudeBot/1.0; +claudebot@anthropic.com)"
40.77.167.74 - - [15/Jun/2026:16:55:27 +0200] "GET /shopbrand/012506229879 HTTP/2" 200 26618 "-" "Mozilla/5.0 AppleWebKit/537.36 (KHTML, like Gecko; compatible; bingbot/2.0; +http://www.bing.com/bingbot.htm) Chrome/116.0.1938.76 Safari/537.36"
216.73.217.78 - - [15/Jun/2026:16:55:49 +0200] "GET /info/013379608384 HTTP/2" 301 20 "-" "Mozilla/5.0 AppleWebKit/537.36 (KHTML, like Gecko; compatible; ClaudeBot/1.0; +claudebot@anthropic.com)"
216.73.217.78 - - [15/Jun/2026:16:54:35 +0200] "GET /entity/012147872213 HTTP/2" 404 17396 "-" "Mozilla/5.0 AppleWebKit/537.36 (KHTML, like Gecko; compatible; ClaudeBot/1.0; +claudebot@anthropic.com)"
52.167.144.237 - - [15/Jun/2026:16:54:54 +0200] "GET /info/01672541100 HTTP/2" 200 26761 "-" "Mozilla/5.0 AppleWebKit/537.36 (KHTML, like Gecko; compatible; bingbot/2.0; +http://www.bing.com/bingbot.htm) Chrome/116.0.1938.76 Safari/537.36"
52.167.144.237 - - [15/Jun/2026:16:54:57 +0200] "GET /products/013544089883 HTTP/2" 200 26009 "-" "Mozilla/5.0 AppleWebKit/537.36 (KHTML, like Gecko; compatible; bingbot/2.0; +http://www.bing.com/bingbot.htm) Chrome/116.0.1938.76 Safari/537.36"
52.167.144.237 - - [15/Jun/2026:16:55:02 +0200] "GET /shopping/011001544712 HTTP/2" 200 25911 "-" "Mozilla/5.0 AppleWebKit/537.36 (KHTML, like Gecko; compatible; bingbot/2.0; +http://www.bing.com/bingbot.htm) Chrome/116.0.1938.76 Safari/537.36"
216.73.217.78 - - [15/Jun/2026:16:55:04 +0200] "GET /goodscode/01400612581 HTTP/2" 404 17397 "-" "Mozilla/5.0 AppleWebKit/537.36 (KHTML, like Gecko; compatible; ClaudeBot/1.0; +claudebot@anthropic.com)"
52.167.144.237 - - [15/Jun/2026:16:55:05 +0200] "GET /special/012331440325 HTTP/2" 200 26282 "-" "Mozilla/5.0 AppleWebKit/537.36 (KHTML, like Gecko; compatible; bingbot/2.0; +http://www.bing.com/bingbot.htm) Chrome/116.0.1938.76 Safari/537.36"
52.167.144.237 - - [15/Jun/2026:16:55:18 +0200] "GET /special/01422966775 HTTP/2" 200 25832 "-" "Mozilla/5.0 AppleWebKit/537.36 (KHTML, like Gecko; compatible; bingbot/2.0; +http://www.bing.com/bingbot.htm) Chrome/116.0.1938.76 Safari/537.36"
52.167.144.237 - - [15/Jun/2026:16:55:21 +0200] "GET /special/01250962378 HTTP/2" 200 26839 "-" "Mozilla/5.0 AppleWebKit/537.36 (KHTML, like Gecko; compatible; bingbot/2.0; +http://www.bing.com/bingbot.htm) Chrome/116.0.1938.76 Safari/537.36"
216.73.217.78 - - [15/Jun/2026:16:55:32 +0200] "GET /entity/012657249927 HTTP/2" 404 17406 "-" "Mozilla/5.0 AppleWebKit/537.36 (KHTML, like Gecko; compatible; ClaudeBot/1.0; +claudebot@anthropic.com)"
40.77.167.74 - - [15/Jun/2026:16:56:24 +0200] "GET /special/012713428440 HTTP/2" 200 28004 "-" "Mozilla/5.0 AppleWebKit/537.36 (KHTML, like Gecko; compatible; bingbot/2.0; +http://www.bing.com/bingbot.htm) Chrome/116.0.1938.76 Safari/537.36"
40.77.167.74 - - [15/Jun/2026:16:56:30 +0200] "GET /info/012752798240 HTTP/2" 200 26441 "-" "Mozilla/5.0 AppleWebKit/537.36 (KHTML, like Gecko; compatible; bingbot/2.0; +http://www.bing.com/bingbot.htm) Chrome/116.0.1938.76 Safari/537.36"
216.73.217.78 - - [15/Jun/2026:16:56:32 +0200] "GET /entity/012518887212 HTTP/2" 404 17396 "-" "Mozilla/5.0 AppleWebKit/537.36 (KHTML, like Gecko; compatible; ClaudeBot/1.0; +claudebot@anthropic.com)"
40.77.167.74 - - [15/Jun/2026:16:56:35 +0200] "GET /info/011706665886 HTTP/2" 200 26691 "-" "Mozilla/5.0 AppleWebKit/537.36 (KHTML, like Gecko; compatible; bingbot/2.0; +http://www.bing.com/bingbot.htm) Chrome/116.0.1938.76 Safari/537.36"
40.77.167.74 - - [15/Jun/2026:16:56:40 +0200] "GET /special/013172132657 HTTP/2" 200 26075 "-" "Mozilla/5.0 AppleWebKit/537.36 (KHTML, like Gecko; compatible; bingbot/2.0; +http://www.bing.com/bingbot.htm) Chrome/116.0.1938.76 Safari/537.36"
216.73.217.78 - - [15/Jun/2026:16:56:47 +0200] "GET /info/013942598035 HTTP/2" 301 20 "-" "Mozilla/5.0 AppleWebKit/537.36 (KHTML, like Gecko; compatible; ClaudeBot/1.0; +claudebot@anthropic.com)"
40.77.167.74 - - [15/Jun/2026:16:56:48 +0200] "GET /info/011978768794 HTTP/2" 200 25993 "-" "Mozilla/5.0 AppleWebKit/537.36 (KHTML, like Gecko; compatible; bingbot/2.0; +http://www.bing.com/bingbot.htm) Chrome/116.0.1938.76 Safari/537.36"
216.73.217.78 - - [15/Jun/2026:16:56:51 +0200] "GET /datenschutz/13942598035/ HTTP/2" 301 20 "https://schweiz-macher.ch/info/013942598035" "Mozilla/5.0 AppleWebKit/537.36 (KHTML, like Gecko; compatible; ClaudeBot/1.0; +claudebot@anthropic.com)"
40.77.167.74 - - [15/Jun/2026:16:55:50 +0200] "GET /info/011558193256 HTTP/2" 200 25560 "-" "Mozilla/5.0 AppleWebKit/537.36 (KHTML, like Gecko; compatible; bingbot/2.0; +http://www.bing.com/bingbot.htm) Chrome/116.0.1938.76 Safari/537.36"
216.73.217.78 - - [15/Jun/2026:16:55:52 +0200] "GET /datenschutz/13379608384/ HTTP/2" 301 20 "https://schweiz-macher.ch/info/013379608384" "Mozilla/5.0 AppleWebKit/537.36 (KHTML, like Gecko; compatible; ClaudeBot/1.0; +claudebot@anthropic.com)"
40.77.167.74 - - [15/Jun/2026:16:55:54 +0200] "GET /shopbrand/012795641756 HTTP/2" 200 26340 "-" "Mozilla/5.0 AppleWebKit/537.36 (KHTML, like Gecko; compatible; bingbot/2.0; +http://www.bing.com/bingbot.htm) Chrome/116.0.1938.76 Safari/537.36"
216.73.217.78 - - [15/Jun/2026:16:55:54 +0200] "GET /datenschutz/ HTTP/2" 200 25154 "https://schweiz-macher.ch/datenschutz/13379608384/" "Mozilla/5.0 AppleWebKit/537.36 (KHTML, like Gecko; compatible; ClaudeBot/1.0; +claudebot@anthropic.com)"
52.167.144.237 - - [15/Jun/2026:16:55:53 +0200] "GET /info/013237900242 HTTP/2" 200 26172 "-" "Mozilla/5.0 AppleWebKit/537.36 (KHTML, like Gecko; compatible; bingbot/2.0; +http://www.bing.com/bingbot.htm) Chrome/116.0.1938.76 Safari/537.36"
216.73.217.78 - - [15/Jun/2026:16:56:03 +0200] "GET /info/014118098302 HTTP/2" 301 20 "-" "Mozilla/5.0 AppleWebKit/537.36 (KHTML, like Gecko; compatible; ClaudeBot/1.0; +claudebot@anthropic.com)"
52.167.144.237 - - [15/Jun/2026:16:56:02 +0200] "GET /special/013642238310 HTTP/2" 200 27468 "-" "Mozilla/5.0 AppleWebKit/537.36 (KHTML, like Gecko; compatible; bingbot/2.0; +http://www.bing.com/bingbot.htm) Chrome/116.0.1938.76 Safari/537.36"
216.73.217.78 - - [15/Jun/2026:16:56:05 +0200] "GET /datenschutz/14118098302/ HTTP/2" 301 20 "https://schweiz-macher.ch/info/014118098302" "Mozilla/5.0 AppleWebKit/537.36 (KHTML, like Gecko; compatible; ClaudeBot/1.0; +claudebot@anthropic.com)"
52.167.144.237 - - [15/Jun/2026:16:56:06 +0200] "GET /info/014063859660 HTTP/2" 200 25686 "-" "Mozilla/5.0 AppleWebKit/537.36 (KHTML, like Gecko; compatible; bingbot/2.0; +http://www.bing.com/bingbot.htm) Chrome/116.0.1938.76 Safari/537.36"
216.73.217.78 - - [15/Jun/2026:16:56:08 +0200] "GET /datenschutz/ HTTP/2" 200 25145 "https://schweiz-macher.ch/datenschutz/14118098302/" "Mozilla/5.0 AppleWebKit/537.36 (KHTML, like Gecko; compatible; ClaudeBot/1.0; +claudebot@anthropic.com)"
52.167.144.237 - - [15/Jun/2026:16:56:09 +0200] "GET /special/013925723515 HTTP/2" 200 27703 "-" "Mozilla/5.0 AppleWebKit/537.36 (KHTML, like Gecko; compatible; bingbot/2.0; +http://www.bing.com/bingbot.htm) Chrome/116.0.1938.76 Safari/537.36"
216.73.217.78 - - [15/Jun/2026:16:56:17 +0200] "GET /items/013964662833 HTTP/2" 404 17414 "-" "Mozilla/5.0 AppleWebKit/537.36 (KHTML, like Gecko; compatible; ClaudeBot/1.0; +claudebot@anthropic.com)"
52.167.144.237 - - [15/Jun/2026:16:56:17 +0200] "GET /info/012547467112 HTTP/2" 200 28141 "-" "Mozilla/5.0 AppleWebKit/537.36 (KHTML, like Gecko; compatible; bingbot/2.0; +http://www.bing.com/bingbot.htm) Chrome/116.0.1938.76 Safari/537.36"
52.167.144.237 - - [15/Jun/2026:16:56:21 +0200] "GET /special/011398256187 HTTP/2" 200 26521 "-" "Mozilla/5.0 AppleWebKit/537.36 (KHTML, like Gecko; compatible; bingbot/2.0; +http://www.bing.com/bingbot.htm) Chrome/116.0.1938.76 Safari/537.36"
52.167.144.237 - - [15/Jun/2026:16:56:54 +0200] "GET /info/012029420840 HTTP/2" 200 28201 "-" "Mozilla/5.0 AppleWebKit/537.36 (KHTML, like Gecko; compatible; bingbot/2.0; +http://www.bing.com/bingbot.htm) Chrome/116.0.1938.76 Safari/537.36"
52.167.144.237 - - [15/Jun/2026:16:56:58 +0200] "GET /special/731717465781 HTTP/2" 200 26128 "-" "Mozilla/5.0 AppleWebKit/537.36 (KHTML, like Gecko; compatible; bingbot/2.0; +http://www.bing.com/bingbot.htm) Chrome/116.0.1938.76 Safari/537.36"
52.167.144.237 - - [15/Jun/2026:16:57:03 +0200] "GET /info/011588834036 HTTP/2" 200 25938 "-" "Mozilla/5.0 AppleWebKit/537.36 (KHTML, like Gecko; compatible; bingbot/2.0; +http://www.bing.com/bingbot.htm) Chrome/116.0.1938.76 Safari/537.36"
216.73.217.78 - - [15/Jun/2026:16:53:50 +0200] "GET /entity/012066384126 HTTP/2" 404 17408 "-" "Mozilla/5.0 AppleWebKit/537.36 (KHTML, like Gecko; compatible; ClaudeBot/1.0; +claudebot@anthropic.com)"
185.32.124.82 - - [15/Jun/2026:16:53:56 +0200] "GET /.well-known/acme-challenge/4U1HBO0P52G70QRUB2V3MDWZGDPBVZ9C HTTP/1.1" 404 99682 "-" "Cpanel-HTTP-Client/1.0"
216.73.217.78 - - [15/Jun/2026:16:54:05 +0200] "GET /info/013661063381 HTTP/2" 301 20 "-" "Mozilla/5.0 AppleWebKit/537.36 (KHTML, like Gecko; compatible; ClaudeBot/1.0; +claudebot@anthropic.com)"
185.32.124.82 - - [15/Jun/2026:16:54:08 +0200] "GET /.well-known/acme-challenge/WLF_6CSE5LVTYO9NVVYQPRYP68HUMHWF HTTP/1.1" 404 99647 "-" "Cpanel-HTTP-Client/1.0"
216.73.217.78 - - [15/Jun/2026:16:54:09 +0200] "GET /datenschutz/13661063381/ HTTP/2" 301 20 "https://schweiz-macher.ch/info/013661063381" "Mozilla/5.0 AppleWebKit/537.36 (KHTML, like Gecko; compatible; ClaudeBot/1.0; +claudebot@anthropic.com)"
216.73.217.78 - - [15/Jun/2026:16:54:12 +0200] "GET /datenschutz/ HTTP/2" 200 0 "https://schweiz-macher.ch/datenschutz/13661063381/" "Mozilla/5.0 AppleWebKit/537.36 (KHTML, like Gecko; compatible; ClaudeBot/1.0; +claudebot@anthropic.com)"
2a00:c1e0:0:1::1:105e - - [15/Jun/2026:16:54:16 +0200] "POST /wp-cron.php?doing_wp_cron=1781535256.2285609245300292968750 HTTP/1.1" 200 20 "-" "WordPress/7.0; https://schweiz-macher.ch"
216.73.217.78 - - [15/Jun/2026:16:54:17 +0200] "GET /goodscode/01784760412 HTTP/2" 404 17401 "-" "Mozilla/5.0 AppleWebKit/537.36 (KHTML, like Gecko; compatible; ClaudeBot/1.0; +claudebot@anthropic.com)"
74.7.242.55 - - [15/Jun/2026:16:54:18 +0200] "GET /market/012236294921 HTTP/2" 404 17393 "https://schweiz-macher.ch/sitemap-item-2224.xml" "Mozilla/5.0 AppleWebKit/537.36 (KHTML, like Gecko; compatible; GPTBot/1.4; +https://openai.com/gptbot)"
185.32.124.82 - - [15/Jun/2026:16:54:20 +0200] "GET /.well-known/acme-challenge/W334T5SO0W8PYDGSEIUSP3SLPSWOHXRH HTTP/1.1" 404 99657 "-" "Cpanel-HTTP-Client/1.0"
216.73.217.78 - - [15/Jun/2026:16:54:50 +0200] "GET /goodscode/013528277367 HTTP/2" 404 17397 "-" "Mozilla/5.0 AppleWebKit/537.36 (KHTML, like Gecko; compatible; ClaudeBot/1.0; +claudebot@anthropic.com)"
216.73.217.78 - - [15/Jun/2026:16:55:18 +0200] "GET /items/013018599939 HTTP/2" 404 17402 "-" "Mozilla/5.0 AppleWebKit/537.36 (KHTML, like Gecko; compatible; ClaudeBot/1.0; +claudebot@anthropic.com)"
74.7.242.55 - - [15/Jun/2026:16:55:21 +0200] "GET /entity/012364309850 HTTP/2" 404 17405 "https://schweiz-macher.ch/sitemap-item-2829.xml" "Mozilla/5.0 AppleWebKit/537.36 (KHTML, like Gecko; compatible; GPTBot/1.4; +https://openai.com/gptbot)"
74.7.242.55 - - [15/Jun/2026:16:56:21 +0200] "GET /entity/014190352716 HTTP/2" 404 17405 "https://schweiz-macher.ch/sitemap-item-662.xml" "Mozilla/5.0 AppleWebKit/537.36 (KHTML, like Gecko; compatible; GPTBot/1.4; +https://openai.com/gptbot)"
216.73.217.78 - - [15/Jun/2026:16:57:17 +0200] "GET /entity/013161149763 HTTP/2" 404 17404 "-" "Mozilla/5.0 AppleWebKit/537.36 (KHTML, like Gecko; compatible; ClaudeBot/1.0; +claudebot@anthropic.com)"
74.7.242.55 - - [15/Jun/2026:16:57:24 +0200] "GET /entity/012299467844 HTTP/2" 404 17388 "https://schweiz-macher.ch/sitemap-item-1324.xml" "Mozilla/5.0 AppleWebKit/537.36 (KHTML, like Gecko; compatible; GPTBot/1.4; +https://openai.com/gptbot)"
52.167.144.237 - - [15/Jun/2026:16:57:28 +0200] "GET /special/012778723705 HTTP/2" 200 26266 "-" "Mozilla/5.0 AppleWebKit/537.36 (KHTML, like Gecko; compatible; bingbot/2.0; +http://www.bing.com/bingbot.htm) Chrome/116.0.1938.76 Safari/537.36"
52.167.144.237 - - [15/Jun/2026:16:57:32 +0200] "GET /market/01780433384 HTTP/2" 200 25827 "-" "Mozilla/5.0 AppleWebKit/537.36 (KHTML, like Gecko; compatible; bingbot/2.0; +http://www.bing.com/bingbot.htm) Chrome/116.0.1938.76 Safari/537.36"
52.167.144.237 - - [15/Jun/2026:16:57:37 +0200] "GET /info/01301301113 HTTP/2" 200 26020 "-" "Mozilla/5.0 AppleWebKit/537.36 (KHTML, like Gecko; compatible; bingbot/2.0; +http://www.bing.com/bingbot.htm) Chrome/116.0.1938.76 Safari/537.36"
52.167.144.237 - - [15/Jun/2026:16:57:08 +0200] "GET /info/01617747862 HTTP/2" 200 25565 "-" "Mozilla/5.0 AppleWebKit/537.36 (KHTML, like Gecko; compatible; bingbot/2.0; +http://www.bing.com/bingbot.htm) Chrome/116.0.1938.76 Safari/537.36"
52.167.144.237 - - [15/Jun/2026:16:57:11 +0200] "GET /product/012086933423 HTTP/2" 200 27102 "-" "Mozilla/5.0 AppleWebKit/537.36 (KHTML, like Gecko; compatible; bingbot/2.0; +http://www.bing.com/bingbot.htm) Chrome/116.0.1938.76 Safari/537.36"
52.167.144.237 - - [15/Jun/2026:16:57:18 +0200] "GET /special/012878606096 HTTP/2" 200 25748 "-" "Mozilla/5.0 AppleWebKit/537.36 (KHTML, like Gecko; compatible; bingbot/2.0; +http://www.bing.com/bingbot.htm) Chrome/116.0.1938.76 Safari/537.36"
52.167.144.237 - - [15/Jun/2026:16:57:22 +0200] "GET /special/012975841431 HTTP/2" 200 26820 "-" "Mozilla/5.0 AppleWebKit/537.36 (KHTML, like Gecko; compatible; bingbot/2.0; +http://www.bing.com/bingbot.htm) Chrome/116.0.1938.76 Safari/537.36"
52.167.144.237 - - [15/Jun/2026:16:57:23 +0200] "GET /info/012190827210 HTTP/2" 200 26539 "-" "Mozilla/5.0 AppleWebKit/537.36 (KHTML, like Gecko; compatible; bingbot/2.0; +http://www.bing.com/bingbot.htm) Chrome/116.0.1938.76 Safari/537.36"
52.167.144.237 - - [15/Jun/2026:16:57:59 +0200] "GET /special/791807498222 HTTP/2" 200 26647 "-" "Mozilla/5.0 AppleWebKit/537.36 (KHTML, like Gecko; compatible; bingbot/2.0; +http://www.bing.com/bingbot.htm) Chrome/116.0.1938.76 Safari/537.36"
216.73.217.78 - - [15/Jun/2026:16:58:10 +0200] "GET /info/01343834857 HTTP/2" 301 20 "-" "Mozilla/5.0 AppleWebKit/537.36 (KHTML, like Gecko; compatible; ClaudeBot/1.0; +claudebot@anthropic.com)"
2a00:c1e0:0:1::1:105e - - [15/Jun/2026:16:58:15 +0200] "POST /wp-cron.php?doing_wp_cron=1781535495.0810050964355468750000 HTTP/1.1" 200 20 "-" "WordPress/7.0; https://schweiz-macher.ch"
216.73.217.78 - - [15/Jun/2026:16:58:12 +0200] "GET /datenschutz/1343834857/ HTTP/2" 301 20 "https://schweiz-macher.ch/info/01343834857" "Mozilla/5.0 AppleWebKit/537.36 (KHTML, like Gecko; compatible; ClaudeBot/1.0; +claudebot@anthropic.com)"
216.73.217.78 - - [15/Jun/2026:16:58:15 +0200] "GET /datenschutz/ HTTP/2" 200 25145 "https://schweiz-macher.ch/datenschutz/1343834857/" "Mozilla/5.0 AppleWebKit/537.36 (KHTML, like Gecko; compatible; ClaudeBot/1.0; +claudebot@anthropic.com)"
52.167.144.237 - - [15/Jun/2026:16:58:12 +0200] "GET /info/013325280965 HTTP/2" 200 26612 "-" "Mozilla/5.0 AppleWebKit/537.36 (KHTML, like Gecko; compatible; bingbot/2.0; +http://www.bing.com/bingbot.htm) Chrome/116.0.1938.76 Safari/537.36"
88.167.123.203 - - [15/Jun/2026:16:58:20 +0200] "GET / HTTP/1.1" 200 12450 "-" "Mozilla/5.0"
52.167.144.237 - - [15/Jun/2026:16:58:22 +0200] "GET /info/012036338239 HTTP/2" 200 25890 "-" "Mozilla/5.0 AppleWebKit/537.36 (KHTML, like Gecko; compatible; bingbot/2.0; +http://www.bing.com/bingbot.htm) Chrome/116.0.1938.76 Safari/537.36"
52.167.144.237 - - [15/Jun/2026:16:58:23 +0200] "GET /special/014232059463 HTTP/2" 200 28110 "-" "Mozilla/5.0 AppleWebKit/537.36 (KHTML, like Gecko; compatible; bingbot/2.0; +http://www.bing.com/bingbot.htm) Chrome/116.0.1938.76 Safari/537.36"
88.167.123.203 - - [15/Jun/2026:16:58:26 +0200] "GET /wp-admin/admin-ajax.php HTTP/1.1" 400 21 "-" "Mozilla/5.0"
52.167.144.237 - - [15/Jun/2026:16:58:27 +0200] "GET /info/014290299581 HTTP/2" 200 27480 "-" "Mozilla/5.0 AppleWebKit/537.36 (KHTML, like Gecko; compatible; bingbot/2.0; +http://www.bing.com/bingbot.htm) Chrome/116.0.1938.76 Safari/537.36"
88.167.123.203 - - [15/Jun/2026:16:58:31 +0200] "GET /wp-admin/admin-ajax.php HTTP/1.1" 400 21 "-" "Mozilla/5.0"
52.167.144.237 - - [15/Jun/2026:16:58:31 +0200] "GET /info/01114594643 HTTP/2" 200 25717 "-" "Mozilla/5.0 AppleWebKit/537.36 (KHTML, like Gecko; compatible; bingbot/2.0; +http://www.bing.com/bingbot.htm) Chrome/116.0.1938.76 Safari/537.36"
52.167.144.237 - - [15/Jun/2026:16:58:34 +0200] "GET /info/013373812708 HTTP/2" 200 27032 "-" "Mozilla/5.0 AppleWebKit/537.36 (KHTML, like Gecko; compatible; bingbot/2.0; +http://www.bing.com/bingbot.htm) Chrome/116.0.1938.76 Safari/537.36"
52.167.144.237 - - [15/Jun/2026:16:58:37 +0200] "GET /special/013805901040 HTTP/2" 200 27439 "-" "Mozilla/5.0 AppleWebKit/537.36 (KHTML, like Gecko; compatible; bingbot/2.0; +http://www.bing.com/bingbot.htm) Chrome/116.0.1938.76 Safari/537.36"
52.167.144.237 - - [15/Jun/2026:16:58:42 +0200] "GET /info/011432246370 HTTP/2" 200 26874 "-" "Mozilla/5.0 AppleWebKit/537.36 (KHTML, like Gecko; compatible; bingbot/2.0; +http://www.bing.com/bingbot.htm) Chrome/116.0.1938.76 Safari/537.36"
52.167.144.237 - - [15/Jun/2026:16:58:51 +0200] "GET /info/012020799841 HTTP/2" 200 26158 "-" "Mozilla/5.0 AppleWebKit/537.36 (KHTML, like Gecko; compatible; bingbot/2.0; +http://www.bing.com/bingbot.htm) Chrome/116.0.1938.76 Safari/537.36"
52.167.144.237 - - [15/Jun/2026:16:58:54 +0200] "GET /special/012522674793 HTTP/2" 200 26323 "-" "Mozilla/5.0 AppleWebKit/537.36 (KHTML, like Gecko; compatible; bingbot/2.0; +http://www.bing.com/bingbot.htm) Chrome/116.0.1938.76 Safari/537.36"
52.167.144.237 - - [15/Jun/2026:16:59:09 +0200] "GET /product/011336634448 HTTP/2" 200 25648 "-" "Mozilla/5.0 AppleWebKit/537.36 (KHTML, like Gecko; compatible; bingbot/2.0; +http://www.bing.com/bingbot.htm) Chrome/116.0.1938.76 Safari/537.36"
52.167.144.237 - - [15/Jun/2026:16:59:14 +0200] "GET /info/012849888956 HTTP/2" 200 26283 "-" "Mozilla/5.0 AppleWebKit/537.36 (KHTML, like Gecko; compatible; bingbot/2.0; +http://www.bing.com/bingbot.htm) Chrome/116.0.1938.76 Safari/537.36"
40.77.167.255 - - [15/Jun/2026:16:59:18 +0200] "GET /special/01601355561 HTTP/2" 200 26394 "-" "Mozilla/5.0 AppleWebKit/537.36 (KHTML, like Gecko; compatible; bingbot/2.0; +http://www.bing.com/bingbot.htm) Chrome/116.0.1938.76 Safari/537.36"
40.77.167.255 - - [15/Jun/2026:16:59:23 +0200] "GET /info/013170440870 HTTP/2" 200 25905 "-" "Mozilla/5.0 AppleWebKit/537.36 (KHTML, like Gecko; compatible; bingbot/2.0; +http://www.bing.com/bingbot.htm) Chrome/116.0.1938.76 Safari/537.36"
40.77.167.255 - - [15/Jun/2026:16:59:26 +0200] "GET /products/013118262878 HTTP/2" 200 25566 "-" "Mozilla/5.0 AppleWebKit/537.36 (KHTML, like Gecko; compatible; bingbot/2.0; +http://www.bing.com/bingbot.htm) Chrome/116.0.1938.76 Safari/537.36"
40.77.167.255 - - [15/Jun/2026:16:59:29 +0200] "GET /product/012380443081 HTTP/2" 200 26111 "-" "Mozilla/5.0 AppleWebKit/537.36 (KHTML, like Gecko; compatible; bingbot/2.0; +http://www.bing.com/bingbot.htm) Chrome/116.0.1938.76 Safari/537.36"
40.77.167.255 - - [15/Jun/2026:16:59:24 +0200] "GET /info/011199498776 HTTP/2" 200 27109 "-" "Mozilla/5.0 AppleWebKit/537.36 (KHTML, like Gecko; compatible; bingbot/2.0; +http://www.bing.com/bingbot.htm) Chrome/116.0.1938.76 Safari/537.36"
216.73.217.78 - - [15/Jun/2026:16:59:31 +0200] "GET /goodscode/012747470768 HTTP/2" 404 17397 "-" "Mozilla/5.0 AppleWebKit/537.36 (KHTML, like Gecko; compatible; ClaudeBot/1.0; +claudebot@anthropic.com)"
40.77.167.255 - - [15/Jun/2026:16:59:32 +0200] "GET /special/013801980716 HTTP/2" 200 26376 "-" "Mozilla/5.0 AppleWebKit/537.36 (KHTML, like Gecko; compatible; bingbot/2.0; +http://www.bing.com/bingbot.htm) Chrome/116.0.1938.76 Safari/537.36"
40.77.167.255 - - [15/Jun/2026:16:59:39 +0200] "GET /info/011715487449 HTTP/2" 200 26138 "-" "Mozilla/5.0 AppleWebKit/537.36 (KHTML, like Gecko; compatible; bingbot/2.0; +http://www.bing.com/bingbot.htm) Chrome/116.0.1938.76 Safari/537.36"
40.77.167.255 - - [15/Jun/2026:16:59:52 +0200] "GET /special/011159431423 HTTP/2" 200 26920 "-" "Mozilla/5.0 AppleWebKit/537.36 (KHTML, like Gecko; compatible; bingbot/2.0; +http://www.bing.com/bingbot.htm) Chrome/116.0.1938.76 Safari/537.36"
198.235.24.17 - - [15/Jun/2026:17:00:04 +0200] "GET / HTTP/1.1" 200 57852 "http://schweiz-macher.ch.wirbestimmen.ch/" "Hello from Palo Alto Networks, find out more about our scans in https://docs-cortex.paloaltonetworks.com/r/1/Cortex-Xpanse/Scanning-activity"
52.167.144.237 - - [15/Jun/2026:16:57:40 +0200] "GET /special/012734116986 HTTP/2" 200 26815 "-" "Mozilla/5.0 AppleWebKit/537.36 (KHTML, like Gecko; compatible; bingbot/2.0; +http://www.bing.com/bingbot.htm) Chrome/116.0.1938.76 Safari/537.36"
52.167.144.237 - - [15/Jun/2026:16:57:44 +0200] "GET /info/012165713881 HTTP/2" 200 25621 "-" "Mozilla/5.0 AppleWebKit/537.36 (KHTML, like Gecko; compatible; bingbot/2.0; +http://www.bing.com/bingbot.htm) Chrome/116.0.1938.76 Safari/537.36"
52.167.144.237 - - [15/Jun/2026:16:57:47 +0200] "GET /product/011916885163 HTTP/2" 200 28416 "-" "Mozilla/5.0 AppleWebKit/537.36 (KHTML, like Gecko; compatible; bingbot/2.0; +http://www.bing.com/bingbot.htm) Chrome/116.0.1938.76 Safari/537.36"
52.167.144.237 - - [15/Jun/2026:16:57:51 +0200] "GET /special/013499674602 HTTP/2" 200 25975 "-" "Mozilla/5.0 AppleWebKit/537.36 (KHTML, like Gecko; compatible; bingbot/2.0; +http://www.bing.com/bingbot.htm) Chrome/116.0.1938.76 Safari/537.36"
52.167.144.237 - - [15/Jun/2026:16:57:53 +0200] "GET /shopbrand/012434970220 HTTP/2" 200 27962 "-" "Mozilla/5.0 AppleWebKit/537.36 (KHTML, like Gecko; compatible; bingbot/2.0; +http://www.bing.com/bingbot.htm) Chrome/116.0.1938.76 Safari/537.36"
52.167.144.237 - - [15/Jun/2026:16:57:53 +0200] "GET /info/01839978917 HTTP/2" 200 27573 "-" "Mozilla/5.0 AppleWebKit/537.36 (KHTML, like Gecko; compatible; bingbot/2.0; +http://www.bing.com/bingbot.htm) Chrome/116.0.1938.76 Safari/537.36"
52.167.144.237 - - [15/Jun/2026:16:57:56 +0200] "GET /special/013174556839 HTTP/2" 200 26022 "-" "Mozilla/5.0 AppleWebKit/537.36 (KHTML, like Gecko; compatible; bingbot/2.0; +http://www.bing.com/bingbot.htm) Chrome/116.0.1938.76 Safari/537.36"
88.167.123.203 - - [15/Jun/2026:16:58:18 +0200] "GET /wp-admin/admin-ajax.php HTTP/1.1" 400 21 "-" "Mozilla/5.0"
43.156.71.177 - - [15/Jun/2026:16:58:21 +0200] "GET / HTTP/1.1" 200 12807 "http://die-schweizmacher.ch" "Mozilla/5.0 (iPhone; CPU iPhone OS 13_2_3 like Mac OS X) AppleWebKit/605.1.15 (KHTML, like Gecko) Version/13.0.3 Mobile/15E148 Safari/604.1"
74.7.242.55 - - [15/Jun/2026:16:58:27 +0200] "GET /market/011963023388 HTTP/2" 404 17399 "https://schweiz-macher.ch/sitemap-item-2517.xml" "Mozilla/5.0 AppleWebKit/537.36 (KHTML, like Gecko; compatible; GPTBot/1.4; +https://openai.com/gptbot)"
88.167.123.203 - - [15/Jun/2026:16:58:28 +0200] "GET / HTTP/1.1" 200 12450 "-" "Mozilla/5.0"
216.73.217.78 - - [15/Jun/2026:16:58:38 +0200] "GET /goodscode/013956293115 HTTP/2" 404 17402 "-" "Mozilla/5.0 AppleWebKit/537.36 (KHTML, like Gecko; compatible; ClaudeBot/1.0; +claudebot@anthropic.com)"
74.7.242.55 - - [15/Jun/2026:16:59:29 +0200] "GET /market/013549406074 HTTP/2" 404 17411 "https://schweiz-macher.ch/sitemap-item-1324.xml" "Mozilla/5.0 AppleWebKit/537.36 (KHTML, like Gecko; compatible; GPTBot/1.4; +https://openai.com/gptbot)"
216.73.217.78 - - [15/Jun/2026:17:00:03 +0200] "GET /info/013205709851 HTTP/2" 301 20 "-" "Mozilla/5.0 AppleWebKit/537.36 (KHTML, like Gecko; compatible; ClaudeBot/1.0; +claudebot@anthropic.com)"
216.73.217.78 - - [15/Jun/2026:17:00:06 +0200] "GET /datenschutz/13205709851/ HTTP/2" 301 20 "https://schweiz-macher.ch/info/013205709851" "Mozilla/5.0 AppleWebKit/537.36 (KHTML, like Gecko; compatible; ClaudeBot/1.0; +claudebot@anthropic.com)"
216.73.217.78 - - [15/Jun/2026:17:00:10 +0200] "GET /datenschutz/ HTTP/2" 200 25151 "https://schweiz-macher.ch/datenschutz/13205709851/" "Mozilla/5.0 AppleWebKit/537.36 (KHTML, like Gecko; compatible; ClaudeBot/1.0; +claudebot@anthropic.com)"
52.167.144.216 - - [15/Jun/2026:17:00:24 +0200] "GET /info/013847804100 HTTP/2" 200 27787 "-" "Mozilla/5.0 AppleWebKit/537.36 (KHTML, like Gecko; compatible; bingbot/2.0; +http://www.bing.com/bingbot.htm) Chrome/116.0.1938.76 Safari/537.36"
52.167.144.216 - - [15/Jun/2026:17:00:28 +0200] "GET /special/011262167240 HTTP/2" 200 26006 "-" "Mozilla/5.0 AppleWebKit/537.36 (KHTML, like Gecko; compatible; bingbot/2.0; +http://www.bing.com/bingbot.htm) Chrome/116.0.1938.76 Safari/537.36"
40.77.167.74 - - [15/Jun/2026:16:56:52 +0200] "GET /special/011918266434 HTTP/2" 200 26310 "-" "Mozilla/5.0 AppleWebKit/537.36 (KHTML, like Gecko; compatible; bingbot/2.0; +http://www.bing.com/bingbot.htm) Chrome/116.0.1938.76 Safari/537.36"
216.73.217.78 - - [15/Jun/2026:16:56:54 +0200] "GET /datenschutz/ HTTP/2" 200 0 "https://schweiz-macher.ch/datenschutz/13942598035/" "Mozilla/5.0 AppleWebKit/537.36 (KHTML, like Gecko; compatible; ClaudeBot/1.0; +claudebot@anthropic.com)"
216.73.217.78 - - [15/Jun/2026:16:57:38 +0200] "GET /info/01533761257 HTTP/2" 301 20 "-" "Mozilla/5.0 AppleWebKit/537.36 (KHTML, like Gecko; compatible; ClaudeBot/1.0; +claudebot@anthropic.com)"
216.73.217.78 - - [15/Jun/2026:16:57:40 +0200] "GET /datenschutz/1533761257/ HTTP/2" 301 20 "https://schweiz-macher.ch/info/01533761257" "Mozilla/5.0 AppleWebKit/537.36 (KHTML, like Gecko; compatible; ClaudeBot/1.0; +claudebot@anthropic.com)"
216.73.217.78 - - [15/Jun/2026:16:57:42 +0200] "GET /datenschutz/ HTTP/2" 200 25140 "https://schweiz-macher.ch/datenschutz/1533761257/" "Mozilla/5.0 AppleWebKit/537.36 (KHTML, like Gecko; compatible; ClaudeBot/1.0; +claudebot@anthropic.com)"
88.167.123.203 - - [15/Jun/2026:16:58:22 +0200] "GET /wp-admin/admin-ajax.php HTTP/1.1" 400 21 "-" "Mozilla/5.0"
88.167.123.203 - - [15/Jun/2026:16:58:24 +0200] "GET / HTTP/1.1" 200 12450 "-" "Mozilla/5.0"
88.167.123.203 - - [15/Jun/2026:16:58:32 +0200] "GET / HTTP/1.1" 200 12450 "-" "Mozilla/5.0"
216.73.217.78 - - [15/Jun/2026:16:59:10 +0200] "GET /info/014086628880 HTTP/2" 301 20 "-" "Mozilla/5.0 AppleWebKit/537.36 (KHTML, like Gecko; compatible; ClaudeBot/1.0; +claudebot@anthropic.com)"
216.73.217.78 - - [15/Jun/2026:16:59:12 +0200] "GET /datenschutz/14086628880/ HTTP/2" 301 20 "https://schweiz-macher.ch/info/014086628880" "Mozilla/5.0 AppleWebKit/537.36 (KHTML, like Gecko; compatible; ClaudeBot/1.0; +claudebot@anthropic.com)"
216.73.217.78 - - [15/Jun/2026:16:59:14 +0200] "GET /datenschutz/ HTTP/2" 200 25140 "https://schweiz-macher.ch/datenschutz/14086628880/" "Mozilla/5.0 AppleWebKit/537.36 (KHTML, like Gecko; compatible; ClaudeBot/1.0; +claudebot@anthropic.com)"
216.73.217.78 - - [15/Jun/2026:17:00:36 +0200] "GET /info/014114472238 HTTP/2" 301 20 "-" "Mozilla/5.0 AppleWebKit/537.36 (KHTML, like Gecko; compatible; ClaudeBot/1.0; +claudebot@anthropic.com)"
40.77.167.255 - - [15/Jun/2026:17:00:34 +0200] "GET /special/013275381080 HTTP/2" 200 26398 "-" "Mozilla/5.0 AppleWebKit/537.36 (KHTML, like Gecko; compatible; bingbot/2.0; +http://www.bing.com/bingbot.htm) Chrome/116.0.1938.76 Safari/537.36"
216.73.217.78 - - [15/Jun/2026:17:00:39 +0200] "GET /datenschutz/14114472238/ HTTP/2" 301 20 "https://schweiz-macher.ch/info/014114472238" "Mozilla/5.0 AppleWebKit/537.36 (KHTML, like Gecko; compatible; ClaudeBot/1.0; +claudebot@anthropic.com)"
40.77.167.255 - - [15/Jun/2026:17:00:40 +0200] "GET /info/014082779010 HTTP/2" 200 26615 "-" "Mozilla/5.0 AppleWebKit/537.36 (KHTML, like Gecko; compatible; bingbot/2.0; +http://www.bing.com/bingbot.htm) Chrome/116.0.1938.76 Safari/537.36"
216.73.217.78 - - [15/Jun/2026:17:00:42 +0200] "GET /datenschutz/ HTTP/2" 200 25150 "https://schweiz-macher.ch/datenschutz/14114472238/" "Mozilla/5.0 AppleWebKit/537.36 (KHTML, like Gecko; compatible; ClaudeBot/1.0; +claudebot@anthropic.com)"
40.77.167.255 - - [15/Jun/2026:17:00:43 +0200] "GET /special/014204444672 HTTP/2" 200 26395 "-" "Mozilla/5.0 AppleWebKit/537.36 (KHTML, like Gecko; compatible; bingbot/2.0; +http://www.bing.com/bingbot.htm) Chrome/116.0.1938.76 Safari/537.36"
40.77.167.255 - - [15/Jun/2026:17:00:47 +0200] "GET /info/012711175118 HTTP/2" 200 29916 "-" "Mozilla/5.0 AppleWebKit/537.36 (KHTML, like Gecko; compatible; bingbot/2.0; +http://www.bing.com/bingbot.htm) Chrome/116.0.1938.76 Safari/537.36"
40.77.167.255 - - [15/Jun/2026:17:00:54 +0200] "GET /products/013780467822 HTTP/2" 200 27082 "-" "Mozilla/5.0 AppleWebKit/537.36 (KHTML, like Gecko; compatible; bingbot/2.0; +http://www.bing.com/bingbot.htm) Chrome/116.0.1938.76 Safari/537.36"
40.77.167.255 - - [15/Jun/2026:17:00:57 +0200] "GET /info/013266993696 HTTP/2" 200 26831 "-" "Mozilla/5.0 AppleWebKit/537.36 (KHTML, like Gecko; compatible; bingbot/2.0; +http://www.bing.com/bingbot.htm) Chrome/116.0.1938.76 Safari/537.36"
52.167.144.216 - - [15/Jun/2026:17:01:04 +0200] "GET /info/01802406419 HTTP/2" 200 26067 "-" "Mozilla/5.0 AppleWebKit/537.36 (KHTML, like Gecko; compatible; bingbot/2.0; +http://www.bing.com/bingbot.htm) Chrome/116.0.1938.76 Safari/537.36"
216.73.217.78 - - [15/Jun/2026:17:01:07 +0200] "GET /entity/012557432053 HTTP/2" 404 17402 "-" "Mozilla/5.0 AppleWebKit/537.36 (KHTML, like Gecko; compatible; ClaudeBot/1.0; +claudebot@anthropic.com)"
52.167.144.216 - - [15/Jun/2026:17:01:08 +0200] "GET /special/0126387040 HTTP/2" 200 26269 "-" "Mozilla/5.0 AppleWebKit/537.36 (KHTML, like Gecko; compatible; bingbot/2.0; +http://www.bing.com/bingbot.htm) Chrome/116.0.1938.76 Safari/537.36"
52.167.144.216 - - [15/Jun/2026:17:01:14 +0200] "GET /info/01878134217 HTTP/2" 200 26529 "-" "Mozilla/5.0 AppleWebKit/537.36 (KHTML, like Gecko; compatible; bingbot/2.0; +http://www.bing.com/bingbot.htm) Chrome/116.0.1938.76 Safari/537.36"
54.38.147.57 - - [15/Jun/2026:17:01:22 +0200] "GET /robots.txt HTTP/2" 200 82 "-" "Mozilla/5.0 (compatible; AhrefsBot/7.0; +http://ahrefs.com/robot/)"
