2a03:2880:f814:33:: - - [15/Jun/2026:16:11:44 +0200] "GET /entity/012646914772 HTTP/2" 200 0 "-" "meta-externalagent/1.1 (+https://developers.facebook.com/docs/sharing/webmasters/crawler)"
2a03:2880:f814:27:: - - [15/Jun/2026:16:11:45 +0200] "GET /items/011369493621 HTTP/2" 200 0 "-" "meta-externalagent/1.1 (+https://developers.facebook.com/docs/sharing/webmasters/crawler)"
2a03:2880:f814:f:: - - [15/Jun/2026:16:11:45 +0200] "GET /market/01980087227 HTTP/2" 200 0 "-" "meta-externalagent/1.1 (+https://developers.facebook.com/docs/sharing/webmasters/crawler)"
2a03:2880:f814:3:: - - [15/Jun/2026:16:11:49 +0200] "GET /item/011316148922 HTTP/2" 200 0 "-" "meta-externalagent/1.1 (+https://developers.facebook.com/docs/sharing/webmasters/crawler)"
2a03:2880:f814:30:: - - [15/Jun/2026:16:11:49 +0200] "GET /products/012910000725 HTTP/2" 200 0 "-" "meta-externalagent/1.1 (+https://developers.facebook.com/docs/sharing/webmasters/crawler)"
2a03:2880:f814:31:: - - [15/Jun/2026:16:11:37 +0200] "GET /products/014114166800 HTTP/2" 200 0 "-" "meta-externalagent/1.1 (+https://developers.facebook.com/docs/sharing/webmasters/crawler)"
2a03:2880:f814:27:: - - [15/Jun/2026:16:11:38 +0200] "GET /entity/011654917236 HTTP/2" 200 0 "-" "meta-externalagent/1.1 (+https://developers.facebook.com/docs/sharing/webmasters/crawler)"
2a03:2880:f814:17:: - - [15/Jun/2026:16:11:39 +0200] "GET /products/012583000778 HTTP/2" 200 0 "-" "meta-externalagent/1.1 (+https://developers.facebook.com/docs/sharing/webmasters/crawler)"
2a03:2880:f814:7:: - - [15/Jun/2026:16:11:40 +0200] "GET /special/013499786505 HTTP/2" 200 0 "-" "meta-externalagent/1.1 (+https://developers.facebook.com/docs/sharing/webmasters/crawler)"
2a03:2880:f814:39:: - - [15/Jun/2026:16:11:42 +0200] "GET /goodscode/0157476742 HTTP/2" 200 0 "-" "meta-externalagent/1.1 (+https://developers.facebook.com/docs/sharing/webmasters/crawler)"
2a03:2880:f814:22:: - - [15/Jun/2026:16:11:44 +0200] "GET /goodscode/014035899788 HTTP/2" 200 0 "-" "meta-externalagent/1.1 (+https://developers.facebook.com/docs/sharing/webmasters/crawler)"
2a03:2880:f814:24:: - - [15/Jun/2026:16:11:45 +0200] "GET /special/013476071038 HTTP/2" 200 0 "-" "meta-externalagent/1.1 (+https://developers.facebook.com/docs/sharing/webmasters/crawler)"
2a03:2880:f814:3c:: - - [15/Jun/2026:16:11:46 +0200] "GET /shopbrand/014224674298 HTTP/2" 200 0 "-" "meta-externalagent/1.1 (+https://developers.facebook.com/docs/sharing/webmasters/crawler)"
2a03:2880:f814:2b:: - - [15/Jun/2026:16:11:47 +0200] "GET /shopping/013648753270 HTTP/2" 200 0 "-" "meta-externalagent/1.1 (+https://developers.facebook.com/docs/sharing/webmasters/crawler)"
2a03:2880:f814:34:: - - [15/Jun/2026:16:11:48 +0200] "GET /item/01498757985 HTTP/2" 200 0 "-" "meta-externalagent/1.1 (+https://developers.facebook.com/docs/sharing/webmasters/crawler)"
2a03:2880:f814:15:: - - [15/Jun/2026:16:11:48 +0200] "GET /product/014184866537 HTTP/2" 200 0 "-" "meta-externalagent/1.1 (+https://developers.facebook.com/docs/sharing/webmasters/crawler)"
2a03:2880:f814:37:: - - [15/Jun/2026:16:11:51 +0200] "GET /shopdetail/011779959587 HTTP/2" 200 0 "-" "meta-externalagent/1.1 (+https://developers.facebook.com/docs/sharing/webmasters/crawler)"
2a03:2880:f814:1:: - - [15/Jun/2026:16:11:53 +0200] "GET /shopping/012243929273 HTTP/2" 200 0 "-" "meta-externalagent/1.1 (+https://developers.facebook.com/docs/sharing/webmasters/crawler)"
2a03:2880:f814:3d:: - - [15/Jun/2026:16:11:54 +0200] "GET /market/011111627460 HTTP/2" 200 0 "-" "meta-externalagent/1.1 (+https://developers.facebook.com/docs/sharing/webmasters/crawler)"
2a03:2880:f814:b:: - - [15/Jun/2026:16:11:55 +0200] "GET /goods/012674986547 HTTP/2" 200 0 "-" "meta-externalagent/1.1 (+https://developers.facebook.com/docs/sharing/webmasters/crawler)"
2a03:2880:f814:1e:: - - [15/Jun/2026:16:11:55 +0200] "GET /item/011769617535 HTTP/2" 200 0 "-" "meta-externalagent/1.1 (+https://developers.facebook.com/docs/sharing/webmasters/crawler)"
2a03:2880:f814:12:: - - [15/Jun/2026:16:11:57 +0200] "GET /goodscode/013682760160 HTTP/2" 200 0 "-" "meta-externalagent/1.1 (+https://developers.facebook.com/docs/sharing/webmasters/crawler)"
2a03:2880:f814:32:: - - [15/Jun/2026:16:11:58 +0200] "GET /entity/01837526299 HTTP/2" 200 0 "-" "meta-externalagent/1.1 (+https://developers.facebook.com/docs/sharing/webmasters/crawler)"
2a03:2880:f814:19:: - - [15/Jun/2026:16:12:01 +0200] "GET /item/011406973269 HTTP/2" 200 0 "-" "meta-externalagent/1.1 (+https://developers.facebook.com/docs/sharing/webmasters/crawler)"
2a03:2880:f814:2a:: - - [15/Jun/2026:16:12:02 +0200] "GET /detail/013322351946 HTTP/2" 200 0 "-" "meta-externalagent/1.1 (+https://developers.facebook.com/docs/sharing/webmasters/crawler)"
2a03:2880:f814:43:: - - [15/Jun/2026:16:12:03 +0200] "GET /items/01639967130 HTTP/2" 200 0 "-" "meta-externalagent/1.1 (+https://developers.facebook.com/docs/sharing/webmasters/crawler)"
2a03:2880:f814:3d:: - - [15/Jun/2026:16:11:43 +0200] "GET /items/011368118015 HTTP/2" 200 0 "-" "meta-externalagent/1.1 (+https://developers.facebook.com/docs/sharing/webmasters/crawler)"
2a03:2880:f814:19:: - - [15/Jun/2026:16:11:44 +0200] "GET /shopbrand/013447999263 HTTP/2" 200 0 "-" "meta-externalagent/1.1 (+https://developers.facebook.com/docs/sharing/webmasters/crawler)"
2a03:2880:f814:23:: - - [15/Jun/2026:16:11:46 +0200] "GET /detail/011292665951 HTTP/2" 200 0 "-" "meta-externalagent/1.1 (+https://developers.facebook.com/docs/sharing/webmasters/crawler)"
2a03:2880:f814:6:: - - [15/Jun/2026:16:11:47 +0200] "GET /entity/012450176968 HTTP/2" 200 0 "-" "meta-externalagent/1.1 (+https://developers.facebook.com/docs/sharing/webmasters/crawler)"
2a03:2880:f814:7:: - - [15/Jun/2026:16:11:48 +0200] "GET /info/012165825784 HTTP/2" 200 0 "-" "meta-externalagent/1.1 (+https://developers.facebook.com/docs/sharing/webmasters/crawler)"
216.73.161.215 - - [15/Jun/2026:16:11:38 +0200] "POST /wp-login.php HTTP/1.1" 200 3617 "-" "Mozilla/5.0 (Windows NT 10.0; Win64; x64) AppleWebKit/537.36 Chrome/129.0.0.0 Safari/537.36"
2a03:2880:f814:15:: - - [15/Jun/2026:16:11:50 +0200] "GET /goods/014241537264 HTTP/2" 200 0 "-" "meta-externalagent/1.1 (+https://developers.facebook.com/docs/sharing/webmasters/crawler)"
2a03:2880:f814:3b:: - - [15/Jun/2026:16:11:52 +0200] "GET /special/01393398801 HTTP/2" 200 0 "-" "meta-externalagent/1.1 (+https://developers.facebook.com/docs/sharing/webmasters/crawler)"
2a03:2880:f814:37:: - - [15/Jun/2026:16:11:53 +0200] "GET /shopbrand/011636186576 HTTP/2" 200 0 "-" "meta-externalagent/1.1 (+https://developers.facebook.com/docs/sharing/webmasters/crawler)"
216.73.217.78 - - [15/Jun/2026:16:12:09 +0200] "GET /entity/011754096325 HTTP/2" 200 0 "-" "Mozilla/5.0 AppleWebKit/537.36 (KHTML, like Gecko; compatible; ClaudeBot/1.0; +claudebot@anthropic.com)"
2a03:2880:f814:3b:: - - [15/Jun/2026:16:11:56 +0200] "GET /market/01294236523 HTTP/2" 200 0 "-" "meta-externalagent/1.1 (+https://developers.facebook.com/docs/sharing/webmasters/crawler)"
2a03:2880:f814:36:: - - [15/Jun/2026:16:11:56 +0200] "GET /product/011141534580 HTTP/2" 200 0 "-" "meta-externalagent/1.1 (+https://developers.facebook.com/docs/sharing/webmasters/crawler)"
2a03:2880:f814:30:: - - [15/Jun/2026:16:11:58 +0200] "GET /market/011992840346 HTTP/2" 200 0 "-" "meta-externalagent/1.1 (+https://developers.facebook.com/docs/sharing/webmasters/crawler)"
40.77.167.136 - - [15/Jun/2026:16:11:36 +0200] "GET /info/011565588083 HTTP/2" 200 26917 "-" "Mozilla/5.0 AppleWebKit/537.36 (KHTML, like Gecko; compatible; bingbot/2.0; +http://www.bing.com/bingbot.htm) Chrome/116.0.1938.76 Safari/537.36"
2a03:2880:f814:41:: - - [15/Jun/2026:16:11:59 +0200] "GET /items/012581788679 HTTP/2" 200 0 "-" "meta-externalagent/1.1 (+https://developers.facebook.com/docs/sharing/webmasters/crawler)"
2a03:2880:f814:13:: - - [15/Jun/2026:16:12:00 +0200] "GET /shopbrand/012594554961 HTTP/2" 200 0 "-" "meta-externalagent/1.1 (+https://developers.facebook.com/docs/sharing/webmasters/crawler)"
2a03:2880:f814:20:: - - [15/Jun/2026:16:12:00 +0200] "GET /special/012866000195 HTTP/2" 200 0 "-" "meta-externalagent/1.1 (+https://developers.facebook.com/docs/sharing/webmasters/crawler)"
2a03:2880:f814:e:: - - [15/Jun/2026:16:12:00 +0200] "GET /shopbrand/014127885541 HTTP/2" 200 0 "-" "meta-externalagent/1.1 (+https://developers.facebook.com/docs/sharing/webmasters/crawler)"
2a03:2880:f814:16:: - - [15/Jun/2026:16:12:01 +0200] "GET /product/01709454800 HTTP/2" 200 0 "-" "meta-externalagent/1.1 (+https://developers.facebook.com/docs/sharing/webmasters/crawler)"
2a03:2880:f814:34:: - - [15/Jun/2026:16:12:04 +0200] "GET /goods/013190975220 HTTP/2" 200 0 "-" "meta-externalagent/1.1 (+https://developers.facebook.com/docs/sharing/webmasters/crawler)"
2a03:2880:f814:40:: - - [15/Jun/2026:16:12:04 +0200] "GET /items/013403768420 HTTP/2" 200 0 "-" "meta-externalagent/1.1 (+https://developers.facebook.com/docs/sharing/webmasters/crawler)"
2a03:2880:f814:6:: - - [15/Jun/2026:16:11:49 +0200] "GET /special/01943656155 HTTP/2" 200 0 "-" "meta-externalagent/1.1 (+https://developers.facebook.com/docs/sharing/webmasters/crawler)"
2a03:2880:f814:17:: - - [15/Jun/2026:16:11:50 +0200] "GET /entity/012452601182 HTTP/2" 200 0 "-" "meta-externalagent/1.1 (+https://developers.facebook.com/docs/sharing/webmasters/crawler)"
2a03:2880:f814:22:: - - [15/Jun/2026:16:11:50 +0200] "GET /shopbrand/011386848675 HTTP/2" 200 0 "-" "meta-externalagent/1.1 (+https://developers.facebook.com/docs/sharing/webmasters/crawler)"
2a03:2880:f814:36:: - - [15/Jun/2026:16:11:51 +0200] "GET /market/013209724208 HTTP/2" 200 0 "-" "meta-externalagent/1.1 (+https://developers.facebook.com/docs/sharing/webmasters/crawler)"
2a03:2880:f814:4:: - - [15/Jun/2026:16:11:51 +0200] "GET /entity/014081671943 HTTP/2" 200 0 "-" "meta-externalagent/1.1 (+https://developers.facebook.com/docs/sharing/webmasters/crawler)"
2a03:2880:f814:28:: - - [15/Jun/2026:16:11:52 +0200] "GET /special/01418489906 HTTP/2" 200 0 "-" "meta-externalagent/1.1 (+https://developers.facebook.com/docs/sharing/webmasters/crawler)"
2a03:2880:f814:f:: - - [15/Jun/2026:16:11:53 +0200] "GET /info/011994052461 HTTP/2" 200 0 "-" "meta-externalagent/1.1 (+https://developers.facebook.com/docs/sharing/webmasters/crawler)"
2a03:2880:f814:44:: - - [15/Jun/2026:16:11:53 +0200] "GET /shopping/011381047804 HTTP/2" 200 0 "-" "meta-externalagent/1.1 (+https://developers.facebook.com/docs/sharing/webmasters/crawler)"
2a03:2880:f814:6:: - - [15/Jun/2026:16:11:56 +0200] "GET /info/011120968575 HTTP/2" 200 0 "-" "meta-externalagent/1.1 (+https://developers.facebook.com/docs/sharing/webmasters/crawler)"
2a03:2880:f814:26:: - - [15/Jun/2026:16:11:57 +0200] "GET /products/01122766358 HTTP/2" 200 0 "-" "meta-externalagent/1.1 (+https://developers.facebook.com/docs/sharing/webmasters/crawler)"
2a03:2880:f814:21:: - - [15/Jun/2026:16:11:58 +0200] "GET /product/013135420539 HTTP/2" 200 0 "-" "meta-externalagent/1.1 (+https://developers.facebook.com/docs/sharing/webmasters/crawler)"
2a03:2880:f814:3e:: - - [15/Jun/2026:16:11:58 +0200] "GET /products/012486212021 HTTP/2" 200 0 "-" "meta-externalagent/1.1 (+https://developers.facebook.com/docs/sharing/webmasters/crawler)"
2a03:2880:f814:16:: - - [15/Jun/2026:16:11:59 +0200] "GET /goods/013778408264 HTTP/2" 200 0 "-" "meta-externalagent/1.1 (+https://developers.facebook.com/docs/sharing/webmasters/crawler)"
2a03:2880:f814:: - - [15/Jun/2026:16:12:01 +0200] "GET /shopbrand/012599143733 HTTP/2" 200 0 "-" "meta-externalagent/1.1 (+https://developers.facebook.com/docs/sharing/webmasters/crawler)"
20.15.133.163 - - [15/Jun/2026:16:11:37 +0200] "GET /special/012532496772 HTTP/2" 200 0 "-" "Mozilla/5.0 AppleWebKit/537.36 (KHTML, like Gecko; compatible; bingbot/2.0; +http://www.bing.com/bingbot.htm) Chrome/116.0.1938.76 Safari/537.36"
2a03:2880:f814:8:: - - [15/Jun/2026:16:12:02 +0200] "GET /shopping/012400813908 HTTP/2" 200 0 "-" "meta-externalagent/1.1 (+https://developers.facebook.com/docs/sharing/webmasters/crawler)"
2a03:2880:f814:b:: - - [15/Jun/2026:16:12:03 +0200] "GET /market/011114051658 HTTP/2" 200 0 "-" "meta-externalagent/1.1 (+https://developers.facebook.com/docs/sharing/webmasters/crawler)"
2a03:2880:f814:43:: - - [15/Jun/2026:16:12:04 +0200] "GET /items/013087224154 HTTP/2" 200 0 "-" "meta-externalagent/1.1 (+https://developers.facebook.com/docs/sharing/webmasters/crawler)"
2a03:2880:f814:37:: - - [15/Jun/2026:16:12:04 +0200] "GET /goodscode/012141807111 HTTP/2" 200 0 "-" "meta-externalagent/1.1 (+https://developers.facebook.com/docs/sharing/webmasters/crawler)"
2a03:2880:f814:1a:: - - [15/Jun/2026:16:12:05 +0200] "GET /goods/011299842460 HTTP/2" 200 0 "-" "meta-externalagent/1.1 (+https://developers.facebook.com/docs/sharing/webmasters/crawler)"
2a03:2880:f814:3d:: - - [15/Jun/2026:16:12:06 +0200] "GET /shopping/013449211362 HTTP/2" 200 0 "-" "meta-externalagent/1.1 (+https://developers.facebook.com/docs/sharing/webmasters/crawler)"
40.77.167.136 - - [15/Jun/2026:16:12:06 +0200] "GET /special/011584906857 HTTP/2" 200 25641 "-" "Mozilla/5.0 AppleWebKit/537.36 (KHTML, like Gecko; compatible; bingbot/2.0; +http://www.bing.com/bingbot.htm) Chrome/116.0.1938.76 Safari/537.36"
216.73.217.78 - - [15/Jun/2026:16:12:21 +0200] "GET /entity/013112406513 HTTP/2" 200 0 "-" "Mozilla/5.0 AppleWebKit/537.36 (KHTML, like Gecko; compatible; ClaudeBot/1.0; +claudebot@anthropic.com)"
2a03:2880:f814:29:: - - [15/Jun/2026:16:12:08 +0200] "GET /special/012292080234 HTTP/2" 200 0 "-" "meta-externalagent/1.1 (+https://developers.facebook.com/docs/sharing/webmasters/crawler)"
2a03:2880:f814:1b:: - - [15/Jun/2026:16:12:08 +0200] "GET /special/01392023179 HTTP/2" 200 0 "-" "meta-externalagent/1.1 (+https://developers.facebook.com/docs/sharing/webmasters/crawler)"
2a03:2880:f814:: - - [15/Jun/2026:16:12:09 +0200] "GET /product/013577793909 HTTP/2" 200 0 "-" "meta-externalagent/1.1 (+https://developers.facebook.com/docs/sharing/webmasters/crawler)"
74.7.242.55 - - [15/Jun/2026:16:12:06 +0200] "GET /market/013644898350 HTTP/2" 200 0 "https://schweiz-macher.ch/sitemap-item-662.xml" "Mozilla/5.0 AppleWebKit/537.36 (KHTML, like Gecko; compatible; GPTBot/1.4; +https://openai.com/gptbot)"
2a03:2880:f814:2f:: - - [15/Jun/2026:16:12:12 +0200] "GET /items/012578248467 HTTP/2" 200 0 "-" "meta-externalagent/1.1 (+https://developers.facebook.com/docs/sharing/webmasters/crawler)"
2a03:2880:f814:36:: - - [15/Jun/2026:16:12:12 +0200] "GET /special/013170079970 HTTP/2" 200 0 "-" "meta-externalagent/1.1 (+https://developers.facebook.com/docs/sharing/webmasters/crawler)"
216.73.217.78 - - [15/Jun/2026:16:12:31 +0200] "GET /goodscode/012152547713 HTTP/2" 200 0 "-" "Mozilla/5.0 AppleWebKit/537.36 (KHTML, like Gecko; compatible; ClaudeBot/1.0; +claudebot@anthropic.com)"
2a03:2880:f814:1e:: - - [15/Jun/2026:16:12:15 +0200] "GET /shopdetail/013427874669 HTTP/2" 200 0 "-" "meta-externalagent/1.1 (+https://developers.facebook.com/docs/sharing/webmasters/crawler)"
2a03:2880:f814:37:: - - [15/Jun/2026:16:12:16 +0200] "GET /product/013276138364 HTTP/2" 200 0 "-" "meta-externalagent/1.1 (+https://developers.facebook.com/docs/sharing/webmasters/crawler)"
2a03:2880:f814:22:: - - [15/Jun/2026:16:12:16 +0200] "GET /entity/01420490973 HTTP/2" 200 0 "-" "meta-externalagent/1.1 (+https://developers.facebook.com/docs/sharing/webmasters/crawler)"
2a03:2880:f814:20:: - - [15/Jun/2026:16:12:17 +0200] "GET /goodscode/012804478034 HTTP/2" 200 0 "-" "meta-externalagent/1.1 (+https://developers.facebook.com/docs/sharing/webmasters/crawler)"
2a03:2880:f814:19:: - - [15/Jun/2026:16:12:17 +0200] "GET /shopbrand/011216986644 HTTP/2" 200 0 "-" "meta-externalagent/1.1 (+https://developers.facebook.com/docs/sharing/webmasters/crawler)"
2a03:2880:f814:44:: - - [15/Jun/2026:16:12:19 +0200] "GET /shopping/012102951857 HTTP/2" 200 0 "-" "meta-externalagent/1.1 (+https://developers.facebook.com/docs/sharing/webmasters/crawler)"
2a00:c1e0:0:1::1:105e - - [15/Jun/2026:16:12:24 +0200] "POST /wp-cron.php?doing_wp_cron=1781532744.2436850070953369140625 HTTP/1.1" 200 20 "-" "WordPress/7.0; https://schweiz-macher.ch"
2a03:2880:f814:b:: - - [15/Jun/2026:16:12:19 +0200] "GET /info/01812812901 HTTP/2" 200 0 "-" "meta-externalagent/1.1 (+https://developers.facebook.com/docs/sharing/webmasters/crawler)"
2a00:c1e0:0:1::1:105e - - [15/Jun/2026:16:12:24 +0200] "POST /wp-cron.php?doing_wp_cron=1781532744.6464040279388427734375 HTTP/1.1" 200 20 "-" "WordPress/7.0; https://schweiz-macher.ch"
2a03:2880:f814:12:: - - [15/Jun/2026:16:12:20 +0200] "GET /detail/0178206302 HTTP/2" 200 0 "-" "meta-externalagent/1.1 (+https://developers.facebook.com/docs/sharing/webmasters/crawler)"
2a03:2880:f814:2e:: - - [15/Jun/2026:16:12:20 +0200] "GET /goodscode/013689773130 HTTP/2" 200 0 "-" "meta-externalagent/1.1 (+https://developers.facebook.com/docs/sharing/webmasters/crawler)"
2a00:c1e0:0:1::1:105e - - [15/Jun/2026:16:12:26 +0200] "POST /wp-cron.php?doing_wp_cron=1781532746.0605800151824951171875 HTTP/1.1" 200 20 "-" "WordPress/7.0; https://schweiz-macher.ch"
2a03:2880:f814:37:: - - [15/Jun/2026:16:12:04 +0200] "GET /info/013378120859 HTTP/2" 200 0 "-" "meta-externalagent/1.1 (+https://developers.facebook.com/docs/sharing/webmasters/crawler)"
2a03:2880:f814:2d:: - - [15/Jun/2026:16:12:06 +0200] "GET /shopdetail/012482230398 HTTP/2" 200 0 "-" "meta-externalagent/1.1 (+https://developers.facebook.com/docs/sharing/webmasters/crawler)"
2a03:2880:f814:20:: - - [15/Jun/2026:16:12:06 +0200] "GET /detail/0180370892 HTTP/2" 200 0 "-" "meta-externalagent/1.1 (+https://developers.facebook.com/docs/sharing/webmasters/crawler)"
2a03:2880:f814:42:: - - [15/Jun/2026:16:12:07 +0200] "GET /info/011410954924 HTTP/2" 200 0 "-" "meta-externalagent/1.1 (+https://developers.facebook.com/docs/sharing/webmasters/crawler)"
2a03:2880:f814:d:: - - [15/Jun/2026:16:12:07 +0200] "GET /products/01125190572 HTTP/2" 200 0 "-" "meta-externalagent/1.1 (+https://developers.facebook.com/docs/sharing/webmasters/crawler)"
2a03:2880:f814:20:: - - [15/Jun/2026:16:12:07 +0200] "GET /shopping/012100787251 HTTP/2" 200 0 "-" "meta-externalagent/1.1 (+https://developers.facebook.com/docs/sharing/webmasters/crawler)"
2a03:2880:f814:a:: - - [15/Jun/2026:16:12:10 +0200] "GET /special/01908011852 HTTP/2" 200 0 "-" "meta-externalagent/1.1 (+https://developers.facebook.com/docs/sharing/webmasters/crawler)"
2a03:2880:f814:32:: - - [15/Jun/2026:16:12:10 +0200] "GET /item/011759064337 HTTP/2" 200 0 "-" "meta-externalagent/1.1 (+https://developers.facebook.com/docs/sharing/webmasters/crawler)"
20.15.133.184 - - [15/Jun/2026:16:12:07 +0200] "GET /info/013336003815 HTTP/2" 200 26150 "-" "Mozilla/5.0 AppleWebKit/537.36 (KHTML, like Gecko; compatible; bingbot/2.0; +http://www.bing.com/bingbot.htm) Chrome/116.0.1938.76 Safari/537.36"
2a00:c1e0:0:1::1:105e - - [15/Jun/2026:16:11:57 +0200] "GET / HTTP/1.1" 200 12450 "-" "Python/3.11 aiohttp/3.9.2"
2a03:2880:f814:b:: - - [15/Jun/2026:16:12:15 +0200] "GET /entity/013504538832 HTTP/2" 200 0 "-" "meta-externalagent/1.1 (+https://developers.facebook.com/docs/sharing/webmasters/crawler)"
2a03:2880:f814:23:: - - [15/Jun/2026:16:12:15 +0200] "GET /detail/011296206147 HTTP/2" 200 0 "-" "meta-externalagent/1.1 (+https://developers.facebook.com/docs/sharing/webmasters/crawler)"
2a03:2880:f814:20:: - - [15/Jun/2026:16:12:16 +0200] "GET /product/01550145967 HTTP/2" 200 0 "-" "meta-externalagent/1.1 (+https://developers.facebook.com/docs/sharing/webmasters/crawler)"
2a03:2880:f814:3b:: - - [15/Jun/2026:16:12:18 +0200] "GET /goodscode/01967320961 HTTP/2" 200 0 "-" "meta-externalagent/1.1 (+https://developers.facebook.com/docs/sharing/webmasters/crawler)"
2a03:2880:f814:28:: - - [15/Jun/2026:16:12:19 +0200] "GET /shopping/012098363069 HTTP/2" 200 0 "-" "meta-externalagent/1.1 (+https://developers.facebook.com/docs/sharing/webmasters/crawler)"
2a03:2880:f814:34:: - - [15/Jun/2026:16:12:21 +0200] "GET /shopping/014135062066 HTTP/2" 200 0 "-" "meta-externalagent/1.1 (+https://developers.facebook.com/docs/sharing/webmasters/crawler)"
2a03:2880:f814:f:: - - [15/Jun/2026:16:12:22 +0200] "GET /market/013540806381 HTTP/2" 200 0 "-" "meta-externalagent/1.1 (+https://developers.facebook.com/docs/sharing/webmasters/crawler)"
2a03:2880:f814:8:: - - [15/Jun/2026:16:12:22 +0200] "GET /market/013387461942 HTTP/2" 200 0 "-" "meta-externalagent/1.1 (+https://developers.facebook.com/docs/sharing/webmasters/crawler)"
2a00:c1e0:0:1::1:105e - - [15/Jun/2026:16:12:27 +0200] "POST /wp-cron.php?doing_wp_cron=1781532746.8585450649261474609375 HTTP/1.1" 200 20 "-" "WordPress/7.0; https://schweiz-macher.ch"
2a03:2880:f814:2a:: - - [15/Jun/2026:16:12:23 +0200] "GET /product/013280727152 HTTP/2" 200 0 "-" "meta-externalagent/1.1 (+https://developers.facebook.com/docs/sharing/webmasters/crawler)"
2a00:c1e0:0:1::1:105e - - [15/Jun/2026:16:12:27 +0200] "POST /wp-cron.php?doing_wp_cron=1781532746.7446570396423339843750 HTTP/1.1" 200 20 "-" "WordPress/7.0; https://schweiz-macher.ch"
2a03:2880:f814:44:: - - [15/Jun/2026:16:12:07 +0200] "GET /shopping/014139650838 HTTP/2" 200 0 "-" "meta-externalagent/1.1 (+https://developers.facebook.com/docs/sharing/webmasters/crawler)"
185.32.124.82 - - [15/Jun/2026:16:11:58 +0200] "GET / HTTP/1.1" 200 12450 "-" "Python/3.11 aiohttp/3.9.2"
2a03:2880:f814:37:: - - [15/Jun/2026:16:12:09 +0200] "GET /info/011830154824 HTTP/2" 200 0 "-" "meta-externalagent/1.1 (+https://developers.facebook.com/docs/sharing/webmasters/crawler)"
2a03:2880:f814:18:: - - [15/Jun/2026:16:12:09 +0200] "GET /products/013103578255 HTTP/2" 200 0 "-" "meta-externalagent/1.1 (+https://developers.facebook.com/docs/sharing/webmasters/crawler)"
2a03:2880:f814:2f:: - - [15/Jun/2026:16:12:11 +0200] "GET /products/012182132262 HTTP/2" 200 0 "-" "meta-externalagent/1.1 (+https://developers.facebook.com/docs/sharing/webmasters/crawler)"
2a03:2880:f814:2e:: - - [15/Jun/2026:16:12:12 +0200] "GET /goodscode/01354543531 HTTP/2" 200 0 "-" "meta-externalagent/1.1 (+https://developers.facebook.com/docs/sharing/webmasters/crawler)"
2a03:2880:f814:7:: - - [15/Jun/2026:16:12:12 +0200] "GET /shopping/013656882286 HTTP/2" 200 0 "-" "meta-externalagent/1.1 (+https://developers.facebook.com/docs/sharing/webmasters/crawler)"
2a03:2880:f814:: - - [15/Jun/2026:16:12:13 +0200] "GET /entity/013473483301 HTTP/2" 200 0 "-" "meta-externalagent/1.1 (+https://developers.facebook.com/docs/sharing/webmasters/crawler)"
2a03:2880:f814:3:: - - [15/Jun/2026:16:12:13 +0200] "GET /products/011683612273 HTTP/2" 200 0 "-" "meta-externalagent/1.1 (+https://developers.facebook.com/docs/sharing/webmasters/crawler)"
2a03:2880:f814:3b:: - - [15/Jun/2026:16:12:14 +0200] "GET /special/013832750878 HTTP/2" 200 0 "-" "meta-externalagent/1.1 (+https://developers.facebook.com/docs/sharing/webmasters/crawler)"
2a03:2880:f814:32:: - - [15/Jun/2026:16:12:14 +0200] "GET /product/012778993980 HTTP/2" 200 0 "-" "meta-externalagent/1.1 (+https://developers.facebook.com/docs/sharing/webmasters/crawler)"
2a03:2880:f814:22:: - - [15/Jun/2026:16:12:14 +0200] "GET /shopping/011390225364 HTTP/2" 200 0 "-" "meta-externalagent/1.1 (+https://developers.facebook.com/docs/sharing/webmasters/crawler)"
2a03:2880:f814:42:: - - [15/Jun/2026:16:12:17 +0200] "GET /info/013050578898 HTTP/2" 200 0 "-" "meta-externalagent/1.1 (+https://developers.facebook.com/docs/sharing/webmasters/crawler)"
2a03:2880:f814:2a:: - - [15/Jun/2026:16:12:18 +0200] "GET /goods/01249020808 HTTP/2" 200 0 "-" "meta-externalagent/1.1 (+https://developers.facebook.com/docs/sharing/webmasters/crawler)"
2a03:2880:f814:43:: - - [15/Jun/2026:16:12:19 +0200] "GET /info/012631378966 HTTP/2" 200 0 "-" "meta-externalagent/1.1 (+https://developers.facebook.com/docs/sharing/webmasters/crawler)"
2a03:2880:f814:40:: - - [15/Jun/2026:16:12:21 +0200] "GET /items/011692953372 HTTP/2" 200 0 "-" "meta-externalagent/1.1 (+https://developers.facebook.com/docs/sharing/webmasters/crawler)"
2a03:2880:f814:a:: - - [15/Jun/2026:16:12:22 +0200] "GET /entity/012114506008 HTTP/2" 200 0 "-" "meta-externalagent/1.1 (+https://developers.facebook.com/docs/sharing/webmasters/crawler)"
2a03:2880:f814:1a:: - - [15/Jun/2026:16:12:24 +0200] "GET /products/013401440307 HTTP/2" 200 0 "-" "meta-externalagent/1.1 (+https://developers.facebook.com/docs/sharing/webmasters/crawler)"
2a03:2880:f814:28:: - - [15/Jun/2026:16:12:25 +0200] "GET /items/011038411448 HTTP/2" 200 0 "-" "meta-externalagent/1.1 (+https://developers.facebook.com/docs/sharing/webmasters/crawler)"
2a03:2880:f814:7:: - - [15/Jun/2026:16:12:25 +0200] "GET /product/01101266158 HTTP/2" 200 0 "-" "meta-externalagent/1.1 (+https://developers.facebook.com/docs/sharing/webmasters/crawler)"
2a03:2880:f814:3a:: - - [15/Jun/2026:16:12:27 +0200] "GET /shopping/014224837837 HTTP/2" 200 0 "-" "meta-externalagent/1.1 (+https://developers.facebook.com/docs/sharing/webmasters/crawler)"
2a03:2880:f814:31:: - - [15/Jun/2026:16:12:27 +0200] "GET /shopdetail/012996843433 HTTP/2" 200 0 "-" "meta-externalagent/1.1 (+https://developers.facebook.com/docs/sharing/webmasters/crawler)"
2a03:2880:f814:23:: - - [15/Jun/2026:16:12:23 +0200] "GET /goods/013356784150 HTTP/2" 200 0 "-" "meta-externalagent/1.1 (+https://developers.facebook.com/docs/sharing/webmasters/crawler)"
2a03:2880:f814:: - - [15/Jun/2026:16:12:25 +0200] "GET /shopping/011811849478 HTTP/2" 200 0 "-" "meta-externalagent/1.1 (+https://developers.facebook.com/docs/sharing/webmasters/crawler)"
2a03:2880:f814:a:: - - [15/Jun/2026:16:12:25 +0200] "GET /info/01817401689 HTTP/2" 200 0 "-" "meta-externalagent/1.1 (+https://developers.facebook.com/docs/sharing/webmasters/crawler)"
2a03:2880:f814:2:: - - [15/Jun/2026:16:12:26 +0200] "GET /products/013098989467 HTTP/2" 200 0 "-" "meta-externalagent/1.1 (+https://developers.facebook.com/docs/sharing/webmasters/crawler)"
216.73.217.78 - - [15/Jun/2026:16:12:41 +0200] "GET /entity/011092700253 HTTP/2" 200 0 "-" "Mozilla/5.0 AppleWebKit/537.36 (KHTML, like Gecko; compatible; ClaudeBot/1.0; +claudebot@anthropic.com)"
2a03:2880:f814:e:: - - [15/Jun/2026:16:12:27 +0200] "GET /shopping/01599554419 HTTP/2" 200 0 "-" "meta-externalagent/1.1 (+https://developers.facebook.com/docs/sharing/webmasters/crawler)"
2a03:2880:f814:f:: - - [15/Jun/2026:16:12:28 +0200] "GET /items/012900659626 HTTP/2" 200 0 "-" "meta-externalagent/1.1 (+https://developers.facebook.com/docs/sharing/webmasters/crawler)"
2a03:2880:f814:15:: - - [15/Jun/2026:16:12:28 +0200] "GET /detail/012667810038 HTTP/2" 200 0 "-" "meta-externalagent/1.1 (+https://developers.facebook.com/docs/sharing/webmasters/crawler)"
2a03:2880:f814:3b:: - - [15/Jun/2026:16:12:29 +0200] "GET /product/014155186644 HTTP/2" 200 0 "-" "meta-externalagent/1.1 (+https://developers.facebook.com/docs/sharing/webmasters/crawler)"
2a03:2880:f814:31:: - - [15/Jun/2026:16:12:29 +0200] "GET /shopbrand/01365327026 HTTP/2" 200 0 "-" "meta-externalagent/1.1 (+https://developers.facebook.com/docs/sharing/webmasters/crawler)"
2a00:c1e0:0:1::1:105e - - [15/Jun/2026:16:12:30 +0200] "POST /wp-cron.php?doing_wp_cron=1781532750.7389988899230957031250 HTTP/1.1" 200 20 "-" "WordPress/7.0; https://schweiz-macher.ch"
2a03:2880:f814:3b:: - - [15/Jun/2026:16:12:30 +0200] "GET /detail/013935129392 HTTP/2" 200 0 "-" "meta-externalagent/1.1 (+https://developers.facebook.com/docs/sharing/webmasters/crawler)"
2a00:c1e0:0:1::1:105e - - [15/Jun/2026:16:12:31 +0200] "POST /wp-cron.php?doing_wp_cron=1781532751.6478691101074218750000 HTTP/1.1" 200 20 "-" "WordPress/7.0; https://schweiz-macher.ch"
2a00:c1e0:0:1::1:105e - - [15/Jun/2026:16:12:33 +0200] "POST /wp-cron.php?doing_wp_cron=1781532753.1387848854064941406250 HTTP/1.1" 200 20 "-" "WordPress/7.0; https://schweiz-macher.ch"
2a03:2880:f814:e:: - - [15/Jun/2026:16:12:31 +0200] "GET /detail/013777196165 HTTP/2" 200 0 "-" "meta-externalagent/1.1 (+https://developers.facebook.com/docs/sharing/webmasters/crawler)"
2a03:2880:f814:7:: - - [15/Jun/2026:16:12:33 +0200] "GET /items/014274428124 HTTP/2" 200 0 "-" "meta-externalagent/1.1 (+https://developers.facebook.com/docs/sharing/webmasters/crawler)"
2a03:2880:f814:1:: - - [15/Jun/2026:16:12:34 +0200] "GET /shopdetail/01347626614 HTTP/2" 200 0 "-" "meta-externalagent/1.1 (+https://developers.facebook.com/docs/sharing/webmasters/crawler)"
40.77.167.136 - - [15/Jun/2026:16:12:31 +0200] "GET /info/013807723414 HTTP/2" 200 27116 "-" "Mozilla/5.0 AppleWebKit/537.36 (KHTML, like Gecko; compatible; bingbot/2.0; +http://www.bing.com/bingbot.htm) Chrome/116.0.1938.76 Safari/537.36"
2a03:2880:f814:18:: - - [15/Jun/2026:16:12:35 +0200] "GET /shopbrand/012098199530 HTTP/2" 200 0 "-" "meta-externalagent/1.1 (+https://developers.facebook.com/docs/sharing/webmasters/crawler)"
2a03:2880:f814:1:: - - [15/Jun/2026:16:12:37 +0200] "GET /special/01838738398 HTTP/2" 200 0 "-" "meta-externalagent/1.1 (+https://developers.facebook.com/docs/sharing/webmasters/crawler)"
2a03:2880:f814:6:: - - [15/Jun/2026:16:12:38 +0200] "GET /items/011682400174 HTTP/2" 200 0 "-" "meta-externalagent/1.1 (+https://developers.facebook.com/docs/sharing/webmasters/crawler)"
2a03:2880:f814:4:: - - [15/Jun/2026:16:12:24 +0200] "GET /items/011881942098 HTTP/2" 200 0 "-" "meta-externalagent/1.1 (+https://developers.facebook.com/docs/sharing/webmasters/crawler)"
2a00:c1e0:0:1::1:105e - - [15/Jun/2026:16:12:29 +0200] "POST /wp-cron.php?doing_wp_cron=1781532749.6625659465789794921875 HTTP/1.1" 200 20 "-" "WordPress/7.0; https://schweiz-macher.ch"
2a00:c1e0:0:1::1:105e - - [15/Jun/2026:16:12:19 +0200] "GET / HTTP/1.1" 301 20 "-" "Python/3.11 aiohttp/3.9.2"
2a03:2880:f814:3d:: - - [15/Jun/2026:16:12:27 +0200] "GET /products/013818216025 HTTP/2" 200 0 "-" "meta-externalagent/1.1 (+https://developers.facebook.com/docs/sharing/webmasters/crawler)"
2a00:c1e0:0:1::1:105e - - [15/Jun/2026:16:12:31 +0200] "POST /wp-cron.php?doing_wp_cron=1781532751.5928950309753417968750 HTTP/1.1" 200 20 "-" "WordPress/7.0; https://schweiz-macher.ch"
2a03:2880:f814:2a:: - - [15/Jun/2026:16:12:30 +0200] "GET /entity/01226913443 HTTP/2" 200 0 "-" "meta-externalagent/1.1 (+https://developers.facebook.com/docs/sharing/webmasters/crawler)"
2a03:2880:f814:32:: - - [15/Jun/2026:16:12:31 +0200] "GET /shopping/011060518829 HTTP/2" 200 0 "-" "meta-externalagent/1.1 (+https://developers.facebook.com/docs/sharing/webmasters/crawler)"
2a03:2880:f814:a:: - - [15/Jun/2026:16:12:32 +0200] "GET /items/01644555934 HTTP/2" 200 0 "-" "meta-externalagent/1.1 (+https://developers.facebook.com/docs/sharing/webmasters/crawler)"
2a03:2880:f814:29:: - - [15/Jun/2026:16:12:34 +0200] "GET /products/011528638931 HTTP/2" 200 0 "-" "meta-externalagent/1.1 (+https://developers.facebook.com/docs/sharing/webmasters/crawler)"
2a03:2880:f814:18:: - - [15/Jun/2026:16:12:35 +0200] "GET /special/013921410635 HTTP/2" 200 0 "-" "meta-externalagent/1.1 (+https://developers.facebook.com/docs/sharing/webmasters/crawler)"
2a03:2880:f814:30:: - - [15/Jun/2026:16:12:36 +0200] "GET /item/013136632638 HTTP/2" 200 0 "-" "meta-externalagent/1.1 (+https://developers.facebook.com/docs/sharing/webmasters/crawler)"
2a00:c1e0:0:1::1:105e - - [15/Jun/2026:16:12:36 +0200] "POST /wp-cron.php?doing_wp_cron=1781532756.1372339725494384765625 HTTP/1.1" 200 20 "-" "WordPress/7.0; https://schweiz-macher.ch"
2a03:2880:f814:3b:: - - [15/Jun/2026:16:12:37 +0200] "GET /products/011883154181 HTTP/2" 200 0 "-" "meta-externalagent/1.1 (+https://developers.facebook.com/docs/sharing/webmasters/crawler)"
2a03:2880:f814:36:: - - [15/Jun/2026:16:12:38 +0200] "GET /product/011732761133 HTTP/2" 200 0 "-" "meta-externalagent/1.1 (+https://developers.facebook.com/docs/sharing/webmasters/crawler)"
2a03:2880:f814:2:: - - [15/Jun/2026:16:12:39 +0200] "GET /items/012899284004 HTTP/2" 200 0 "-" "meta-externalagent/1.1 (+https://developers.facebook.com/docs/sharing/webmasters/crawler)"
2a03:2880:f814:19:: - - [15/Jun/2026:16:12:40 +0200] "GET /market/013205135420 HTTP/2" 200 0 "-" "meta-externalagent/1.1 (+https://developers.facebook.com/docs/sharing/webmasters/crawler)"
20.15.133.184 - - [15/Jun/2026:16:12:36 +0200] "GET /info/013541981776 HTTP/2" 200 26656 "-" "Mozilla/5.0 AppleWebKit/537.36 (KHTML, like Gecko; compatible; bingbot/2.0; +http://www.bing.com/bingbot.htm) Chrome/116.0.1938.76 Safari/537.36"
2a03:2880:f814:3d:: - - [15/Jun/2026:16:12:40 +0200] "GET /special/013996648483 HTTP/2" 200 0 "-" "meta-externalagent/1.1 (+https://developers.facebook.com/docs/sharing/webmasters/crawler)"
2a03:2880:f814:a:: - - [15/Jun/2026:16:12:41 +0200] "GET /goodscode/01929512052 HTTP/2" 200 0 "-" "meta-externalagent/1.1 (+https://developers.facebook.com/docs/sharing/webmasters/crawler)"
2a03:2880:f814:44:: - - [15/Jun/2026:16:12:41 +0200] "GET /goodscode/013630793282 HTTP/2" 200 0 "-" "meta-externalagent/1.1 (+https://developers.facebook.com/docs/sharing/webmasters/crawler)"
2a03:2880:f814:: - - [15/Jun/2026:16:12:42 +0200] "GET /shopdetail/012992254645 HTTP/2" 200 0 "-" "meta-externalagent/1.1 (+https://developers.facebook.com/docs/sharing/webmasters/crawler)"
2a03:2880:f814:f:: - - [15/Jun/2026:16:12:27 +0200] "GET /shopdetail/01968533044 HTTP/2" 200 0 "-" "meta-externalagent/1.1 (+https://developers.facebook.com/docs/sharing/webmasters/crawler)"
2a03:2880:f814:36:: - - [15/Jun/2026:16:12:30 +0200] "GET /special/013505750915 HTTP/2" 200 0 "-" "meta-externalagent/1.1 (+https://developers.facebook.com/docs/sharing/webmasters/crawler)"
2a03:2880:f814:1a:: - - [15/Jun/2026:16:12:30 +0200] "GET /detail/01663468429 HTTP/2" 200 0 "-" "meta-externalagent/1.1 (+https://developers.facebook.com/docs/sharing/webmasters/crawler)"
2a03:2880:f814:3b:: - - [15/Jun/2026:16:12:31 +0200] "GET /special/013308633189 HTTP/2" 200 0 "-" "meta-externalagent/1.1 (+https://developers.facebook.com/docs/sharing/webmasters/crawler)"
2a03:2880:f814:17:: - - [15/Jun/2026:16:12:31 +0200] "GET /product/011513103125 HTTP/2" 200 0 "-" "meta-externalagent/1.1 (+https://developers.facebook.com/docs/sharing/webmasters/crawler)"
2a03:2880:f814:30:: - - [15/Jun/2026:16:12:32 +0200] "GET /item/013745327827 HTTP/2" 200 0 "-" "meta-externalagent/1.1 (+https://developers.facebook.com/docs/sharing/webmasters/crawler)"
2a00:c1e0:0:1::1:105e - - [15/Jun/2026:16:12:36 +0200] "POST /wp-cron.php?doing_wp_cron=1781532756.4475150108337402343750 HTTP/1.1" 200 20 "-" "WordPress/7.0; https://schweiz-macher.ch"
2a03:2880:f814:16:: - - [15/Jun/2026:16:12:34 +0200] "GET /shopping/012411367122 HTTP/2" 200 0 "-" "meta-externalagent/1.1 (+https://developers.facebook.com/docs/sharing/webmasters/crawler)"
2a00:c1e0:0:1::1:105e - - [15/Jun/2026:16:12:38 +0200] "POST /wp-cron.php?doing_wp_cron=1781532758.1456179618835449218750 HTTP/1.1" 200 20 "-" "WordPress/7.0; https://schweiz-macher.ch"
2a03:2880:f814:17:: - - [15/Jun/2026:16:12:35 +0200] "GET /info/01467475243 HTTP/2" 200 0 "-" "meta-externalagent/1.1 (+https://developers.facebook.com/docs/sharing/webmasters/crawler)"
2a03:2880:f814:42:: - - [15/Jun/2026:16:12:36 +0200] "GET /goodscode/014039440000 HTTP/2" 200 0 "-" "meta-externalagent/1.1 (+https://developers.facebook.com/docs/sharing/webmasters/crawler)"
2a03:2880:f814:43:: - - [15/Jun/2026:16:12:36 +0200] "GET /shopdetail/014036063311 HTTP/2" 200 0 "-" "meta-externalagent/1.1 (+https://developers.facebook.com/docs/sharing/webmasters/crawler)"
216.73.217.78 - - [15/Jun/2026:16:12:54 +0200] "GET /info/013317044952 HTTP/2" 200 0 "-" "Mozilla/5.0 AppleWebKit/537.36 (KHTML, like Gecko; compatible; ClaudeBot/1.0; +claudebot@anthropic.com)"
2a03:2880:f814:27:: - - [15/Jun/2026:16:12:38 +0200] "GET /info/013206347519 HTTP/2" 200 0 "-" "meta-externalagent/1.1 (+https://developers.facebook.com/docs/sharing/webmasters/crawler)"
2a03:2880:f814:2e:: - - [15/Jun/2026:16:12:41 +0200] "GET /market/011409742809 HTTP/2" 200 0 "-" "meta-externalagent/1.1 (+https://developers.facebook.com/docs/sharing/webmasters/crawler)"
2a03:2880:f814:14:: - - [15/Jun/2026:16:12:43 +0200] "GET /goods/014240421250 HTTP/2" 200 0 "-" "meta-externalagent/1.1 (+https://developers.facebook.com/docs/sharing/webmasters/crawler)"
2a03:2880:f814:2:: - - [15/Jun/2026:16:12:43 +0200] "GET /goods/013328152849 HTTP/2" 200 0 "-" "meta-externalagent/1.1 (+https://developers.facebook.com/docs/sharing/webmasters/crawler)"
2a03:2880:f814:19:: - - [15/Jun/2026:16:12:45 +0200] "GET /shopdetail/01935312955 HTTP/2" 200 0 "-" "meta-externalagent/1.1 (+https://developers.facebook.com/docs/sharing/webmasters/crawler)"
2a03:2880:f814:6:: - - [15/Jun/2026:16:12:45 +0200] "GET /goodscode/014209302031 HTTP/2" 200 0 "-" "meta-externalagent/1.1 (+https://developers.facebook.com/docs/sharing/webmasters/crawler)"
2a00:c1e0:0:1::1:105e - - [15/Jun/2026:16:12:45 +0200] "POST /wp-cron.php?doing_wp_cron=1781532765.5385990142822265625000 HTTP/1.1" 200 20 "-" "WordPress/7.0; https://schweiz-macher.ch"
216.73.217.78 - - [15/Jun/2026:16:13:01 +0200] "GET /entity/011390801061 HTTP/2" 200 0 "-" "Mozilla/5.0 AppleWebKit/537.36 (KHTML, like Gecko; compatible; ClaudeBot/1.0; +claudebot@anthropic.com)"
2a03:2880:f814:2a:: - - [15/Jun/2026:16:12:43 +0200] "GET /info/012751347535 HTTP/2" 200 0 "-" "meta-externalagent/1.1 (+https://developers.facebook.com/docs/sharing/webmasters/crawler)"
2a03:2880:f814:12:: - - [15/Jun/2026:16:12:44 +0200] "GET /detail/013773655969 HTTP/2" 200 0 "-" "meta-externalagent/1.1 (+https://developers.facebook.com/docs/sharing/webmasters/crawler)"
2a03:2880:f814:3a:: - - [15/Jun/2026:16:12:44 +0200] "GET /product/012777618342 HTTP/2" 200 0 "-" "meta-externalagent/1.1 (+https://developers.facebook.com/docs/sharing/webmasters/crawler)"
2a03:2880:f814:21:: - - [15/Jun/2026:16:12:46 +0200] "GET /info/012023732354 HTTP/2" 200 0 "-" "meta-externalagent/1.1 (+https://developers.facebook.com/docs/sharing/webmasters/crawler)"
20.15.133.184 - - [15/Jun/2026:16:12:37 +0200] "GET /special/013016812505 HTTP/2" 200 28452 "-" "Mozilla/5.0 AppleWebKit/537.36 (KHTML, like Gecko; compatible; bingbot/2.0; +http://www.bing.com/bingbot.htm) Chrome/116.0.1938.76 Safari/537.36"
2a03:2880:f814:37:: - - [15/Jun/2026:16:12:48 +0200] "GET /special/013826786452 HTTP/2" 200 0 "-" "meta-externalagent/1.1 (+https://developers.facebook.com/docs/sharing/webmasters/crawler)"
2a03:2880:f814:6:: - - [15/Jun/2026:16:12:49 +0200] "GET /detail/01441386239 HTTP/2" 200 0 "-" "meta-externalagent/1.1 (+https://developers.facebook.com/docs/sharing/webmasters/crawler)"
2a03:2880:f814:26:: - - [15/Jun/2026:16:12:50 +0200] "GET /product/012561500578 HTTP/2" 200 0 "-" "meta-externalagent/1.1 (+https://developers.facebook.com/docs/sharing/webmasters/crawler)"
2a03:2880:f814:14:: - - [15/Jun/2026:16:12:50 +0200] "GET /info/012856265292 HTTP/2" 200 0 "-" "meta-externalagent/1.1 (+https://developers.facebook.com/docs/sharing/webmasters/crawler)"
2a03:2880:f814:2e:: - - [15/Jun/2026:16:12:51 +0200] "GET /product/0126028278 HTTP/2" 200 0 "-" "meta-externalagent/1.1 (+https://developers.facebook.com/docs/sharing/webmasters/crawler)"
2a03:2880:f814:2b:: - - [15/Jun/2026:16:12:52 +0200] "GET /goodscode/012221380497 HTTP/2" 200 0 "-" "meta-externalagent/1.1 (+https://developers.facebook.com/docs/sharing/webmasters/crawler)"
2a03:2880:f814:3b:: - - [15/Jun/2026:16:12:52 +0200] "GET /item/014194207636 HTTP/2" 200 0 "-" "meta-externalagent/1.1 (+https://developers.facebook.com/docs/sharing/webmasters/crawler)"
2a03:2880:f814:40:: - - [15/Jun/2026:16:12:53 +0200] "GET /detail/012728798727 HTTP/2" 200 0 "-" "meta-externalagent/1.1 (+https://developers.facebook.com/docs/sharing/webmasters/crawler)"
2a00:c1e0:0:1::1:105e - - [15/Jun/2026:16:12:31 +0200] "GET / HTTP/1.1" 200 12440 "-" "Python/3.11 aiohttp/3.9.2"
2a03:2880:f814:1:: - - [15/Jun/2026:16:12:53 +0200] "GET /items/011852262205 HTTP/2" 200 0 "-" "meta-externalagent/1.1 (+https://developers.facebook.com/docs/sharing/webmasters/crawler)"
2a03:2880:f814:36:: - - [15/Jun/2026:16:12:55 +0200] "GET /shopdetail/014046616509 HTTP/2" 200 0 "-" "meta-externalagent/1.1 (+https://developers.facebook.com/docs/sharing/webmasters/crawler)"
2a03:2880:f814:f:: - - [15/Jun/2026:16:12:55 +0200] "GET /item/011345828831 HTTP/2" 200 0 "-" "meta-externalagent/1.1 (+https://developers.facebook.com/docs/sharing/webmasters/crawler)"
2a03:2880:f814:26:: - - [15/Jun/2026:16:12:55 +0200] "GET /product/011155627990 HTTP/2" 200 0 "-" "meta-externalagent/1.1 (+https://developers.facebook.com/docs/sharing/webmasters/crawler)"
2a03:2880:f814:e:: - - [15/Jun/2026:16:12:57 +0200] "GET /detail/011709701277 HTTP/2" 200 0 "-" "meta-externalagent/1.1 (+https://developers.facebook.com/docs/sharing/webmasters/crawler)"
2a03:2880:f814:28:: - - [15/Jun/2026:16:12:58 +0200] "GET /info/01458297651 HTTP/2" 200 0 "-" "meta-externalagent/1.1 (+https://developers.facebook.com/docs/sharing/webmasters/crawler)"
216.73.217.78 - - [15/Jun/2026:16:13:13 +0200] "GET /items/012227514121 HTTP/2" 200 0 "-" "Mozilla/5.0 AppleWebKit/537.36 (KHTML, like Gecko; compatible; ClaudeBot/1.0; +claudebot@anthropic.com)"
40.77.167.136 - - [15/Jun/2026:16:12:35 +0200] "GET /info/014032383457 HTTP/2" 200 26389 "-" "Mozilla/5.0 AppleWebKit/537.36 (KHTML, like Gecko; compatible; bingbot/2.0; +http://www.bing.com/bingbot.htm) Chrome/116.0.1938.76 Safari/537.36"
2a03:2880:f814:39:: - - [15/Jun/2026:16:12:38 +0200] "GET /info/013543394086 HTTP/2" 200 0 "-" "meta-externalagent/1.1 (+https://developers.facebook.com/docs/sharing/webmasters/crawler)"
2a03:2880:f814:24:: - - [15/Jun/2026:16:12:39 +0200] "GET /items/013814839336 HTTP/2" 200 0 "-" "meta-externalagent/1.1 (+https://developers.facebook.com/docs/sharing/webmasters/crawler)"
2a03:2880:f814:: - - [15/Jun/2026:16:12:40 +0200] "GET /market/012330935520 HTTP/2" 200 0 "-" "meta-externalagent/1.1 (+https://developers.facebook.com/docs/sharing/webmasters/crawler)"
2a03:2880:f814:26:: - - [15/Jun/2026:16:12:42 +0200] "GET /product/013738151318 HTTP/2" 200 0 "-" "meta-externalagent/1.1 (+https://developers.facebook.com/docs/sharing/webmasters/crawler)"
2a03:2880:f814:2b:: - - [15/Jun/2026:16:12:43 +0200] "GET /item/013277350463 HTTP/2" 200 0 "-" "meta-externalagent/1.1 (+https://developers.facebook.com/docs/sharing/webmasters/crawler)"
2a03:2880:f814:: - - [15/Jun/2026:16:12:46 +0200] "GET /entity/011002539934 HTTP/2" 200 0 "-" "meta-externalagent/1.1 (+https://developers.facebook.com/docs/sharing/webmasters/crawler)"
2a03:2880:f814:40:: - - [15/Jun/2026:16:12:46 +0200] "GET /products/011688201045 HTTP/2" 200 0 "-" "meta-externalagent/1.1 (+https://developers.facebook.com/docs/sharing/webmasters/crawler)"
2a03:2880:f814:16:: - - [15/Jun/2026:16:12:48 +0200] "GET /special/01744114215 HTTP/2" 200 0 "-" "meta-externalagent/1.1 (+https://developers.facebook.com/docs/sharing/webmasters/crawler)"
2a03:2880:f814:3e:: - - [15/Jun/2026:16:12:48 +0200] "GET /items/012653486347 HTTP/2" 200 0 "-" "meta-externalagent/1.1 (+https://developers.facebook.com/docs/sharing/webmasters/crawler)"
2a03:2880:f814:43:: - - [15/Jun/2026:16:12:50 +0200] "GET /product/011311396611 HTTP/2" 200 0 "-" "meta-externalagent/1.1 (+https://developers.facebook.com/docs/sharing/webmasters/crawler)"
2a03:2880:f814:1b:: - - [15/Jun/2026:16:12:51 +0200] "GET /entity/012701939067 HTTP/2" 200 0 "-" "meta-externalagent/1.1 (+https://developers.facebook.com/docs/sharing/webmasters/crawler)"
2a03:2880:f814:43:: - - [15/Jun/2026:16:12:51 +0200] "GET /shopdetail/01513688825 HTTP/2" 200 0 "-" "meta-externalagent/1.1 (+https://developers.facebook.com/docs/sharing/webmasters/crawler)"
2a03:2880:f814:2a:: - - [15/Jun/2026:16:12:54 +0200] "GET /market/01975498423 HTTP/2" 200 0 "-" "meta-externalagent/1.1 (+https://developers.facebook.com/docs/sharing/webmasters/crawler)"
2a03:2880:f814:2a:: - - [15/Jun/2026:16:12:54 +0200] "GET /shopping/013455175772 HTTP/2" 200 0 "-" "meta-externalagent/1.1 (+https://developers.facebook.com/docs/sharing/webmasters/crawler)"
2a03:2880:f814:e:: - - [15/Jun/2026:16:12:55 +0200] "GET /detail/012150289978 HTTP/2" 200 0 "-" "meta-externalagent/1.1 (+https://developers.facebook.com/docs/sharing/webmasters/crawler)"
2a03:2880:f814:22:: - - [15/Jun/2026:16:12:56 +0200] "GET /goods/011459151293 HTTP/2" 200 0 "-" "meta-externalagent/1.1 (+https://developers.facebook.com/docs/sharing/webmasters/crawler)"
2a03:2880:f814:42:: - - [15/Jun/2026:16:12:57 +0200] "GET /products/013822804829 HTTP/2" 200 0 "-" "meta-externalagent/1.1 (+https://developers.facebook.com/docs/sharing/webmasters/crawler)"
2a03:2880:f814:21:: - - [15/Jun/2026:16:12:57 +0200] "GET /shopbrand/013611896868 HTTP/2" 200 0 "-" "meta-externalagent/1.1 (+https://developers.facebook.com/docs/sharing/webmasters/crawler)"
2a03:2880:f814:3e:: - - [15/Jun/2026:16:13:00 +0200] "GET /item/013990076940 HTTP/2" 200 0 "-" "meta-externalagent/1.1 (+https://developers.facebook.com/docs/sharing/webmasters/crawler)"
2a03:2880:f814:40:: - - [15/Jun/2026:16:13:01 +0200] "GET /goods/01246856218 HTTP/2" 200 0 "-" "meta-externalagent/1.1 (+https://developers.facebook.com/docs/sharing/webmasters/crawler)"
2a03:2880:f814:e:: - - [15/Jun/2026:16:12:47 +0200] "GET /market/013382873170 HTTP/2" 200 0 "-" "meta-externalagent/1.1 (+https://developers.facebook.com/docs/sharing/webmasters/crawler)"
2a03:2880:f814:20:: - - [15/Jun/2026:16:12:47 +0200] "GET /item/012552159463 HTTP/2" 200 0 "-" "meta-externalagent/1.1 (+https://developers.facebook.com/docs/sharing/webmasters/crawler)"
2a03:2880:f814:30:: - - [15/Jun/2026:16:12:48 +0200] "GET /goodscode/011563298362 HTTP/2" 200 0 "-" "meta-externalagent/1.1 (+https://developers.facebook.com/docs/sharing/webmasters/crawler)"
2a03:2880:f814:44:: - - [15/Jun/2026:16:12:50 +0200] "GET /shopping/011641987447 HTTP/2" 200 0 "-" "meta-externalagent/1.1 (+https://developers.facebook.com/docs/sharing/webmasters/crawler)"
2a03:2880:f814:2b:: - - [15/Jun/2026:16:12:53 +0200] "GET /goodscode/01510312136 HTTP/2" 200 0 "-" "meta-externalagent/1.1 (+https://developers.facebook.com/docs/sharing/webmasters/crawler)"
2a03:2880:f814:20:: - - [15/Jun/2026:16:12:58 +0200] "GET /item/012947643896 HTTP/2" 200 0 "-" "meta-externalagent/1.1 (+https://developers.facebook.com/docs/sharing/webmasters/crawler)"
2a03:2880:f814:31:: - - [15/Jun/2026:16:12:58 +0200] "GET /detail/01275324028 HTTP/2" 200 0 "-" "meta-externalagent/1.1 (+https://developers.facebook.com/docs/sharing/webmasters/crawler)"
2a03:2880:f814:15:: - - [15/Jun/2026:16:12:59 +0200] "GET /items/012905248430 HTTP/2" 200 0 "-" "meta-externalagent/1.1 (+https://developers.facebook.com/docs/sharing/webmasters/crawler)"
2a03:2880:f814:22:: - - [15/Jun/2026:16:12:59 +0200] "GET /info/011123392757 HTTP/2" 200 0 "-" "meta-externalagent/1.1 (+https://developers.facebook.com/docs/sharing/webmasters/crawler)"
2a03:2880:f814:f:: - - [15/Jun/2026:16:12:59 +0200] "GET /product/011308972429 HTTP/2" 200 0 "-" "meta-externalagent/1.1 (+https://developers.facebook.com/docs/sharing/webmasters/crawler)"
2a03:2880:f814:13:: - - [15/Jun/2026:16:12:59 +0200] "GET /special/013667224354 HTTP/2" 200 0 "-" "meta-externalagent/1.1 (+https://developers.facebook.com/docs/sharing/webmasters/crawler)"
2a03:2880:f814:15:: - - [15/Jun/2026:16:13:02 +0200] "GET /special/012121682517 HTTP/2" 200 0 "-" "meta-externalagent/1.1 (+https://developers.facebook.com/docs/sharing/webmasters/crawler)"
2a03:2880:f814:28:: - - [15/Jun/2026:16:13:04 +0200] "GET /items/011884106688 HTTP/2" 200 0 "-" "meta-externalagent/1.1 (+https://developers.facebook.com/docs/sharing/webmasters/crawler)"
2a03:2880:f814:24:: - - [15/Jun/2026:16:13:07 +0200] "GET /product/012523691669 HTTP/2" 200 0 "-" "meta-externalagent/1.1 (+https://developers.facebook.com/docs/sharing/webmasters/crawler)"
2a03:2880:f814:12:: - - [15/Jun/2026:16:13:08 +0200] "GET /shopdetail/014010972206 HTTP/2" 200 0 "-" "meta-externalagent/1.1 (+https://developers.facebook.com/docs/sharing/webmasters/crawler)"
2a03:2880:f814:28:: - - [15/Jun/2026:16:13:10 +0200] "GET /shopbrand/012429281702 HTTP/2" 200 0 "-" "meta-externalagent/1.1 (+https://developers.facebook.com/docs/sharing/webmasters/crawler)"
216.73.217.78 - - [15/Jun/2026:16:13:25 +0200] "GET /info/014221115674 HTTP/2" 200 0 "-" "Mozilla/5.0 AppleWebKit/537.36 (KHTML, like Gecko; compatible; ClaudeBot/1.0; +claudebot@anthropic.com)"
2a03:2880:f814:b:: - - [15/Jun/2026:16:13:11 +0200] "GET /goods/011490995776 HTTP/2" 200 0 "-" "meta-externalagent/1.1 (+https://developers.facebook.com/docs/sharing/webmasters/crawler)"
2a03:2880:f814:11:: - - [15/Jun/2026:16:13:12 +0200] "GET /shopbrand/012955823573 HTTP/2" 200 0 "-" "meta-externalagent/1.1 (+https://developers.facebook.com/docs/sharing/webmasters/crawler)"
2a03:2880:f814:3b:: - - [15/Jun/2026:16:13:12 +0200] "GET /products/013399016125 HTTP/2" 200 0 "-" "meta-externalagent/1.1 (+https://developers.facebook.com/docs/sharing/webmasters/crawler)"
2a03:2880:f814:1e:: - - [15/Jun/2026:16:13:13 +0200] "GET /detail/013113149635 HTTP/2" 200 0 "-" "meta-externalagent/1.1 (+https://developers.facebook.com/docs/sharing/webmasters/crawler)"
2a03:2880:f814:3:: - - [15/Jun/2026:16:13:01 +0200] "GET /products/011853474304 HTTP/2" 200 0 "-" "meta-externalagent/1.1 (+https://developers.facebook.com/docs/sharing/webmasters/crawler)"
2a03:2880:f814:13:: - - [15/Jun/2026:16:13:02 +0200] "GET /entity/013825574369 HTTP/2" 200 0 "-" "meta-externalagent/1.1 (+https://developers.facebook.com/docs/sharing/webmasters/crawler)"
2a03:2880:f814:31:: - - [15/Jun/2026:16:13:03 +0200] "GET /info/011836119250 HTTP/2" 200 0 "-" "meta-externalagent/1.1 (+https://developers.facebook.com/docs/sharing/webmasters/crawler)"
2a03:2880:f814:39:: - - [15/Jun/2026:16:13:03 +0200] "GET /market/01300200917 HTTP/2" 200 0 "-" "meta-externalagent/1.1 (+https://developers.facebook.com/docs/sharing/webmasters/crawler)"
2a03:2880:f814:27:: - - [15/Jun/2026:16:13:05 +0200] "GET /product/011730596543 HTTP/2" 200 0 "-" "meta-externalagent/1.1 (+https://developers.facebook.com/docs/sharing/webmasters/crawler)"
