2a03:2880:f814:f:: - - [15/Jun/2026:16:13:05 +0200] "GET /shopbrand/01529224631 HTTP/2" 200 0 "-" "meta-externalagent/1.1 (+https://developers.facebook.com/docs/sharing/webmasters/crawler)"
2a03:2880:f814:33:: - - [15/Jun/2026:16:13:06 +0200] "GET /item/012369135163 HTTP/2" 200 0 "-" "meta-externalagent/1.1 (+https://developers.facebook.com/docs/sharing/webmasters/crawler)"
2a03:2880:f814:8:: - - [15/Jun/2026:16:13:07 +0200] "GET /special/012452764705 HTTP/2" 200 0 "-" "meta-externalagent/1.1 (+https://developers.facebook.com/docs/sharing/webmasters/crawler)"
2a03:2880:f814:11:: - - [15/Jun/2026:16:13:07 +0200] "GET /goodscode/01507887954 HTTP/2" 200 0 "-" "meta-externalagent/1.1 (+https://developers.facebook.com/docs/sharing/webmasters/crawler)"
2a03:2880:f814:3a:: - - [15/Jun/2026:16:13:08 +0200] "GET /detail/011455514980 HTTP/2" 200 0 "-" "meta-externalagent/1.1 (+https://developers.facebook.com/docs/sharing/webmasters/crawler)"
2a03:2880:f814:13:: - - [15/Jun/2026:16:13:08 +0200] "GET /products/013404980519 HTTP/2" 200 0 "-" "meta-externalagent/1.1 (+https://developers.facebook.com/docs/sharing/webmasters/crawler)"
2a03:2880:f814:2d:: - - [15/Jun/2026:16:13:09 +0200] "GET /goods/011902066676 HTTP/2" 200 0 "-" "meta-externalagent/1.1 (+https://developers.facebook.com/docs/sharing/webmasters/crawler)"
2a03:2880:f814:11:: - - [15/Jun/2026:16:13:09 +0200] "GET /info/013209887715 HTTP/2" 200 0 "-" "meta-externalagent/1.1 (+https://developers.facebook.com/docs/sharing/webmasters/crawler)"
2a03:2880:f814:18:: - - [15/Jun/2026:16:13:10 +0200] "GET /entity/014084096157 HTTP/2" 200 0 "-" "meta-externalagent/1.1 (+https://developers.facebook.com/docs/sharing/webmasters/crawler)"
40.77.167.136 - - [15/Jun/2026:16:13:03 +0200] "GET /info/011043672731 HTTP/2" 200 26240 "-" "Mozilla/5.0 AppleWebKit/537.36 (KHTML, like Gecko; compatible; bingbot/2.0; +http://www.bing.com/bingbot.htm) Chrome/116.0.1938.76 Safari/537.36"
2a03:2880:f814:2f:: - - [15/Jun/2026:16:13:11 +0200] "GET /shopdetail/01515064463 HTTP/2" 200 0 "-" "meta-externalagent/1.1 (+https://developers.facebook.com/docs/sharing/webmasters/crawler)"
40.77.167.136 - - [15/Jun/2026:16:13:06 +0200] "GET /info/014093298442 HTTP/2" 200 28517 "-" "Mozilla/5.0 AppleWebKit/537.36 (KHTML, like Gecko; compatible; bingbot/2.0; +http://www.bing.com/bingbot.htm) Chrome/116.0.1938.76 Safari/537.36"
2a03:2880:f814:22:: - - [15/Jun/2026:16:13:13 +0200] "GET /products/011847509878 HTTP/2" 200 0 "-" "meta-externalagent/1.1 (+https://developers.facebook.com/docs/sharing/webmasters/crawler)"
2a03:2880:f814:2f:: - - [15/Jun/2026:16:13:14 +0200] "GET /product/011401172398 HTTP/2" 200 0 "-" "meta-externalagent/1.1 (+https://developers.facebook.com/docs/sharing/webmasters/crawler)"
2a03:2880:f814:3b:: - - [15/Jun/2026:16:13:15 +0200] "GET /items/013701883769 HTTP/2" 200 0 "-" "meta-externalagent/1.1 (+https://developers.facebook.com/docs/sharing/webmasters/crawler)"
2a03:2880:f814:1e:: - - [15/Jun/2026:16:13:00 +0200] "GET /item/011018286854 HTTP/2" 200 0 "-" "meta-externalagent/1.1 (+https://developers.facebook.com/docs/sharing/webmasters/crawler)"
2a03:2880:f814:2d:: - - [15/Jun/2026:16:13:01 +0200] "GET /goods/013323564061 HTTP/2" 200 0 "-" "meta-externalagent/1.1 (+https://developers.facebook.com/docs/sharing/webmasters/crawler)"
2a03:2880:f814:3b:: - - [15/Jun/2026:16:13:02 +0200] "GET /item/014159938971 HTTP/2" 200 0 "-" "meta-externalagent/1.1 (+https://developers.facebook.com/docs/sharing/webmasters/crawler)"
2a03:2880:f814:7:: - - [15/Jun/2026:16:13:03 +0200] "GET /goodscode/012986453774 HTTP/2" 200 0 "-" "meta-externalagent/1.1 (+https://developers.facebook.com/docs/sharing/webmasters/crawler)"
2a03:2880:f814:41:: - - [15/Jun/2026:16:13:04 +0200] "GET /products/013814675813 HTTP/2" 200 0 "-" "meta-externalagent/1.1 (+https://developers.facebook.com/docs/sharing/webmasters/crawler)"
2a03:2880:f814:16:: - - [15/Jun/2026:16:13:04 +0200] "GET /shopdetail/011563461901 HTTP/2" 200 0 "-" "meta-externalagent/1.1 (+https://developers.facebook.com/docs/sharing/webmasters/crawler)"
2a03:2880:f814:34:: - - [15/Jun/2026:16:13:05 +0200] "GET /detail/01239679725 HTTP/2" 200 0 "-" "meta-externalagent/1.1 (+https://developers.facebook.com/docs/sharing/webmasters/crawler)"
216.73.217.78 - - [15/Jun/2026:16:13:31 +0200] "GET /robots.txt HTTP/2" 200 82 "-" "Mozilla/5.0 AppleWebKit/537.36 (KHTML, like Gecko; compatible; ClaudeBot/1.0; +claudebot@anthropic.com)"
2a03:2880:f814:1:: - - [15/Jun/2026:16:13:08 +0200] "GET /info/012329723421 HTTP/2" 200 0 "-" "meta-externalagent/1.1 (+https://developers.facebook.com/docs/sharing/webmasters/crawler)"
2a03:2880:f814:f:: - - [15/Jun/2026:16:13:10 +0200] "GET /product/012527231881 HTTP/2" 200 0 "-" "meta-externalagent/1.1 (+https://developers.facebook.com/docs/sharing/webmasters/crawler)"
2a03:2880:f814:24:: - - [15/Jun/2026:16:13:13 +0200] "GET /info/013382709647 HTTP/2" 200 0 "-" "meta-externalagent/1.1 (+https://developers.facebook.com/docs/sharing/webmasters/crawler)"
2a03:2880:f814:26:: - - [15/Jun/2026:16:13:13 +0200] "GET /item/011071302308 HTTP/2" 200 0 "-" "meta-externalagent/1.1 (+https://developers.facebook.com/docs/sharing/webmasters/crawler)"
2a03:2880:f814:3b:: - - [15/Jun/2026:16:13:14 +0200] "GET /item/013738314841 HTTP/2" 200 0 "-" "meta-externalagent/1.1 (+https://developers.facebook.com/docs/sharing/webmasters/crawler)"
2a03:2880:f814:27:: - - [15/Jun/2026:16:13:15 +0200] "GET /items/014112954701 HTTP/2" 200 0 "-" "meta-externalagent/1.1 (+https://developers.facebook.com/docs/sharing/webmasters/crawler)"
2a03:2880:f814:a:: - - [15/Jun/2026:16:13:15 +0200] "GET /product/011011110345 HTTP/2" 200 0 "-" "meta-externalagent/1.1 (+https://developers.facebook.com/docs/sharing/webmasters/crawler)"
216.73.217.78 - - [15/Jun/2026:16:13:31 +0200] "GET /info/012432389702 HTTP/2" 200 0 "-" "Mozilla/5.0 AppleWebKit/537.36 (KHTML, like Gecko; compatible; ClaudeBot/1.0; +claudebot@anthropic.com)"
2a03:2880:f814:36:: - - [15/Jun/2026:16:13:17 +0200] "GET /products/011039623563 HTTP/2" 200 0 "-" "meta-externalagent/1.1 (+https://developers.facebook.com/docs/sharing/webmasters/crawler)"
2a03:2880:f814:3a:: - - [15/Jun/2026:16:13:17 +0200] "GET /products/011033659153 HTTP/2" 200 0 "-" "meta-externalagent/1.1 (+https://developers.facebook.com/docs/sharing/webmasters/crawler)"
2a03:2880:f814:17:: - - [15/Jun/2026:16:13:18 +0200] "GET /special/011607858450 HTTP/2" 200 0 "-" "meta-externalagent/1.1 (+https://developers.facebook.com/docs/sharing/webmasters/crawler)"
2a03:2880:f814:15:: - - [15/Jun/2026:16:13:18 +0200] "GET /product/01542016951 HTTP/2" 200 0 "-" "meta-externalagent/1.1 (+https://developers.facebook.com/docs/sharing/webmasters/crawler)"
2a03:2880:f814:41:: - - [15/Jun/2026:16:13:20 +0200] "GET /shopping/012405402696 HTTP/2" 200 0 "-" "meta-externalagent/1.1 (+https://developers.facebook.com/docs/sharing/webmasters/crawler)"
74.7.242.55 - - [15/Jun/2026:16:13:10 +0200] "GET /market/013943357532 HTTP/2" 200 0 "https://schweiz-macher.ch/sitemap-item-1066.xml" "Mozilla/5.0 AppleWebKit/537.36 (KHTML, like Gecko; compatible; GPTBot/1.4; +https://openai.com/gptbot)"
2a03:2880:f814:6:: - - [15/Jun/2026:16:13:17 +0200] "GET /shopbrand/011055766502 HTTP/2" 200 0 "-" "meta-externalagent/1.1 (+https://developers.facebook.com/docs/sharing/webmasters/crawler)"
2a03:2880:f814:27:: - - [15/Jun/2026:16:13:18 +0200] "GET /goodscode/012823604713 HTTP/2" 200 0 "-" "meta-externalagent/1.1 (+https://developers.facebook.com/docs/sharing/webmasters/crawler)"
2a03:2880:f814:28:: - - [15/Jun/2026:16:13:19 +0200] "GET /item/011314773300 HTTP/2" 200 0 "-" "meta-externalagent/1.1 (+https://developers.facebook.com/docs/sharing/webmasters/crawler)"
2a03:2880:f814:8:: - - [15/Jun/2026:16:13:21 +0200] "GET /product/014190571355 HTTP/2" 200 0 "-" "meta-externalagent/1.1 (+https://developers.facebook.com/docs/sharing/webmasters/crawler)"
2a03:2880:f814:2f:: - - [15/Jun/2026:16:13:23 +0200] "GET /goods/01859633664 HTTP/2" 200 0 "-" "meta-externalagent/1.1 (+https://developers.facebook.com/docs/sharing/webmasters/crawler)"
2a03:2880:f814:2d:: - - [15/Jun/2026:16:13:23 +0200] "GET /detail/013024489878 HTTP/2" 200 0 "-" "meta-externalagent/1.1 (+https://developers.facebook.com/docs/sharing/webmasters/crawler)"
2a03:2880:f814:33:: - - [15/Jun/2026:16:13:24 +0200] "GET /special/013172244560 HTTP/2" 200 0 "-" "meta-externalagent/1.1 (+https://developers.facebook.com/docs/sharing/webmasters/crawler)"
2a03:2880:f814:28:: - - [15/Jun/2026:16:13:24 +0200] "GET /detail/011877139094 HTTP/2" 200 0 "-" "meta-externalagent/1.1 (+https://developers.facebook.com/docs/sharing/webmasters/crawler)"
2a03:2880:f814:14:: - - [15/Jun/2026:16:13:27 +0200] "GET /item/013581430222 HTTP/2" 200 0 "-" "meta-externalagent/1.1 (+https://developers.facebook.com/docs/sharing/webmasters/crawler)"
216.73.217.78 - - [15/Jun/2026:16:13:44 +0200] "GET /info/01199013765 HTTP/2" 200 0 "-" "Mozilla/5.0 AppleWebKit/537.36 (KHTML, like Gecko; compatible; ClaudeBot/1.0; +claudebot@anthropic.com)"
2a03:2880:f814:b:: - - [15/Jun/2026:16:13:29 +0200] "GET /goodscode/011558709574 HTTP/2" 200 0 "-" "meta-externalagent/1.1 (+https://developers.facebook.com/docs/sharing/webmasters/crawler)"
2a03:2880:f814:11:: - - [15/Jun/2026:16:13:30 +0200] "GET /product/01547981377 HTTP/2" 200 0 "-" "meta-externalagent/1.1 (+https://developers.facebook.com/docs/sharing/webmasters/crawler)"
2a03:2880:f814:37:: - - [15/Jun/2026:16:13:30 +0200] "GET /products/01158410661 HTTP/2" 200 0 "-" "meta-externalagent/1.1 (+https://developers.facebook.com/docs/sharing/webmasters/crawler)"
2a03:2880:f814:19:: - - [15/Jun/2026:16:13:31 +0200] "GET /shopping/011221738971 HTTP/2" 200 0 "-" "meta-externalagent/1.1 (+https://developers.facebook.com/docs/sharing/webmasters/crawler)"
2a03:2880:f814:3a:: - - [15/Jun/2026:16:13:31 +0200] "GET /product/012359794064 HTTP/2" 200 0 "-" "meta-externalagent/1.1 (+https://developers.facebook.com/docs/sharing/webmasters/crawler)"
2a03:2880:f814:3b:: - - [15/Jun/2026:16:13:32 +0200] "GET /detail/011900854593 HTTP/2" 200 0 "-" "meta-externalagent/1.1 (+https://developers.facebook.com/docs/sharing/webmasters/crawler)"
20.15.133.184 - - [15/Jun/2026:16:13:07 +0200] "GET /info/013791467350 HTTP/2" 200 0 "-" "Mozilla/5.0 AppleWebKit/537.36 (KHTML, like Gecko; compatible; bingbot/2.0; +http://www.bing.com/bingbot.htm) Chrome/116.0.1938.76 Safari/537.36"
2a03:2880:f814:2d:: - - [15/Jun/2026:16:13:34 +0200] "GET /products/012186721050 HTTP/2" 200 0 "-" "meta-externalagent/1.1 (+https://developers.facebook.com/docs/sharing/webmasters/crawler)"
2a00:c1e0:0:1::1:105e - - [15/Jun/2026:16:13:11 +0200] "GET / HTTP/1.1" 200 12440 "-" "Python/3.11 aiohttp/3.9.2"
2a03:2880:f814:4:: - - [15/Jun/2026:16:13:35 +0200] "GET /product/013744115744 HTTP/2" 200 0 "-" "meta-externalagent/1.1 (+https://developers.facebook.com/docs/sharing/webmasters/crawler)"
2a03:2880:f814:3a:: - - [15/Jun/2026:16:13:16 +0200] "GET /special/013470106612 HTTP/2" 200 0 "-" "meta-externalagent/1.1 (+https://developers.facebook.com/docs/sharing/webmasters/crawler)"
2a03:2880:f814:23:: - - [15/Jun/2026:16:13:16 +0200] "GET /item/011153299877 HTTP/2" 200 0 "-" "meta-externalagent/1.1 (+https://developers.facebook.com/docs/sharing/webmasters/crawler)"
2a03:2880:f814:1b:: - - [15/Jun/2026:16:13:17 +0200] "GET /goods/012069504525 HTTP/2" 200 0 "-" "meta-externalagent/1.1 (+https://developers.facebook.com/docs/sharing/webmasters/crawler)"
2a03:2880:f814:44:: - - [15/Jun/2026:16:13:18 +0200] "GET /special/012126271305 HTTP/2" 200 0 "-" "meta-externalagent/1.1 (+https://developers.facebook.com/docs/sharing/webmasters/crawler)"
2a00:c1e0:0:1::1:105e - - [15/Jun/2026:16:13:03 +0200] "GET / HTTP/1.1" 200 12450 "-" "Python/3.11 aiohttp/3.9.2"
2a03:2880:f814:2f:: - - [15/Jun/2026:16:13:20 +0200] "GET /product/013137585113 HTTP/2" 200 0 "-" "meta-externalagent/1.1 (+https://developers.facebook.com/docs/sharing/webmasters/crawler)"
2a03:2880:f814:31:: - - [15/Jun/2026:16:13:21 +0200] "GET /goodscode/012824980351 HTTP/2" 200 0 "-" "meta-externalagent/1.1 (+https://developers.facebook.com/docs/sharing/webmasters/crawler)"
2a03:2880:f814:1e:: - - [15/Jun/2026:16:13:21 +0200] "GET /products/011689576683 HTTP/2" 200 0 "-" "meta-externalagent/1.1 (+https://developers.facebook.com/docs/sharing/webmasters/crawler)"
2a03:2880:f814:3:: - - [15/Jun/2026:16:13:21 +0200] "GET /goods/013120326160 HTTP/2" 200 0 "-" "meta-externalagent/1.1 (+https://developers.facebook.com/docs/sharing/webmasters/crawler)"
2a03:2880:f814:7:: - - [15/Jun/2026:16:13:22 +0200] "GET /info/013355453952 HTTP/2" 200 0 "-" "meta-externalagent/1.1 (+https://developers.facebook.com/docs/sharing/webmasters/crawler)"
2a03:2880:f814:21:: - - [15/Jun/2026:16:13:23 +0200] "GET /items/011030282464 HTTP/2" 200 0 "-" "meta-externalagent/1.1 (+https://developers.facebook.com/docs/sharing/webmasters/crawler)"
2a03:2880:f814:2a:: - - [15/Jun/2026:16:13:25 +0200] "GET /entity/013509127604 HTTP/2" 200 0 "-" "meta-externalagent/1.1 (+https://developers.facebook.com/docs/sharing/webmasters/crawler)"
2a03:2880:f814:b:: - - [15/Jun/2026:16:13:26 +0200] "GET /info/01983463916 HTTP/2" 200 0 "-" "meta-externalagent/1.1 (+https://developers.facebook.com/docs/sharing/webmasters/crawler)"
2a03:2880:f814:3e:: - - [15/Jun/2026:16:13:26 +0200] "GET /info/012637343392 HTTP/2" 200 0 "-" "meta-externalagent/1.1 (+https://developers.facebook.com/docs/sharing/webmasters/crawler)"
2a03:2880:f814:13:: - - [15/Jun/2026:16:13:27 +0200] "GET /shopdetail/01768991136 HTTP/2" 200 0 "-" "meta-externalagent/1.1 (+https://developers.facebook.com/docs/sharing/webmasters/crawler)"
2a03:2880:f814:e:: - - [15/Jun/2026:16:13:29 +0200] "GET /item/013795763318 HTTP/2" 200 0 "-" "meta-externalagent/1.1 (+https://developers.facebook.com/docs/sharing/webmasters/crawler)"
2a03:2880:f814:24:: - - [15/Jun/2026:16:13:29 +0200] "GET /market/013895321631 HTTP/2" 200 0 "-" "meta-externalagent/1.1 (+https://developers.facebook.com/docs/sharing/webmasters/crawler)"
2a03:2880:f814:11:: - - [15/Jun/2026:16:13:33 +0200] "GET /entity/01223373247 HTTP/2" 200 0 "-" "meta-externalagent/1.1 (+https://developers.facebook.com/docs/sharing/webmasters/crawler)"
2a03:2880:f814:40:: - - [15/Jun/2026:16:13:35 +0200] "GET /shopping/011226327759 HTTP/2" 200 0 "-" "meta-externalagent/1.1 (+https://developers.facebook.com/docs/sharing/webmasters/crawler)"
2a03:2880:f814:40:: - - [15/Jun/2026:16:13:36 +0200] "GET /goods/01240891824 HTTP/2" 200 0 "-" "meta-externalagent/1.1 (+https://developers.facebook.com/docs/sharing/webmasters/crawler)"
40.77.167.136 - - [15/Jun/2026:16:13:36 +0200] "GET /info/013478593574 HTTP/2" 200 26960 "-" "Mozilla/5.0 AppleWebKit/537.36 (KHTML, like Gecko; compatible; bingbot/2.0; +http://www.bing.com/bingbot.htm) Chrome/116.0.1938.76 Safari/537.36"
2a03:2880:f814:2b:: - - [15/Jun/2026:16:13:21 +0200] "GET /product/013572089107 HTTP/2" 200 0 "-" "meta-externalagent/1.1 (+https://developers.facebook.com/docs/sharing/webmasters/crawler)"
185.32.124.82 - - [15/Jun/2026:16:13:04 +0200] "GET / HTTP/1.1" 200 12440 "-" "Python/3.11 aiohttp/3.9.2"
2a03:2880:f814:33:: - - [15/Jun/2026:16:13:25 +0200] "GET /item/013799303530 HTTP/2" 200 0 "-" "meta-externalagent/1.1 (+https://developers.facebook.com/docs/sharing/webmasters/crawler)"
2a03:2880:f814:27:: - - [15/Jun/2026:16:13:26 +0200] "GET /item/013143386016 HTTP/2" 200 0 "-" "meta-externalagent/1.1 (+https://developers.facebook.com/docs/sharing/webmasters/crawler)"
2a03:2880:f814:34:: - - [15/Jun/2026:16:13:26 +0200] "GET /product/01715419194 HTTP/2" 200 0 "-" "meta-externalagent/1.1 (+https://developers.facebook.com/docs/sharing/webmasters/crawler)"
2a03:2880:f814:44:: - - [15/Jun/2026:16:13:27 +0200] "GET /product/011013534559 HTTP/2" 200 0 "-" "meta-externalagent/1.1 (+https://developers.facebook.com/docs/sharing/webmasters/crawler)"
2a03:2880:f814:40:: - - [15/Jun/2026:16:13:27 +0200] "GET /detail/013020949682 HTTP/2" 200 0 "-" "meta-externalagent/1.1 (+https://developers.facebook.com/docs/sharing/webmasters/crawler)"
2a03:2880:f814:b:: - - [15/Jun/2026:16:13:29 +0200] "GET /products/01119226162 HTTP/2" 200 0 "-" "meta-externalagent/1.1 (+https://developers.facebook.com/docs/sharing/webmasters/crawler)"
2a03:2880:f814:13:: - - [15/Jun/2026:16:13:29 +0200] "GET /goods/013782997068 HTTP/2" 200 0 "-" "meta-externalagent/1.1 (+https://developers.facebook.com/docs/sharing/webmasters/crawler)"
185.32.124.82 - - [15/Jun/2026:16:13:12 +0200] "GET / HTTP/1.1" 200 12440 "-" "Python/3.11 aiohttp/3.9.2"
2a03:2880:f814:24:: - - [15/Jun/2026:16:13:32 +0200] "GET /shopping/018327882 HTTP/2" 200 0 "-" "meta-externalagent/1.1 (+https://developers.facebook.com/docs/sharing/webmasters/crawler)"
2a03:2880:f814:31:: - - [15/Jun/2026:16:13:32 +0200] "GET /product/012945056191 HTTP/2" 200 0 "-" "meta-externalagent/1.1 (+https://developers.facebook.com/docs/sharing/webmasters/crawler)"
2a03:2880:f814:1e:: - - [15/Jun/2026:16:13:33 +0200] "GET /market/011122180674 HTTP/2" 200 0 "-" "meta-externalagent/1.1 (+https://developers.facebook.com/docs/sharing/webmasters/crawler)"
2a03:2880:f814:a:: - - [15/Jun/2026:16:13:33 +0200] "GET /goodscode/011105874180 HTTP/2" 200 0 "-" "meta-externalagent/1.1 (+https://developers.facebook.com/docs/sharing/webmasters/crawler)"
2a03:2880:f814:14:: - - [15/Jun/2026:16:13:33 +0200] "GET /info/013547982874 HTTP/2" 200 0 "-" "meta-externalagent/1.1 (+https://developers.facebook.com/docs/sharing/webmasters/crawler)"
2a03:2880:f814:41:: - - [15/Jun/2026:16:13:35 +0200] "GET /item/01194678226 HTTP/2" 200 0 "-" "meta-externalagent/1.1 (+https://developers.facebook.com/docs/sharing/webmasters/crawler)"
2a03:2880:f814:6:: - - [15/Jun/2026:16:13:37 +0200] "GET /item/01716631309 HTTP/2" 200 0 "-" "meta-externalagent/1.1 (+https://developers.facebook.com/docs/sharing/webmasters/crawler)"
2a03:2880:f814:4:: - - [15/Jun/2026:16:13:37 +0200] "GET /goods/01441549762 HTTP/2" 200 0 "-" "meta-externalagent/1.1 (+https://developers.facebook.com/docs/sharing/webmasters/crawler)"
2a03:2880:f814:2e:: - - [15/Jun/2026:16:13:38 +0200] "GET /items/012187933165 HTTP/2" 200 0 "-" "meta-externalagent/1.1 (+https://developers.facebook.com/docs/sharing/webmasters/crawler)"
2a03:2880:f814:32:: - - [15/Jun/2026:16:13:39 +0200] "GET /items/011522838060 HTTP/2" 200 0 "-" "meta-externalagent/1.1 (+https://developers.facebook.com/docs/sharing/webmasters/crawler)"
2a03:2880:f814:29:: - - [15/Jun/2026:16:13:41 +0200] "GET /shopbrand/013617861294 HTTP/2" 200 0 "-" "meta-externalagent/1.1 (+https://developers.facebook.com/docs/sharing/webmasters/crawler)"
2a03:2880:f814:1b:: - - [15/Jun/2026:16:13:42 +0200] "GET /market/012626626671 HTTP/2" 200 0 "-" "meta-externalagent/1.1 (+https://developers.facebook.com/docs/sharing/webmasters/crawler)"
2a03:2880:f814:39:: - - [15/Jun/2026:16:13:36 +0200] "GET /items/01321096183 HTTP/2" 200 0 "-" "meta-externalagent/1.1 (+https://developers.facebook.com/docs/sharing/webmasters/crawler)"
2a03:2880:f814:3a:: - - [15/Jun/2026:16:13:37 +0200] "GET /products/011858063076 HTTP/2" 200 0 "-" "meta-externalagent/1.1 (+https://developers.facebook.com/docs/sharing/webmasters/crawler)"
2a03:2880:f814:18:: - - [15/Jun/2026:16:13:38 +0200] "GET /items/011688364568 HTTP/2" 200 0 "-" "meta-externalagent/1.1 (+https://developers.facebook.com/docs/sharing/webmasters/crawler)"
2a03:2880:f814:12:: - - [15/Jun/2026:16:13:38 +0200] "GET /shopbrand/012762246075 HTTP/2" 200 0 "-" "meta-externalagent/1.1 (+https://developers.facebook.com/docs/sharing/webmasters/crawler)"
2a03:2880:f814:4:: - - [15/Jun/2026:16:13:39 +0200] "GET /detail/013945682590 HTTP/2" 200 0 "-" "meta-externalagent/1.1 (+https://developers.facebook.com/docs/sharing/webmasters/crawler)"
2a03:2880:f814:2b:: - - [15/Jun/2026:16:13:40 +0200] "GET /entity/013503163194 HTTP/2" 200 0 "-" "meta-externalagent/1.1 (+https://developers.facebook.com/docs/sharing/webmasters/crawler)"
2a03:2880:f814:7:: - - [15/Jun/2026:16:13:40 +0200] "GET /detail/0175782088 HTTP/2" 200 0 "-" "meta-externalagent/1.1 (+https://developers.facebook.com/docs/sharing/webmasters/crawler)"
216.73.217.78 - - [15/Jun/2026:16:13:56 +0200] "GET /items/011447601259 HTTP/2" 200 0 "-" "Mozilla/5.0 AppleWebKit/537.36 (KHTML, like Gecko; compatible; ClaudeBot/1.0; +claudebot@anthropic.com)"
20.15.133.184 - - [15/Jun/2026:16:13:37 +0200] "GET /special/01989150292 HTTP/2" 200 26472 "-" "Mozilla/5.0 AppleWebKit/537.36 (KHTML, like Gecko; compatible; bingbot/2.0; +http://www.bing.com/bingbot.htm) Chrome/116.0.1938.76 Safari/537.36"
2a03:2880:f814:26:: - - [15/Jun/2026:16:13:42 +0200] "GET /detail/01688559534 HTTP/2" 200 0 "-" "meta-externalagent/1.1 (+https://developers.facebook.com/docs/sharing/webmasters/crawler)"
2a03:2880:f814:37:: - - [15/Jun/2026:16:13:44 +0200] "GET /info/012744334533 HTTP/2" 200 0 "-" "meta-externalagent/1.1 (+https://developers.facebook.com/docs/sharing/webmasters/crawler)"
2a03:2880:f814:12:: - - [15/Jun/2026:16:13:45 +0200] "GET /products/011691741257 HTTP/2" 200 0 "-" "meta-externalagent/1.1 (+https://developers.facebook.com/docs/sharing/webmasters/crawler)"
2a03:2880:f814:21:: - - [15/Jun/2026:16:13:46 +0200] "GET /goods/013028126191 HTTP/2" 200 0 "-" "meta-externalagent/1.1 (+https://developers.facebook.com/docs/sharing/webmasters/crawler)"
2a03:2880:f814:f:: - - [15/Jun/2026:16:13:47 +0200] "GET /goods/013031666387 HTTP/2" 200 0 "-" "meta-externalagent/1.1 (+https://developers.facebook.com/docs/sharing/webmasters/crawler)"
2a03:2880:f814:3c:: - - [15/Jun/2026:16:13:48 +0200] "GET /goodscode/013846911046 HTTP/2" 200 0 "-" "meta-externalagent/1.1 (+https://developers.facebook.com/docs/sharing/webmasters/crawler)"
216.73.217.78 - - [15/Jun/2026:16:14:04 +0200] "GET /items/011545764620 HTTP/2" 200 0 "-" "Mozilla/5.0 AppleWebKit/537.36 (KHTML, like Gecko; compatible; ClaudeBot/1.0; +claudebot@anthropic.com)"
2a03:2880:f814:6:: - - [15/Jun/2026:16:13:50 +0200] "GET /special/012282902674 HTTP/2" 200 0 "-" "meta-externalagent/1.1 (+https://developers.facebook.com/docs/sharing/webmasters/crawler)"
2a03:2880:f814:22:: - - [15/Jun/2026:16:13:51 +0200] "GET /shopbrand/012430657340 HTTP/2" 200 0 "-" "meta-externalagent/1.1 (+https://developers.facebook.com/docs/sharing/webmasters/crawler)"
2a03:2880:f814:1:: - - [15/Jun/2026:16:13:54 +0200] "GET /special/011006176215 HTTP/2" 200 0 "-" "meta-externalagent/1.1 (+https://developers.facebook.com/docs/sharing/webmasters/crawler)"
2a03:2880:f814:2d:: - - [15/Jun/2026:16:13:55 +0200] "GET /detail/01242103907 HTTP/2" 200 0 "-" "meta-externalagent/1.1 (+https://developers.facebook.com/docs/sharing/webmasters/crawler)"
2a00:c1e0:0:1::1:105e - - [15/Jun/2026:16:13:34 +0200] "GET / HTTP/1.1" 200 12440 "-" "Python/3.11 aiohttp/3.9.2"
2a03:2880:f814:14:: - - [15/Jun/2026:16:13:38 +0200] "GET /items/01569318054 HTTP/2" 200 0 "-" "meta-externalagent/1.1 (+https://developers.facebook.com/docs/sharing/webmasters/crawler)"
2a03:2880:f814:36:: - - [15/Jun/2026:16:13:40 +0200] "GET /market/01616647682 HTTP/2" 200 0 "-" "meta-externalagent/1.1 (+https://developers.facebook.com/docs/sharing/webmasters/crawler)"
2a03:2880:f814:2f:: - - [15/Jun/2026:16:13:43 +0200] "GET /shopdetail/011259382142 HTTP/2" 200 0 "-" "meta-externalagent/1.1 (+https://developers.facebook.com/docs/sharing/webmasters/crawler)"
2a03:2880:f814:31:: - - [15/Jun/2026:16:13:43 +0200] "GET /entity/01738313344 HTTP/2" 200 0 "-" "meta-externalagent/1.1 (+https://developers.facebook.com/docs/sharing/webmasters/crawler)"
2a03:2880:f814:42:: - - [15/Jun/2026:16:13:44 +0200] "GET /items/014110530487 HTTP/2" 200 0 "-" "meta-externalagent/1.1 (+https://developers.facebook.com/docs/sharing/webmasters/crawler)"
2a03:2880:f814:2e:: - - [15/Jun/2026:16:13:47 +0200] "GET /item/01712042505 HTTP/2" 200 0 "-" "meta-externalagent/1.1 (+https://developers.facebook.com/docs/sharing/webmasters/crawler)"
2a03:2880:f814:31:: - - [15/Jun/2026:16:13:47 +0200] "GET /goods/013025701977 HTTP/2" 200 0 "-" "meta-externalagent/1.1 (+https://developers.facebook.com/docs/sharing/webmasters/crawler)"
2a03:2880:f814:e:: - - [15/Jun/2026:16:13:49 +0200] "GET /it/la-nostra-missione/ HTTP/2" 200 0 "-" "meta-externalagent/1.1 (+https://developers.facebook.com/docs/sharing/webmasters/crawler)"
2a03:2880:f814:29:: - - [15/Jun/2026:16:13:50 +0200] "GET /shopdetail/011269935340 HTTP/2" 200 0 "-" "meta-externalagent/1.1 (+https://developers.facebook.com/docs/sharing/webmasters/crawler)"
2a03:2880:f814:d:: - - [15/Jun/2026:16:13:50 +0200] "GET /entity/011243846336 HTTP/2" 200 0 "-" "meta-externalagent/1.1 (+https://developers.facebook.com/docs/sharing/webmasters/crawler)"
2a03:2880:f814:3d:: - - [15/Jun/2026:16:13:51 +0200] "GET /shopbrand/011048753532 HTTP/2" 200 0 "-" "meta-externalagent/1.1 (+https://developers.facebook.com/docs/sharing/webmasters/crawler)"
2a03:2880:f814:7:: - - [15/Jun/2026:16:13:52 +0200] "GET /shopdetail/01766826546 HTTP/2" 200 0 "-" "meta-externalagent/1.1 (+https://developers.facebook.com/docs/sharing/webmasters/crawler)"
2a03:2880:f814:34:: - - [15/Jun/2026:16:13:53 +0200] "GET /product/01711878982 HTTP/2" 200 0 "-" "meta-externalagent/1.1 (+https://developers.facebook.com/docs/sharing/webmasters/crawler)"
2a03:2880:f814:4:: - - [15/Jun/2026:16:13:55 +0200] "GET /product/011763816632 HTTP/2" 200 0 "-" "meta-externalagent/1.1 (+https://developers.facebook.com/docs/sharing/webmasters/crawler)"
2a03:2880:f814:37:: - - [15/Jun/2026:16:13:55 +0200] "GET /info/013216900717 HTTP/2" 200 0 "-" "meta-externalagent/1.1 (+https://developers.facebook.com/docs/sharing/webmasters/crawler)"
185.32.124.82 - - [15/Jun/2026:16:13:39 +0200] "GET / HTTP/1.1" 200 12440 "-" "Python/3.11 aiohttp/3.9.2"
2a03:2880:f814:42:: - - [15/Jun/2026:16:13:56 +0200] "GET /goodscode/011095320982 HTTP/2" 200 0 "-" "meta-externalagent/1.1 (+https://developers.facebook.com/docs/sharing/webmasters/crawler)"
2a03:2880:f814:3c:: - - [15/Jun/2026:16:13:57 +0200] "GET /goods/012071928707 HTTP/2" 200 0 "-" "meta-externalagent/1.1 (+https://developers.facebook.com/docs/sharing/webmasters/crawler)"
2a03:2880:f814:31:: - - [15/Jun/2026:16:13:57 +0200] "GET /product/014188406765 HTTP/2" 200 0 "-" "meta-externalagent/1.1 (+https://developers.facebook.com/docs/sharing/webmasters/crawler)"
2a03:2880:f814:d:: - - [15/Jun/2026:16:13:58 +0200] "GET /shopping/011219574381 HTTP/2" 200 0 "-" "meta-externalagent/1.1 (+https://developers.facebook.com/docs/sharing/webmasters/crawler)"
2a03:2880:f814:1e:: - - [15/Jun/2026:16:13:58 +0200] "GET /items/013232790375 HTTP/2" 200 0 "-" "meta-externalagent/1.1 (+https://developers.facebook.com/docs/sharing/webmasters/crawler)"
2a03:2880:f814:2d:: - - [15/Jun/2026:16:13:59 +0200] "GET /shopping/013646329088 HTTP/2" 200 0 "-" "meta-externalagent/1.1 (+https://developers.facebook.com/docs/sharing/webmasters/crawler)"
2a03:2880:f814:d:: - - [15/Jun/2026:16:13:42 +0200] "GET /detail/013716207476 HTTP/2" 200 0 "-" "meta-externalagent/1.1 (+https://developers.facebook.com/docs/sharing/webmasters/crawler)"
2a03:2880:f814:6:: - - [15/Jun/2026:16:13:43 +0200] "GET /items/011333849318 HTTP/2" 200 0 "-" "meta-externalagent/1.1 (+https://developers.facebook.com/docs/sharing/webmasters/crawler)"
2a03:2880:f814:a:: - - [15/Jun/2026:16:13:44 +0200] "GET /shopbrand/012592130763 HTTP/2" 200 0 "-" "meta-externalagent/1.1 (+https://developers.facebook.com/docs/sharing/webmasters/crawler)"
2a03:2880:f814:6:: - - [15/Jun/2026:16:13:45 +0200] "GET /special/013914397649 HTTP/2" 200 0 "-" "meta-externalagent/1.1 (+https://developers.facebook.com/docs/sharing/webmasters/crawler)"
2a03:2880:f814:40:: - - [15/Jun/2026:16:13:45 +0200] "GET /goods/013023537403 HTTP/2" 200 0 "-" "meta-externalagent/1.1 (+https://developers.facebook.com/docs/sharing/webmasters/crawler)"
2a03:2880:f814:3d:: - - [15/Jun/2026:16:13:45 +0200] "GET /special/013885766332 HTTP/2" 200 0 "-" "meta-externalagent/1.1 (+https://developers.facebook.com/docs/sharing/webmasters/crawler)"
2a03:2880:f814:40:: - - [15/Jun/2026:16:13:47 +0200] "GET /shopping/01169801305 HTTP/2" 200 0 "-" "meta-externalagent/1.1 (+https://developers.facebook.com/docs/sharing/webmasters/crawler)"
2a03:2880:f814:40:: - - [15/Jun/2026:16:13:48 +0200] "GET /shopping/011199072064 HTTP/2" 200 0 "-" "meta-externalagent/1.1 (+https://developers.facebook.com/docs/sharing/webmasters/crawler)"
2a03:2880:f814:2f:: - - [15/Jun/2026:16:13:49 +0200] "GET /shopbrand/013963987936 HTTP/2" 200 0 "-" "meta-externalagent/1.1 (+https://developers.facebook.com/docs/sharing/webmasters/crawler)"
2a03:2880:f814:37:: - - [15/Jun/2026:16:13:50 +0200] "GET /shopdetail/01509100037 HTTP/2" 200 0 "-" "meta-externalagent/1.1 (+https://developers.facebook.com/docs/sharing/webmasters/crawler)"
2a03:2880:f814:30:: - - [15/Jun/2026:16:13:51 +0200] "GET /products/011534603357 HTTP/2" 200 0 "-" "meta-externalagent/1.1 (+https://developers.facebook.com/docs/sharing/webmasters/crawler)"
2a03:2880:f814:15:: - - [15/Jun/2026:16:13:51 +0200] "GET /special/011138765056 HTTP/2" 200 0 "-" "meta-externalagent/1.1 (+https://developers.facebook.com/docs/sharing/webmasters/crawler)"
2a03:2880:f814:20:: - - [15/Jun/2026:16:13:53 +0200] "GET /shopping/013641740300 HTTP/2" 200 0 "-" "meta-externalagent/1.1 (+https://developers.facebook.com/docs/sharing/webmasters/crawler)"
2a03:2880:f814:6:: - - [15/Jun/2026:16:13:53 +0200] "GET /market/013047202209 HTTP/2" 200 0 "-" "meta-externalagent/1.1 (+https://developers.facebook.com/docs/sharing/webmasters/crawler)"
2a03:2880:f814:1e:: - - [15/Jun/2026:16:13:55 +0200] "GET /items/013402392814 HTTP/2" 200 0 "-" "meta-externalagent/1.1 (+https://developers.facebook.com/docs/sharing/webmasters/crawler)"
2a03:2880:f814:41:: - - [15/Jun/2026:16:13:58 +0200] "GET /goodscode/011265183013 HTTP/2" 200 0 "-" "meta-externalagent/1.1 (+https://developers.facebook.com/docs/sharing/webmasters/crawler)"
2a03:2880:f814:12:: - - [15/Jun/2026:16:13:59 +0200] "GET /goodscode/012277936147 HTTP/2" 200 0 "-" "meta-externalagent/1.1 (+https://developers.facebook.com/docs/sharing/webmasters/crawler)"
2a03:2880:f814:37:: - - [15/Jun/2026:16:14:04 +0200] "GET /market/011584193644 HTTP/2" 200 0 "-" "meta-externalagent/1.1 (+https://developers.facebook.com/docs/sharing/webmasters/crawler)"
2a03:2880:f814:1e:: - - [15/Jun/2026:16:14:06 +0200] "GET /product/011147499006 HTTP/2" 200 0 "-" "meta-externalagent/1.1 (+https://developers.facebook.com/docs/sharing/webmasters/crawler)"
2a03:2880:f814:31:: - - [15/Jun/2026:16:14:08 +0200] "GET /info/013384085253 HTTP/2" 200 0 "-" "meta-externalagent/1.1 (+https://developers.facebook.com/docs/sharing/webmasters/crawler)"
2a03:2880:f814:24:: - - [15/Jun/2026:16:14:08 +0200] "GET /market/013870230526 HTTP/2" 200 0 "-" "meta-externalagent/1.1 (+https://developers.facebook.com/docs/sharing/webmasters/crawler)"
2a03:2880:f814:2b:: - - [15/Jun/2026:16:14:00 +0200] "GET /market/01810225196 HTTP/2" 200 0 "-" "meta-externalagent/1.1 (+https://developers.facebook.com/docs/sharing/webmasters/crawler)"
216.73.217.78 - - [15/Jun/2026:16:14:16 +0200] "GET /goodscode/012116540301 HTTP/2" 200 0 "-" "Mozilla/5.0 AppleWebKit/537.36 (KHTML, like Gecko; compatible; ClaudeBot/1.0; +claudebot@anthropic.com)"
2a03:2880:f814:12:: - - [15/Jun/2026:16:14:01 +0200] "GET /item/01102478257 HTTP/2" 200 0 "-" "meta-externalagent/1.1 (+https://developers.facebook.com/docs/sharing/webmasters/crawler)"
2a03:2880:f814:: - - [15/Jun/2026:16:14:01 +0200] "GET /products/012192685460 HTTP/2" 200 0 "-" "meta-externalagent/1.1 (+https://developers.facebook.com/docs/sharing/webmasters/crawler)"
2a03:2880:f814:d:: - - [15/Jun/2026:16:14:01 +0200] "GET /items/011690529158 HTTP/2" 200 0 "-" "meta-externalagent/1.1 (+https://developers.facebook.com/docs/sharing/webmasters/crawler)"
2a03:2880:f814:3d:: - - [15/Jun/2026:16:14:02 +0200] "GET /shopbrand/012602683945 HTTP/2" 200 0 "-" "meta-externalagent/1.1 (+https://developers.facebook.com/docs/sharing/webmasters/crawler)"
2a03:2880:f814:2f:: - - [15/Jun/2026:16:14:03 +0200] "GET /detail/013026914092 HTTP/2" 200 0 "-" "meta-externalagent/1.1 (+https://developers.facebook.com/docs/sharing/webmasters/crawler)"
2a03:2880:f814:21:: - - [15/Jun/2026:16:14:03 +0200] "GET /special/011957784912 HTTP/2" 200 0 "-" "meta-externalagent/1.1 (+https://developers.facebook.com/docs/sharing/webmasters/crawler)"
2a03:2880:f814:2e:: - - [15/Jun/2026:16:14:03 +0200] "GET /info/013042449882 HTTP/2" 200 0 "-" "meta-externalagent/1.1 (+https://developers.facebook.com/docs/sharing/webmasters/crawler)"
2a03:2880:f814:1a:: - - [15/Jun/2026:16:14:04 +0200] "GET /entity/013306045484 HTTP/2" 200 0 "-" "meta-externalagent/1.1 (+https://developers.facebook.com/docs/sharing/webmasters/crawler)"
2a03:2880:f814:43:: - - [15/Jun/2026:16:14:04 +0200] "GET /product/013798091431 HTTP/2" 200 0 "-" "meta-externalagent/1.1 (+https://developers.facebook.com/docs/sharing/webmasters/crawler)"
2a03:2880:f814:13:: - - [15/Jun/2026:16:14:04 +0200] "GET /goods/01861798254 HTTP/2" 200 0 "-" "meta-externalagent/1.1 (+https://developers.facebook.com/docs/sharing/webmasters/crawler)"
2a03:2880:f814:1b:: - - [15/Jun/2026:16:14:06 +0200] "GET /goods/013331693045 HTTP/2" 200 0 "-" "meta-externalagent/1.1 (+https://developers.facebook.com/docs/sharing/webmasters/crawler)"
2a03:2880:f814:22:: - - [15/Jun/2026:16:14:07 +0200] "GET /market/011998804756 HTTP/2" 200 0 "-" "meta-externalagent/1.1 (+https://developers.facebook.com/docs/sharing/webmasters/crawler)"
2a03:2880:f814:21:: - - [15/Jun/2026:16:14:07 +0200] "GET /goodscode/01931676658 HTTP/2" 200 0 "-" "meta-externalagent/1.1 (+https://developers.facebook.com/docs/sharing/webmasters/crawler)"
2a03:2880:f814:41:: - - [15/Jun/2026:16:14:08 +0200] "GET /product/013272598136 HTTP/2" 200 0 "-" "meta-externalagent/1.1 (+https://developers.facebook.com/docs/sharing/webmasters/crawler)"
2a03:2880:f814:2f:: - - [15/Jun/2026:16:14:09 +0200] "GET /info/011580816955 HTTP/2" 200 0 "-" "meta-externalagent/1.1 (+https://developers.facebook.com/docs/sharing/webmasters/crawler)"
2a03:2880:f814:36:: - - [15/Jun/2026:16:14:10 +0200] "GET /entity/013890518627 HTTP/2" 200 0 "-" "meta-externalagent/1.1 (+https://developers.facebook.com/docs/sharing/webmasters/crawler)"
2a03:2880:f814:42:: - - [15/Jun/2026:16:14:11 +0200] "GET /shopbrand/012751692877 HTTP/2" 200 0 "-" "meta-externalagent/1.1 (+https://developers.facebook.com/docs/sharing/webmasters/crawler)"
40.77.167.136 - - [15/Jun/2026:16:14:06 +0200] "GET /special/012405083651 HTTP/2" 200 28506 "-" "Mozilla/5.0 AppleWebKit/537.36 (KHTML, like Gecko; compatible; bingbot/2.0; +http://www.bing.com/bingbot.htm) Chrome/116.0.1938.76 Safari/537.36"
2a03:2880:f814:d:: - - [15/Jun/2026:16:14:13 +0200] "GET /products/012906460529 HTTP/2" 200 0 "-" "meta-externalagent/1.1 (+https://developers.facebook.com/docs/sharing/webmasters/crawler)"
2a03:2880:f814:2f:: - - [15/Jun/2026:16:13:56 +0200] "GET /special/013313221977 HTTP/2" 200 0 "-" "meta-externalagent/1.1 (+https://developers.facebook.com/docs/sharing/webmasters/crawler)"
2a03:2880:f814:20:: - - [15/Jun/2026:16:13:57 +0200] "GET /info/01620283979 HTTP/2" 200 0 "-" "meta-externalagent/1.1 (+https://developers.facebook.com/docs/sharing/webmasters/crawler)"
2a03:2880:f814:32:: - - [15/Jun/2026:16:13:58 +0200] "GET /detail/011491159283 HTTP/2" 200 0 "-" "meta-externalagent/1.1 (+https://developers.facebook.com/docs/sharing/webmasters/crawler)"
2a03:2880:f814:34:: - - [15/Jun/2026:16:14:00 +0200] "GET /detail/011485194873 HTTP/2" 200 0 "-" "meta-externalagent/1.1 (+https://developers.facebook.com/docs/sharing/webmasters/crawler)"
2a03:2880:f814:31:: - - [15/Jun/2026:16:14:04 +0200] "GET /product/013134044901 HTTP/2" 200 0 "-" "meta-externalagent/1.1 (+https://developers.facebook.com/docs/sharing/webmasters/crawler)"
2a03:2880:f814:2d:: - - [15/Jun/2026:16:14:06 +0200] "GET /shopbrand/011632646364 HTTP/2" 200 0 "-" "meta-externalagent/1.1 (+https://developers.facebook.com/docs/sharing/webmasters/crawler)"
2a03:2880:f814:27:: - - [15/Jun/2026:16:14:07 +0200] "GET /market/012003393544 HTTP/2" 200 0 "-" "meta-externalagent/1.1 (+https://developers.facebook.com/docs/sharing/webmasters/crawler)"
2a03:2880:f814:40:: - - [15/Jun/2026:16:14:07 +0200] "GET /entity/01426455367 HTTP/2" 200 0 "-" "meta-externalagent/1.1 (+https://developers.facebook.com/docs/sharing/webmasters/crawler)"
2a03:2880:f814:28:: - - [15/Jun/2026:16:14:08 +0200] "GET /shopdetail/013851663373 HTTP/2" 200 0 "-" "meta-externalagent/1.1 (+https://developers.facebook.com/docs/sharing/webmasters/crawler)"
2a03:2880:f814:12:: - - [15/Jun/2026:16:14:09 +0200] "GET /items/012181968739 HTTP/2" 200 0 "-" "meta-externalagent/1.1 (+https://developers.facebook.com/docs/sharing/webmasters/crawler)"
2a03:2880:f814:1:: - - [15/Jun/2026:16:14:09 +0200] "GET /products/01152446267 HTTP/2" 200 0 "-" "meta-externalagent/1.1 (+https://developers.facebook.com/docs/sharing/webmasters/crawler)"
2a03:2880:f814:29:: - - [15/Jun/2026:16:14:10 +0200] "GET /goods/011293878050 HTTP/2" 200 0 "-" "meta-externalagent/1.1 (+https://developers.facebook.com/docs/sharing/webmasters/crawler)"
2a03:2880:f814:31:: - - [15/Jun/2026:16:14:11 +0200] "GET /detail/01272899814 HTTP/2" 200 0 "-" "meta-externalagent/1.1 (+https://developers.facebook.com/docs/sharing/webmasters/crawler)"
2a03:2880:f814:41:: - - [15/Jun/2026:16:14:13 +0200] "GET /shopbrand/011187306767 HTTP/2" 200 0 "-" "meta-externalagent/1.1 (+https://developers.facebook.com/docs/sharing/webmasters/crawler)"
2a00:c1e0:0:1::1:105e - - [15/Jun/2026:16:14:16 +0200] "POST /wp-cron.php?doing_wp_cron=1781532856.2830479145050048828125 HTTP/1.1" 200 20 "-" "WordPress/7.0; https://schweiz-macher.ch"
2a03:2880:f814:: - - [15/Jun/2026:16:14:13 +0200] "GET /goods/012064915721 HTTP/2" 200 0 "-" "meta-externalagent/1.1 (+https://developers.facebook.com/docs/sharing/webmasters/crawler)"
2a03:2880:f814:22:: - - [15/Jun/2026:16:14:14 +0200] "GET /item/011922961942 HTTP/2" 200 0 "-" "meta-externalagent/1.1 (+https://developers.facebook.com/docs/sharing/webmasters/crawler)"
2a03:2880:f814:1b:: - - [15/Jun/2026:16:14:15 +0200] "GET /special/011077620586 HTTP/2" 200 0 "-" "meta-externalagent/1.1 (+https://developers.facebook.com/docs/sharing/webmasters/crawler)"
2a03:2880:f814:29:: - - [15/Jun/2026:16:14:15 +0200] "GET /detail/011298630345 HTTP/2" 200 0 "-" "meta-externalagent/1.1 (+https://developers.facebook.com/docs/sharing/webmasters/crawler)"
2a03:2880:f814:3c:: - - [15/Jun/2026:16:14:17 +0200] "GET /shopdetail/013424334441 HTTP/2" 200 0 "-" "meta-externalagent/1.1 (+https://developers.facebook.com/docs/sharing/webmasters/crawler)"
74.7.242.55 - - [15/Jun/2026:16:14:13 +0200] "GET /entity/012942433758 HTTP/2" 200 0 "https://schweiz-macher.ch/sitemap-item-2224.xml" "Mozilla/5.0 AppleWebKit/537.36 (KHTML, like Gecko; compatible; GPTBot/1.4; +https://openai.com/gptbot)"
2a03:2880:f814:44:: - - [15/Jun/2026:16:14:16 +0200] "GET /shopdetail/012384066003 HTTP/2" 200 0 "-" "meta-externalagent/1.1 (+https://developers.facebook.com/docs/sharing/webmasters/crawler)"
2a03:2880:f814:20:: - - [15/Jun/2026:16:14:17 +0200] "GET /shopbrand/013969952330 HTTP/2" 200 0 "-" "meta-externalagent/1.1 (+https://developers.facebook.com/docs/sharing/webmasters/crawler)"
2a03:2880:f814:e:: - - [15/Jun/2026:16:14:18 +0200] "GET /shopping/01584412449 HTTP/2" 200 0 "-" "meta-externalagent/1.1 (+https://developers.facebook.com/docs/sharing/webmasters/crawler)"
2a03:2880:f814:f:: - - [15/Jun/2026:16:14:19 +0200] "GET /goodscode/01759650021 HTTP/2" 200 0 "-" "meta-externalagent/1.1 (+https://developers.facebook.com/docs/sharing/webmasters/crawler)"
2a03:2880:f814:26:: - - [15/Jun/2026:16:14:20 +0200] "GET /items/012575824285 HTTP/2" 200 0 "-" "meta-externalagent/1.1 (+https://developers.facebook.com/docs/sharing/webmasters/crawler)"
40.77.167.136 - - [15/Jun/2026:16:14:02 +0200] "GET /info/01526308420 HTTP/2" 200 26262 "-" "Mozilla/5.0 AppleWebKit/537.36 (KHTML, like Gecko; compatible; bingbot/2.0; +http://www.bing.com/bingbot.htm) Chrome/116.0.1938.76 Safari/537.36"
2a03:2880:f814:34:: - - [15/Jun/2026:16:14:21 +0200] "GET /product/012521267487 HTTP/2" 200 0 "-" "meta-externalagent/1.1 (+https://developers.facebook.com/docs/sharing/webmasters/crawler)"
2a03:2880:f814:f:: - - [15/Jun/2026:16:14:21 +0200] "GET /special/011951820486 HTTP/2" 200 0 "-" "meta-externalagent/1.1 (+https://developers.facebook.com/docs/sharing/webmasters/crawler)"
216.73.217.78 - - [15/Jun/2026:16:14:37 +0200] "GET /info/01645774466 HTTP/2" 200 0 "-" "Mozilla/5.0 AppleWebKit/537.36 (KHTML, like Gecko; compatible; ClaudeBot/1.0; +claudebot@anthropic.com)"
2a03:2880:f814:: - - [15/Jun/2026:16:14:24 +0200] "GET /market/01266980828 HTTP/2" 200 0 "-" "meta-externalagent/1.1 (+https://developers.facebook.com/docs/sharing/webmasters/crawler)"
2a03:2880:f814:30:: - - [15/Jun/2026:16:14:25 +0200] "GET /shopping/01887116570 HTTP/2" 200 0 "-" "meta-externalagent/1.1 (+https://developers.facebook.com/docs/sharing/webmasters/crawler)"
2a03:2880:f814:39:: - - [15/Jun/2026:16:14:27 +0200] "GET /shopping/011801296280 HTTP/2" 200 0 "-" "meta-externalagent/1.1 (+https://developers.facebook.com/docs/sharing/webmasters/crawler)"
2a03:2880:f814:34:: - - [15/Jun/2026:16:14:28 +0200] "GET /goods/013774868052 HTTP/2" 200 0 "-" "meta-externalagent/1.1 (+https://developers.facebook.com/docs/sharing/webmasters/crawler)"
2a03:2880:f814:d:: - - [15/Jun/2026:16:14:28 +0200] "GET /shopdetail/012835370010 HTTP/2" 200 0 "-" "meta-externalagent/1.1 (+https://developers.facebook.com/docs/sharing/webmasters/crawler)"
2a03:2880:f814:21:: - - [15/Jun/2026:16:14:28 +0200] "GET /goodscode/0142334756 HTTP/2" 200 0 "-" "meta-externalagent/1.1 (+https://developers.facebook.com/docs/sharing/webmasters/crawler)"
2a03:2880:f814:1e:: - - [15/Jun/2026:16:14:29 +0200] "GET /market/012743122450 HTTP/2" 200 0 "-" "meta-externalagent/1.1 (+https://developers.facebook.com/docs/sharing/webmasters/crawler)"
2a03:2880:f814:17:: - - [15/Jun/2026:16:14:30 +0200] "GET /special/012703151166 HTTP/2" 200 0 "-" "meta-externalagent/1.1 (+https://developers.facebook.com/docs/sharing/webmasters/crawler)"
2a03:2880:f814:: - - [15/Jun/2026:16:14:31 +0200] "GET /shopping/013652293482 HTTP/2" 200 0 "-" "meta-externalagent/1.1 (+https://developers.facebook.com/docs/sharing/webmasters/crawler)"
2a03:2880:f814:1:: - - [15/Jun/2026:16:14:31 +0200] "GET /goods/01693311829 HTTP/2" 200 0 "-" "meta-externalagent/1.1 (+https://developers.facebook.com/docs/sharing/webmasters/crawler)"
2a03:2880:f814:23:: - - [15/Jun/2026:16:14:33 +0200] "GET /goodscode/013592984373 HTTP/2" 200 0 "-" "meta-externalagent/1.1 (+https://developers.facebook.com/docs/sharing/webmasters/crawler)"
2a03:2880:f814:3:: - - [15/Jun/2026:16:14:33 +0200] "GET /market/011118640462 HTTP/2" 200 0 "-" "meta-externalagent/1.1 (+https://developers.facebook.com/docs/sharing/webmasters/crawler)"
20.15.133.184 - - [15/Jun/2026:16:14:06 +0200] "GET /special/013142850004 HTTP/2" 200 26617 "-" "Mozilla/5.0 AppleWebKit/537.36 (KHTML, like Gecko; compatible; bingbot/2.0; +http://www.bing.com/bingbot.htm) Chrome/116.0.1938.76 Safari/537.36"
2a03:2880:f814:42:: - - [15/Jun/2026:16:14:11 +0200] "GET /product/0131992704 HTTP/2" 200 0 "-" "meta-externalagent/1.1 (+https://developers.facebook.com/docs/sharing/webmasters/crawler)"
2a03:2880:f814:37:: - - [15/Jun/2026:16:14:12 +0200] "GET /product/01193466127 HTTP/2" 200 0 "-" "meta-externalagent/1.1 (+https://developers.facebook.com/docs/sharing/webmasters/crawler)"
2a03:2880:f814:13:: - - [15/Jun/2026:16:14:12 +0200] "GET /detail/01664844035 HTTP/2" 200 0 "-" "meta-externalagent/1.1 (+https://developers.facebook.com/docs/sharing/webmasters/crawler)"
20.15.133.184 - - [15/Jun/2026:16:14:08 +0200] "GET /special/01590643364 HTTP/2" 200 25946 "-" "Mozilla/5.0 AppleWebKit/537.36 (KHTML, like Gecko; compatible; bingbot/2.0; +http://www.bing.com/bingbot.htm) Chrome/116.0.1938.76 Safari/537.36"
2a03:2880:f814:36:: - - [15/Jun/2026:16:14:13 +0200] "GET /market/01466263128 HTTP/2" 200 0 "-" "meta-externalagent/1.1 (+https://developers.facebook.com/docs/sharing/webmasters/crawler)"
216.73.217.78 - - [15/Jun/2026:16:14:28 +0200] "GET /items/011565209719 HTTP/2" 200 0 "-" "Mozilla/5.0 AppleWebKit/537.36 (KHTML, like Gecko; compatible; ClaudeBot/1.0; +claudebot@anthropic.com)"
2a03:2880:f814:2f:: - - [15/Jun/2026:16:14:14 +0200] "GET /products/012579460566 HTTP/2" 200 0 "-" "meta-externalagent/1.1 (+https://developers.facebook.com/docs/sharing/webmasters/crawler)"
2a03:2880:f814:f:: - - [15/Jun/2026:16:14:15 +0200] "GET /products/011335061417 HTTP/2" 200 0 "-" "meta-externalagent/1.1 (+https://developers.facebook.com/docs/sharing/webmasters/crawler)"
2a03:2880:f814:19:: - - [15/Jun/2026:16:14:17 +0200] "GET /detail/012063703622 HTTP/2" 200 0 "-" "meta-externalagent/1.1 (+https://developers.facebook.com/docs/sharing/webmasters/crawler)"
2a03:2880:f814:2:: - - [15/Jun/2026:16:14:17 +0200] "GET /items/013698343557 HTTP/2" 200 0 "-" "meta-externalagent/1.1 (+https://developers.facebook.com/docs/sharing/webmasters/crawler)"
2a03:2880:f814:19:: - - [15/Jun/2026:16:14:18 +0200] "GET /product/012556911790 HTTP/2" 200 0 "-" "meta-externalagent/1.1 (+https://developers.facebook.com/docs/sharing/webmasters/crawler)"
51.68.236.114 - - [15/Jun/2026:16:14:44 +0200] "GET /robots.txt HTTP/1.1" 200 82 "-" "Mozilla/5.0 (compatible; MJ12bot/v2.0.5; http://mj12bot.com/)"
2a03:2880:f814:14:: - - [15/Jun/2026:16:14:20 +0200] "GET /item/01492793559 HTTP/2" 200 0 "-" "meta-externalagent/1.1 (+https://developers.facebook.com/docs/sharing/webmasters/crawler)"
2a03:2880:f814:29:: - - [15/Jun/2026:16:14:22 +0200] "GET /info/011588945939 HTTP/2" 200 0 "-" "meta-externalagent/1.1 (+https://developers.facebook.com/docs/sharing/webmasters/crawler)"
2a03:2880:f814:37:: - - [15/Jun/2026:16:14:22 +0200] "GET /item/012562712661 HTTP/2" 200 0 "-" "meta-externalagent/1.1 (+https://developers.facebook.com/docs/sharing/webmasters/crawler)"
2a03:2880:f814:11:: - - [15/Jun/2026:16:14:24 +0200] "GET /products/012581625156 HTTP/2" 200 0 "-" "meta-externalagent/1.1 (+https://developers.facebook.com/docs/sharing/webmasters/crawler)"
2a03:2880:f814:3:: - - [15/Jun/2026:16:14:29 +0200] "GET /info/012027272550 HTTP/2" 200 0 "-" "meta-externalagent/1.1 (+https://developers.facebook.com/docs/sharing/webmasters/crawler)"
2a03:2880:f814:14:: - - [15/Jun/2026:16:14:31 +0200] "GET /goodscode/012216791709 HTTP/2" 200 0 "-" "meta-externalagent/1.1 (+https://developers.facebook.com/docs/sharing/webmasters/crawler)"
2a03:2880:f814:2a:: - - [15/Jun/2026:16:14:32 +0200] "GET /items/013400228224 HTTP/2" 200 0 "-" "meta-externalagent/1.1 (+https://developers.facebook.com/docs/sharing/webmasters/crawler)"
2a03:2880:f814:27:: - - [15/Jun/2026:16:14:33 +0200] "GET /shopbrand/011219410842 HTTP/2" 200 0 "-" "meta-externalagent/1.1 (+https://developers.facebook.com/docs/sharing/webmasters/crawler)"
2a03:2880:f814:2:: - - [15/Jun/2026:16:14:19 +0200] "GET /entity/012286279347 HTTP/2" 200 0 "-" "meta-externalagent/1.1 (+https://developers.facebook.com/docs/sharing/webmasters/crawler)"
2a03:2880:f814:44:: - - [15/Jun/2026:16:14:20 +0200] "GET /entity/013498574406 HTTP/2" 200 0 "-" "meta-externalagent/1.1 (+https://developers.facebook.com/docs/sharing/webmasters/crawler)"
2a03:2880:f814:28:: - - [15/Jun/2026:16:14:20 +0200] "GET /shopping/012593342862 HTTP/2" 200 0 "-" "meta-externalagent/1.1 (+https://developers.facebook.com/docs/sharing/webmasters/crawler)"
2a03:2880:f814:2b:: - - [15/Jun/2026:16:14:21 +0200] "GET /product/011753263434 HTTP/2" 200 0 "-" "meta-externalagent/1.1 (+https://developers.facebook.com/docs/sharing/webmasters/crawler)"
2a03:2880:f814:3:: - - [15/Jun/2026:16:14:22 +0200] "GET /detail/01269359618 HTTP/2" 200 0 "-" "meta-externalagent/1.1 (+https://developers.facebook.com/docs/sharing/webmasters/crawler)"
2a03:2880:f814:1a:: - - [15/Jun/2026:16:14:23 +0200] "GET /item/013742903645 HTTP/2" 200 0 "-" "meta-externalagent/1.1 (+https://developers.facebook.com/docs/sharing/webmasters/crawler)"
2a03:2880:f814:36:: - - [15/Jun/2026:16:14:24 +0200] "GET /entity/014087636369 HTTP/2" 200 0 "-" "meta-externalagent/1.1 (+https://developers.facebook.com/docs/sharing/webmasters/crawler)"
2a03:2880:f814:3c:: - - [15/Jun/2026:16:14:24 +0200] "GET /special/013669648536 HTTP/2" 200 0 "-" "meta-externalagent/1.1 (+https://developers.facebook.com/docs/sharing/webmasters/crawler)"
2a03:2880:f814:3a:: - - [15/Jun/2026:16:14:25 +0200] "GET /shopping/01536401140 HTTP/2" 200 0 "-" "meta-externalagent/1.1 (+https://developers.facebook.com/docs/sharing/webmasters/crawler)"
2a03:2880:f814:40:: - - [15/Jun/2026:16:14:25 +0200] "GET /shopbrand/012848481634 HTTP/2" 200 0 "-" "meta-externalagent/1.1 (+https://developers.facebook.com/docs/sharing/webmasters/crawler)"
2a03:2880:f814:d:: - - [15/Jun/2026:16:14:25 +0200] "GET /shopbrand/011380884265 HTTP/2" 200 0 "-" "meta-externalagent/1.1 (+https://developers.facebook.com/docs/sharing/webmasters/crawler)"
2a03:2880:f814:31:: - - [15/Jun/2026:16:14:26 +0200] "GET /detail/012072881214 HTTP/2" 200 0 "-" "meta-externalagent/1.1 (+https://developers.facebook.com/docs/sharing/webmasters/crawler)"
2a03:2880:f814:8:: - - [15/Jun/2026:16:14:26 +0200] "GET /goodscode/014012184305 HTTP/2" 200 0 "-" "meta-externalagent/1.1 (+https://developers.facebook.com/docs/sharing/webmasters/crawler)"
2a03:2880:f814:7:: - - [15/Jun/2026:16:14:27 +0200] "GET /shopping/011388060774 HTTP/2" 200 0 "-" "meta-externalagent/1.1 (+https://developers.facebook.com/docs/sharing/webmasters/crawler)"
2a03:2880:f814:36:: - - [15/Jun/2026:16:14:30 +0200] "GET /detail/011812194820 HTTP/2" 200 0 "-" "meta-externalagent/1.1 (+https://developers.facebook.com/docs/sharing/webmasters/crawler)"
