77.239.36.238 - - [15/Jun/2026:17:21:12 +0200] "GET / HTTP/3" 500 13925 "-" "Mozilla/5.0 (Windows NT 10.0; Win64; x64) AppleWebKit/537.36 (KHTML, like Gecko) Chrome/149.0.0.0 Safari/537.36 Edg/149.0.0.0"
66.249.65.71 - - [15/Jun/2026:17:22:27 +0200] "GET /items/B195835229 HTTP/1.1" 200 22695 "-" "Mozilla/5.0 (Linux; Android 6.0.1; Nexus 5X Build/MMB29P) AppleWebKit/537.36 (KHTML, like Gecko) Chrome/148.0.7778.96 Mobile Safari/537.36 (compatible; GoogleOther)"
77.239.36.238 - - [15/Jun/2026:17:23:21 +0200] "GET /media/templates/administrator/atum/css/template.css?350c3bde01b0d5b108c54afd62f7174b HTTP/2" 200 41573 "https://wirbestimmen.ch/administrator/index.php" "Mozilla/5.0 (Windows NT 10.0; Win64; x64) AppleWebKit/537.36 (KHTML, like Gecko) Chrome/149.0.0.0 Safari/537.36 Edg/149.0.0.0"
77.239.36.238 - - [15/Jun/2026:17:23:21 +0200] "GET /media/plg_quickicon_joomlaupdate/js/jupdatecheck.js?350c3bde01b0d5b108c54afd62f7174b HTTP/2" 200 824 "https://wirbestimmen.ch/administrator/index.php" "Mozilla/5.0 (Windows NT 10.0; Win64; x64) AppleWebKit/537.36 (KHTML, like Gecko) Chrome/149.0.0.0 Safari/537.36 Edg/149.0.0.0"
77.239.36.238 - - [15/Jun/2026:17:23:21 +0200] "GET /media/plg_quickicon_extensionupdate/js/extensionupdatecheck.js?350c3bde01b0d5b108c54afd62f7174b HTTP/2" 200 818 "https://wirbestimmen.ch/administrator/index.php" "Mozilla/5.0 (Windows NT 10.0; Win64; x64) AppleWebKit/537.36 (KHTML, like Gecko) Chrome/149.0.0.0 Safari/537.36 Edg/149.0.0.0"
77.239.36.238 - - [15/Jun/2026:17:23:21 +0200] "GET /media/plg_quickicon_overridecheck/js/overridecheck.js?350c3bde01b0d5b108c54afd62f7174b HTTP/2" 200 962 "https://wirbestimmen.ch/administrator/index.php" "Mozilla/5.0 (Windows NT 10.0; Win64; x64) AppleWebKit/537.36 (KHTML, like Gecko) Chrome/149.0.0.0 Safari/537.36 Edg/149.0.0.0"
77.239.36.238 - - [15/Jun/2026:17:23:21 +0200] "GET /media/plg_quickicon_privacycheck/js/privacycheck.js?350c3bde01b0d5b108c54afd62f7174b HTTP/2" 200 957 "https://wirbestimmen.ch/administrator/index.php" "Mozilla/5.0 (Windows NT 10.0; Win64; x64) AppleWebKit/537.36 (KHTML, like Gecko) Chrome/149.0.0.0 Safari/537.36 Edg/149.0.0.0"
77.239.36.238 - - [15/Jun/2026:17:23:21 +0200] "GET /media/mod_menu/js/admin-menu.js?350c3bde01b0d5b108c54afd62f7174b HTTP/2" 200 1243 "https://wirbestimmen.ch/administrator/index.php" "Mozilla/5.0 (Windows NT 10.0; Win64; x64) AppleWebKit/537.36 (KHTML, like Gecko) Chrome/149.0.0.0 Safari/537.36 Edg/149.0.0.0"
77.239.36.238 - - [15/Jun/2026:17:23:21 +0200] "GET /media/plg_system_debug/js/debug.js?350c3bde01b0d5b108c54afd62f7174b HTTP/2" 200 400 "https://wirbestimmen.ch/administrator/index.php" "Mozilla/5.0 (Windows NT 10.0; Win64; x64) AppleWebKit/537.36 (KHTML, like Gecko) Chrome/149.0.0.0 Safari/537.36 Edg/149.0.0.0"
77.239.36.238 - - [15/Jun/2026:17:23:21 +0200] "GET /administrator/index.php?option=com_joomlaupdate&task=update.ajax&0dd2836ea1c8d316133d6f6bb82b5f85=1 HTTP/2" 200 26 "https://wirbestimmen.ch/administrator/index.php" "Mozilla/5.0 (Windows NT 10.0; Win64; x64) AppleWebKit/537.36 (KHTML, like Gecko) Chrome/149.0.0.0 Safari/537.36 Edg/149.0.0.0"
77.239.36.238 - - [15/Jun/2026:17:23:21 +0200] "GET /administrator/index.php?option=com_installer&view=update&task=update.ajax&0dd2836ea1c8d316133d6f6bb82b5f85=1&cache_timeout=3600&eid=0&skip=211 HTTP/2" 200 2992 "https://wirbestimmen.ch/administrator/index.php" "Mozilla/5.0 (Windows NT 10.0; Win64; x64) AppleWebKit/537.36 (KHTML, like Gecko) Chrome/149.0.0.0 Safari/537.36 Edg/149.0.0.0"
77.239.36.238 - - [15/Jun/2026:17:23:21 +0200] "GET /administrator/index.php?option=com_privacy&task=getNumberUrgentRequests&format=json&0dd2836ea1c8d316133d6f6bb82b5f85=1 HTTP/2" 200 68 "https://wirbestimmen.ch/administrator/index.php" "Mozilla/5.0 (Windows NT 10.0; Win64; x64) AppleWebKit/537.36 (KHTML, like Gecko) Chrome/149.0.0.0 Safari/537.36 Edg/149.0.0.0"
77.239.36.238 - - [15/Jun/2026:17:23:22 +0200] "GET /administrator/index.php?option=com_templates&view=templates&task=template.ajax&0dd2836ea1c8d316133d6f6bb82b5f85=1 HTTP/2" 200 202 "https://wirbestimmen.ch/administrator/index.php" "Mozilla/5.0 (Windows NT 10.0; Win64; x64) AppleWebKit/537.36 (KHTML, like Gecko) Chrome/149.0.0.0 Safari/537.36 Edg/149.0.0.0"
66.249.65.71 - - [15/Jun/2026:17:23:41 +0200] "GET /items/B199905617 HTTP/1.1" 200 23743 "-" "Mozilla/5.0 (Linux; Android 6.0.1; Nexus 5X Build/MMB29P) AppleWebKit/537.36 (KHTML, like Gecko) Chrome/148.0.7778.96 Mobile Safari/537.36 (compatible; GoogleOther)"
77.239.36.238 - - [15/Jun/2026:17:24:39 +0200] "GET /administrator/index.php?option=com_config HTTP/2" 200 53187 "https://wirbestimmen.ch/administrator/index.php" "Mozilla/5.0 (Windows NT 10.0; Win64; x64) AppleWebKit/537.36 (KHTML, like Gecko) Chrome/149.0.0.0 Safari/537.36 Edg/149.0.0.0"
77.239.36.238 - - [15/Jun/2026:17:24:39 +0200] "GET /media/templates/administrator/atum/css/vendor/joomla-custom-elements/joomla-tab.css?0.2.0 HTTP/2" 200 1331 "https://wirbestimmen.ch/administrator/index.php?option=com_config" "Mozilla/5.0 (Windows NT 10.0; Win64; x64) AppleWebKit/537.36 (KHTML, like Gecko) Chrome/149.0.0.0 Safari/537.36 Edg/149.0.0.0"
77.239.36.238 - - [15/Jun/2026:17:24:40 +0200] "GET /media/system/css/fields/switcher.css?da28923007764362ab1aacb9617ffeebfe5d36a2 HTTP/2" 200 422 "https://wirbestimmen.ch/administrator/index.php?option=com_config" "Mozilla/5.0 (Windows NT 10.0; Win64; x64) AppleWebKit/537.36 (KHTML, like Gecko) Chrome/149.0.0.0 Safari/537.36 Edg/149.0.0.0"
77.239.36.238 - - [15/Jun/2026:17:24:40 +0200] "GET /media/system/css/fields/joomla-field-media.css?092bb53bb703b19963fb653687db662e7307ecfd HTTP/2" 200 525 "https://wirbestimmen.ch/administrator/index.php?option=com_config" "Mozilla/5.0 (Windows NT 10.0; Win64; x64) AppleWebKit/537.36 (KHTML, like Gecko) Chrome/149.0.0.0 Safari/537.36 Edg/149.0.0.0"
77.239.36.238 - - [15/Jun/2026:17:24:40 +0200] "GET /media/templates/administrator/atum/css/vendor/choicesjs/choices.css?9.1.0 HTTP/2" 200 2186 "https://wirbestimmen.ch/administrator/index.php?option=com_config" "Mozilla/5.0 (Windows NT 10.0; Win64; x64) AppleWebKit/537.36 (KHTML, like Gecko) Chrome/149.0.0.0 Safari/537.36 Edg/149.0.0.0"
77.239.36.238 - - [15/Jun/2026:17:24:40 +0200] "GET /media/system/css/fields/joomla-field-permissions.css?7d59d2c239543e0854f9ec8dfee693d9b2ef224e HTTP/2" 200 681 "https://wirbestimmen.ch/administrator/index.php?option=com_config" "Mozilla/5.0 (Windows NT 10.0; Win64; x64) AppleWebKit/537.36 (KHTML, like Gecko) Chrome/149.0.0.0 Safari/537.36 Edg/149.0.0.0"
77.239.36.238 - - [15/Jun/2026:17:24:40 +0200] "GET /media/templates/administrator/atum/css/template.css?3c6c332306e0dd9bed882b5f3616990d HTTP/2" 200 41573 "https://wirbestimmen.ch/administrator/index.php?option=com_config" "Mozilla/5.0 (Windows NT 10.0; Win64; x64) AppleWebKit/537.36 (KHTML, like Gecko) Chrome/149.0.0.0 Safari/537.36 Edg/149.0.0.0"
77.239.36.238 - - [15/Jun/2026:17:24:40 +0200] "GET /media/plg_system_debug/css/debug.css?3c6c332306e0dd9bed882b5f3616990d HTTP/2" 200 875 "https://wirbestimmen.ch/administrator/index.php?option=com_config" "Mozilla/5.0 (Windows NT 10.0; Win64; x64) AppleWebKit/537.36 (KHTML, like Gecko) Chrome/149.0.0.0 Safari/537.36 Edg/149.0.0.0"
77.239.36.238 - - [15/Jun/2026:17:24:40 +0200] "GET /media/system/js/keepalive.js?9f10654c2f49ca104ca0449def6eec3f06bd19c0 HTTP/2" 200 483 "https://wirbestimmen.ch/administrator/index.php?option=com_config" "Mozilla/5.0 (Windows NT 10.0; Win64; x64) AppleWebKit/537.36 (KHTML, like Gecko) Chrome/149.0.0.0 Safari/537.36 Edg/149.0.0.0"
77.239.36.238 - - [15/Jun/2026:17:24:40 +0200] "GET /media/vendor/joomla-custom-elements/js/joomla-tab.js?0.2.0 HTTP/2" 200 3546 "https://wirbestimmen.ch/administrator/index.php?option=com_config" "Mozilla/5.0 (Windows NT 10.0; Win64; x64) AppleWebKit/537.36 (KHTML, like Gecko) Chrome/149.0.0.0 Safari/537.36 Edg/149.0.0.0"
77.239.36.238 - - [15/Jun/2026:17:24:40 +0200] "GET /media/system/js/showon.js?f79c256660e2c0ca2179cf7f3168ea8143e1af82 HTTP/2" 200 2726 "https://wirbestimmen.ch/administrator/index.php?option=com_config" "Mozilla/5.0 (Windows NT 10.0; Win64; x64) AppleWebKit/537.36 (KHTML, like Gecko) Chrome/149.0.0.0 Safari/537.36 Edg/149.0.0.0"
77.239.36.238 - - [15/Jun/2026:17:24:40 +0200] "GET /media/system/js/fields/joomla-media-select.js?8be95b97ad020d37e6b953136e60f2f4a1a03f4e HTTP/2" 200 4370 "https://wirbestimmen.ch/administrator/index.php?option=com_config" "Mozilla/5.0 (Windows NT 10.0; Win64; x64) AppleWebKit/537.36 (KHTML, like Gecko) Chrome/149.0.0.0 Safari/537.36 Edg/149.0.0.0"
77.239.36.238 - - [15/Jun/2026:17:24:40 +0200] "GET /media/system/js/fields/joomla-field-media.js?0a0efb6b8dbc0679d42edf549a46d3d5f4d22ef1 HTTP/2" 200 2627 "https://wirbestimmen.ch/administrator/index.php?option=com_config" "Mozilla/5.0 (Windows NT 10.0; Win64; x64) AppleWebKit/537.36 (KHTML, like Gecko) Chrome/149.0.0.0 Safari/537.36 Edg/149.0.0.0"
77.239.36.238 - - [15/Jun/2026:17:24:40 +0200] "GET /media/system/js/fields/joomla-field-send-test-mail.js?f883b3e6f2e8c502165e51be191fb918a2b9b4a2 HTTP/2" 200 800 "https://wirbestimmen.ch/administrator/index.php?option=com_config" "Mozilla/5.0 (Windows NT 10.0; Win64; x64) AppleWebKit/537.36 (KHTML, like Gecko) Chrome/149.0.0.0 Safari/537.36 Edg/149.0.0.0"
77.239.36.238 - - [15/Jun/2026:17:24:40 +0200] "GET /media/system/js/fields/joomla-field-fancy-select.js?1eed2ebba61bbc84069420e2eff5601d37289f58 HTTP/2" 200 3423 "https://wirbestimmen.ch/administrator/index.php?option=com_config" "Mozilla/5.0 (Windows NT 10.0; Win64; x64) AppleWebKit/537.36 (KHTML, like Gecko) Chrome/149.0.0.0 Safari/537.36 Edg/149.0.0.0"
77.239.36.238 - - [15/Jun/2026:17:24:40 +0200] "GET /media/com_config/js/config-filters.js?2ead1777c9585f34972272bb31bc0c28f0993f50 HTTP/2" 200 445 "https://wirbestimmen.ch/administrator/index.php?option=com_config" "Mozilla/5.0 (Windows NT 10.0; Win64; x64) AppleWebKit/537.36 (KHTML, like Gecko) Chrome/149.0.0.0 Safari/537.36 Edg/149.0.0.0"
77.239.36.238 - - [15/Jun/2026:17:24:40 +0200] "GET /media/system/js/fields/joomla-field-permissions.js?d634c37e76b0bc55b9f25700880e6e7657890440 HTTP/2" 200 1582 "https://wirbestimmen.ch/administrator/index.php?option=com_config" "Mozilla/5.0 (Windows NT 10.0; Win64; x64) AppleWebKit/537.36 (KHTML, like Gecko) Chrome/149.0.0.0 Safari/537.36 Edg/149.0.0.0"
77.239.36.238 - - [15/Jun/2026:17:24:40 +0200] "GET /media/templates/administrator/atum/js/template.js?3c6c332306e0dd9bed882b5f3616990d HTTP/2" 200 2074 "https://wirbestimmen.ch/administrator/index.php?option=com_config" "Mozilla/5.0 (Windows NT 10.0; Win64; x64) AppleWebKit/537.36 (KHTML, like Gecko) Chrome/149.0.0.0 Safari/537.36 Edg/149.0.0.0"
77.239.36.238 - - [15/Jun/2026:17:24:40 +0200] "GET /media/mod_multilangstatus/js/admin-multilangstatus.js?3c6c332306e0dd9bed882b5f3616990d HTTP/2" 200 317 "https://wirbestimmen.ch/administrator/index.php?option=com_config" "Mozilla/5.0 (Windows NT 10.0; Win64; x64) AppleWebKit/537.36 (KHTML, like Gecko) Chrome/149.0.0.0 Safari/537.36 Edg/149.0.0.0"
77.239.36.238 - - [15/Jun/2026:17:24:40 +0200] "GET /media/system/js/joomla-toolbar-button.js?6eb267679d65e41cc9fc4de7a56cf06e3b966e5b HTTP/2" 200 954 "https://wirbestimmen.ch/administrator/index.php?option=com_config" "Mozilla/5.0 (Windows NT 10.0; Win64; x64) AppleWebKit/537.36 (KHTML, like Gecko) Chrome/149.0.0.0 Safari/537.36 Edg/149.0.0.0"
77.239.36.238 - - [15/Jun/2026:17:24:40 +0200] "GET /media/system/js/inlinehelp.js?22a94d043cdb5c0f063df11470e28769bda59cf8 HTTP/2" 200 871 "https://wirbestimmen.ch/administrator/index.php?option=com_config" "Mozilla/5.0 (Windows NT 10.0; Win64; x64) AppleWebKit/537.36 (KHTML, like Gecko) Chrome/149.0.0.0 Safari/537.36 Edg/149.0.0.0"
77.239.36.238 - - [15/Jun/2026:17:24:40 +0200] "GET /media/plg_system_shortcut/js/shortcut.js?3c6c332306e0dd9bed882b5f3616990d HTTP/2" 200 1509 "https://wirbestimmen.ch/administrator/index.php?option=com_config" "Mozilla/5.0 (Windows NT 10.0; Win64; x64) AppleWebKit/537.36 (KHTML, like Gecko) Chrome/149.0.0.0 Safari/537.36 Edg/149.0.0.0"
77.239.36.238 - - [15/Jun/2026:17:24:40 +0200] "GET /media/system/js/fields/validate.js?16f3d8b4bad90666d11636743950e1c4fade735f HTTP/2" 200 6626 "https://wirbestimmen.ch/administrator/index.php?option=com_config" "Mozilla/5.0 (Windows NT 10.0; Win64; x64) AppleWebKit/537.36 (KHTML, like Gecko) Chrome/149.0.0.0 Safari/537.36 Edg/149.0.0.0"
77.239.36.238 - - [15/Jun/2026:17:24:40 +0200] "GET /media/vendor/short-and-sweet/js/short-and-sweet.js?1.0.4 HTTP/2" 200 1096 "https://wirbestimmen.ch/administrator/index.php?option=com_config" "Mozilla/5.0 (Windows NT 10.0; Win64; x64) AppleWebKit/537.36 (KHTML, like Gecko) Chrome/149.0.0.0 Safari/537.36 Edg/149.0.0.0"
77.239.36.238 - - [15/Jun/2026:17:24:40 +0200] "GET /media/system/js/fields/passwordview.js?7a48811dc5605f94fa90513f34bc7b5c54e91043 HTTP/2" 200 636 "https://wirbestimmen.ch/administrator/index.php?option=com_config" "Mozilla/5.0 (Windows NT 10.0; Win64; x64) AppleWebKit/537.36 (KHTML, like Gecko) Chrome/149.0.0.0 Safari/537.36 Edg/149.0.0.0"
77.239.36.238 - - [15/Jun/2026:17:24:40 +0200] "GET /media/vendor/choicesjs/js/choices.js?9.1.0 HTTP/2" 200 36796 "https://wirbestimmen.ch/administrator/index.php?option=com_config" "Mozilla/5.0 (Windows NT 10.0; Win64; x64) AppleWebKit/537.36 (KHTML, like Gecko) Chrome/149.0.0.0 Safari/537.36 Edg/149.0.0.0"
77.239.36.238 - - [15/Jun/2026:17:24:40 +0200] "GET /media/legacy/js/toolbar.js?3c6c332306e0dd9bed882b5f3616990d HTTP/2" 200 864 "https://wirbestimmen.ch/administrator/index.php?option=com_config" "Mozilla/5.0 (Windows NT 10.0; Win64; x64) AppleWebKit/537.36 (KHTML, like Gecko) Chrome/149.0.0.0 Safari/537.36 Edg/149.0.0.0"
77.239.36.238 - - [15/Jun/2026:17:24:40 +0200] "GET /media/mod_menu/js/admin-menu.js?3c6c332306e0dd9bed882b5f3616990d HTTP/2" 200 1243 "https://wirbestimmen.ch/administrator/index.php?option=com_config" "Mozilla/5.0 (Windows NT 10.0; Win64; x64) AppleWebKit/537.36 (KHTML, like Gecko) Chrome/149.0.0.0 Safari/537.36 Edg/149.0.0.0"
77.239.36.238 - - [15/Jun/2026:17:24:40 +0200] "GET /media/plg_system_debug/js/debug.js?3c6c332306e0dd9bed882b5f3616990d HTTP/2" 200 400 "https://wirbestimmen.ch/administrator/index.php?option=com_config" "Mozilla/5.0 (Windows NT 10.0; Win64; x64) AppleWebKit/537.36 (KHTML, like Gecko) Chrome/149.0.0.0 Safari/537.36 Edg/149.0.0.0"
77.239.36.238 - - [15/Jun/2026:17:24:44 +0200] "POST /administrator/index.php?option=com_config HTTP/2" 303 0 "https://wirbestimmen.ch/administrator/index.php?option=com_config" "Mozilla/5.0 (Windows NT 10.0; Win64; x64) AppleWebKit/537.36 (KHTML, like Gecko) Chrome/149.0.0.0 Safari/537.36 Edg/149.0.0.0"
77.239.36.238 - - [15/Jun/2026:17:24:44 +0200] "GET /administrator/index.php HTTP/2" 200 13268 "https://wirbestimmen.ch/administrator/index.php?option=com_config" "Mozilla/5.0 (Windows NT 10.0; Win64; x64) AppleWebKit/537.36 (KHTML, like Gecko) Chrome/149.0.0.0 Safari/537.36 Edg/149.0.0.0"
77.239.36.238 - - [15/Jun/2026:17:24:45 +0200] "GET /administrator/index.php?option=com_joomlaupdate&task=update.ajax&0dd2836ea1c8d316133d6f6bb82b5f85=1 HTTP/2" 200 26 "https://wirbestimmen.ch/administrator/index.php" "Mozilla/5.0 (Windows NT 10.0; Win64; x64) AppleWebKit/537.36 (KHTML, like Gecko) Chrome/149.0.0.0 Safari/537.36 Edg/149.0.0.0"
77.239.36.238 - - [15/Jun/2026:17:24:45 +0200] "GET /administrator/index.php?option=com_installer&view=update&task=update.ajax&0dd2836ea1c8d316133d6f6bb82b5f85=1&cache_timeout=3600&eid=0&skip=211 HTTP/2" 200 2974 "https://wirbestimmen.ch/administrator/index.php" "Mozilla/5.0 (Windows NT 10.0; Win64; x64) AppleWebKit/537.36 (KHTML, like Gecko) Chrome/149.0.0.0 Safari/537.36 Edg/149.0.0.0"
77.239.36.238 - - [15/Jun/2026:17:24:45 +0200] "GET /administrator/index.php?option=com_privacy&task=getNumberUrgentRequests&format=json&0dd2836ea1c8d316133d6f6bb82b5f85=1 HTTP/2" 200 87 "https://wirbestimmen.ch/administrator/index.php" "Mozilla/5.0 (Windows NT 10.0; Win64; x64) AppleWebKit/537.36 (KHTML, like Gecko) Chrome/149.0.0.0 Safari/537.36 Edg/149.0.0.0"
77.239.36.238 - - [15/Jun/2026:17:24:45 +0200] "GET /administrator/index.php?option=com_templates&view=templates&task=template.ajax&0dd2836ea1c8d316133d6f6bb82b5f85=1 HTTP/2" 200 202 "https://wirbestimmen.ch/administrator/index.php" "Mozilla/5.0 (Windows NT 10.0; Win64; x64) AppleWebKit/537.36 (KHTML, like Gecko) Chrome/149.0.0.0 Safari/537.36 Edg/149.0.0.0"
66.249.65.72 - - [15/Jun/2026:17:24:18 +0200] "GET /items/B230537477 HTTP/1.1" 200 22706 "-" "Mozilla/5.0 (Linux; Android 6.0.1; Nexus 5X Build/MMB29P) AppleWebKit/537.36 (KHTML, like Gecko) Chrome/148.0.7778.96 Mobile Safari/537.36 (compatible; GoogleOther)"
77.239.36.238 - - [15/Jun/2026:17:24:30 +0200] "GET / HTTP/3" 500 13925 "-" "Mozilla/5.0 (Windows NT 10.0; Win64; x64) AppleWebKit/537.36 (KHTML, like Gecko) Chrome/149.0.0.0 Safari/537.36 Edg/149.0.0.0"
77.239.36.238 - - [15/Jun/2026:17:24:47 +0200] "GET / HTTP/3" 500 7770 "-" "Mozilla/5.0 (Windows NT 10.0; Win64; x64) AppleWebKit/537.36 (KHTML, like Gecko) Chrome/149.0.0.0 Safari/537.36 Edg/149.0.0.0"
66.249.65.71 - - [15/Jun/2026:17:25:33 +0200] "GET /items/B194950905 HTTP/1.1" 200 22703 "-" "Mozilla/5.0 (Linux; Android 6.0.1; Nexus 5X Build/MMB29P) AppleWebKit/537.36 (KHTML, like Gecko) Chrome/148.0.7778.96 Mobile Safari/537.36 (compatible; GoogleOther)"
77.239.36.238 - - [15/Jun/2026:17:26:01 +0200] "GET /administrator/index.php?option=com_config HTTP/2" 200 38811 "https://wirbestimmen.ch/administrator/index.php" "Mozilla/5.0 (Windows NT 10.0; Win64; x64) AppleWebKit/537.36 (KHTML, like Gecko) Chrome/149.0.0.0 Safari/537.36 Edg/149.0.0.0"
66.249.65.71 - - [15/Jun/2026:17:26:10 +0200] "GET /items/B220671355 HTTP/1.1" 200 23403 "-" "Mozilla/5.0 (Linux; Android 6.0.1; Nexus 5X Build/MMB29P) AppleWebKit/537.36 (KHTML, like Gecko) Chrome/148.0.7778.96 Mobile Safari/537.36 (compatible; GoogleOther)"
77.239.36.238 - - [15/Jun/2026:17:26:12 +0200] "GET /administrator/index.php HTTP/2" 200 13216 "https://wirbestimmen.ch/administrator/index.php?option=com_config" "Mozilla/5.0 (Windows NT 10.0; Win64; x64) AppleWebKit/537.36 (KHTML, like Gecko) Chrome/149.0.0.0 Safari/537.36 Edg/149.0.0.0"
77.239.36.238 - - [15/Jun/2026:17:26:12 +0200] "GET /administrator/index.php?option=com_joomlaupdate&task=update.ajax&0dd2836ea1c8d316133d6f6bb82b5f85=1 HTTP/2" 200 26 "https://wirbestimmen.ch/administrator/index.php" "Mozilla/5.0 (Windows NT 10.0; Win64; x64) AppleWebKit/537.36 (KHTML, like Gecko) Chrome/149.0.0.0 Safari/537.36 Edg/149.0.0.0"
77.239.36.238 - - [15/Jun/2026:17:26:13 +0200] "GET /administrator/index.php?option=com_installer&view=update&task=update.ajax&0dd2836ea1c8d316133d6f6bb82b5f85=1&cache_timeout=3600&eid=0&skip=211 HTTP/2" 200 2974 "https://wirbestimmen.ch/administrator/index.php" "Mozilla/5.0 (Windows NT 10.0; Win64; x64) AppleWebKit/537.36 (KHTML, like Gecko) Chrome/149.0.0.0 Safari/537.36 Edg/149.0.0.0"
77.239.36.238 - - [15/Jun/2026:17:26:13 +0200] "GET /administrator/index.php?option=com_privacy&task=getNumberUrgentRequests&format=json&0dd2836ea1c8d316133d6f6bb82b5f85=1 HTTP/2" 200 87 "https://wirbestimmen.ch/administrator/index.php" "Mozilla/5.0 (Windows NT 10.0; Win64; x64) AppleWebKit/537.36 (KHTML, like Gecko) Chrome/149.0.0.0 Safari/537.36 Edg/149.0.0.0"
77.239.36.238 - - [15/Jun/2026:17:26:13 +0200] "GET /administrator/index.php?option=com_templates&view=templates&task=template.ajax&0dd2836ea1c8d316133d6f6bb82b5f85=1 HTTP/2" 200 202 "https://wirbestimmen.ch/administrator/index.php" "Mozilla/5.0 (Windows NT 10.0; Win64; x64) AppleWebKit/537.36 (KHTML, like Gecko) Chrome/149.0.0.0 Safari/537.36 Edg/149.0.0.0"
77.239.36.238 - - [15/Jun/2026:17:26:20 +0200] "GET /administrator/index.php?option=com_cpanel&view=cpanel&dashboard=system HTTP/2" 200 10127 "https://wirbestimmen.ch/administrator/index.php" "Mozilla/5.0 (Windows NT 10.0; Win64; x64) AppleWebKit/537.36 (KHTML, like Gecko) Chrome/149.0.0.0 Safari/537.36 Edg/149.0.0.0"
77.239.36.238 - - [15/Jun/2026:17:26:20 +0200] "POST /administrator/index.php?option=com_installer&task=database.getMenuBadgeData&format=json HTTP/2" 200 61 "https://wirbestimmen.ch/administrator/index.php?option=com_cpanel&view=cpanel&dashboard=system" "Mozilla/5.0 (Windows NT 10.0; Win64; x64) AppleWebKit/537.36 (KHTML, like Gecko) Chrome/149.0.0.0 Safari/537.36 Edg/149.0.0.0"
77.239.36.238 - - [15/Jun/2026:17:26:21 +0200] "POST /administrator/index.php?option=com_checkin&task=getMenuBadgeData&format=json HTTP/2" 200 61 "https://wirbestimmen.ch/administrator/index.php?option=com_cpanel&view=cpanel&dashboard=system" "Mozilla/5.0 (Windows NT 10.0; Win64; x64) AppleWebKit/537.36 (KHTML, like Gecko) Chrome/149.0.0.0 Safari/537.36 Edg/149.0.0.0"
77.239.36.238 - - [15/Jun/2026:17:26:21 +0200] "POST /administrator/index.php?option=com_installer&task=getMenuBadgeData&format=json HTTP/2" 200 61 "https://wirbestimmen.ch/administrator/index.php?option=com_cpanel&view=cpanel&dashboard=system" "Mozilla/5.0 (Windows NT 10.0; Win64; x64) AppleWebKit/537.36 (KHTML, like Gecko) Chrome/149.0.0.0 Safari/537.36 Edg/149.0.0.0"
77.239.36.238 - - [15/Jun/2026:17:26:21 +0200] "POST /administrator/index.php?option=com_postinstall&task=getMenuBadgeData&format=json HTTP/2" 200 61 "https://wirbestimmen.ch/administrator/index.php?option=com_cpanel&view=cpanel&dashboard=system" "Mozilla/5.0 (Windows NT 10.0; Win64; x64) AppleWebKit/537.36 (KHTML, like Gecko) Chrome/149.0.0.0 Safari/537.36 Edg/149.0.0.0"
77.239.36.238 - - [15/Jun/2026:17:26:21 +0200] "POST /administrator/index.php?option=com_installer&task=discover.getMenuBadgeData&format=json HTTP/2" 200 61 "https://wirbestimmen.ch/administrator/index.php?option=com_cpanel&view=cpanel&dashboard=system" "Mozilla/5.0 (Windows NT 10.0; Win64; x64) AppleWebKit/537.36 (KHTML, like Gecko) Chrome/149.0.0.0 Safari/537.36 Edg/149.0.0.0"
77.239.36.238 - - [15/Jun/2026:17:26:21 +0200] "POST /administrator/index.php?option=com_joomlaupdate&task=getMenuBadgeData&format=json HTTP/2" 200 68 "https://wirbestimmen.ch/administrator/index.php?option=com_cpanel&view=cpanel&dashboard=system" "Mozilla/5.0 (Windows NT 10.0; Win64; x64) AppleWebKit/537.36 (KHTML, like Gecko) Chrome/149.0.0.0 Safari/537.36 Edg/149.0.0.0"
77.239.36.238 - - [15/Jun/2026:17:26:21 +0200] "POST /administrator/index.php?option=com_installer&task=update.getMenuBadgeData&format=json HTTP/2" 200 61 "https://wirbestimmen.ch/administrator/index.php?option=com_cpanel&view=cpanel&dashboard=system" "Mozilla/5.0 (Windows NT 10.0; Win64; x64) AppleWebKit/537.36 (KHTML, like Gecko) Chrome/149.0.0.0 Safari/537.36 Edg/149.0.0.0"
77.239.36.238 - - [15/Jun/2026:17:26:24 +0200] "GET /administrator/index.php?option=com_templates&view=styles&client_id=0 HTTP/2" 200 16104 "https://wirbestimmen.ch/administrator/index.php?option=com_cpanel&view=cpanel&dashboard=system" "Mozilla/5.0 (Windows NT 10.0; Win64; x64) AppleWebKit/537.36 (KHTML, like Gecko) Chrome/149.0.0.0 Safari/537.36 Edg/149.0.0.0"
77.239.36.238 - - [15/Jun/2026:17:26:32 +0200] "GET /administrator/index.php?option=com_templates&task=style.edit&id=12 HTTP/2" 303 0 "https://wirbestimmen.ch/administrator/index.php?option=com_templates&view=styles&client_id=0" "Mozilla/5.0 (Windows NT 10.0; Win64; x64) AppleWebKit/537.36 (KHTML, like Gecko) Chrome/149.0.0.0 Safari/537.36 Edg/149.0.0.0"
77.239.36.238 - - [15/Jun/2026:17:26:32 +0200] "GET /administrator/index.php?option=com_templates&view=style&layout=edit&id=12 HTTP/2" 200 17332 "https://wirbestimmen.ch/administrator/index.php?option=com_templates&view=styles&client_id=0" "Mozilla/5.0 (Windows NT 10.0; Win64; x64) AppleWebKit/537.36 (KHTML, like Gecko) Chrome/149.0.0.0 Safari/537.36 Edg/149.0.0.0"
77.239.36.238 - - [15/Jun/2026:17:26:33 +0200] "GET /media/com_templates/js/admin-template-toggle-assignment.min.js?9947fec02f44c16b389ec98a072908c31bdd5ae6 HTTP/2" 200 314 "https://wirbestimmen.ch/administrator/index.php?option=com_templates&view=style&layout=edit&id=12" "Mozilla/5.0 (Windows NT 10.0; Win64; x64) AppleWebKit/537.36 (KHTML, like Gecko) Chrome/149.0.0.0 Safari/537.36 Edg/149.0.0.0"
77.239.36.238 - - [15/Jun/2026:17:26:33 +0200] "GET /images/wirbestimmen.png HTTP/2" 304 0 "https://wirbestimmen.ch/administrator/index.php?option=com_templates&view=style&layout=edit&id=12" "Mozilla/5.0 (Windows NT 10.0; Win64; x64) AppleWebKit/537.36 (KHTML, like Gecko) Chrome/149.0.0.0 Safari/537.36 Edg/149.0.0.0"
77.239.36.238 - - [15/Jun/2026:17:27:07 +0200] "POST /administrator/index.php?option=com_templates&layout=edit&id=12 HTTP/2" 303 0 "https://wirbestimmen.ch/administrator/index.php?option=com_templates&view=style&layout=edit&id=12" "Mozilla/5.0 (Windows NT 10.0; Win64; x64) AppleWebKit/537.36 (KHTML, like Gecko) Chrome/149.0.0.0 Safari/537.36 Edg/149.0.0.0"
77.239.36.238 - - [15/Jun/2026:17:27:07 +0200] "GET /administrator/index.php?option=com_templates&view=styles HTTP/2" 200 16085 "https://wirbestimmen.ch/administrator/index.php?option=com_templates&view=style&layout=edit&id=12" "Mozilla/5.0 (Windows NT 10.0; Win64; x64) AppleWebKit/537.36 (KHTML, like Gecko) Chrome/149.0.0.0 Safari/537.36 Edg/149.0.0.0"
77.239.36.238 - - [15/Jun/2026:17:27:37 +0200] "GET /administrator/index.php?option=com_cpanel&view=cpanel&dashboard=system HTTP/2" 200 10127 "https://wirbestimmen.ch/administrator/index.php?option=com_templates&view=styles" "Mozilla/5.0 (Windows NT 10.0; Win64; x64) AppleWebKit/537.36 (KHTML, like Gecko) Chrome/149.0.0.0 Safari/537.36 Edg/149.0.0.0"
77.239.36.238 - - [15/Jun/2026:17:27:38 +0200] "POST /administrator/index.php?option=com_installer&task=database.getMenuBadgeData&format=json HTTP/2" 200 61 "https://wirbestimmen.ch/administrator/index.php?option=com_cpanel&view=cpanel&dashboard=system" "Mozilla/5.0 (Windows NT 10.0; Win64; x64) AppleWebKit/537.36 (KHTML, like Gecko) Chrome/149.0.0.0 Safari/537.36 Edg/149.0.0.0"
77.239.36.238 - - [15/Jun/2026:17:27:38 +0200] "POST /administrator/index.php?option=com_checkin&task=getMenuBadgeData&format=json HTTP/2" 200 61 "https://wirbestimmen.ch/administrator/index.php?option=com_cpanel&view=cpanel&dashboard=system" "Mozilla/5.0 (Windows NT 10.0; Win64; x64) AppleWebKit/537.36 (KHTML, like Gecko) Chrome/149.0.0.0 Safari/537.36 Edg/149.0.0.0"
77.239.36.238 - - [15/Jun/2026:17:27:38 +0200] "POST /administrator/index.php?option=com_installer&task=getMenuBadgeData&format=json HTTP/2" 200 61 "https://wirbestimmen.ch/administrator/index.php?option=com_cpanel&view=cpanel&dashboard=system" "Mozilla/5.0 (Windows NT 10.0; Win64; x64) AppleWebKit/537.36 (KHTML, like Gecko) Chrome/149.0.0.0 Safari/537.36 Edg/149.0.0.0"
77.239.36.238 - - [15/Jun/2026:17:27:39 +0200] "POST /administrator/index.php?option=com_postinstall&task=getMenuBadgeData&format=json HTTP/2" 200 61 "https://wirbestimmen.ch/administrator/index.php?option=com_cpanel&view=cpanel&dashboard=system" "Mozilla/5.0 (Windows NT 10.0; Win64; x64) AppleWebKit/537.36 (KHTML, like Gecko) Chrome/149.0.0.0 Safari/537.36 Edg/149.0.0.0"
77.239.36.238 - - [15/Jun/2026:17:27:39 +0200] "POST /administrator/index.php?option=com_installer&task=discover.getMenuBadgeData&format=json HTTP/2" 200 61 "https://wirbestimmen.ch/administrator/index.php?option=com_cpanel&view=cpanel&dashboard=system" "Mozilla/5.0 (Windows NT 10.0; Win64; x64) AppleWebKit/537.36 (KHTML, like Gecko) Chrome/149.0.0.0 Safari/537.36 Edg/149.0.0.0"
77.239.36.238 - - [15/Jun/2026:17:27:39 +0200] "POST /administrator/index.php?option=com_joomlaupdate&task=getMenuBadgeData&format=json HTTP/2" 200 68 "https://wirbestimmen.ch/administrator/index.php?option=com_cpanel&view=cpanel&dashboard=system" "Mozilla/5.0 (Windows NT 10.0; Win64; x64) AppleWebKit/537.36 (KHTML, like Gecko) Chrome/149.0.0.0 Safari/537.36 Edg/149.0.0.0"
77.239.36.238 - - [15/Jun/2026:17:27:39 +0200] "POST /administrator/index.php?option=com_installer&task=update.getMenuBadgeData&format=json HTTP/2" 200 61 "https://wirbestimmen.ch/administrator/index.php?option=com_cpanel&view=cpanel&dashboard=system" "Mozilla/5.0 (Windows NT 10.0; Win64; x64) AppleWebKit/537.36 (KHTML, like Gecko) Chrome/149.0.0.0 Safari/537.36 Edg/149.0.0.0"
77.239.36.238 - - [15/Jun/2026:17:27:42 +0200] "GET /administrator/index.php?option=com_config HTTP/2" 200 38811 "https://wirbestimmen.ch/administrator/index.php?option=com_cpanel&view=cpanel&dashboard=system" "Mozilla/5.0 (Windows NT 10.0; Win64; x64) AppleWebKit/537.36 (KHTML, like Gecko) Chrome/149.0.0.0 Safari/537.36 Edg/149.0.0.0"
66.249.65.71 - - [15/Jun/2026:17:24:56 +0200] "GET /items/B194009447 HTTP/1.1" 200 22829 "-" "Mozilla/5.0 (Linux; Android 6.0.1; Nexus 5X Build/MMB29P) AppleWebKit/537.36 (KHTML, like Gecko) Chrome/148.0.7778.96 Mobile Safari/537.36 (compatible; GoogleOther)"
66.249.65.72 - - [15/Jun/2026:17:27:25 +0200] "GET /items/B221168383 HTTP/1.1" 200 23005 "-" "Mozilla/5.0 (Linux; Android 6.0.1; Nexus 5X Build/MMB29P) AppleWebKit/537.36 (KHTML, like Gecko) Chrome/148.0.7778.96 Mobile Safari/537.36 (compatible; GoogleOther)"
66.249.65.71 - - [15/Jun/2026:17:29:16 +0200] "GET /items/B198925435 HTTP/1.1" 200 24031 "-" "Mozilla/5.0 (Linux; Android 6.0.1; Nexus 5X Build/MMB29P) AppleWebKit/537.36 (KHTML, like Gecko) Chrome/148.0.7778.96 Mobile Safari/537.36 (compatible; Googlebot/2.1; +http://www.google.com/bot.html)"
66.249.65.71 - - [15/Jun/2026:17:29:54 +0200] "GET /items/B230049563 HTTP/1.1" 200 22258 "-" "Mozilla/5.0 (Linux; Android 6.0.1; Nexus 5X Build/MMB29P) AppleWebKit/537.36 (KHTML, like Gecko) Chrome/148.0.7778.96 Mobile Safari/537.36 (compatible; GoogleOther)"
77.239.36.238 - - [15/Jun/2026:17:30:15 +0200] "POST /administrator/index.php?option=com_config HTTP/2" 303 0 "https://wirbestimmen.ch/administrator/index.php?option=com_config" "Mozilla/5.0 (Windows NT 10.0; Win64; x64) AppleWebKit/537.36 (KHTML, like Gecko) Chrome/149.0.0.0 Safari/537.36 Edg/149.0.0.0"
77.239.36.238 - - [15/Jun/2026:17:30:15 +0200] "GET /administrator/index.php HTTP/2" 200 30850 "https://wirbestimmen.ch/administrator/index.php?option=com_config" "Mozilla/5.0 (Windows NT 10.0; Win64; x64) AppleWebKit/537.36 (KHTML, like Gecko) Chrome/149.0.0.0 Safari/537.36 Edg/149.0.0.0"
77.239.36.238 - - [15/Jun/2026:17:30:15 +0200] "GET /media/plg_quickicon_akeebabackup/css/icons.css?6af6c20d39636209f1f2b366b4c3ecc2 HTTP/2" 200 264 "https://wirbestimmen.ch/administrator/index.php" "Mozilla/5.0 (Windows NT 10.0; Win64; x64) AppleWebKit/537.36 (KHTML, like Gecko) Chrome/149.0.0.0 Safari/537.36 Edg/149.0.0.0"
77.239.36.238 - - [15/Jun/2026:17:30:15 +0200] "GET /media/templates/administrator/atum/css/template.css?6af6c20d39636209f1f2b366b4c3ecc2 HTTP/2" 200 41573 "https://wirbestimmen.ch/administrator/index.php" "Mozilla/5.0 (Windows NT 10.0; Win64; x64) AppleWebKit/537.36 (KHTML, like Gecko) Chrome/149.0.0.0 Safari/537.36 Edg/149.0.0.0"
77.239.36.238 - - [15/Jun/2026:17:30:15 +0200] "GET /media/plg_system_debug/css/debug.css?6af6c20d39636209f1f2b366b4c3ecc2 HTTP/2" 200 875 "https://wirbestimmen.ch/administrator/index.php" "Mozilla/5.0 (Windows NT 10.0; Win64; x64) AppleWebKit/537.36 (KHTML, like Gecko) Chrome/149.0.0.0 Safari/537.36 Edg/149.0.0.0"
77.239.36.238 - - [15/Jun/2026:17:30:15 +0200] "GET /media/mod_quickicon/js/quickicon.js?6af6c20d39636209f1f2b366b4c3ecc2 HTTP/2" 200 751 "https://wirbestimmen.ch/administrator/index.php" "Mozilla/5.0 (Windows NT 10.0; Win64; x64) AppleWebKit/537.36 (KHTML, like Gecko) Chrome/149.0.0.0 Safari/537.36 Edg/149.0.0.0"
77.239.36.238 - - [15/Jun/2026:17:30:15 +0200] "GET /media/plg_quickicon_eos/js/snooze.js?6af6c20d39636209f1f2b366b4c3ecc2 HTTP/2" 200 641 "https://wirbestimmen.ch/administrator/index.php" "Mozilla/5.0 (Windows NT 10.0; Win64; x64) AppleWebKit/537.36 (KHTML, like Gecko) Chrome/149.0.0.0 Safari/537.36 Edg/149.0.0.0"
77.239.36.238 - - [15/Jun/2026:17:30:15 +0200] "GET /media/templates/administrator/atum/js/template.js?6af6c20d39636209f1f2b366b4c3ecc2 HTTP/2" 200 2074 "https://wirbestimmen.ch/administrator/index.php" "Mozilla/5.0 (Windows NT 10.0; Win64; x64) AppleWebKit/537.36 (KHTML, like Gecko) Chrome/149.0.0.0 Safari/537.36 Edg/149.0.0.0"
77.239.36.238 - - [15/Jun/2026:17:30:15 +0200] "GET /media/mod_multilangstatus/js/admin-multilangstatus.js?6af6c20d39636209f1f2b366b4c3ecc2 HTTP/2" 200 317 "https://wirbestimmen.ch/administrator/index.php" "Mozilla/5.0 (Windows NT 10.0; Win64; x64) AppleWebKit/537.36 (KHTML, like Gecko) Chrome/149.0.0.0 Safari/537.36 Edg/149.0.0.0"
77.239.36.238 - - [15/Jun/2026:17:30:15 +0200] "GET /media/plg_system_shortcut/js/shortcut.js?6af6c20d39636209f1f2b366b4c3ecc2 HTTP/2" 200 1509 "https://wirbestimmen.ch/administrator/index.php" "Mozilla/5.0 (Windows NT 10.0; Win64; x64) AppleWebKit/537.36 (KHTML, like Gecko) Chrome/149.0.0.0 Safari/537.36 Edg/149.0.0.0"
77.239.36.238 - - [15/Jun/2026:17:30:15 +0200] "GET /media/plg_quickicon_joomlaupdate/js/jupdatecheck.js?6af6c20d39636209f1f2b366b4c3ecc2 HTTP/2" 200 824 "https://wirbestimmen.ch/administrator/index.php" "Mozilla/5.0 (Windows NT 10.0; Win64; x64) AppleWebKit/537.36 (KHTML, like Gecko) Chrome/149.0.0.0 Safari/537.36 Edg/149.0.0.0"
77.239.36.238 - - [15/Jun/2026:17:30:16 +0200] "GET /media/plg_quickicon_extensionupdate/js/extensionupdatecheck.js?6af6c20d39636209f1f2b366b4c3ecc2 HTTP/2" 200 818 "https://wirbestimmen.ch/administrator/index.php" "Mozilla/5.0 (Windows NT 10.0; Win64; x64) AppleWebKit/537.36 (KHTML, like Gecko) Chrome/149.0.0.0 Safari/537.36 Edg/149.0.0.0"
77.239.36.238 - - [15/Jun/2026:17:30:16 +0200] "GET /media/plg_quickicon_overridecheck/js/overridecheck.js?6af6c20d39636209f1f2b366b4c3ecc2 HTTP/2" 200 962 "https://wirbestimmen.ch/administrator/index.php" "Mozilla/5.0 (Windows NT 10.0; Win64; x64) AppleWebKit/537.36 (KHTML, like Gecko) Chrome/149.0.0.0 Safari/537.36 Edg/149.0.0.0"
77.239.36.238 - - [15/Jun/2026:17:30:16 +0200] "GET /media/plg_quickicon_privacycheck/js/privacycheck.js?6af6c20d39636209f1f2b366b4c3ecc2 HTTP/2" 200 957 "https://wirbestimmen.ch/administrator/index.php" "Mozilla/5.0 (Windows NT 10.0; Win64; x64) AppleWebKit/537.36 (KHTML, like Gecko) Chrome/149.0.0.0 Safari/537.36 Edg/149.0.0.0"
77.239.36.238 - - [15/Jun/2026:17:30:16 +0200] "GET /media/mod_menu/js/admin-menu.js?6af6c20d39636209f1f2b366b4c3ecc2 HTTP/2" 200 1243 "https://wirbestimmen.ch/administrator/index.php" "Mozilla/5.0 (Windows NT 10.0; Win64; x64) AppleWebKit/537.36 (KHTML, like Gecko) Chrome/149.0.0.0 Safari/537.36 Edg/149.0.0.0"
77.239.36.238 - - [15/Jun/2026:17:30:16 +0200] "GET /media/plg_system_debug/js/debug.js?6af6c20d39636209f1f2b366b4c3ecc2 HTTP/2" 200 400 "https://wirbestimmen.ch/administrator/index.php" "Mozilla/5.0 (Windows NT 10.0; Win64; x64) AppleWebKit/537.36 (KHTML, like Gecko) Chrome/149.0.0.0 Safari/537.36 Edg/149.0.0.0"
77.239.36.238 - - [15/Jun/2026:17:30:16 +0200] "GET /administrator/index.php?option=com_joomlaupdate&task=update.ajax&0dd2836ea1c8d316133d6f6bb82b5f85=1 HTTP/2" 200 26 "https://wirbestimmen.ch/administrator/index.php" "Mozilla/5.0 (Windows NT 10.0; Win64; x64) AppleWebKit/537.36 (KHTML, like Gecko) Chrome/149.0.0.0 Safari/537.36 Edg/149.0.0.0"
77.239.36.238 - - [15/Jun/2026:17:30:16 +0200] "GET /administrator/index.php?option=com_installer&view=update&task=update.ajax&0dd2836ea1c8d316133d6f6bb82b5f85=1&cache_timeout=3600&eid=0&skip=211 HTTP/2" 200 2972 "https://wirbestimmen.ch/administrator/index.php" "Mozilla/5.0 (Windows NT 10.0; Win64; x64) AppleWebKit/537.36 (KHTML, like Gecko) Chrome/149.0.0.0 Safari/537.36 Edg/149.0.0.0"
77.239.36.238 - - [15/Jun/2026:17:30:16 +0200] "GET /administrator/index.php?option=com_privacy&task=getNumberUrgentRequests&format=json&0dd2836ea1c8d316133d6f6bb82b5f85=1 HTTP/2" 200 68 "https://wirbestimmen.ch/administrator/index.php" "Mozilla/5.0 (Windows NT 10.0; Win64; x64) AppleWebKit/537.36 (KHTML, like Gecko) Chrome/149.0.0.0 Safari/537.36 Edg/149.0.0.0"
77.239.36.238 - - [15/Jun/2026:17:30:16 +0200] "GET /administrator/index.php?option=com_templates&view=templates&task=template.ajax&0dd2836ea1c8d316133d6f6bb82b5f85=1 HTTP/2" 200 202 "https://wirbestimmen.ch/administrator/index.php" "Mozilla/5.0 (Windows NT 10.0; Win64; x64) AppleWebKit/537.36 (KHTML, like Gecko) Chrome/149.0.0.0 Safari/537.36 Edg/149.0.0.0"
66.249.65.72 - - [15/Jun/2026:17:30:31 +0200] "GET /items/B195427381 HTTP/1.1" 200 22898 "-" "Mozilla/5.0 (Linux; Android 6.0.1; Nexus 5X Build/MMB29P) AppleWebKit/537.36 (KHTML, like Gecko) Chrome/148.0.7778.96 Mobile Safari/537.36 (compatible; GoogleOther)"
2a02:a03f:6a2a:b700:e01f:2d27:1d4d:c65a - - [15/Jun/2026:17:24:49 +0200] "GET /images/2019/10/19/banner-unterschriftsbogen-v2-800px.png HTTP/2" 200 337965 "-" "Safari/17618.3.11.11.7 CFNetwork/1335.5 Darwin/21.6.0"
66.249.65.71 - - [15/Jun/2026:17:26:48 +0200] "GET /items/B220138963 HTTP/1.1" 200 23484 "-" "Mozilla/5.0 (Linux; Android 6.0.1; Nexus 5X Build/MMB29P) AppleWebKit/537.36 (KHTML, like Gecko) Chrome/148.0.7778.96 Mobile Safari/537.36 (compatible; GoogleOther)"
66.249.65.71 - - [15/Jun/2026:17:28:39 +0200] "GET /items/B192870631 HTTP/1.1" 200 23929 "-" "Mozilla/5.0 (Linux; Android 6.0.1; Nexus 5X Build/MMB29P) AppleWebKit/537.36 (KHTML, like Gecko) Chrome/148.0.7778.96 Mobile Safari/537.36 (compatible; GoogleOther)"
66.249.65.72 - - [15/Jun/2026:17:29:17 +0200] "GET /items/B202433625 HTTP/1.1" 200 22724 "-" "Mozilla/5.0 (Linux; Android 6.0.1; Nexus 5X Build/MMB29P) AppleWebKit/537.36 (KHTML, like Gecko) Chrome/148.0.7778.96 Mobile Safari/537.36 (compatible; GoogleOther)"
66.249.65.71 - - [15/Jun/2026:17:29:48 +0200] "GET /items/B218419119 HTTP/1.1" 200 23121 "-" "Mozilla/5.0 (Linux; Android 6.0.1; Nexus 5X Build/MMB29P) AppleWebKit/537.36 (KHTML, like Gecko) Chrome/148.0.7778.96 Mobile Safari/537.36 (compatible; GoogleOther)"
77.239.36.238 - - [15/Jun/2026:17:30:20 +0200] "GET / HTTP/3" 500 13925 "-" "Mozilla/5.0 (Windows NT 10.0; Win64; x64) AppleWebKit/537.36 (KHTML, like Gecko) Chrome/149.0.0.0 Safari/537.36 Edg/149.0.0.0"
77.239.36.238 - - [15/Jun/2026:17:30:35 +0200] "GET / HTTP/3" 500 13925 "-" "Mozilla/5.0 (Windows NT 10.0; Win64; x64) AppleWebKit/537.36 (KHTML, like Gecko) Chrome/149.0.0.0 Safari/537.36 Edg/149.0.0.0"
66.249.73.130 - - [15/Jun/2026:17:31:38 +0200] "GET /de/bargeld-de/ HTTP/1.1" 200 22935 "-" "Mozilla/5.0 (Linux; Android 6.0.1; Nexus 5X Build/MMB29P) AppleWebKit/537.36 (KHTML, like Gecko) Chrome/148.0.7778.96 Mobile Safari/537.36 (compatible; Googlebot/2.1; +http://www.google.com/bot.html)"
77.239.36.238 - - [15/Jun/2026:17:31:41 +0200] "GET /administrator/index.php HTTP/2" 200 30767 "https://wirbestimmen.ch/administrator/index.php?option=com_config" "Mozilla/5.0 (Windows NT 10.0; Win64; x64) AppleWebKit/537.36 (KHTML, like Gecko) Chrome/149.0.0.0 Safari/537.36 Edg/149.0.0.0"
77.239.36.238 - - [15/Jun/2026:17:31:41 +0200] "GET /media/plg_quickicon_akeebabackup/css/icons.css?31d9b0f6292d2f173306442d865e48bc HTTP/2" 200 264 "https://wirbestimmen.ch/administrator/index.php" "Mozilla/5.0 (Windows NT 10.0; Win64; x64) AppleWebKit/537.36 (KHTML, like Gecko) Chrome/149.0.0.0 Safari/537.36 Edg/149.0.0.0"
77.239.36.238 - - [15/Jun/2026:17:31:41 +0200] "GET /media/templates/administrator/atum/css/template.css?31d9b0f6292d2f173306442d865e48bc HTTP/2" 200 41573 "https://wirbestimmen.ch/administrator/index.php" "Mozilla/5.0 (Windows NT 10.0; Win64; x64) AppleWebKit/537.36 (KHTML, like Gecko) Chrome/149.0.0.0 Safari/537.36 Edg/149.0.0.0"
77.239.36.238 - - [15/Jun/2026:17:31:41 +0200] "GET /media/plg_system_debug/css/debug.css?31d9b0f6292d2f173306442d865e48bc HTTP/2" 200 875 "https://wirbestimmen.ch/administrator/index.php" "Mozilla/5.0 (Windows NT 10.0; Win64; x64) AppleWebKit/537.36 (KHTML, like Gecko) Chrome/149.0.0.0 Safari/537.36 Edg/149.0.0.0"
77.239.36.238 - - [15/Jun/2026:17:31:41 +0200] "GET /media/mod_quickicon/js/quickicon.js?31d9b0f6292d2f173306442d865e48bc HTTP/2" 200 751 "https://wirbestimmen.ch/administrator/index.php" "Mozilla/5.0 (Windows NT 10.0; Win64; x64) AppleWebKit/537.36 (KHTML, like Gecko) Chrome/149.0.0.0 Safari/537.36 Edg/149.0.0.0"
77.239.36.238 - - [15/Jun/2026:17:31:41 +0200] "GET /media/plg_quickicon_eos/js/snooze.js?31d9b0f6292d2f173306442d865e48bc HTTP/2" 200 641 "https://wirbestimmen.ch/administrator/index.php" "Mozilla/5.0 (Windows NT 10.0; Win64; x64) AppleWebKit/537.36 (KHTML, like Gecko) Chrome/149.0.0.0 Safari/537.36 Edg/149.0.0.0"
77.239.36.238 - - [15/Jun/2026:17:31:41 +0200] "GET /media/templates/administrator/atum/js/template.js?31d9b0f6292d2f173306442d865e48bc HTTP/2" 200 2074 "https://wirbestimmen.ch/administrator/index.php" "Mozilla/5.0 (Windows NT 10.0; Win64; x64) AppleWebKit/537.36 (KHTML, like Gecko) Chrome/149.0.0.0 Safari/537.36 Edg/149.0.0.0"
77.239.36.238 - - [15/Jun/2026:17:31:41 +0200] "GET /media/mod_multilangstatus/js/admin-multilangstatus.js?31d9b0f6292d2f173306442d865e48bc HTTP/2" 200 317 "https://wirbestimmen.ch/administrator/index.php" "Mozilla/5.0 (Windows NT 10.0; Win64; x64) AppleWebKit/537.36 (KHTML, like Gecko) Chrome/149.0.0.0 Safari/537.36 Edg/149.0.0.0"
77.239.36.238 - - [15/Jun/2026:17:31:41 +0200] "GET /media/plg_system_shortcut/js/shortcut.js?31d9b0f6292d2f173306442d865e48bc HTTP/2" 200 1509 "https://wirbestimmen.ch/administrator/index.php" "Mozilla/5.0 (Windows NT 10.0; Win64; x64) AppleWebKit/537.36 (KHTML, like Gecko) Chrome/149.0.0.0 Safari/537.36 Edg/149.0.0.0"
77.239.36.238 - - [15/Jun/2026:17:31:41 +0200] "GET /media/plg_quickicon_joomlaupdate/js/jupdatecheck.js?31d9b0f6292d2f173306442d865e48bc HTTP/2" 200 824 "https://wirbestimmen.ch/administrator/index.php" "Mozilla/5.0 (Windows NT 10.0; Win64; x64) AppleWebKit/537.36 (KHTML, like Gecko) Chrome/149.0.0.0 Safari/537.36 Edg/149.0.0.0"
77.239.36.238 - - [15/Jun/2026:17:31:41 +0200] "GET /media/plg_quickicon_extensionupdate/js/extensionupdatecheck.js?31d9b0f6292d2f173306442d865e48bc HTTP/2" 200 818 "https://wirbestimmen.ch/administrator/index.php" "Mozilla/5.0 (Windows NT 10.0; Win64; x64) AppleWebKit/537.36 (KHTML, like Gecko) Chrome/149.0.0.0 Safari/537.36 Edg/149.0.0.0"
77.239.36.238 - - [15/Jun/2026:17:31:41 +0200] "GET /media/plg_quickicon_overridecheck/js/overridecheck.js?31d9b0f6292d2f173306442d865e48bc HTTP/2" 200 962 "https://wirbestimmen.ch/administrator/index.php" "Mozilla/5.0 (Windows NT 10.0; Win64; x64) AppleWebKit/537.36 (KHTML, like Gecko) Chrome/149.0.0.0 Safari/537.36 Edg/149.0.0.0"
77.239.36.238 - - [15/Jun/2026:17:31:41 +0200] "GET /media/plg_quickicon_privacycheck/js/privacycheck.js?31d9b0f6292d2f173306442d865e48bc HTTP/2" 200 957 "https://wirbestimmen.ch/administrator/index.php" "Mozilla/5.0 (Windows NT 10.0; Win64; x64) AppleWebKit/537.36 (KHTML, like Gecko) Chrome/149.0.0.0 Safari/537.36 Edg/149.0.0.0"
77.239.36.238 - - [15/Jun/2026:17:31:41 +0200] "GET /media/mod_menu/js/admin-menu.js?31d9b0f6292d2f173306442d865e48bc HTTP/2" 200 1243 "https://wirbestimmen.ch/administrator/index.php" "Mozilla/5.0 (Windows NT 10.0; Win64; x64) AppleWebKit/537.36 (KHTML, like Gecko) Chrome/149.0.0.0 Safari/537.36 Edg/149.0.0.0"
77.239.36.238 - - [15/Jun/2026:17:31:41 +0200] "GET /media/plg_system_debug/js/debug.js?31d9b0f6292d2f173306442d865e48bc HTTP/2" 200 400 "https://wirbestimmen.ch/administrator/index.php" "Mozilla/5.0 (Windows NT 10.0; Win64; x64) AppleWebKit/537.36 (KHTML, like Gecko) Chrome/149.0.0.0 Safari/537.36 Edg/149.0.0.0"
77.239.36.238 - - [15/Jun/2026:17:31:42 +0200] "GET /administrator/index.php?option=com_joomlaupdate&task=update.ajax&0dd2836ea1c8d316133d6f6bb82b5f85=1 HTTP/2" 200 26 "https://wirbestimmen.ch/administrator/index.php" "Mozilla/5.0 (Windows NT 10.0; Win64; x64) AppleWebKit/537.36 (KHTML, like Gecko) Chrome/149.0.0.0 Safari/537.36 Edg/149.0.0.0"
77.239.36.238 - - [15/Jun/2026:17:31:42 +0200] "GET /administrator/index.php?option=com_installer&view=update&task=update.ajax&0dd2836ea1c8d316133d6f6bb82b5f85=1&cache_timeout=3600&eid=0&skip=211 HTTP/2" 200 2974 "https://wirbestimmen.ch/administrator/index.php" "Mozilla/5.0 (Windows NT 10.0; Win64; x64) AppleWebKit/537.36 (KHTML, like Gecko) Chrome/149.0.0.0 Safari/537.36 Edg/149.0.0.0"
77.239.36.238 - - [15/Jun/2026:17:31:42 +0200] "GET /administrator/index.php?option=com_privacy&task=getNumberUrgentRequests&format=json&0dd2836ea1c8d316133d6f6bb82b5f85=1 HTTP/2" 200 68 "https://wirbestimmen.ch/administrator/index.php" "Mozilla/5.0 (Windows NT 10.0; Win64; x64) AppleWebKit/537.36 (KHTML, like Gecko) Chrome/149.0.0.0 Safari/537.36 Edg/149.0.0.0"
77.239.36.238 - - [15/Jun/2026:17:31:42 +0200] "GET /administrator/index.php?option=com_templates&view=templates&task=template.ajax&0dd2836ea1c8d316133d6f6bb82b5f85=1 HTTP/2" 200 202 "https://wirbestimmen.ch/administrator/index.php" "Mozilla/5.0 (Windows NT 10.0; Win64; x64) AppleWebKit/537.36 (KHTML, like Gecko) Chrome/149.0.0.0 Safari/537.36 Edg/149.0.0.0"
66.249.65.71 - - [15/Jun/2026:17:31:46 +0200] "GET /items/B220973503 HTTP/1.1" 200 23659 "-" "Mozilla/5.0 (Linux; Android 6.0.1; Nexus 5X Build/MMB29P) AppleWebKit/537.36 (KHTML, like Gecko) Chrome/148.0.7778.96 Mobile Safari/537.36 (compatible; GoogleOther)"
77.239.36.238 - - [15/Jun/2026:17:32:25 +0200] "GET /administrator/index.php?option=com_cpanel&view=cpanel&dashboard=system HTTP/2" 200 25428 "https://wirbestimmen.ch/administrator/index.php" "Mozilla/5.0 (Windows NT 10.0; Win64; x64) AppleWebKit/537.36 (KHTML, like Gecko) Chrome/149.0.0.0 Safari/537.36 Edg/149.0.0.0"
77.239.36.238 - - [15/Jun/2026:17:32:25 +0200] "GET /media/templates/administrator/atum/css/template.css?756b61364cba7f6109241f375377eb52 HTTP/2" 200 41573 "https://wirbestimmen.ch/administrator/index.php?option=com_cpanel&view=cpanel&dashboard=system" "Mozilla/5.0 (Windows NT 10.0; Win64; x64) AppleWebKit/537.36 (KHTML, like Gecko) Chrome/149.0.0.0 Safari/537.36 Edg/149.0.0.0"
77.239.36.238 - - [15/Jun/2026:17:32:25 +0200] "GET /media/plg_system_debug/css/debug.css?756b61364cba7f6109241f375377eb52 HTTP/2" 200 875 "https://wirbestimmen.ch/administrator/index.php?option=com_cpanel&view=cpanel&dashboard=system" "Mozilla/5.0 (Windows NT 10.0; Win64; x64) AppleWebKit/537.36 (KHTML, like Gecko) Chrome/149.0.0.0 Safari/537.36 Edg/149.0.0.0"
77.239.36.238 - - [15/Jun/2026:17:32:25 +0200] "GET /media/templates/administrator/atum/js/template.js?756b61364cba7f6109241f375377eb52 HTTP/2" 200 2074 "https://wirbestimmen.ch/administrator/index.php?option=com_cpanel&view=cpanel&dashboard=system" "Mozilla/5.0 (Windows NT 10.0; Win64; x64) AppleWebKit/537.36 (KHTML, like Gecko) Chrome/149.0.0.0 Safari/537.36 Edg/149.0.0.0"
77.239.36.238 - - [15/Jun/2026:17:32:25 +0200] "GET /media/mod_multilangstatus/js/admin-multilangstatus.js?756b61364cba7f6109241f375377eb52 HTTP/2" 200 317 "https://wirbestimmen.ch/administrator/index.php?option=com_cpanel&view=cpanel&dashboard=system" "Mozilla/5.0 (Windows NT 10.0; Win64; x64) AppleWebKit/537.36 (KHTML, like Gecko) Chrome/149.0.0.0 Safari/537.36 Edg/149.0.0.0"
77.239.36.238 - - [15/Jun/2026:17:32:25 +0200] "GET /media/plg_system_shortcut/js/shortcut.js?756b61364cba7f6109241f375377eb52 HTTP/2" 200 1509 "https://wirbestimmen.ch/administrator/index.php?option=com_cpanel&view=cpanel&dashboard=system" "Mozilla/5.0 (Windows NT 10.0; Win64; x64) AppleWebKit/537.36 (KHTML, like Gecko) Chrome/149.0.0.0 Safari/537.36 Edg/149.0.0.0"
77.239.36.238 - - [15/Jun/2026:17:32:25 +0200] "GET /media/mod_menu/js/admin-menu.js?756b61364cba7f6109241f375377eb52 HTTP/2" 200 1243 "https://wirbestimmen.ch/administrator/index.php?option=com_cpanel&view=cpanel&dashboard=system" "Mozilla/5.0 (Windows NT 10.0; Win64; x64) AppleWebKit/537.36 (KHTML, like Gecko) Chrome/149.0.0.0 Safari/537.36 Edg/149.0.0.0"
77.239.36.238 - - [15/Jun/2026:17:32:25 +0200] "GET /media/plg_system_debug/js/debug.js?756b61364cba7f6109241f375377eb52 HTTP/2" 200 400 "https://wirbestimmen.ch/administrator/index.php?option=com_cpanel&view=cpanel&dashboard=system" "Mozilla/5.0 (Windows NT 10.0; Win64; x64) AppleWebKit/537.36 (KHTML, like Gecko) Chrome/149.0.0.0 Safari/537.36 Edg/149.0.0.0"
77.239.36.238 - - [15/Jun/2026:17:32:26 +0200] "POST /administrator/index.php?option=com_installer&task=database.getMenuBadgeData&format=json HTTP/2" 200 46 "https://wirbestimmen.ch/administrator/index.php?option=com_cpanel&view=cpanel&dashboard=system" "Mozilla/5.0 (Windows NT 10.0; Win64; x64) AppleWebKit/537.36 (KHTML, like Gecko) Chrome/149.0.0.0 Safari/537.36 Edg/149.0.0.0"
77.239.36.238 - - [15/Jun/2026:17:32:26 +0200] "POST /administrator/index.php?option=com_checkin&task=getMenuBadgeData&format=json HTTP/2" 200 46 "https://wirbestimmen.ch/administrator/index.php?option=com_cpanel&view=cpanel&dashboard=system" "Mozilla/5.0 (Windows NT 10.0; Win64; x64) AppleWebKit/537.36 (KHTML, like Gecko) Chrome/149.0.0.0 Safari/537.36 Edg/149.0.0.0"
77.239.36.238 - - [15/Jun/2026:17:32:26 +0200] "POST /administrator/index.php?option=com_installer&task=getMenuBadgeData&format=json HTTP/2" 200 46 "https://wirbestimmen.ch/administrator/index.php?option=com_cpanel&view=cpanel&dashboard=system" "Mozilla/5.0 (Windows NT 10.0; Win64; x64) AppleWebKit/537.36 (KHTML, like Gecko) Chrome/149.0.0.0 Safari/537.36 Edg/149.0.0.0"
77.239.36.238 - - [15/Jun/2026:17:32:27 +0200] "POST /administrator/index.php?option=com_postinstall&task=getMenuBadgeData&format=json HTTP/2" 200 46 "https://wirbestimmen.ch/administrator/index.php?option=com_cpanel&view=cpanel&dashboard=system" "Mozilla/5.0 (Windows NT 10.0; Win64; x64) AppleWebKit/537.36 (KHTML, like Gecko) Chrome/149.0.0.0 Safari/537.36 Edg/149.0.0.0"
77.239.36.238 - - [15/Jun/2026:17:32:27 +0200] "POST /administrator/index.php?option=com_installer&task=discover.getMenuBadgeData&format=json HTTP/2" 200 46 "https://wirbestimmen.ch/administrator/index.php?option=com_cpanel&view=cpanel&dashboard=system" "Mozilla/5.0 (Windows NT 10.0; Win64; x64) AppleWebKit/537.36 (KHTML, like Gecko) Chrome/149.0.0.0 Safari/537.36 Edg/149.0.0.0"
