203.195.94.81 - - [15/Jun/2026:16:50:58 +0200] "GET /?author=20 HTTP/1.1" 500 8382 "-" "Apache-HttpClient/4.5.2 (Java/1.8.0_161)"
66.249.65.71 - - [15/Jun/2026:16:51:59 +0200] "GET /items/B195849523 HTTP/1.1" 200 23494 "-" "Mozilla/5.0 (Linux; Android 6.0.1; Nexus 5X Build/MMB29P) AppleWebKit/537.36 (KHTML, like Gecko) Chrome/148.0.7778.96 Mobile Safari/537.36 (compatible; GoogleOther)"
179.55.254.178 - - [15/Jun/2026:16:52:15 +0200] "GET /fr/grenzschutzinitiative-fr HTTP/1.1" 500 8382 "-" "Mozilla/5.0 (Windows NT 6.1; WOW64) AppleWebKit/537.36 (KHTML, like Gecko) Chrome/29.0.1547.62 Safari/537.36"
66.249.65.71 - - [15/Jun/2026:16:52:36 +0200] "GET /items/B206409807 HTTP/1.1" 200 23325 "-" "Mozilla/5.0 (Linux; Android 6.0.1; Nexus 5X Build/MMB29P) AppleWebKit/537.36 (KHTML, like Gecko) Chrome/148.0.7778.96 Mobile Safari/537.36 (compatible; GoogleOther)"
203.195.94.81 - - [15/Jun/2026:16:50:17 +0200] "GET /wp-login.php HTTP/1.1" 500 8382 "-" "Apache-HttpClient/4.5.2 (Java/1.8.0_161)"
66.249.65.72 - - [15/Jun/2026:16:51:23 +0200] "GET /items/B212762251 HTTP/1.1" 200 22817 "-" "Mozilla/5.0 (Linux; Android 6.0.1; Nexus 5X Build/MMB29P) AppleWebKit/537.36 (KHTML, like Gecko) Chrome/148.0.7778.96 Mobile Safari/537.36 (compatible; GoogleOther)"
68.221.67.168 - - [15/Jun/2026:16:52:41 +0200] "GET /de/blackout-stoppen-de HTTP/2" 500 7770 "-" "Mozilla/5.0 AppleWebKit/537.36 (KHTML, like Gecko); compatible; ChatGPT-User/1.0; +https://openai.com/bot"
68.221.67.167 - - [15/Jun/2026:16:52:41 +0200] "GET /de/blackout-stoppen-de HTTP/2" 500 7770 "-" "Mozilla/5.0 AppleWebKit/537.36 (KHTML, like Gecko); compatible; ChatGPT-User/1.0; +https://openai.com/bot"
68.221.67.168 - - [15/Jun/2026:16:53:05 +0200] "GET /de/blackout-stoppen-de HTTP/2" 500 7770 "-" "Mozilla/5.0 AppleWebKit/537.36 (KHTML, like Gecko); compatible; ChatGPT-User/1.0; +https://openai.com/bot"
68.221.67.167 - - [15/Jun/2026:16:53:05 +0200] "GET /de/blackout-stoppen-de HTTP/2" 500 7769 "-" "Mozilla/5.0 AppleWebKit/537.36 (KHTML, like Gecko); compatible; ChatGPT-User/1.0; +https://openai.com/bot"
66.249.65.71 - - [15/Jun/2026:16:53:14 +0200] "GET /items/B200554629 HTTP/1.1" 200 24425 "-" "Mozilla/5.0 (Linux; Android 6.0.1; Nexus 5X Build/MMB29P) AppleWebKit/537.36 (KHTML, like Gecko) Chrome/148.0.7778.96 Mobile Safari/537.36 (compatible; GoogleOther)"
3.223.134.5 - - [15/Jun/2026:16:56:05 +0200] "GET /fr/component/chronoforms7/?campaignid=2972&chronoform=subscr-campaign HTTP/1.1" 500 8382 "-" "Mozilla/5.0 AppleWebKit/537.36 (KHTML, like Gecko; compatible; Amazonbot/0.1; +https://developer.amazon.com/support/amazonbot) Chrome/119.0.6045.214 Safari/537.36"
68.221.67.161 - - [15/Jun/2026:16:53:05 +0200] "GET /de/blackout-stoppen-de HTTP/2" 500 7770 "-" "Mozilla/5.0 AppleWebKit/537.36 (KHTML, like Gecko); compatible; ChatGPT-User/1.0; +https://openai.com/bot"
2a02:26f7:e344:5404:0:d000:0:d - - [15/Jun/2026:16:53:23 +0200] "GET /images/2022/03/08/hunter-istvan-stephan.png HTTP/2" 200 597585 "https://www.google.com/" "Mozilla/5.0 (iPhone; CPU iPhone OS 18_7 like Mac OS X) AppleWebKit/605.1.15 (KHTML, like Gecko) Version/26.5 Mobile/15E148 Safari/604.1"
66.249.65.71 - - [15/Jun/2026:16:53:51 +0200] "GET /items/B231229693 HTTP/1.1" 200 23186 "-" "Mozilla/5.0 (Linux; Android 6.0.1; Nexus 5X Build/MMB29P) AppleWebKit/537.36 (KHTML, like Gecko) Chrome/148.0.7778.96 Mobile Safari/537.36 (compatible; GoogleOther)"
66.249.65.73 - - [15/Jun/2026:16:55:06 +0200] "GET /items/B208870153 HTTP/1.1" 200 22942 "-" "Mozilla/5.0 (Linux; Android 6.0.1; Nexus 5X Build/MMB29P) AppleWebKit/537.36 (KHTML, like Gecko) Chrome/148.0.7778.96 Mobile Safari/537.36 (compatible; GoogleOther)"
66.249.65.71 - - [15/Jun/2026:16:55:43 +0200] "GET /items/B225948781 HTTP/1.1" 200 22799 "-" "Mozilla/5.0 (Linux; Android 6.0.1; Nexus 5X Build/MMB29P) AppleWebKit/537.36 (KHTML, like Gecko) Chrome/148.0.7778.96 Mobile Safari/537.36 (compatible; GoogleOther)"
100.29.160.53 - - [15/Jun/2026:16:55:58 +0200] "GET /it/component/chronoforms7/?campaignid=2459&chronoform=beinf-campaign&cont=manager HTTP/1.1" 500 8382 "-" "Mozilla/5.0 AppleWebKit/537.36 (KHTML, like Gecko; compatible; Amazonbot/0.1; +https://developer.amazon.com/support/amazonbot) Chrome/119.0.6045.214 Safari/537.36"
3.230.224.6 - - [15/Jun/2026:16:55:58 +0200] "GET /fr/component/chronoforms7/?campaignid=3053&chronoform=subscr-campaign&cont=manager HTTP/1.1" 500 8382 "-" "Mozilla/5.0 AppleWebKit/537.36 (KHTML, like Gecko; compatible; Amazonbot/0.1; +https://developer.amazon.com/support/amazonbot) Chrome/119.0.6045.214 Safari/537.36"
34.196.6.199 - - [15/Jun/2026:16:56:08 +0200] "GET /it/component/chronoforms7/?campaignid=2466&chronoform=beinf-campaign&cont=manager HTTP/1.1" 500 8382 "-" "Mozilla/5.0 AppleWebKit/537.36 (KHTML, like Gecko; compatible; Amazonbot/0.1; +https://developer.amazon.com/support/amazonbot) Chrome/119.0.6045.214 Safari/537.36"
66.249.65.73 - - [15/Jun/2026:16:56:20 +0200] "GET /items/B214433991 HTTP/1.1" 200 23363 "-" "Mozilla/5.0 (Linux; Android 6.0.1; Nexus 5X Build/MMB29P) AppleWebKit/537.36 (KHTML, like Gecko) Chrome/148.0.7778.96 Mobile Safari/537.36 (compatible; GoogleOther)"
66.249.65.71 - - [15/Jun/2026:16:56:57 +0200] "GET /items/B203871467 HTTP/1.1" 200 22692 "-" "Mozilla/5.0 (Linux; Android 6.0.1; Nexus 5X Build/MMB29P) AppleWebKit/537.36 (KHTML, like Gecko) Chrome/148.0.7778.96 Mobile Safari/537.36 (compatible; GoogleOther)"
66.249.65.71 - - [15/Jun/2026:16:58:30 +0200] "GET /items/B224156697 HTTP/1.1" 200 22376 "-" "Mozilla/5.0 (Linux; Android 6.0.1; Nexus 5X Build/MMB29P) AppleWebKit/537.36 (KHTML, like Gecko) Chrome/148.0.7778.96 Mobile Safari/537.36 (compatible; GoogleOther)"
66.249.65.71 - - [15/Jun/2026:16:59:27 +0200] "GET /items/B204433203 HTTP/1.1" 200 22878 "-" "Mozilla/5.0 (Linux; Android 6.0.1; Nexus 5X Build/MMB29P) AppleWebKit/537.36 (KHTML, like Gecko) Chrome/148.0.7778.96 Mobile Safari/537.36 (compatible; GoogleOther)"
66.249.65.73 - - [15/Jun/2026:17:00:04 +0200] "GET /items/B219278901 HTTP/1.1" 200 23002 "-" "Mozilla/5.0 (Linux; Android 6.0.1; Nexus 5X Build/MMB29P) AppleWebKit/537.36 (KHTML, like Gecko) Chrome/148.0.7778.96 Mobile Safari/537.36 (compatible; GoogleOther)"
142.250.32.9 - - [15/Jun/2026:17:01:55 +0200] "GET /.well-known/traffic-advice HTTP/1.1" 500 8382 "-" "Chrome Privacy Preserving Prefetch Proxy"
66.249.65.72 - - [15/Jun/2026:17:01:56 +0200] "GET /items/B226899465 HTTP/1.1" 200 23646 "-" "Mozilla/5.0 (Linux; Android 6.0.1; Nexus 5X Build/MMB29P) AppleWebKit/537.36 (KHTML, like Gecko) Chrome/148.0.7778.96 Mobile Safari/537.36 (compatible; GoogleOther)"
85.208.96.197 - - [15/Jun/2026:16:51:29 +0200] "GET /de/component/chronoforms7/?campaignid=3002&chronoform=subscr-campaign HTTP/1.1" 500 8382 "-" "Mozilla/5.0 (compatible; SemrushBot/7~bl; +http://www.semrush.com/bot.html)"
5.102.173.71 - - [15/Jun/2026:16:52:04 +0200] "GET /robots.txt HTTP/1.1" 200 233 "-" "Mozilla/5.0 (compatible; MojeekBot/0.11; +https://www.mojeek.com/bot.html)"
5.102.173.71 - - [15/Jun/2026:16:52:04 +0200] "GET /index.php/de/abstimmungen/bundesrat-haengig-de HTTP/1.1" 500 7770 "-" "Mozilla/5.0 (compatible; MojeekBot/0.11; +https://www.mojeek.com/bot.html)"
68.221.67.163 - - [15/Jun/2026:16:52:40 +0200] "GET /de/blackout-stoppen-de HTTP/2" 500 7770 "-" "Mozilla/5.0 AppleWebKit/537.36 (KHTML, like Gecko); compatible; ChatGPT-User/1.0; +https://openai.com/bot"
68.221.67.161 - - [15/Jun/2026:16:52:41 +0200] "GET /de/blackout-stoppen-de HTTP/2" 500 7770 "-" "Mozilla/5.0 AppleWebKit/537.36 (KHTML, like Gecko); compatible; ChatGPT-User/1.0; +https://openai.com/bot"
68.221.67.164 - - [15/Jun/2026:16:53:05 +0200] "GET /de/blackout-stoppen-de HTTP/2" 500 7770 "-" "Mozilla/5.0 AppleWebKit/537.36 (KHTML, like Gecko); compatible; ChatGPT-User/1.0; +https://openai.com/bot"
66.249.65.71 - - [15/Jun/2026:16:54:28 +0200] "GET /items/B200394259 HTTP/1.1" 200 23212 "-" "Mozilla/5.0 (Linux; Android 6.0.1; Nexus 5X Build/MMB29P) AppleWebKit/537.36 (KHTML, like Gecko) Chrome/148.0.7778.96 Mobile Safari/537.36 (compatible; GoogleOther)"
34.192.67.98 - - [15/Jun/2026:16:56:01 +0200] "GET /it/component/chronoforms7/?campaignid=2514&chronoform=beinf-campaign&cont=manager HTTP/1.1" 500 8382 "-" "Mozilla/5.0 AppleWebKit/537.36 (KHTML, like Gecko; compatible; Amazonbot/0.1; +https://developer.amazon.com/support/amazonbot) Chrome/119.0.6045.214 Safari/537.36"
52.54.157.23 - - [15/Jun/2026:16:56:05 +0200] "GET /it/component/chronoforms7/?campaignid=2468&chronoform=beinf-campaign&cont=manager HTTP/1.1" 500 8382 "-" "Mozilla/5.0 AppleWebKit/537.36 (KHTML, like Gecko; compatible; Amazonbot/0.1; +https://developer.amazon.com/support/amazonbot) Chrome/119.0.6045.214 Safari/537.36"
23.23.99.55 - - [15/Jun/2026:16:56:06 +0200] "GET /it/?chronoform=beinf-campaign%3D2447&cont=manager&option=com_chronoforms7 HTTP/1.1" 500 8382 "-" "Mozilla/5.0 AppleWebKit/537.36 (KHTML, like Gecko; compatible; Amazonbot/0.1; +https://developer.amazon.com/support/amazonbot) Chrome/119.0.6045.214 Safari/537.36"
44.195.145.102 - - [15/Jun/2026:16:56:10 +0200] "GET /fr/component/chronoforms7/?campaignid=2990&chronoform=sheet-by-post&cont=manager HTTP/1.1" 500 8382 "-" "Mozilla/5.0 AppleWebKit/537.36 (KHTML, like Gecko; compatible; Amazonbot/0.1; +https://developer.amazon.com/support/amazonbot) Chrome/119.0.6045.214 Safari/537.36"
66.249.65.73 - - [15/Jun/2026:16:58:03 +0200] "GET /items/B215826725 HTTP/1.1" 200 22992 "-" "Mozilla/5.0 (Linux; Android 6.0.1; Nexus 5X Build/MMB29P) AppleWebKit/537.36 (KHTML, like Gecko) Chrome/148.0.7778.96 Mobile Safari/537.36 (compatible; GoogleOther)"
77.90.185.230 - - [15/Jun/2026:16:58:49 +0200] "GET /.env HTTP/1.1" 500 20879 "-" "Mozilla/5.0 (X11; U; Linux i686; en-US; rv:1.9.0.3) Gecko/2008092816 Mobile Safari 1.1.3"
66.249.65.71 - - [15/Jun/2026:16:58:54 +0200] "GET /items/B202738601 HTTP/1.1" 200 22801 "-" "Mozilla/5.0 (Linux; Android 6.0.1; Nexus 5X Build/MMB29P) AppleWebKit/537.36 (KHTML, like Gecko) Chrome/148.0.7778.96 Mobile Safari/537.36 (compatible; GoogleOther)"
176.65.139.232 - - [15/Jun/2026:16:59:39 +0200] "GET /index.php/de/.env HTTP/1.1" 500 20879 "-" "Mozilla/5.0 (Windows NT 10.0; Win64; x64) AppleWebKit/537.36 (KHTML, like Gecko) Chrome/147.0.0.0 Safari/537.36"
66.249.65.72 - - [15/Jun/2026:17:05:02 +0200] "GET /items/B203504863 HTTP/1.1" 200 22659 "-" "Mozilla/5.0 (Linux; Android 6.0.1; Nexus 5X Build/MMB29P) AppleWebKit/537.36 (KHTML, like Gecko) Chrome/148.0.7778.96 Mobile Safari/537.36 (compatible; GoogleOther)"
85.208.96.208 - - [15/Jun/2026:16:57:08 +0200] "GET /index.php/fr/component/chronoforms6/fr/en-propre-chose/fr/en-propre-chose/fr/en-propre-chose/fr/en-propre-chose/fr/en-propre-chose/fr/en-propre-chose/fr/en-propre-chose/fr/en-propre-chose/fr/en-propre-chose/fr/en-propre-chose/fr/en-propre-chose/fr/en-propre-chose/fr/en-propre-chose/fr/en-propre-chose/fr/en-propre-chose/fr/en-propre-chose/fr/en-propre-chose/fr/en-propre-chose/fr/en-propre-chose/fr/en-propre-chose/fr/en-propre-chose/fr/en-propre-chose/fr/en-propre-chose/fr/en-propre-chose/fr/en-propre-chose/fr/en-propre-chose/fr/en-propre-chose/fr/en-propre-chose/fr/en-propre-chose/fr/en-propre-chose/fr/en-propre-chose/fr/en-propre-chose/fr/en-propre-chose/fr/en-propre-chose/fr/en-propre-chose/fr/en-propre-chose/fr/en-propre-chose/fr/en-propre-chose/fr/en-propre-chose/fr/en-propre-chose/fr/en-propre-chose/fr/en-propre-chose/fr/en-propre-chose/fr/en-propre-chose/fr/en-propre-chose/fr/en-propre-chose/fr/en-propre-chose/fr/en-propre-chose/fr/en-propre-chose/fr/en-propre-chose/fr/en-propre-chose/fr/en-propre-chose/fr/en-propre-chose/fr/en-propre-chose/fr/en-propre-chose/fr/en-propre-chose/fr/en-propre-chose/fr/en-propre-chose/fr/en-propre-chose/fr/en-propre-chose/fr/en-propre-chose/fr/en-propre-chose/fr/en-propre-chose/fr/en-propre-chose/fr/en-propre-chose/fr/en-propre-chose/fr/en-propre-chose/fr/en-propre-chose/fr/en-propre-chose/fr/en-propre-chose/fr/en-propre-chose/fr/en-propre-chose/fr/en-propre-chose/fr/en-propre-chose/fr/en-propre-chose/fr/en-propre-chose/fr/en-propre-chose/fr/en-propre-chose/fr/en-propre-chose/fr/en-propre-chose/fr/en-propre-chose/fr/en-propre-chose/fr/en-propre-chose/fr/en-propre-chose/fr/en-propre-chose/fr/en-propre-chose/fr/en-propre-chose/fr/en-propre-chose/fr/en-propre-chose/fr/en-propre-chose/fr/en-propre-chose/fr/en-propre-chose/fr/en-propre-chose/fr/en-propre-chose/fr/en-propre-chose/fr/en-propre-chose/fr/en-propre-chose/fr/en-propre-chose/fr/en-propre-chose/fr/en-propre-chose/fr/en-propre-chose/fr/en-propre-chose/fr/en-propre-chose/fr/en-propre-chose/fr/en-propre-chose/fr/en-propre-chose/fr/en-propre-chose/fr/en-propre-chose/fr/en-propre-chose/fr/en-propre-chose/fr/en-propre-chose/fr/en-propre-chose/fr/en-propre-chose/fr/en-propre-chose/fr/en-propre-chose/fr/en-propre-chose/fr/en-propre-chose/fr/en-propre-chose/fr/en-propre-chose/fr/en-propre-chose/fr/en-propre-chose/fr/en-propre-chose/fr/en-propre-chose/fr/en-propre-chose/fr/en-propre-chose/fr/en-propre-chose/fr/en-propre-chose/impressum-fr HTTP/1.1" 500 8382 "-" "Mozilla/5.0 (compatible; SemrushBot/7~bl; +http://www.semrush.com/bot.html)"
66.249.65.73 - - [15/Jun/2026:16:57:31 +0200] "GET /items/B207611959 HTTP/1.1" 200 22656 "-" "Mozilla/5.0 (Linux; Android 6.0.1; Nexus 5X Build/MMB29P) AppleWebKit/537.36 (KHTML, like Gecko) Chrome/148.0.7778.96 Mobile Safari/537.36 (compatible; GoogleOther)"
81.70.192.219 - - [15/Jun/2026:16:58:37 +0200] "GET /it/?option=com_chronoforms7&cont=manager&chronoform=beinf-campaign=2508 HTTP/2" 500 7770 "-" "Mozilla/5.0 (Windows NT 10.0; Win64; x64) AppleWebKit/537.36 (KHTML, like Gecko) Chrome/148.0.0.0 Safari/537.36"
66.249.65.73 - - [15/Jun/2026:17:00:41 +0200] "GET /items/B213792581 HTTP/1.1" 200 24649 "-" "Mozilla/5.0 (Linux; Android 6.0.1; Nexus 5X Build/MMB29P) AppleWebKit/537.36 (KHTML, like Gecko) Chrome/148.0.7778.96 Mobile Safari/537.36 (compatible; GoogleOther)"
66.249.65.73 - - [15/Jun/2026:17:01:19 +0200] "GET /items/B221347051 HTTP/1.1" 200 22929 "-" "Mozilla/5.0 (Linux; Android 6.0.1; Nexus 5X Build/MMB29P) AppleWebKit/537.36 (KHTML, like Gecko) Chrome/148.0.7778.96 Mobile Safari/537.36 (compatible; GoogleOther)"
2001:4860:7:22f::ff - - [15/Jun/2026:17:01:55 +0200] "GET /de/gemeindeschutz-initiative-de HTTP/2" 500 7770 "https://www.google.com/" "Mozilla/5.0 (Linux; Android 10; K) AppleWebKit/537.36 (KHTML, like Gecko) Chrome/149.0.0.0 Safari/537.36"
66.249.65.71 - - [15/Jun/2026:17:02:33 +0200] "GET /items/B220750329 HTTP/1.1" 200 23418 "-" "Mozilla/5.0 (Linux; Android 6.0.1; Nexus 5X Build/MMB29P) AppleWebKit/537.36 (KHTML, like Gecko) Chrome/148.0.7778.96 Mobile Safari/537.36 (compatible; GoogleOther)"
66.249.65.72 - - [15/Jun/2026:17:03:10 +0200] "GET /items/B201690981 HTTP/1.1" 200 22535 "-" "Mozilla/5.0 (Linux; Android 6.0.1; Nexus 5X Build/MMB29P) AppleWebKit/537.36 (KHTML, like Gecko) Chrome/148.0.7778.96 Mobile Safari/537.36 (compatible; GoogleOther)"
66.249.65.71 - - [15/Jun/2026:17:03:48 +0200] "GET /items/B225507739 HTTP/1.1" 200 22864 "-" "Mozilla/5.0 (Linux; Android 6.0.1; Nexus 5X Build/MMB29P) AppleWebKit/537.36 (KHTML, like Gecko) Chrome/148.0.7778.96 Mobile Safari/537.36 (compatible; GoogleOther)"
66.249.65.72 - - [15/Jun/2026:17:04:25 +0200] "GET /items/B228921639 HTTP/1.1" 200 22737 "-" "Mozilla/5.0 (Linux; Android 6.0.1; Nexus 5X Build/MMB29P) AppleWebKit/537.36 (KHTML, like Gecko) Chrome/148.0.7778.96 Mobile Safari/537.36 (compatible; GoogleOther)"
66.249.65.71 - - [15/Jun/2026:17:05:40 +0200] "GET /items/B194094665 HTTP/1.1" 200 23085 "-" "Mozilla/5.0 (Linux; Android 6.0.1; Nexus 5X Build/MMB29P) AppleWebKit/537.36 (KHTML, like Gecko) Chrome/148.0.7778.96 Mobile Safari/537.36 (compatible; GoogleOther)"
103.96.107.103 - - [15/Jun/2026:17:05:56 +0200] "GET /fr/component/chronoforms7/?campaignid=3055&chronoform=subscr-campaign&cont=manager HTTP/1.1" 500 8382 "-" "Mozilla/5.0 (Macintosh; Intel Mac OS X 10_15_5) AppleWebKit/537.36 (KHTML, like Gecko) Brave Chrome/84.0.4147.105 Safari/537.36"
66.249.65.73 - - [15/Jun/2026:17:06:17 +0200] "GET /items/B205785603 HTTP/1.1" 200 23892 "-" "Mozilla/5.0 (Linux; Android 6.0.1; Nexus 5X Build/MMB29P) AppleWebKit/537.36 (KHTML, like Gecko) Chrome/148.0.7778.96 Mobile Safari/537.36 (compatible; GoogleOther)"
68.221.75.25 - - [15/Jun/2026:17:06:55 +0200] "GET / HTTP/2" 500 7770 "-" "Mozilla/5.0 AppleWebKit/537.36 (KHTML, like Gecko); compatible; ChatGPT-User/1.0; +https://openai.com/bot"
68.221.75.17 - - [15/Jun/2026:17:06:55 +0200] "GET / HTTP/2" 500 7770 "-" "Mozilla/5.0 AppleWebKit/537.36 (KHTML, like Gecko); compatible; ChatGPT-User/1.0; +https://openai.com/bot"
66.249.65.71 - - [15/Jun/2026:17:08:09 +0200] "GET /items/B233380163 HTTP/1.1" 200 22526 "-" "Mozilla/5.0 (Linux; Android 6.0.1; Nexus 5X Build/MMB29P) AppleWebKit/537.36 (KHTML, like Gecko) Chrome/148.0.7778.96 Mobile Safari/537.36 (compatible; GoogleOther)"
66.249.65.71 - - [15/Jun/2026:17:08:46 +0200] "GET /items/B233993097 HTTP/1.1" 200 22798 "-" "Mozilla/5.0 (Linux; Android 6.0.1; Nexus 5X Build/MMB29P) AppleWebKit/537.36 (KHTML, like Gecko) Chrome/148.0.7778.96 Mobile Safari/537.36 (compatible; GoogleOther)"
203.2.112.33 - - [15/Jun/2026:17:08:48 +0200] "GET /wp-login.php HTTP/1.1" 500 8382 "-" "Apache-HttpClient/4.5.2 (Java/1.8.0_161)"
203.2.112.33 - - [15/Jun/2026:17:08:50 +0200] "GET /?author=1 HTTP/1.1" 500 8382 "-" "Apache-HttpClient/4.5.2 (Java/1.8.0_161)"
203.2.112.33 - - [15/Jun/2026:17:08:51 +0200] "GET /?author=2 HTTP/1.1" 500 8375 "-" "Apache-HttpClient/4.5.2 (Java/1.8.0_161)"
203.2.112.33 - - [15/Jun/2026:17:08:53 +0200] "GET /?author=3 HTTP/1.1" 500 8382 "-" "Apache-HttpClient/4.5.2 (Java/1.8.0_161)"
203.2.112.33 - - [15/Jun/2026:17:09:16 +0200] "GET /?author=6 HTTP/1.1" 500 8382 "-" "Apache-HttpClient/4.5.2 (Java/1.8.0_161)"
203.2.112.33 - - [15/Jun/2026:17:09:17 +0200] "GET /?author=7 HTTP/1.1" 500 8382 "-" "Apache-HttpClient/4.5.2 (Java/1.8.0_161)"
203.2.112.33 - - [15/Jun/2026:17:09:19 +0200] "GET /?author=8 HTTP/1.1" 500 8382 "-" "Apache-HttpClient/4.5.2 (Java/1.8.0_161)"
203.2.112.33 - - [15/Jun/2026:17:09:21 +0200] "GET /?author=9 HTTP/1.1" 500 8382 "-" "Apache-HttpClient/4.5.2 (Java/1.8.0_161)"
203.2.112.33 - - [15/Jun/2026:17:09:23 +0200] "GET /?author=10 HTTP/1.1" 500 8382 "-" "Apache-HttpClient/4.5.2 (Java/1.8.0_161)"
203.2.112.33 - - [15/Jun/2026:17:09:24 +0200] "GET /?author=11 HTTP/1.1" 500 8382 "-" "Apache-HttpClient/4.5.2 (Java/1.8.0_161)"
203.2.112.33 - - [15/Jun/2026:17:09:26 +0200] "GET /?author=12 HTTP/1.1" 500 8382 "-" "Apache-HttpClient/4.5.2 (Java/1.8.0_161)"
203.2.112.33 - - [15/Jun/2026:17:09:27 +0200] "GET /?author=13 HTTP/1.1" 500 8382 "-" "Apache-HttpClient/4.5.2 (Java/1.8.0_161)"
203.2.112.33 - - [15/Jun/2026:17:09:29 +0200] "GET /?author=14 HTTP/1.1" 500 8382 "-" "Apache-HttpClient/4.5.2 (Java/1.8.0_161)"
203.2.112.33 - - [15/Jun/2026:17:09:33 +0200] "GET /?author=15 HTTP/1.1" 500 8382 "-" "Apache-HttpClient/4.5.2 (Java/1.8.0_161)"
203.2.112.33 - - [15/Jun/2026:17:09:37 +0200] "GET /?author=16 HTTP/1.1" 500 8382 "-" "Apache-HttpClient/4.5.2 (Java/1.8.0_161)"
203.2.112.33 - - [15/Jun/2026:17:09:40 +0200] "GET /?author=17 HTTP/1.1" 500 8382 "-" "Apache-HttpClient/4.5.2 (Java/1.8.0_161)"
203.2.112.33 - - [15/Jun/2026:17:09:42 +0200] "GET /?author=18 HTTP/1.1" 500 8382 "-" "Apache-HttpClient/4.5.2 (Java/1.8.0_161)"
203.2.112.33 - - [15/Jun/2026:17:09:44 +0200] "GET /?author=19 HTTP/1.1" 500 8382 "-" "Apache-HttpClient/4.5.2 (Java/1.8.0_161)"
203.2.112.33 - - [15/Jun/2026:17:09:47 +0200] "GET /?author=20 HTTP/1.1" 500 8382 "-" "Apache-HttpClient/4.5.2 (Java/1.8.0_161)"
66.249.65.71 - - [15/Jun/2026:17:10:38 +0200] "GET /items/B192765127 HTTP/1.1" 200 23653 "-" "Mozilla/5.0 (Linux; Android 6.0.1; Nexus 5X Build/MMB29P) AppleWebKit/537.36 (KHTML, like Gecko) Chrome/148.0.7778.96 Mobile Safari/537.36 (compatible; GoogleOther)"
82.102.18.190 - - [15/Jun/2026:17:10:40 +0200] "GET /.well-known/class.api.php HTTP/1.1" 500 8382 "-" "Mozilla/5.0 (Windows NT 10.0; Win64; x64) AppleWebKit/537.36 (KHTML, like Gecko) Chrome/108.0.0.0 Safari/537.36"
82.102.18.190 - - [15/Jun/2026:17:10:40 +0200] "GET /404.shtml HTTP/1.1" 500 8382 "-" "Mozilla/5.0 (Windows NT 10.0; Win64; x64) AppleWebKit/537.36 (KHTML, like Gecko) Chrome/108.0.0.0 Safari/537.36"
68.221.75.29 - - [15/Jun/2026:17:06:55 +0200] "GET / HTTP/2" 500 7770 "-" "Mozilla/5.0 AppleWebKit/537.36 (KHTML, like Gecko); compatible; ChatGPT-User/1.0; +https://openai.com/bot"
66.249.65.72 - - [15/Jun/2026:17:07:31 +0200] "GET /items/B222339651 HTTP/1.1" 200 22781 "-" "Mozilla/5.0 (Linux; Android 6.0.1; Nexus 5X Build/MMB29P) AppleWebKit/537.36 (KHTML, like Gecko) Chrome/148.0.7778.96 Mobile Safari/537.36 (compatible; GoogleOther)"
203.2.112.33 - - [15/Jun/2026:17:09:01 +0200] "GET /?author=4 HTTP/1.1" 500 8382 "-" "Apache-HttpClient/4.5.2 (Java/1.8.0_161)"
203.2.112.33 - - [15/Jun/2026:17:09:06 +0200] "GET /?author=5 HTTP/1.1" 500 8382 "-" "Apache-HttpClient/4.5.2 (Java/1.8.0_161)"
66.249.65.73 - - [15/Jun/2026:17:09:23 +0200] "GET /items/B216325069 HTTP/1.1" 200 23204 "-" "Mozilla/5.0 (Linux; Android 6.0.1; Nexus 5X Build/MMB29P) AppleWebKit/537.36 (KHTML, like Gecko) Chrome/148.0.7778.96 Mobile Safari/537.36 (compatible; GoogleOther)"
66.249.65.73 - - [15/Jun/2026:17:10:01 +0200] "GET /items/B203343583 HTTP/1.1" 200 22512 "-" "Mozilla/5.0 (Linux; Android 6.0.1; Nexus 5X Build/MMB29P) AppleWebKit/537.36 (KHTML, like Gecko) Chrome/148.0.7778.96 Mobile Safari/537.36 (compatible; GoogleOther)"
82.102.18.190 - - [15/Jun/2026:17:10:39 +0200] "GET /fwe.php HTTP/1.1" 500 8382 "-" "Mozilla/5.0 (Windows NT 10.0; Win64; x64) AppleWebKit/537.36 (KHTML, like Gecko) Chrome/108.0.0.0 Safari/537.36"
82.102.18.190 - - [15/Jun/2026:17:10:41 +0200] "GET /images/class.api.php HTTP/1.1" 500 8382 "-" "Mozilla/5.0 (Windows NT 10.0; Win64; x64) AppleWebKit/537.36 (KHTML, like Gecko) Chrome/108.0.0.0 Safari/537.36"
82.102.18.190 - - [15/Jun/2026:17:10:42 +0200] "GET /.well-known/acme-challenge/class.api.php HTTP/1.1" 500 8382 "-" "Mozilla/5.0 (Windows NT 10.0; Win64; x64) AppleWebKit/537.36 (KHTML, like Gecko) Chrome/108.0.0.0 Safari/537.36"
82.102.18.190 - - [15/Jun/2026:17:10:42 +0200] "GET /wp-includes/class.api.php HTTP/1.1" 500 8382 "-" "Mozilla/5.0 (Windows NT 10.0; Win64; x64) AppleWebKit/537.36 (KHTML, like Gecko) Chrome/108.0.0.0 Safari/537.36"
82.102.18.190 - - [15/Jun/2026:17:10:43 +0200] "GET /wp-content/themes/freeyanz/config.php HTTP/1.1" 500 8382 "-" "Mozilla/5.0 (Windows NT 10.0; Win64; x64) AppleWebKit/537.36 (KHTML, like Gecko) Chrome/108.0.0.0 Safari/537.36"
82.102.18.190 - - [15/Jun/2026:17:10:43 +0200] "GET /wp-content/themes/erapress/config.php HTTP/1.1" 500 8382 "-" "Mozilla/5.0 (Windows NT 10.0; Win64; x64) AppleWebKit/537.36 (KHTML, like Gecko) Chrome/108.0.0.0 Safari/537.36"
82.102.18.190 - - [15/Jun/2026:17:10:44 +0200] "GET /wp-content/themes/panama/json.php HTTP/1.1" 500 8382 "-" "Mozilla/5.0 (Windows NT 10.0; Win64; x64) AppleWebKit/537.36 (KHTML, like Gecko) Chrome/108.0.0.0 Safari/537.36"
82.102.18.190 - - [15/Jun/2026:17:10:44 +0200] "GET /wp-content/themes/moog/config.php HTTP/1.1" 500 8382 "-" "Mozilla/5.0 (Windows NT 10.0; Win64; x64) AppleWebKit/537.36 (KHTML, like Gecko) Chrome/108.0.0.0 Safari/537.36"
82.102.18.190 - - [15/Jun/2026:17:10:45 +0200] "GET /wp-content/uploads/2023/12/config.php HTTP/1.1" 500 8382 "-" "Mozilla/5.0 (Windows NT 10.0; Win64; x64) AppleWebKit/537.36 (KHTML, like Gecko) Chrome/108.0.0.0 Safari/537.36"
82.102.18.190 - - [15/Jun/2026:17:10:45 +0200] "GET /wp-content/themes/blogai/issue.php HTTP/1.1" 500 8382 "-" "Mozilla/5.0 (Windows NT 10.0; Win64; x64) AppleWebKit/537.36 (KHTML, like Gecko) Chrome/108.0.0.0 Safari/537.36"
82.102.18.190 - - [15/Jun/2026:17:10:46 +0200] "GET /wp-content/plugins/app-calendar/config.php HTTP/1.1" 500 8382 "-" "Mozilla/5.0 (Windows NT 10.0; Win64; x64) AppleWebKit/537.36 (KHTML, like Gecko) Chrome/108.0.0.0 Safari/537.36"
82.102.18.190 - - [15/Jun/2026:17:10:47 +0200] "GET /jetpack.php HTTP/1.1" 500 8382 "-" "Mozilla/5.0 (Windows NT 10.0; Win64; x64) AppleWebKit/537.36 (KHTML, like Gecko) Chrome/108.0.0.0 Safari/537.36"
82.102.18.190 - - [15/Jun/2026:17:10:52 +0200] "GET /wp-config-sample.php HTTP/1.1" 500 8382 "-" "Mozilla/5.0 (Windows NT 10.0; Win64; x64) AppleWebKit/537.36 (KHTML, like Gecko) Chrome/108.0.0.0 Safari/537.36"
66.249.65.71 - - [15/Jun/2026:17:06:54 +0200] "GET /items/B208719569 HTTP/1.1" 200 23196 "-" "Mozilla/5.0 (Linux; Android 6.0.1; Nexus 5X Build/MMB29P) AppleWebKit/537.36 (KHTML, like Gecko) Chrome/148.0.7778.96 Mobile Safari/537.36 (compatible; GoogleOther)"
68.221.75.21 - - [15/Jun/2026:17:06:54 +0200] "GET / HTTP/2" 500 7769 "-" "Mozilla/5.0 AppleWebKit/537.36 (KHTML, like Gecko); compatible; ChatGPT-User/1.0; +https://openai.com/bot"
2001:4860:7:22f::ff - - [15/Jun/2026:17:07:13 +0200] "GET /de/gemeindeschutz-initiative-de HTTP/2" 500 7770 "https://www.google.com/" "Mozilla/5.0 (Linux; Android 10; K) AppleWebKit/537.36 (KHTML, like Gecko) Chrome/149.0.0.0 Safari/537.36"
82.102.18.190 - - [15/Jun/2026:17:10:39 +0200] "GET /wp-content/11.php HTTP/1.1" 500 8382 "-" "Mozilla/5.0 (Windows NT 10.0; Win64; x64) AppleWebKit/537.36 (KHTML, like Gecko) Chrome/108.0.0.0 Safari/537.36"
82.102.18.190 - - [15/Jun/2026:17:10:39 +0200] "GET /class.api.php HTTP/1.1" 500 8382 "-" "Mozilla/5.0 (Windows NT 10.0; Win64; x64) AppleWebKit/537.36 (KHTML, like Gecko) Chrome/108.0.0.0 Safari/537.36"
82.102.18.190 - - [15/Jun/2026:17:10:40 +0200] "GET /wp-content/class.api.php HTTP/1.1" 500 8382 "-" "Mozilla/5.0 (Windows NT 10.0; Win64; x64) AppleWebKit/537.36 (KHTML, like Gecko) Chrome/108.0.0.0 Safari/537.36"
82.102.18.190 - - [15/Jun/2026:17:10:45 +0200] "GET /wp-content/uploads/2023/11/config.php HTTP/1.1" 500 8382 "-" "Mozilla/5.0 (Windows NT 10.0; Win64; x64) AppleWebKit/537.36 (KHTML, like Gecko) Chrome/108.0.0.0 Safari/537.36"
82.102.18.190 - - [15/Jun/2026:17:10:46 +0200] "GET /wp-content/themes/quext/config.php HTTP/1.1" 500 8382 "-" "Mozilla/5.0 (Windows NT 10.0; Win64; x64) AppleWebKit/537.36 (KHTML, like Gecko) Chrome/108.0.0.0 Safari/537.36"
82.102.18.190 - - [15/Jun/2026:17:10:48 +0200] "GET /bala.php HTTP/1.1" 500 8382 "-" "Mozilla/5.0 (Windows NT 10.0; Win64; x64) AppleWebKit/537.36 (KHTML, like Gecko) Chrome/108.0.0.0 Safari/537.36"
82.102.18.190 - - [15/Jun/2026:17:10:48 +0200] "GET /radio.php HTTP/1.1" 500 8382 "-" "Mozilla/5.0 (Windows NT 10.0; Win64; x64) AppleWebKit/537.36 (KHTML, like Gecko) Chrome/108.0.0.0 Safari/537.36"
82.102.18.190 - - [15/Jun/2026:17:10:48 +0200] "GET /xltavrat.php HTTP/1.1" 500 8382 "-" "Mozilla/5.0 (Windows NT 10.0; Win64; x64) AppleWebKit/537.36 (KHTML, like Gecko) Chrome/108.0.0.0 Safari/537.36"
82.102.18.190 - - [15/Jun/2026:17:10:49 +0200] "GET /.wp-back.phP HTTP/1.1" 500 8382 "-" "Mozilla/5.0 (Windows NT 10.0; Win64; x64) AppleWebKit/537.36 (KHTML, like Gecko) Chrome/108.0.0.0 Safari/537.36"
82.102.18.190 - - [15/Jun/2026:17:10:49 +0200] "GET /wp-content/fw.php HTTP/1.1" 500 8382 "-" "Mozilla/5.0 (Windows NT 10.0; Win64; x64) AppleWebKit/537.36 (KHTML, like Gecko) Chrome/108.0.0.0 Safari/537.36"
82.102.18.190 - - [15/Jun/2026:17:10:50 +0200] "GET /wp-includes/wp-class.php HTTP/1.1" 500 8382 "-" "Mozilla/5.0 (Windows NT 10.0; Win64; x64) AppleWebKit/537.36 (KHTML, like Gecko) Chrome/108.0.0.0 Safari/537.36"
82.102.18.190 - - [15/Jun/2026:17:10:50 +0200] "GET /wp-commentin.php?pass=f0aab4595a024d626315fb786dce8282 HTTP/1.1" 500 8382 "-" "Mozilla/5.0 (Windows NT 10.0; Win64; x64) AppleWebKit/537.36 (KHTML, like Gecko) Chrome/108.0.0.0 Safari/537.36"
82.102.18.190 - - [15/Jun/2026:17:10:51 +0200] "GET /wp-includes/js/tinymce/plugins/compat3x/css/index.php HTTP/1.1" 500 8382 "-" "Mozilla/5.0 (Windows NT 10.0; Win64; x64) AppleWebKit/537.36 (KHTML, like Gecko) Chrome/108.0.0.0 Safari/537.36"
82.102.18.190 - - [15/Jun/2026:17:10:53 +0200] "GET /libraries/fof/database/iterator/xmrlpc.php?p= HTTP/1.1" 500 8382 "-" "Mozilla/5.0 (Windows NT 10.0; Win64; x64) AppleWebKit/537.36 (KHTML, like Gecko) Chrome/108.0.0.0 Safari/537.36"
82.102.18.190 - - [15/Jun/2026:17:10:54 +0200] "GET /.well-known/wp-login.php HTTP/1.1" 500 8382 "-" "Mozilla/5.0 (Windows NT 10.0; Win64; x64) AppleWebKit/537.36 (KHTML, like Gecko) Chrome/108.0.0.0 Safari/537.36"
82.102.18.190 - - [15/Jun/2026:17:10:41 +0200] "GET /.tmb/class.api.php HTTP/1.1" 500 8382 "-" "Mozilla/5.0 (Windows NT 10.0; Win64; x64) AppleWebKit/537.36 (KHTML, like Gecko) Chrome/108.0.0.0 Safari/537.36"
82.102.18.190 - - [15/Jun/2026:17:10:41 +0200] "GET /wp-content/uploads/class.api.php HTTP/1.1" 500 8382 "-" "Mozilla/5.0 (Windows NT 10.0; Win64; x64) AppleWebKit/537.36 (KHTML, like Gecko) Chrome/108.0.0.0 Safari/537.36"
82.102.18.190 - - [15/Jun/2026:17:10:42 +0200] "GET /wp-content/json.php HTTP/1.1" 500 8382 "-" "Mozilla/5.0 (Windows NT 10.0; Win64; x64) AppleWebKit/537.36 (KHTML, like Gecko) Chrome/108.0.0.0 Safari/537.36"
82.102.18.190 - - [15/Jun/2026:17:10:43 +0200] "GET /wp-content/uploads/json.php HTTP/1.1" 500 8382 "-" "Mozilla/5.0 (Windows NT 10.0; Win64; x64) AppleWebKit/537.36 (KHTML, like Gecko) Chrome/108.0.0.0 Safari/537.36"
82.102.18.190 - - [15/Jun/2026:17:10:44 +0200] "GET /wp-content/plugins/doyanz/config.php HTTP/1.1" 500 8382 "-" "Mozilla/5.0 (Windows NT 10.0; Win64; x64) AppleWebKit/537.36 (KHTML, like Gecko) Chrome/108.0.0.0 Safari/537.36"
82.102.18.190 - - [15/Jun/2026:17:10:46 +0200] "GET /wp-content/themes/agwin/config.php HTTP/1.1" 500 8382 "-" "Mozilla/5.0 (Windows NT 10.0; Win64; x64) AppleWebKit/537.36 (KHTML, like Gecko) Chrome/108.0.0.0 Safari/537.36"
82.102.18.190 - - [15/Jun/2026:17:10:47 +0200] "GET /wp-content/smm.php HTTP/1.1" 500 8382 "-" "Mozilla/5.0 (Windows NT 10.0; Win64; x64) AppleWebKit/537.36 (KHTML, like Gecko) Chrome/108.0.0.0 Safari/537.36"
82.102.18.190 - - [15/Jun/2026:17:10:47 +0200] "GET /ws.php HTTP/1.1" 500 8382 "-" "Mozilla/5.0 (Windows NT 10.0; Win64; x64) AppleWebKit/537.36 (KHTML, like Gecko) Chrome/108.0.0.0 Safari/537.36"
82.102.18.190 - - [15/Jun/2026:17:10:49 +0200] "GET /wp-admin/fw.php HTTP/1.1" 500 8382 "-" "Mozilla/5.0 (Windows NT 10.0; Win64; x64) AppleWebKit/537.36 (KHTML, like Gecko) Chrome/108.0.0.0 Safari/537.36"
82.102.18.190 - - [15/Jun/2026:17:10:49 +0200] "GET /autoload_classmap.php HTTP/1.1" 500 8382 "-" "Mozilla/5.0 (Windows NT 10.0; Win64; x64) AppleWebKit/537.36 (KHTML, like Gecko) Chrome/108.0.0.0 Safari/537.36"
82.102.18.190 - - [15/Jun/2026:17:10:50 +0200] "GET /wp-content/plugins/fix/up.php HTTP/1.1" 500 8382 "-" "Mozilla/5.0 (Windows NT 10.0; Win64; x64) AppleWebKit/537.36 (KHTML, like Gecko) Chrome/108.0.0.0 Safari/537.36"
82.102.18.190 - - [15/Jun/2026:17:10:51 +0200] "GET /.well-known/acme-challenge/xmrlpc.php HTTP/1.1" 500 8382 "-" "Mozilla/5.0 (Windows NT 10.0; Win64; x64) AppleWebKit/537.36 (KHTML, like Gecko) Chrome/108.0.0.0 Safari/537.36"
82.102.18.190 - - [15/Jun/2026:17:10:51 +0200] "GET /404.shtml HTTP/1.1" 500 8382 "-" "Mozilla/5.0 (Windows NT 10.0; Win64; x64) AppleWebKit/537.36 (KHTML, like Gecko) Chrome/108.0.0.0 Safari/537.36"
82.102.18.190 - - [15/Jun/2026:17:10:52 +0200] "GET /404.shtml HTTP/1.1" 500 8382 "-" "Mozilla/5.0 (Windows NT 10.0; Win64; x64) AppleWebKit/537.36 (KHTML, like Gecko) Chrome/108.0.0.0 Safari/537.36"
82.102.18.190 - - [15/Jun/2026:17:10:55 +0200] "GET /updates.php HTTP/1.1" 500 8375 "-" "Mozilla/5.0 (Windows NT 10.0; Win64; x64) AppleWebKit/537.36 (KHTML, like Gecko) Chrome/108.0.0.0 Safari/537.36"
82.102.18.190 - - [15/Jun/2026:17:10:56 +0200] "GET /thanks.php HTTP/1.1" 500 8382 "-" "Mozilla/5.0 (Windows NT 10.0; Win64; x64) AppleWebKit/537.36 (KHTML, like Gecko) Chrome/108.0.0.0 Safari/537.36"
82.102.18.190 - - [15/Jun/2026:17:10:56 +0200] "GET /alfa-rex.php7 HTTP/1.1" 500 8382 "-" "Mozilla/5.0 (Windows NT 10.0; Win64; x64) AppleWebKit/537.36 (KHTML, like Gecko) Chrome/108.0.0.0 Safari/537.36"
82.102.18.190 - - [15/Jun/2026:17:11:01 +0200] "GET /wp-content/xleet-shell.php HTTP/1.1" 500 8382 "-" "Mozilla/5.0 (Windows NT 10.0; Win64; x64) AppleWebKit/537.36 (KHTML, like Gecko) Chrome/108.0.0.0 Safari/537.36"
82.102.18.190 - - [15/Jun/2026:17:11:02 +0200] "GET /wp-content/plugins/revslider/includes/external/page/index.php HTTP/1.1" 500 8382 "-" "Mozilla/5.0 (Windows NT 10.0; Win64; x64) AppleWebKit/537.36 (KHTML, like Gecko) Chrome/108.0.0.0 Safari/537.36"
82.102.18.190 - - [15/Jun/2026:17:10:55 +0200] "GET /wp-head.php HTTP/1.1" 500 8382 "-" "Mozilla/5.0 (Windows NT 10.0; Win64; x64) AppleWebKit/537.36 (KHTML, like Gecko) Chrome/108.0.0.0 Safari/537.36"
82.102.18.190 - - [15/Jun/2026:17:10:56 +0200] "GET /wp-includes/random_compat/about.php HTTP/1.1" 500 8382 "-" "Mozilla/5.0 (Windows NT 10.0; Win64; x64) AppleWebKit/537.36 (KHTML, like Gecko) Chrome/108.0.0.0 Safari/537.36"
82.102.18.190 - - [15/Jun/2026:17:10:57 +0200] "GET /wp-content/themes/finley/min.php HTTP/1.1" 500 8382 "-" "Mozilla/5.0 (Windows NT 10.0; Win64; x64) AppleWebKit/537.36 (KHTML, like Gecko) Chrome/108.0.0.0 Safari/537.36"
82.102.18.190 - - [15/Jun/2026:17:10:57 +0200] "GET /wp-content/themes/mero-megazines/ws.php HTTP/1.1" 500 8382 "-" "Mozilla/5.0 (Windows NT 10.0; Win64; x64) AppleWebKit/537.36 (KHTML, like Gecko) Chrome/108.0.0.0 Safari/537.36"
82.102.18.190 - - [15/Jun/2026:17:10:58 +0200] "GET /xl2023.php HTTP/1.1" 500 8382 "-" "Mozilla/5.0 (Windows NT 10.0; Win64; x64) AppleWebKit/537.36 (KHTML, like Gecko) Chrome/108.0.0.0 Safari/537.36"
82.102.18.190 - - [15/Jun/2026:17:10:58 +0200] "GET /wp-admin/xl2023.php HTTP/1.1" 500 8382 "-" "Mozilla/5.0 (Windows NT 10.0; Win64; x64) AppleWebKit/537.36 (KHTML, like Gecko) Chrome/108.0.0.0 Safari/537.36"
82.102.18.190 - - [15/Jun/2026:17:10:59 +0200] "GET /wp-includes/xl2023.php HTTP/1.1" 500 8382 "-" "Mozilla/5.0 (Windows NT 10.0; Win64; x64) AppleWebKit/537.36 (KHTML, like Gecko) Chrome/108.0.0.0 Safari/537.36"
82.102.18.190 - - [15/Jun/2026:17:11:00 +0200] "GET /xleet.php HTTP/1.1" 500 8382 "-" "Mozilla/5.0 (Windows NT 10.0; Win64; x64) AppleWebKit/537.36 (KHTML, like Gecko) Chrome/108.0.0.0 Safari/537.36"
82.102.18.190 - - [15/Jun/2026:17:11:00 +0200] "GET /xleet-shell.php HTTP/1.1" 500 8375 "-" "Mozilla/5.0 (Windows NT 10.0; Win64; x64) AppleWebKit/537.36 (KHTML, like Gecko) Chrome/108.0.0.0 Safari/537.36"
82.102.18.190 - - [15/Jun/2026:17:11:01 +0200] "GET /wp-admin/xleet-shell.php HTTP/1.1" 500 8382 "-" "Mozilla/5.0 (Windows NT 10.0; Win64; x64) AppleWebKit/537.36 (KHTML, like Gecko) Chrome/108.0.0.0 Safari/537.36"
82.102.18.190 - - [15/Jun/2026:17:11:03 +0200] "GET /wp-admin/wso112233.php HTTP/1.1" 500 8375 "-" "Mozilla/5.0 (Windows NT 10.0; Win64; x64) AppleWebKit/537.36 (KHTML, like Gecko) Chrome/108.0.0.0 Safari/537.36"
82.102.18.190 - - [15/Jun/2026:17:11:03 +0200] "GET /wp-includes/wso112233.php HTTP/1.1" 500 8382 "-" "Mozilla/5.0 (Windows NT 10.0; Win64; x64) AppleWebKit/537.36 (KHTML, like Gecko) Chrome/108.0.0.0 Safari/537.36"
82.102.18.190 - - [15/Jun/2026:17:11:03 +0200] "GET /shell20211028.php HTTP/1.1" 500 8375 "-" "Mozilla/5.0 (Windows NT 10.0; Win64; x64) AppleWebKit/537.36 (KHTML, like Gecko) Chrome/108.0.0.0 Safari/537.36"
82.102.18.190 - - [15/Jun/2026:17:11:05 +0200] "GET /wp-content/themes/seotheme/db.php?u HTTP/1.1" 500 8382 "-" "Mozilla/5.0 (Windows NT 10.0; Win64; x64) AppleWebKit/537.36 (KHTML, like Gecko) Chrome/108.0.0.0 Safari/537.36"
82.102.18.190 - - [15/Jun/2026:17:11:05 +0200] "GET /wp-content/themes/seotheme/mar.php HTTP/1.1" 500 8382 "-" "Mozilla/5.0 (Windows NT 10.0; Win64; x64) AppleWebKit/537.36 (KHTML, like Gecko) Chrome/108.0.0.0 Safari/537.36"
82.102.18.190 - - [15/Jun/2026:17:11:06 +0200] "GET /wp-content/plugins/seoplugins/mar.php HTTP/1.1" 500 8375 "-" "Mozilla/5.0 (Windows NT 10.0; Win64; x64) AppleWebKit/537.36 (KHTML, like Gecko) Chrome/108.0.0.0 Safari/537.36"
82.102.18.190 - - [15/Jun/2026:17:11:06 +0200] "GET /wp-content/plugins/wordpress-three/miin.php HTTP/1.1" 500 8375 "-" "Mozilla/5.0 (Windows NT 10.0; Win64; x64) AppleWebKit/537.36 (KHTML, like Gecko) Chrome/108.0.0.0 Safari/537.36"
82.102.18.190 - - [15/Jun/2026:17:11:07 +0200] "GET /wp-content/plugins/hellopress/wp_mna.php HTTP/1.1" 500 8382 "-" "Mozilla/5.0 (Windows NT 10.0; Win64; x64) AppleWebKit/537.36 (KHTML, like Gecko) Chrome/108.0.0.0 Safari/537.36"
82.102.18.190 - - [15/Jun/2026:17:10:52 +0200] "GET /wp-includes/sodium_compat/src/Core32/Curve25519/Ge/index.php HTTP/1.1" 500 8382 "-" "Mozilla/5.0 (Windows NT 10.0; Win64; x64) AppleWebKit/537.36 (KHTML, like Gecko) Chrome/108.0.0.0 Safari/537.36"
82.102.18.190 - - [15/Jun/2026:17:10:53 +0200] "GET /wp-content/style-css.php HTTP/1.1" 500 8375 "-" "Mozilla/5.0 (Windows NT 10.0; Win64; x64) AppleWebKit/537.36 (KHTML, like Gecko) Chrome/108.0.0.0 Safari/537.36"
82.102.18.190 - - [15/Jun/2026:17:10:53 +0200] "GET /wp-content/data-db.php HTTP/1.1" 500 8382 "-" "Mozilla/5.0 (Windows NT 10.0; Win64; x64) AppleWebKit/537.36 (KHTML, like Gecko) Chrome/108.0.0.0 Safari/537.36"
82.102.18.190 - - [15/Jun/2026:17:10:54 +0200] "GET /components/com_newsfeeds/models/indexx.php HTTP/1.1" 500 8375 "-" "Mozilla/5.0 (Windows NT 10.0; Win64; x64) AppleWebKit/537.36 (KHTML, like Gecko) Chrome/108.0.0.0 Safari/537.36"
82.102.18.190 - - [15/Jun/2026:17:10:54 +0200] "GET /plugins/finder/categories/about.php HTTP/1.1" 500 8382 "-" "Mozilla/5.0 (Windows NT 10.0; Win64; x64) AppleWebKit/537.36 (KHTML, like Gecko) Chrome/108.0.0.0 Safari/537.36"
82.102.18.190 - - [15/Jun/2026:17:10:55 +0200] "GET /wp-includes/rest-api/about.php HTTP/1.1" 500 8375 "-" "Mozilla/5.0 (Windows NT 10.0; Win64; x64) AppleWebKit/537.36 (KHTML, like Gecko) Chrome/108.0.0.0 Safari/537.36"
82.102.18.190 - - [15/Jun/2026:17:10:57 +0200] "GET /wp-content/themes/welfare-charity/www.php HTTP/1.1" 500 8382 "-" "Mozilla/5.0 (Windows NT 10.0; Win64; x64) AppleWebKit/537.36 (KHTML, like Gecko) Chrome/108.0.0.0 Safari/537.36"
82.102.18.190 - - [15/Jun/2026:17:10:58 +0200] "GET /xl2023.php HTTP/1.1" 500 8382 "-" "Mozilla/5.0 (Windows NT 10.0; Win64; x64) AppleWebKit/537.36 (KHTML, like Gecko) Chrome/108.0.0.0 Safari/537.36"
82.102.18.190 - - [15/Jun/2026:17:10:59 +0200] "GET /wp-content/xl2023.php HTTP/1.1" 500 8382 "-" "Mozilla/5.0 (Windows NT 10.0; Win64; x64) AppleWebKit/537.36 (KHTML, like Gecko) Chrome/108.0.0.0 Safari/537.36"
82.102.18.190 - - [15/Jun/2026:17:10:59 +0200] "GET /wp-content/themes/applica/400.php HTTP/1.1" 500 8382 "-" "Mozilla/5.0 (Windows NT 10.0; Win64; x64) AppleWebKit/537.36 (KHTML, like Gecko) Chrome/108.0.0.0 Safari/537.36"
82.102.18.190 - - [15/Jun/2026:17:11:00 +0200] "GET /wp-includes/sitemaps/providers/about.php HTTP/1.1" 500 8375 "-" "Mozilla/5.0 (Windows NT 10.0; Win64; x64) AppleWebKit/537.36 (KHTML, like Gecko) Chrome/108.0.0.0 Safari/537.36"
82.102.18.190 - - [15/Jun/2026:17:11:02 +0200] "GET /wp-includes/xleet-shell.php HTTP/1.1" 500 8382 "-" "Mozilla/5.0 (Windows NT 10.0; Win64; x64) AppleWebKit/537.36 (KHTML, like Gecko) Chrome/108.0.0.0 Safari/537.36"
82.102.18.190 - - [15/Jun/2026:17:11:03 +0200] "GET /wp-content/wso112233.php HTTP/1.1" 500 8382 "-" "Mozilla/5.0 (Windows NT 10.0; Win64; x64) AppleWebKit/537.36 (KHTML, like Gecko) Chrome/108.0.0.0 Safari/537.36"
82.102.18.190 - - [15/Jun/2026:17:11:04 +0200] "GET /wp-content/shell20211028.php HTTP/1.1" 500 8382 "-" "Mozilla/5.0 (Windows NT 10.0; Win64; x64) AppleWebKit/537.36 (KHTML, like Gecko) Chrome/108.0.0.0 Safari/537.36"
82.102.18.190 - - [15/Jun/2026:17:11:05 +0200] "GET /wp-content/plugins/seoplugins/db.php?u HTTP/1.1" 500 8382 "-" "Mozilla/5.0 (Windows NT 10.0; Win64; x64) AppleWebKit/537.36 (KHTML, like Gecko) Chrome/108.0.0.0 Safari/537.36"
82.102.18.190 - - [15/Jun/2026:17:11:07 +0200] "GET /wp-content/plugins/wp-daft/miin.php HTTP/1.1" 500 8382 "-" "Mozilla/5.0 (Windows NT 10.0; Win64; x64) AppleWebKit/537.36 (KHTML, like Gecko) Chrome/108.0.0.0 Safari/537.36"
82.102.18.190 - - [15/Jun/2026:17:11:07 +0200] "GET /wp-content/plugins/hellopress/wp_filemanager.php HTTP/1.1" 500 8375 "-" "Mozilla/5.0 (Windows NT 10.0; Win64; x64) AppleWebKit/537.36 (KHTML, like Gecko) Chrome/108.0.0.0 Safari/537.36"
82.102.18.190 - - [15/Jun/2026:17:11:08 +0200] "GET /wp-confiig.php HTTP/1.1" 500 8382 "-" "Mozilla/5.0 (Windows NT 10.0; Win64; x64) AppleWebKit/537.36 (KHTML, like Gecko) Chrome/108.0.0.0 Safari/537.36"
82.102.18.190 - - [15/Jun/2026:17:11:02 +0200] "GET /wso112233.php HTTP/1.1" 500 8382 "-" "Mozilla/5.0 (Windows NT 10.0; Win64; x64) AppleWebKit/537.36 (KHTML, like Gecko) Chrome/108.0.0.0 Safari/537.36"
82.102.18.190 - - [15/Jun/2026:17:11:04 +0200] "GET /wp-admin/shell20211028.php HTTP/1.1" 500 8382 "-" "Mozilla/5.0 (Windows NT 10.0; Win64; x64) AppleWebKit/537.36 (KHTML, like Gecko) Chrome/108.0.0.0 Safari/537.36"
82.102.18.190 - - [15/Jun/2026:17:11:04 +0200] "GET /wp-includes/shell20211028.php HTTP/1.1" 500 8382 "-" "Mozilla/5.0 (Windows NT 10.0; Win64; x64) AppleWebKit/537.36 (KHTML, like Gecko) Chrome/108.0.0.0 Safari/537.36"
82.102.18.190 - - [15/Jun/2026:17:11:06 +0200] "GET /wp-content/plugins/column/miin.php HTTP/1.1" 500 8382 "-" "Mozilla/5.0 (Windows NT 10.0; Win64; x64) AppleWebKit/537.36 (KHTML, like Gecko) Chrome/108.0.0.0 Safari/537.36"
82.102.18.190 - - [15/Jun/2026:17:11:08 +0200] "GET /lufix.php HTTP/1.1" 500 8382 "-" "Mozilla/5.0 (Windows NT 10.0; Win64; x64) AppleWebKit/537.36 (KHTML, like Gecko) Chrome/108.0.0.0 Safari/537.36"
82.102.18.190 - - [15/Jun/2026:17:11:08 +0200] "GET /wp-content/plugins/hellopress/0xlufix2023.php HTTP/1.1" 500 8382 "-" "Mozilla/5.0 (Windows NT 10.0; Win64; x64) AppleWebKit/537.36 (KHTML, like Gecko) Chrome/108.0.0.0 Safari/537.36"
82.102.18.190 - - [15/Jun/2026:17:11:09 +0200] "GET /wp_wrong_datlib.php HTTP/1.1" 500 8375 "-" "Mozilla/5.0 (Windows NT 10.0; Win64; x64) AppleWebKit/537.36 (KHTML, like Gecko) Chrome/108.0.0.0 Safari/537.36"
82.102.18.190 - - [15/Jun/2026:17:11:09 +0200] "GET /repeater.php HTTP/1.1" 500 8375 "-" "Mozilla/5.0 (Windows NT 10.0; Win64; x64) AppleWebKit/537.36 (KHTML, like Gecko) Chrome/108.0.0.0 Safari/537.36"
82.102.18.190 - - [15/Jun/2026:17:11:09 +0200] "GET /2index.php HTTP/1.1" 500 8375 "-" "Mozilla/5.0 (Windows NT 10.0; Win64; x64) AppleWebKit/537.36 (KHTML, like Gecko) Chrome/108.0.0.0 Safari/537.36"
82.102.18.190 - - [15/Jun/2026:17:11:10 +0200] "GET /loger.php HTTP/1.1" 500 8382 "-" "Mozilla/5.0 (Windows NT 10.0; Win64; x64) AppleWebKit/537.36 (KHTML, like Gecko) Chrome/108.0.0.0 Safari/537.36"
82.102.18.190 - - [15/Jun/2026:17:11:11 +0200] "GET /css.php HTTP/1.1" 500 8382 "-" "Mozilla/5.0 (Windows NT 10.0; Win64; x64) AppleWebKit/537.36 (KHTML, like Gecko) Chrome/108.0.0.0 Safari/537.36"
82.102.18.190 - - [15/Jun/2026:17:11:13 +0200] "GET /gank.php.PhP HTTP/1.1" 500 8382 "-" "Mozilla/5.0 (Windows NT 10.0; Win64; x64) AppleWebKit/537.36 (KHTML, like Gecko) Chrome/108.0.0.0 Safari/537.36"
82.102.18.190 - - [15/Jun/2026:17:11:14 +0200] "GET /mt/pekok.php HTTP/1.1" 500 8382 "-" "Mozilla/5.0 (Windows NT 10.0; Win64; x64) AppleWebKit/537.36 (KHTML, like Gecko) Chrome/108.0.0.0 Safari/537.36"
82.102.18.190 - - [15/Jun/2026:17:11:15 +0200] "GET /wp-content/plugins/TOPXOH/wDR.php HTTP/1.1" 500 8382 "-" "Mozilla/5.0 (Windows NT 10.0; Win64; x64) AppleWebKit/537.36 (KHTML, like Gecko) Chrome/108.0.0.0 Safari/537.36"
82.102.18.190 - - [15/Jun/2026:17:11:17 +0200] "GET /wp-conflg.php HTTP/1.1" 500 8382 "-" "Mozilla/5.0 (Windows NT 10.0; Win64; x64) AppleWebKit/537.36 (KHTML, like Gecko) Chrome/108.0.0.0 Safari/537.36"
82.102.18.190 - - [15/Jun/2026:17:11:19 +0200] "GET /wp-includes/sodium_compat/src/Core32/Curve25519/Ge/index.php HTTP/1.1" 500 8382 "-" "Mozilla/5.0 (Windows NT 10.0; Win64; x64) AppleWebKit/537.36 (KHTML, like Gecko) Chrome/108.0.0.0 Safari/537.36"
82.102.18.190 - - [15/Jun/2026:17:11:21 +0200] "GET /wp-content/plugins/dos2unix/dos2unix.php HTTP/1.1" 500 8382 "-" "Mozilla/5.0 (Windows NT 10.0; Win64; x64) AppleWebKit/537.36 (KHTML, like Gecko) Chrome/108.0.0.0 Safari/537.36"
2a00:c1e0:0:1::1:105e - - [15/Jun/2026:17:12:02 +0200] "GET /index.php/de/ HTTP/1.1" 500 8382 "-" "Python/3.11 aiohttp/3.9.2"
2a00:c1e0:0:1::1:105e - - [15/Jun/2026:17:12:23 +0200] "GET / HTTP/1.1" 500 8382 "-" "Python/3.11 aiohttp/3.9.2"
44.248.33.252 - - [15/Jun/2026:17:12:25 +0200] "GET / HTTP/1.1" 500 8382 "-" "Mozilla/5.0 (Macintosh; Intel Mac OS X 10_15_7) AppleWebKit/537.36 (KHTML, like Gecko) Chrome/138.0.0.0 Safari/537.36"
82.102.18.190 - - [15/Jun/2026:17:11:09 +0200] "GET /wp-admin/css/colors/coffee/index.php HTTP/1.1" 500 8382 "-" "Mozilla/5.0 (Windows NT 10.0; Win64; x64) AppleWebKit/537.36 (KHTML, like Gecko) Chrome/108.0.0.0 Safari/537.36"
82.102.18.190 - - [15/Jun/2026:17:11:10 +0200] "GET /beence.php HTTP/1.1" 500 8382 "-" "Mozilla/5.0 (Windows NT 10.0; Win64; x64) AppleWebKit/537.36 (KHTML, like Gecko) Chrome/108.0.0.0 Safari/537.36"
82.102.18.190 - - [15/Jun/2026:17:11:11 +0200] "GET /up.php HTTP/1.1" 500 8375 "-" "Mozilla/5.0 (Windows NT 10.0; Win64; x64) AppleWebKit/537.36 (KHTML, like Gecko) Chrome/108.0.0.0 Safari/537.36"
82.102.18.190 - - [15/Jun/2026:17:11:11 +0200] "GET /vendor/htmlawed/htmlawed/gel4y.php HTTP/1.1" 500 8375 "-" "Mozilla/5.0 (Windows NT 10.0; Win64; x64) AppleWebKit/537.36 (KHTML, like Gecko) Chrome/108.0.0.0 Safari/537.36"
82.102.18.190 - - [15/Jun/2026:17:11:12 +0200] "GET /mini.php HTTP/1.1" 500 8382 "-" "Mozilla/5.0 (Windows NT 10.0; Win64; x64) AppleWebKit/537.36 (KHTML, like Gecko) Chrome/108.0.0.0 Safari/537.36"
82.102.18.190 - - [15/Jun/2026:17:11:12 +0200] "GET /shell.php HTTP/1.1" 500 8382 "-" "Mozilla/5.0 (Windows NT 10.0; Win64; x64) AppleWebKit/537.36 (KHTML, like Gecko) Chrome/108.0.0.0 Safari/537.36"
82.102.18.190 - - [15/Jun/2026:17:11:14 +0200] "GET /ups.php HTTP/1.1" 500 8382 "-" "Mozilla/5.0 (Windows NT 10.0; Win64; x64) AppleWebKit/537.36 (KHTML, like Gecko) Chrome/108.0.0.0 Safari/537.36"
82.102.18.190 - - [15/Jun/2026:17:11:15 +0200] "GET /wp.php?Chitoge HTTP/1.1" 500 8382 "-" "Mozilla/5.0 (Windows NT 10.0; Win64; x64) AppleWebKit/537.36 (KHTML, like Gecko) Chrome/108.0.0.0 Safari/537.36"
82.102.18.190 - - [15/Jun/2026:17:11:15 +0200] "GET /wp-content/themes/sketch/404.php HTTP/1.1" 500 8382 "-" "Mozilla/5.0 (Windows NT 10.0; Win64; x64) AppleWebKit/537.36 (KHTML, like Gecko) Chrome/108.0.0.0 Safari/537.36"
82.102.18.190 - - [15/Jun/2026:17:11:16 +0200] "GET /doc.php HTTP/1.1" 500 8382 "-" "Mozilla/5.0 (Windows NT 10.0; Win64; x64) AppleWebKit/537.36 (KHTML, like Gecko) Chrome/108.0.0.0 Safari/537.36"
82.102.18.190 - - [15/Jun/2026:17:11:16 +0200] "GET /style.php HTTP/1.1" 500 8382 "-" "Mozilla/5.0 (Windows NT 10.0; Win64; x64) AppleWebKit/537.36 (KHTML, like Gecko) Chrome/108.0.0.0 Safari/537.36"
82.102.18.190 - - [15/Jun/2026:17:11:17 +0200] "GET /database.php HTTP/1.1" 500 8382 "-" "Mozilla/5.0 (Windows NT 10.0; Win64; x64) AppleWebKit/537.36 (KHTML, like Gecko) Chrome/108.0.0.0 Safari/537.36"
82.102.18.190 - - [15/Jun/2026:17:11:18 +0200] "GET /wp-content/plugins/anttt/simple.php HTTP/1.1" 500 8382 "-" "Mozilla/5.0 (Windows NT 10.0; Win64; x64) AppleWebKit/537.36 (KHTML, like Gecko) Chrome/108.0.0.0 Safari/537.36"
82.102.18.190 - - [15/Jun/2026:17:11:18 +0200] "GET /wp-content/plugins/instabuilder2/cache/plugins/moon.php HTTP/1.1" 500 8382 "-" "Mozilla/5.0 (Windows NT 10.0; Win64; x64) AppleWebKit/537.36 (KHTML, like Gecko) Chrome/108.0.0.0 Safari/537.36"
82.102.18.190 - - [15/Jun/2026:17:11:19 +0200] "GET /wp-admin/x.php?action=768776e296b6f286f26796e2a72607e2972647 HTTP/1.1" 500 8382 "-" "Mozilla/5.0 (Windows NT 10.0; Win64; x64) AppleWebKit/537.36 (KHTML, like Gecko) Chrome/108.0.0.0 Safari/537.36"
82.102.18.190 - - [15/Jun/2026:17:11:20 +0200] "GET /wp-content/plugins/wpputty/wpputty.php HTTP/1.1" 500 8375 "-" "Mozilla/5.0 (Windows NT 10.0; Win64; x64) AppleWebKit/537.36 (KHTML, like Gecko) Chrome/108.0.0.0 Safari/537.36"
66.249.65.71 - - [15/Jun/2026:17:11:53 +0200] "GET /items/B207423337 HTTP/1.1" 200 22418 "-" "Mozilla/5.0 (Linux; Android 6.0.1; Nexus 5X Build/MMB29P) AppleWebKit/537.36 (KHTML, like Gecko) Chrome/148.0.7778.96 Mobile Safari/537.36 (compatible; GoogleOther)"
185.32.124.82 - - [15/Jun/2026:17:12:02 +0200] "GET /index.php/de/ HTTP/1.1" 500 8382 "-" "Python/3.11 aiohttp/3.9.2"
185.32.124.82 - - [15/Jun/2026:17:12:23 +0200] "GET / HTTP/1.1" 500 8382 "-" "Python/3.11 aiohttp/3.9.2"
66.249.65.71 - - [15/Jun/2026:17:12:30 +0200] "GET /items/B228528533 HTTP/1.1" 200 22831 "-" "Mozilla/5.0 (Linux; Android 6.0.1; Nexus 5X Build/MMB29P) AppleWebKit/537.36 (KHTML, like Gecko) Chrome/148.0.7778.96 Mobile Safari/537.36 (compatible; GoogleOther)"
66.249.65.71 - - [15/Jun/2026:17:13:44 +0200] "GET /items/B224037529 HTTP/1.1" 200 22476 "-" "Mozilla/5.0 (Linux; Android 6.0.1; Nexus 5X Build/MMB29P) AppleWebKit/537.36 (KHTML, like Gecko) Chrome/148.0.7778.96 Mobile Safari/537.36 (compatible; GoogleOther)"
20.113.225.123 - - [15/Jun/2026:17:14:39 +0200] "GET / HTTP/2" 500 7770 "-" "Mozilla/5.0 AppleWebKit/537.36 (KHTML, like Gecko); compatible; ChatGPT-User/1.0; +https://openai.com/bot"
77.239.36.238 - - [15/Jun/2026:17:14:58 +0200] "POST /administrator/index.php HTTP/3" 200 5990 "https://wirbestimmen.ch/administrator/index.php" "Mozilla/5.0 (Windows NT 10.0; Win64; x64) AppleWebKit/537.36 (KHTML, like Gecko) Chrome/149.0.0.0 Safari/537.36 Edg/149.0.0.0"
77.239.36.238 - - [15/Jun/2026:17:14:59 +0200] "POST /administrator/index.php HTTP/3" 303 0 "https://wirbestimmen.ch/administrator/index.php" "Mozilla/5.0 (Windows NT 10.0; Win64; x64) AppleWebKit/537.36 (KHTML, like Gecko) Chrome/149.0.0.0 Safari/537.36 Edg/149.0.0.0"
77.239.36.238 - - [15/Jun/2026:17:14:59 +0200] "GET /administrator/index.php HTTP/3" 200 6087 "https://wirbestimmen.ch/administrator/index.php" "Mozilla/5.0 (Windows NT 10.0; Win64; x64) AppleWebKit/537.36 (KHTML, like Gecko) Chrome/149.0.0.0 Safari/537.36 Edg/149.0.0.0"
