85.208.96.198 - - [15/Jun/2026:16:33:08 +0200] "GET /index.php/fr/index.php/de/index.php/de/index.php/de/index.php/fr/index.php/fr/index.php/de/index.php/de/index.php/de/index.php/de/index.php/de/spenden-de HTTP/1.1" 200 0 "-" "Mozilla/5.0 (compatible; SemrushBot/7~bl; +http://www.semrush.com/bot.html)"
185.191.171.14 - - [15/Jun/2026:16:26:58 +0200] "GET /index.php/de/agenda-de/index.php/it/index.php/fr/index.php/fr/index.php/it/index.php/de/index.php/de/index.php/fr/index.php/de/spenden-de HTTP/1.1" 200 0 "-" "Mozilla/5.0 (compatible; SemrushBot/7~bl; +http://www.semrush.com/bot.html)"
188.253.121.108 - - [15/Jun/2026:16:28:17 +0200] "GET / HTTP/1.1" 500 0 "-" "Mozilla/5.0 (Macintosh; Intel Mac OS X 10_10_3) AppleWebKit/537.36 (KHTML, like Gecko) Chrome/43.0.2357.81 Safari/537.36"
85.208.96.196 - - [15/Jun/2026:16:28:45 +0200] "GET /index.php/it/agenda-de/index.php/fr/index.php/it/index.php/it/index.php/it/index.php/de/index.php/it/spenden-it HTTP/1.1" 200 0 "-" "Mozilla/5.0 (compatible; SemrushBot/7~bl; +http://www.semrush.com/bot.html)"
85.208.96.205 - - [15/Jun/2026:16:29:05 +0200] "GET /index.php/fr/index.php/it/index.php/de/index.php/fr/index.php/it/index.php/de/index.php/it/index.php/de/index.php/de/index.php/fr/index.php/fr/index.php/fr/spenden-fr HTTP/1.1" 200 0 "-" "Mozilla/5.0 (compatible; SemrushBot/7~bl; +http://www.semrush.com/bot.html)"
185.191.171.8 - - [15/Jun/2026:16:29:21 +0200] "GET /index.php/fr/index.php/de/index.php/fr/index.php/fr/index.php/de/index.php/de/index.php/de/index.php/de/index.php/de/index.php/it/index.php/de/spenden-de HTTP/1.1" 200 0 "-" "Mozilla/5.0 (compatible; SemrushBot/7~bl; +http://www.semrush.com/bot.html)"
85.208.96.194 - - [15/Jun/2026:16:29:30 +0200] "GET /index.php/fr/home-main-fr/index.php/fr/index.php/de/index.php/fr/index.php/de/index.php/de/index.php/fr/index.php/it/index.php/de/index.php/fr/index.php/fr/spenden-fr HTTP/1.1" 200 0 "-" "Mozilla/5.0 (compatible; SemrushBot/7~bl; +http://www.semrush.com/bot.html)"
85.208.96.195 - - [15/Jun/2026:16:29:59 +0200] "GET /index.php/de/component/sppagebuilder/index.php/it/index.php/fr/index.php/fr/index.php/de/index.php/de/index.php/fr/index.php/fr/index.php/fr/index.php/it/spenden-it HTTP/1.1" 200 0 "-" "Mozilla/5.0 (compatible; SemrushBot/7~bl; +http://www.semrush.com/bot.html)"
85.208.96.205 - - [15/Jun/2026:16:30:15 +0200] "GET /index.php/fr/home-main-fr/index.php/de/index.php/fr/index.php/it/index.php/fr/index.php/fr/index.php/it/index.php/it/index.php/de/index.php/de/index.php/it/spenden-it HTTP/1.1" 200 0 "-" "Mozilla/5.0 (compatible; SemrushBot/7~bl; +http://www.semrush.com/bot.html)"
185.191.171.12 - - [15/Jun/2026:16:30:39 +0200] "GET /index.php/de/index.php/de/index.php/it/index.php/it/index.php/fr/index.php/it/index.php/fr/index.php/it/index.php/fr/index.php/it/index.php/de/spenden-de HTTP/1.1" 200 0 "-" "Mozilla/5.0 (compatible; SemrushBot/7~bl; +http://www.semrush.com/bot.html)"
185.191.171.12 - - [15/Jun/2026:16:31:01 +0200] "GET /index.php/fr/agenda-de/index.php/de/index.php/de/index.php/it/index.php/de/index.php/de/index.php/it/index.php/fr/index.php/fr/index.php/it/spenden-it HTTP/1.1" 200 0 "-" "Mozilla/5.0 (compatible; SemrushBot/7~bl; +http://www.semrush.com/bot.html)"
185.191.171.13 - - [15/Jun/2026:16:32:42 +0200] "GET /index.php/de/covid19-de/index.php/it/index.php/de/index.php/de/index.php/fr/index.php/fr/index.php/fr/index.php/fr/spenden-fr HTTP/1.1" 200 0 "-" "Mozilla/5.0 (compatible; SemrushBot/7~bl; +http://www.semrush.com/bot.html)"
185.191.171.19 - - [15/Jun/2026:16:33:13 +0200] "GET /index.php/de/component/content/category/2-aktuell/index.php/it/index.php/fr/index.php/it/index.php/fr/index.php/it/index.php/fr/index.php/it/spenden-it HTTP/1.1" 200 0 "-" "Mozilla/5.0 (compatible; SemrushBot/7~bl; +http://www.semrush.com/bot.html)"
85.208.96.209 - - [15/Jun/2026:16:31:28 +0200] "GET /index.php/de/index.php/it/index.php/de/index.php/it/index.php/de/index.php/de/index.php/it/index.php/it/index.php/fr/index.php/fr/index.php/de/index.php/it/spenden-it HTTP/1.1" 200 0 "-" "Mozilla/5.0 (compatible; SemrushBot/7~bl; +http://www.semrush.com/bot.html)"
85.208.96.203 - - [15/Jun/2026:16:32:48 +0200] "GET /index.php/de/wir-die-bewegung-de/index.php/fr/index.php/fr/index.php/de/index.php/it/index.php/it/index.php/de/index.php/de/index.php/it/spenden-it HTTP/1.1" 200 0 "-" "Mozilla/5.0 (compatible; SemrushBot/7~bl; +http://www.semrush.com/bot.html)"
185.191.171.3 - - [15/Jun/2026:16:33:00 +0200] "GET /index.php/fr/index.php/de/index.php/it/index.php/fr/index.php/it/index.php/de/index.php/it/index.php/de/index.php/fr/index.php/de/index.php/de/spenden-de HTTP/1.1" 200 0 "-" "Mozilla/5.0 (compatible; SemrushBot/7~bl; +http://www.semrush.com/bot.html)"
85.208.96.198 - - [15/Jun/2026:16:33:03 +0200] "GET /index.php/de/index.php/de/index.php/de/index.php/fr/index.php/de/index.php/fr/index.php/fr/index.php/it/index.php/de/index.php/it/index.php/it/spenden-it HTTP/1.1" 200 0 "-" "Mozilla/5.0 (compatible; SemrushBot/7~bl; +http://www.semrush.com/bot.html)"
85.208.96.212 - - [15/Jun/2026:16:33:32 +0200] "GET /index.php/fr/component/content/article/9-aktuell/index.php/de/index.php/fr/index.php/de/index.php/fr/index.php/it/index.php/de/index.php/it/index.php/it/spenden-it HTTP/1.1" 200 0 "-" "Mozilla/5.0 (compatible; SemrushBot/7~bl; +http://www.semrush.com/bot.html)"
185.191.171.3 - - [15/Jun/2026:16:34:14 +0200] "GET /index.php/it/index.php/de/index.php/it/index.php/de/index.php/it/index.php/it/index.php/de/index.php/de/index.php/fr/index.php/fr/index.php/de/spenden-de HTTP/1.1" 200 0 "-" "Mozilla/5.0 (compatible; SemrushBot/7~bl; +http://www.semrush.com/bot.html)"
85.208.96.210 - - [15/Jun/2026:16:34:21 +0200] "GET /index.php/fr/index.php/it/index.php/it/index.php/de/index.php/it/index.php/fr/index.php/it/index.php/it/index.php/de/index.php/it/index.php/it/spenden-it HTTP/1.1" 200 0 "-" "Mozilla/5.0 (compatible; SemrushBot/7~bl; +http://www.semrush.com/bot.html)"
85.208.96.207 - - [15/Jun/2026:16:34:32 +0200] "GET /index.php/de/images/PDF/index.php/fr/index.php/fr/index.php/it/index.php/it/index.php/it/index.php/it/index.php/de/index.php/de/index.php/de/spenden-de HTTP/1.1" 200 0 "-" "Mozilla/5.0 (compatible; SemrushBot/7~bl; +http://www.semrush.com/bot.html)"
185.191.171.12 - - [15/Jun/2026:16:34:52 +0200] "GET /index.php/de/bewegung-de/index.php/it/index.php/fr/index.php/fr/index.php/it/index.php/fr/index.php/it/index.php/fr/index.php/fr/index.php/de/index.php/fr/spenden-fr HTTP/1.1" 200 0 "-" "Mozilla/5.0 (compatible; SemrushBot/7~bl; +http://www.semrush.com/bot.html)"
185.191.171.8 - - [15/Jun/2026:16:35:11 +0200] "GET /index.php/de/index.php/fr/index.php/de/index.php/fr/index.php/it/index.php/fr/index.php/it/index.php/de/index.php/it/index.php/de/index.php/fr/index.php/it/spenden-it HTTP/1.1" 200 0 "-" "Mozilla/5.0 (compatible; SemrushBot/7~bl; +http://www.semrush.com/bot.html)"
85.208.96.196 - - [15/Jun/2026:16:35:30 +0200] "GET /index.php/it/index.php/de/index.php/it/index.php/it/index.php/de/index.php/it/index.php/fr/index.php/fr/index.php/de/index.php/de/index.php/fr/spenden-fr HTTP/1.1" 200 0 "-" "Mozilla/5.0 (compatible; SemrushBot/7~bl; +http://www.semrush.com/bot.html)"
85.208.96.196 - - [15/Jun/2026:16:37:01 +0200] "GET /index.php/fr/home-main-fr/index.php/fr/index.php/it/index.php/fr/index.php/it/index.php/de/index.php/it/index.php/de/index.php/it/index.php/it/index.php/fr/spenden-fr HTTP/1.1" 200 0 "-" "Mozilla/5.0 (compatible; SemrushBot/7~bl; +http://www.semrush.com/bot.html)"
85.208.96.206 - - [15/Jun/2026:16:37:05 +0200] "GET /index.php/fr/home-main-fr/index.php/fr/index.php/fr/index.php/fr/index.php/fr/index.php/de/index.php/de/index.php/fr/index.php/fr/index.php/fr/spenden-fr HTTP/1.1" 200 0 "-" "Mozilla/5.0 (compatible; SemrushBot/7~bl; +http://www.semrush.com/bot.html)"
185.191.171.13 - - [15/Jun/2026:16:37:12 +0200] "GET /index.php/de/component/sppagebuilder/index.php/it/index.php/it/index.php/it/index.php/fr/index.php/it/index.php/de/index.php/fr/index.php/it/index.php/it/spenden-it HTTP/1.1" 200 0 "-" "Mozilla/5.0 (compatible; SemrushBot/7~bl; +http://www.semrush.com/bot.html)"
185.191.171.3 - - [15/Jun/2026:16:37:22 +0200] "GET /index.php/de/indexa.php/index.php/de/index.php/fr/index.php/de/index.php/de/index.php/it/index.php/it/index.php/it/index.php/fr/index.php/de/index.php/de/spenden-de HTTP/1.1" 200 0 "-" "Mozilla/5.0 (compatible; SemrushBot/7~bl; +http://www.semrush.com/bot.html)"
185.191.171.13 - - [15/Jun/2026:16:37:31 +0200] "GET /index.php/de/wir-die-bewegung-de/index.php/it/index.php/de/index.php/de/index.php/fr/index.php/de/index.php/it/index.php/de/index.php/de/spenden-de HTTP/1.1" 200 0 "-" "Mozilla/5.0 (compatible; SemrushBot/7~bl; +http://www.semrush.com/bot.html)"
85.208.96.196 - - [15/Jun/2026:16:38:06 +0200] "GET /index.php/de/bewegung-de/index.php/fr/index.php/it/index.php/it/index.php/it/index.php/fr/index.php/fr/index.php/it/index.php/it/index.php/fr/index.php/it/spenden-it HTTP/1.1" 200 0 "-" "Mozilla/5.0 (compatible; SemrushBot/7~bl; +http://www.semrush.com/bot.html)"
185.191.171.15 - - [15/Jun/2026:16:33:39 +0200] "GET /index.php/de/images/PDF/index.php/fr/index.php/de/index.php/it/index.php/fr/index.php/fr/index.php/de/index.php/de/index.php/fr/spenden-fr HTTP/1.1" 200 0 "-" "Mozilla/5.0 (compatible; SemrushBot/7~bl; +http://www.semrush.com/bot.html)"
185.191.171.8 - - [15/Jun/2026:16:34:07 +0200] "GET /index.php/de/bewegung-de/index.php/de/index.php/de/index.php/de/index.php/fr/index.php/fr/index.php/de/index.php/it/index.php/de/index.php/fr/index.php/de/spenden-de HTTP/1.1" 200 0 "-" "Mozilla/5.0 (compatible; SemrushBot/7~bl; +http://www.semrush.com/bot.html)"
185.191.171.11 - - [15/Jun/2026:16:34:24 +0200] "GET /index.php/de/component/sppagebuilder/index.php/de/index.php/it/index.php/it/index.php/fr/index.php/de/index.php/it/index.php/fr/index.php/it/index.php/de/spenden-de HTTP/1.1" 200 0 "-" "Mozilla/5.0 (compatible; SemrushBot/7~bl; +http://www.semrush.com/bot.html)"
85.208.96.197 - - [15/Jun/2026:16:35:03 +0200] "GET /index.php/de/indexa.php/index.php/fr/index.php/it/index.php/de/index.php/it/index.php/de/index.php/de/index.php/fr/index.php/fr/spenden-fr HTTP/1.1" 200 0 "-" "Mozilla/5.0 (compatible; SemrushBot/7~bl; +http://www.semrush.com/bot.html)"
185.191.171.13 - - [15/Jun/2026:16:37:03 +0200] "GET /index.php/de/component/sppagebuilder/index.php/it/index.php/de/index.php/it/index.php/fr/index.php/it/index.php/de/index.php/it/index.php/it/index.php/fr/spenden-fr HTTP/1.1" 200 0 "-" "Mozilla/5.0 (compatible; SemrushBot/7~bl; +http://www.semrush.com/bot.html)"
34.220.12.235 - - [15/Jun/2026:16:37:12 +0200] "GET / HTTP/1.1" 500 0 "http://frei.ist/" "Mozilla/5.0 (Macintosh; Intel Mac OS X 10_15_7) AppleWebKit/537.36 (KHTML, like Gecko) Chrome/134.0.0.0 Safari/537.36"
85.208.96.198 - - [15/Jun/2026:16:37:34 +0200] "GET /index.php/de/images/PDF/index.php/fr/index.php/it/index.php/de/index.php/fr/index.php/de/index.php/it/index.php/it/index.php/fr/spenden-fr HTTP/1.1" 200 0 "-" "Mozilla/5.0 (compatible; SemrushBot/7~bl; +http://www.semrush.com/bot.html)"
85.208.96.197 - - [15/Jun/2026:16:37:42 +0200] "GET /index.php/de/images/PDF/index.php/it/index.php/de/index.php/fr/index.php/it/index.php/fr/index.php/fr/index.php/fr/index.php/it/index.php/it/index.php/fr/spenden-fr HTTP/1.1" 200 0 "-" "Mozilla/5.0 (compatible; SemrushBot/7~bl; +http://www.semrush.com/bot.html)"
185.191.171.3 - - [15/Jun/2026:16:38:23 +0200] "GET /index.php/de/index.php/it/index.php/fr/index.php/it/index.php/fr/index.php/it/index.php/fr/index.php/de/index.php/it/index.php/de/index.php/it/index.php/it/spenden-it HTTP/1.1" 200 0 "-" "Mozilla/5.0 (compatible; SemrushBot/7~bl; +http://www.semrush.com/bot.html)"
85.208.96.211 - - [15/Jun/2026:16:38:26 +0200] "GET /index.php/de/index.php/fr/index.php/fr/index.php/it/index.php/de/index.php/it/index.php/de/index.php/de/index.php/fr/index.php/it/index.php/fr/index.php/it/spenden-it HTTP/1.1" 200 0 "-" "Mozilla/5.0 (compatible; SemrushBot/7~bl; +http://www.semrush.com/bot.html)"
185.191.171.7 - - [15/Jun/2026:16:38:28 +0200] "GET /index.php/de/images/PDF/index.php/de/index.php/de/index.php/it/index.php/it/index.php/it/index.php/it/index.php/fr/index.php/de/index.php/fr/spenden-fr HTTP/1.1" 200 0 "-" "Mozilla/5.0 (compatible; SemrushBot/7~bl; +http://www.semrush.com/bot.html)"
2a02:aa10:e881:db80:7d8c:f158:a0c:a66 - - [15/Jun/2026:16:38:52 +0200] "GET /favicon.ico HTTP/3" 404 1251 "-" "Mozilla/5.0 (iPad; CPU OS 18_7 like Mac OS X) AppleWebKit/605.1.15 (KHTML, like Gecko) Safari"
2a02:aa10:e881:db80:7d8c:f158:a0c:a66 - - [15/Jun/2026:16:38:52 +0200] "GET /favicon.ico HTTP/3" 404 1251 "-" "Mozilla/5.0 (iPad; CPU OS 18_7 like Mac OS X) AppleWebKit/605.1.15 (KHTML, like Gecko) Safari"
185.191.171.3 - - [15/Jun/2026:16:39:00 +0200] "GET /index.php/fr/agenda-de/index.php/it/index.php/de/index.php/de/index.php/fr/index.php/fr/index.php/fr/index.php/de/index.php/de/index.php/de/index.php/it/spenden-it HTTP/1.1" 200 0 "-" "Mozilla/5.0 (compatible; SemrushBot/7~bl; +http://www.semrush.com/bot.html)"
85.208.96.198 - - [15/Jun/2026:16:34:05 +0200] "GET /index.php/de/component/sppagebuilder/index.php/fr/index.php/it/index.php/de/index.php/fr/index.php/de/index.php/it/index.php/it/index.php/fr/index.php/fr/spenden-fr HTTP/1.1" 200 0 "-" "Mozilla/5.0 (compatible; SemrushBot/7~bl; +http://www.semrush.com/bot.html)"
85.208.96.194 - - [15/Jun/2026:16:34:57 +0200] "GET /index.php/fr/component/content/article/9-aktuell/11-wichtige-mitteilung-zu-5g HTTP/1.1" 200 0 "-" "Mozilla/5.0 (compatible; SemrushBot/7~bl; +http://www.semrush.com/bot.html)"
185.191.171.19 - - [15/Jun/2026:16:35:49 +0200] "GET /index.php/de/images/PDF/index.php/de/index.php/it/index.php/fr/index.php/fr/index.php/de/index.php/fr/index.php/fr/index.php/de/index.php/de/spenden-de HTTP/1.1" 200 0 "-" "Mozilla/5.0 (compatible; SemrushBot/7~bl; +http://www.semrush.com/bot.html)"
77.83.36.161 - - [15/Jun/2026:16:38:44 +0200] "GET /administrator/index.php HTTP/1.0" 500 0 "-" "Mozilla/4.0 (compatible; MSIE 7.0; Windows NT 6.0)"
185.191.171.19 - - [15/Jun/2026:16:38:56 +0200] "GET /index.php/de/bewegung-de/index.php/fr/index.php/de/index.php/fr/index.php/de/index.php/fr/index.php/de/index.php/de/index.php/de/index.php/fr/index.php/de/spenden-de HTTP/1.1" 200 0 "-" "Mozilla/5.0 (compatible; SemrushBot/7~bl; +http://www.semrush.com/bot.html)"
2a02:aa10:e881:db80:7d8c:f158:a0c:a66 - - [15/Jun/2026:16:39:01 +0200] "GET /images/PDF/STOPP-Impfpflicht-VI-Onlinebogen-de-v3.pdf HTTP/2" 500 0 "-" "Mozilla/5.0 (Macintosh; Intel Mac OS X 10_15_7) AppleWebKit/605.1.15 (KHTML, like Gecko)"
85.208.96.210 - - [15/Jun/2026:16:39:33 +0200] "GET /index.php/fr/index.php/fr/index.php/fr/index.php/it/index.php/fr/index.php/it/index.php/de/index.php/it/index.php/it/index.php/fr/index.php/it/spenden-it HTTP/1.1" 200 0 "-" "Mozilla/5.0 (compatible; SemrushBot/7~bl; +http://www.semrush.com/bot.html)"
85.208.96.211 - - [15/Jun/2026:16:41:02 +0200] "GET /index.php/fr/index.php/fr/index.php/fr/index.php/fr/index.php/de/index.php/it/index.php/it/index.php/it/index.php/it/index.php/fr/index.php/de/index.php/de/spenden-de HTTP/1.1" 200 0 "-" "Mozilla/5.0 (compatible; SemrushBot/7~bl; +http://www.semrush.com/bot.html)"
185.191.171.3 - - [15/Jun/2026:16:41:29 +0200] "GET /index.php/fr/index.php/it/index.php/de/index.php/it/index.php/de/index.php/de/index.php/de/index.php/it/index.php/fr/index.php/it/index.php/de/index.php/fr/spenden-fr HTTP/1.1" 200 0 "-" "Mozilla/5.0 (compatible; SemrushBot/7~bl; +http://www.semrush.com/bot.html)"
85.208.96.204 - - [15/Jun/2026:16:41:34 +0200] "GET /index.php/de/component/content/article/9-aktuell/index.php/de/index.php/de/index.php/de/index.php/de/index.php/fr/index.php/de/index.php/fr/index.php/fr/index.php/de/spenden-de HTTP/1.1" 200 0 "-" "Mozilla/5.0 (compatible; SemrushBot/7~bl; +http://www.semrush.com/bot.html)"
85.208.96.207 - - [15/Jun/2026:16:41:41 +0200] "GET /index.php/de/component/content/article/9-aktuell/index.php/fr/index.php/de/index.php/de/index.php/de/index.php/fr/index.php/it/index.php/it/spenden-it HTTP/1.1" 200 0 "-" "Mozilla/5.0 (compatible; SemrushBot/7~bl; +http://www.semrush.com/bot.html)"
85.208.96.194 - - [15/Jun/2026:16:41:44 +0200] "GET /index.php/it/agenda-de/index.php/it/index.php/fr/index.php/de/index.php/fr/index.php/de/index.php/it/index.php/fr/index.php/fr/spenden-fr HTTP/1.1" 200 0 "-" "Mozilla/5.0 (compatible; SemrushBot/7~bl; +http://www.semrush.com/bot.html)"
185.191.171.3 - - [15/Jun/2026:16:42:15 +0200] "GET /index.php/de/images/PDF/index.php/de/index.php/fr/index.php/fr/index.php/fr/index.php/de/index.php/de/index.php/it/index.php/de/index.php/fr/spenden-fr HTTP/1.1" 200 0 "-" "Mozilla/5.0 (compatible; SemrushBot/7~bl; +http://www.semrush.com/bot.html)"
85.208.96.204 - - [15/Jun/2026:16:42:26 +0200] "GET /index.php/it/index.php/de/index.php/it/index.php/it/index.php/it/index.php/it/index.php/de/index.php/fr/index.php/de/index.php/fr/index.php/it/spenden-it HTTP/1.1" 200 0 "-" "Mozilla/5.0 (compatible; SemrushBot/7~bl; +http://www.semrush.com/bot.html)"
85.208.96.196 - - [15/Jun/2026:16:38:14 +0200] "GET /index.php/it/agenda-de/index.php/fr/index.php/it/index.php/fr/index.php/de/index.php/it/index.php/de/index.php/de/index.php/fr/spenden-fr HTTP/1.1" 200 0 "-" "Mozilla/5.0 (compatible; SemrushBot/7~bl; +http://www.semrush.com/bot.html)"
185.191.171.12 - - [15/Jun/2026:16:38:34 +0200] "GET /index.php/it/index.php/de/index.php/de/index.php/de/index.php/fr/index.php/fr/index.php/fr/index.php/de/index.php/de/index.php/de/index.php/it/index.php/it/spenden-it HTTP/1.1" 200 0 "-" "Mozilla/5.0 (compatible; SemrushBot/7~bl; +http://www.semrush.com/bot.html)"
77.83.36.161 - - [15/Jun/2026:16:38:37 +0200] "GET /administrator/index.php HTTP/1.0" 500 0 "-" "Mozilla/4.0 (compatible; MSIE 7.0; Windows NT 6.0)"
185.191.171.12 - - [15/Jun/2026:16:38:45 +0200] "GET /index.php/fr/agenda-de/index.php/it/index.php/fr/index.php/it/index.php/it/index.php/it/index.php/it/index.php/it/spenden-it HTTP/1.1" 200 0 "-" "Mozilla/5.0 (compatible; SemrushBot/7~bl; +http://www.semrush.com/bot.html)"
2a02:aa10:e881:db80:7d8c:f158:a0c:a66 - - [15/Jun/2026:16:38:42 +0200] "GET /images/PDF/STOPP-Impfpflicht-VI-Onlinebogen-de-v3.pdf HTTP/2" 500 0 "-" "Mozilla/5.0 (Macintosh; Intel Mac OS X 10_15_7) AppleWebKit/605.1.15 (KHTML, like Gecko)"
77.83.36.161 - - [15/Jun/2026:16:38:54 +0200] "GET /administrator/index.php HTTP/1.0" 500 0 "-" "Mozilla/4.0 (compatible; MSIE 7.0; Windows NT 6.0)"
2a02:aa10:e881:db80:7d8c:f158:a0c:a66 - - [15/Jun/2026:16:39:10 +0200] "GET /favicon.ico HTTP/2" 404 1251 "-" "Mozilla/5.0 (iPad; CPU OS 18_7 like Mac OS X) AppleWebKit/605.1.15 (KHTML, like Gecko) Safari"
2a02:aa10:e881:db80:7d8c:f158:a0c:a66 - - [15/Jun/2026:16:39:10 +0200] "GET /favicon.ico HTTP/2" 404 1251 "-" "Mozilla/5.0 (iPad; CPU OS 18_7 like Mac OS X) AppleWebKit/605.1.15 (KHTML, like Gecko) Safari"
51.68.111.242 - - [15/Jun/2026:16:39:35 +0200] "GET /robots.txt HTTP/1.1" 200 0 "-" "Mozilla/5.0 (compatible; MJ12bot/v2.0.5; http://mj12bot.com/)"
51.68.111.242 - - [15/Jun/2026:16:39:36 +0200] "GET / HTTP/1.1" 200 0 "-" "Mozilla/5.0 (compatible; MJ12bot/v2.0.5; http://mj12bot.com/)"
85.208.96.194 - - [15/Jun/2026:16:39:49 +0200] "GET /index.php/de/component/content/category/2-aktuell/index.php/fr/index.php/it/index.php/de/index.php/de/index.php/it/index.php/de/index.php/it/index.php/fr/index.php/fr/spenden-fr HTTP/1.1" 200 0 "-" "Mozilla/5.0 (compatible; SemrushBot/7~bl; +http://www.semrush.com/bot.html)"
185.191.171.5 - - [15/Jun/2026:16:40:05 +0200] "GET /index.php/de/agenda-de/index.php/fr/index.php/it/index.php/it/index.php/it/index.php/it/index.php/de/index.php/fr/spenden-fr HTTP/1.1" 200 0 "-" "Mozilla/5.0 (compatible; SemrushBot/7~bl; +http://www.semrush.com/bot.html)"
185.191.171.15 - - [15/Jun/2026:16:42:16 +0200] "GET /index.php/de/component/sppagebuilder/index.php/fr/index.php/it/index.php/de/index.php/fr/index.php/it/index.php/fr/index.php/de/index.php/it/index.php/de/spenden-de HTTP/1.1" 200 0 "-" "Mozilla/5.0 (compatible; SemrushBot/7~bl; +http://www.semrush.com/bot.html)"
2a00:c1e0:0:1::1:105e - - [15/Jun/2026:16:42:35 +0200] "GET / HTTP/1.1" 500 0 "-" "Python/3.11 aiohttp/3.9.2"
2a00:c1e0:0:1::1:105e - - [15/Jun/2026:16:42:41 +0200] "GET / HTTP/1.1" 500 0 "-" "Python/3.11 aiohttp/3.9.2"
2a00:c1e0:0:1::1:105e - - [15/Jun/2026:16:42:45 +0200] "GET / HTTP/1.1" 500 0 "-" "Python/3.11 aiohttp/3.9.2"
2a00:c1e0:0:1::1:105e - - [15/Jun/2026:16:42:47 +0200] "GET / HTTP/1.1" 500 0 "-" "Python/3.11 aiohttp/3.9.2"
185.191.171.1 - - [15/Jun/2026:16:42:56 +0200] "GET /index.php/it/index.php/de/index.php/fr/index.php/de/index.php/it/index.php/de/index.php/it/index.php/de/index.php/fr/index.php/it/index.php/fr/spenden-fr HTTP/1.1" 200 0 "-" "Mozilla/5.0 (compatible; SemrushBot/7~bl; +http://www.semrush.com/bot.html)"
85.208.96.211 - - [15/Jun/2026:16:41:17 +0200] "GET /index.php/fr/index.php/fr/index.php/de/index.php/de/index.php/it/index.php/it/index.php/it/index.php/fr/index.php/fr/index.php/fr/spenden-fr HTTP/1.1" 200 0 "-" "Mozilla/5.0 (compatible; SemrushBot/7~bl; +http://www.semrush.com/bot.html)"
85.208.96.198 - - [15/Jun/2026:16:41:27 +0200] "GET /index.php/it/agenda-de/index.php/it/index.php/de/index.php/de/index.php/it/index.php/de/index.php/de/index.php/it/index.php/fr/spenden-fr HTTP/1.1" 200 0 "-" "Mozilla/5.0 (compatible; SemrushBot/7~bl; +http://www.semrush.com/bot.html)"
185.191.171.12 - - [15/Jun/2026:16:41:32 +0200] "GET /index.php/it/agenda-de/index.php/it/index.php/de/index.php/fr/index.php/fr/index.php/de/index.php/fr/index.php/fr/index.php/fr/index.php/de/index.php/de/spenden-de HTTP/1.1" 200 0 "-" "Mozilla/5.0 (compatible; SemrushBot/7~bl; +http://www.semrush.com/bot.html)"
85.208.96.198 - - [15/Jun/2026:16:41:43 +0200] "GET /robots.txt HTTP/1.1" 200 0 "-" "Mozilla/5.0 (compatible; SemrushBot/7~bl; +http://www.semrush.com/bot.html)"
185.191.171.11 - - [15/Jun/2026:16:42:35 +0200] "GET /index.php/de/index.php/it/index.php/fr/index.php/de/index.php/fr/index.php/fr/index.php/it/index.php/de/index.php/fr/index.php HTTP/1.1" 200 0 "-" "Mozilla/5.0 (compatible; SemrushBot/7~bl; +http://www.semrush.com/bot.html)"
185.191.171.16 - - [15/Jun/2026:16:42:46 +0200] "GET /index.php/de/images/PDF/index.php/it/index.php/de/index.php/de/index.php/de/index.php/de/index.php/fr/index.php/de/index.php/fr/index.php/fr/spenden-fr HTTP/1.1" 200 0 "-" "Mozilla/5.0 (compatible; SemrushBot/7~bl; +http://www.semrush.com/bot.html)"
185.191.171.16 - - [15/Jun/2026:16:42:48 +0200] "GET /index.php/it/component/content/article/9-aktuell/index.php/fr/index.php/de/index.php/de/index.php/fr/index.php/de/index.php/it/index.php/fr/spenden-fr HTTP/1.1" 200 0 "-" "Mozilla/5.0 (compatible; SemrushBot/7~bl; +http://www.semrush.com/bot.html)"
185.191.171.11 - - [15/Jun/2026:16:43:06 +0200] "GET /index.php/de/bewegung-de/index.php/it/index.php/fr/index.php/it/index.php/de/index.php/it/index.php/fr/index.php/de/index.php/it/index.php/it/index.php/fr/spenden-fr HTTP/1.1" 200 0 "-" "Mozilla/5.0 (compatible; SemrushBot/7~bl; +http://www.semrush.com/bot.html)"
185.191.171.16 - - [15/Jun/2026:16:44:14 +0200] "GET /index.php/fr/agenda-de/index.php/fr/index.php/de/index.php/it/index.php/de/index.php/it/index.php/fr/index.php/it/spenden-it HTTP/1.1" 200 0 "-" "Mozilla/5.0 (compatible; SemrushBot/7~bl; +http://www.semrush.com/bot.html)"
2a01:4f8:1c18:5c1::1 - - [15/Jun/2026:16:44:23 +0200] "GET /index.php/fr/wahl-haben-fr HTTP/1.1" 500 0 "-" "Mozilla/5.0 (Macintosh; Intel Mac OS X 10_15_7) AppleWebKit/537.36 (KHTML, like Gecko) Chrome/124.0.0.0 Safari/537.36"
185.191.171.11 - - [15/Jun/2026:16:45:05 +0200] "GET /index.php/de/bewegung-de/index.php/fr/index.php/de/index.php/de/index.php/it/index.php/de/index.php/de/index.php/fr/index.php/fr/index.php/de/spenden-de HTTP/1.1" 200 0 "-" "Mozilla/5.0 (compatible; SemrushBot/7~bl; +http://www.semrush.com/bot.html)"
185.191.171.2 - - [15/Jun/2026:16:45:28 +0200] "GET /index.php/de/covid19-de/index.php/de/index.php/fr/index.php/fr/index.php/de/index.php/de/index.php/fr/index.php/fr/spenden-fr HTTP/1.1" 200 0 "-" "Mozilla/5.0 (compatible; SemrushBot/7~bl; +http://www.semrush.com/bot.html)"
185.191.171.2 - - [15/Jun/2026:16:46:01 +0200] "GET /index.php/de/wir-die-bewegung-de/index.php/de/index.php/it/index.php/it/index.php/it/index.php/de/index.php/fr/index.php/fr/index.php/fr/index.php/de/spenden-de HTTP/1.1" 200 0 "-" "Mozilla/5.0 (compatible; SemrushBot/7~bl; +http://www.semrush.com/bot.html)"
185.191.171.4 - - [15/Jun/2026:16:46:16 +0200] "GET /index.php/de/index.php/fr/index.php/it/index.php/it/index.php/fr/index.php/it/index.php/fr/index.php/fr/index.php/de/index.php HTTP/1.1" 200 0 "-" "Mozilla/5.0 (compatible; SemrushBot/7~bl; +http://www.semrush.com/bot.html)"
85.208.96.195 - - [15/Jun/2026:16:42:58 +0200] "GET /index.php/de/images/PDF/index.php/fr/index.php/de/index.php/de/index.php/fr/index.php/fr/index.php/fr/index.php/fr/index.php/de/index.php/fr/spenden-fr HTTP/1.1" 200 0 "-" "Mozilla/5.0 (compatible; SemrushBot/7~bl; +http://www.semrush.com/bot.html)"
192.42.116.60 - - [15/Jun/2026:16:43:35 +0200] "GET / HTTP/2" 500 0 "fbschweiz.ch" "Mozilla/5.0 (Macintosh; Intel Mac OS X 10_10_3) AppleWebKit/537.36 (KHTML, like Gecko) Chrome/81.0.4044.138 Safari/537.36"
85.208.96.204 - - [15/Jun/2026:16:45:34 +0200] "GET /index.php/de/component/content/category/2-aktuell/index.php/de/index.php/fr/index.php/fr/index.php/it/index.php/fr/index.php/de/index.php/de/index.php/de/spenden-de HTTP/1.1" 200 0 "-" "Mozilla/5.0 (compatible; SemrushBot/7~bl; +http://www.semrush.com/bot.html)"
85.208.96.195 - - [15/Jun/2026:16:45:44 +0200] "GET /index.php/it/index.php/de/index.php/fr/index.php/de/index.php/fr/index.php/de/index.php/fr/index.php/de/index.php/it/index.php/fr/index.php/de/spenden-de HTTP/1.1" 200 0 "-" "Mozilla/5.0 (compatible; SemrushBot/7~bl; +http://www.semrush.com/bot.html)"
85.208.96.205 - - [15/Jun/2026:16:45:57 +0200] "GET /index.php/de/index.php/de/index.php/it/index.php/de/index.php/fr/index.php/it/index.php/fr/index.php/it/index.php/it/index.php/it/index.php/it/spenden-it HTTP/1.1" 200 0 "-" "Mozilla/5.0 (compatible; SemrushBot/7~bl; +http://www.semrush.com/bot.html)"
185.191.171.12 - - [15/Jun/2026:16:46:18 +0200] "GET /index.php/de/indexa.php/index.php/de/index.php/it/index.php/it/index.php/it/index.php/fr/index.php/de/index.php/fr/index.php/it/index.php/fr/index.php/fr/spenden-fr HTTP/1.1" 200 0 "-" "Mozilla/5.0 (compatible; SemrushBot/7~bl; +http://www.semrush.com/bot.html)"
85.208.96.197 - - [15/Jun/2026:16:46:30 +0200] "GET /index.php/de/indexa.php/index.php/de/index.php/it/index.php/de/index.php/it/index.php/de/index.php/de/index.php/fr/index.php/de/index.php/fr/index.php/fr/spenden-fr HTTP/1.1" 200 0 "-" "Mozilla/5.0 (compatible; SemrushBot/7~bl; +http://www.semrush.com/bot.html)"
85.208.96.195 - - [15/Jun/2026:16:46:46 +0200] "GET /index.php/de/component/sppagebuilder/index.php/it/index.php/it/index.php/it/index.php/de/index.php/fr/index.php/fr/index.php/de/index.php/fr/spenden-fr HTTP/1.1" 200 0 "-" "Mozilla/5.0 (compatible; SemrushBot/7~bl; +http://www.semrush.com/bot.html)"
185.191.171.10 - - [15/Jun/2026:16:47:00 +0200] "GET /index.php/de/bewegung-de/index.php/fr/index.php/it/index.php/de/index.php/de/index.php/fr/index.php/fr/index.php/fr/index.php/de/spenden-de HTTP/1.1" 200 0 "-" "Mozilla/5.0 (compatible; SemrushBot/7~bl; +http://www.semrush.com/bot.html)"
85.208.96.194 - - [15/Jun/2026:16:47:05 +0200] "GET /index.php/de/bewegung-de/index.php/de/index.php/it/index.php/de/index.php/fr/index.php/it/index.php/fr/index.php/de/index.php/fr/index.php/de/index.php/it/spenden-it HTTP/1.1" 200 0 "-" "Mozilla/5.0 (compatible; SemrushBot/7~bl; +http://www.semrush.com/bot.html)"
85.208.96.211 - - [15/Jun/2026:16:47:16 +0200] "GET /index.php/de/wir-die-bewegung-de/index.php/it/index.php/fr/index.php/fr/index.php/fr/index.php/it/index.php/it/index.php/fr/index.php/de/index.php/fr/spenden-fr HTTP/1.1" 200 0 "-" "Mozilla/5.0 (compatible; SemrushBot/7~bl; +http://www.semrush.com/bot.html)"
85.208.96.212 - - [15/Jun/2026:16:48:31 +0200] "GET /index.php/de/agenda-de/index.php/fr/index.php/fr/index.php/fr/index.php/it/index.php/it/index.php/fr/index.php/it/index.php/it/spenden-it HTTP/1.1" 200 0 "-" "Mozilla/5.0 (compatible; SemrushBot/7~bl; +http://www.semrush.com/bot.html)"
185.191.171.7 - - [15/Jun/2026:16:48:38 +0200] "GET /index.php/de/index.php/fr/index.php/it/index.php/it/index.php/it/index.php/fr/index.php/it/index.php/it/index.php/fr/index.php/it/index.php/de/index.php/de/spenden-de HTTP/1.1" 200 0 "-" "Mozilla/5.0 (compatible; SemrushBot/7~bl; +http://www.semrush.com/bot.html)"
185.191.171.7 - - [15/Jun/2026:16:49:21 +0200] "GET /index.php/de/agenda-de/index.php/de/index.php/de/index.php/it/index.php/de/index.php/fr/index.php/fr/index.php/fr/spenden-fr HTTP/1.1" 200 0 "-" "Mozilla/5.0 (compatible; SemrushBot/7~bl; +http://www.semrush.com/bot.html)"
85.208.96.197 - - [15/Jun/2026:16:49:40 +0200] "GET /index.php/de/wir-die-bewegung-de/index.php/de/index.php/de/index.php/de/index.php/fr/index.php/de/index.php/de/index.php/fr/index.php/de/index.php/fr/index.php/it/spenden-it HTTP/1.1" 200 0 "-" "Mozilla/5.0 (compatible; SemrushBot/7~bl; +http://www.semrush.com/bot.html)"
85.208.96.196 - - [15/Jun/2026:16:47:03 +0200] "GET /index.php/de/index.php/de/index.php/it/index.php/fr/index.php/it/index.php/fr/index.php/de/index.php/de/index.php/de/index.php/de/index.php/it/spenden-it HTTP/1.1" 200 0 "-" "Mozilla/5.0 (compatible; SemrushBot/7~bl; +http://www.semrush.com/bot.html)"
185.191.171.13 - - [15/Jun/2026:16:49:08 +0200] "GET /index.php/de/index.php/it/index.php/de/index.php/de/index.php/it/index.php/it/index.php/it/index.php/fr/index.php/de/index.php/it/index.php/it/index.php/de/spenden-de HTTP/1.1" 200 0 "-" "Mozilla/5.0 (compatible; SemrushBot/7~bl; +http://www.semrush.com/bot.html)"
185.191.171.10 - - [15/Jun/2026:16:49:47 +0200] "GET /index.php/de/index.php/it/index.php/it/index.php/it/index.php/fr/index.php/it/index.php/de/spenden-de HTTP/1.1" 200 0 "-" "Mozilla/5.0 (compatible; SemrushBot/7~bl; +http://www.semrush.com/bot.html)"
85.208.96.211 - - [15/Jun/2026:16:49:51 +0200] "GET /index.php/de/index.php/de/index.php/it/index.php/it/index.php/de/index.php/it/index.php/it/index.php/fr/index.php/it/index.php/fr/index.php/fr/spenden-fr HTTP/1.1" 200 0 "-" "Mozilla/5.0 (compatible; SemrushBot/7~bl; +http://www.semrush.com/bot.html)"
185.191.171.2 - - [15/Jun/2026:16:43:51 +0200] "GET /index.php/fr/agenda-de/index.php/de/index.php/it/index.php/it/index.php/de/index.php/de/index.php/it/index.php/it/index.php/de/index.php/de/index.php/de/spenden-de HTTP/1.1" 200 0 "-" "Mozilla/5.0 (compatible; SemrushBot/7~bl; +http://www.semrush.com/bot.html)"
185.191.171.7 - - [15/Jun/2026:16:44:21 +0200] "GET /index.php/fr/index.php/fr/index.php/de/index.php/it/index.php/it/index.php/it/index.php/fr/index.php/it/index.php/it/spenden-it HTTP/1.1" 200 0 "-" "Mozilla/5.0 (compatible; SemrushBot/7~bl; +http://www.semrush.com/bot.html)"
2a01:4f8:1c18:5c1::1 - - [15/Jun/2026:16:44:24 +0200] "GET /index.php/fr/wahl-haben-fr HTTP/1.1" 500 0 "-" "Mozilla/5.0 (Macintosh; Intel Mac OS X 10_15_7) AppleWebKit/537.36 (KHTML, like Gecko) Chrome/124.0.0.0 Safari/537.36"
85.208.96.211 - - [15/Jun/2026:16:45:07 +0200] "GET /index.php/de/images/PDF/index.php/it/index.php/de/index.php/fr/index.php/de/index.php/de/index.php/de/index.php/fr/index.php/de/index.php/fr/spenden-fr HTTP/1.1" 200 0 "-" "Mozilla/5.0 (compatible; SemrushBot/7~bl; +http://www.semrush.com/bot.html)"
185.191.171.10 - - [15/Jun/2026:16:45:36 +0200] "GET /index.php/de/agenda-de/index.php/de/index.php/de/index.php/fr/index.php/it/index.php/de/index.php/it/spenden-it HTTP/1.1" 200 0 "-" "Mozilla/5.0 (compatible; SemrushBot/7~bl; +http://www.semrush.com/bot.html)"
85.208.96.202 - - [15/Jun/2026:16:46:35 +0200] "GET /index.php/fr/home-main-fr/index.php/fr/index.php/fr/index.php/fr/index.php/de/index.php/it/index.php/de/index.php/fr/index.php/de/spenden-de HTTP/1.1" 200 0 "-" "Mozilla/5.0 (compatible; SemrushBot/7~bl; +http://www.semrush.com/bot.html)"
85.208.96.196 - - [15/Jun/2026:16:48:15 +0200] "GET /index.php/de/index.php/fr/index.php/it/index.php/fr/index.php/it/index.php/fr/index.php/it/index.php/de/index.php/it/index.php/fr/index.php/fr/index.php/it/spenden-it HTTP/1.1" 200 0 "-" "Mozilla/5.0 (compatible; SemrushBot/7~bl; +http://www.semrush.com/bot.html)"
85.208.96.211 - - [15/Jun/2026:16:49:28 +0200] "GET /index.php/it/index.php/it/index.php/de/index.php/fr/index.php/it/index.php/fr/index.php/fr/index.php/de/index.php/de/index.php/de/index.php/it/index.php/it/spenden-it HTTP/1.1" 200 0 "-" "Mozilla/5.0 (compatible; SemrushBot/7~bl; +http://www.semrush.com/bot.html)"
185.191.171.3 - - [15/Jun/2026:16:50:05 +0200] "GET /index.php/de/index.php/de/index.php/de/index.php/de/index.php/fr/index.php/it/index.php/fr/index.php/it/index.php/de/index.php/fr/index.php/fr/spenden-fr HTTP/1.1" 200 0 "-" "Mozilla/5.0 (compatible; SemrushBot/7~bl; +http://www.semrush.com/bot.html)"
185.191.171.2 - - [15/Jun/2026:16:50:16 +0200] "GET /index.php/de/component/sppagebuilder/index.php/de/index.php/fr/index.php/fr/index.php/de/index.php/de/index.php/it/index.php/de/index.php/it/index.php/de/index.php/de/spenden-de HTTP/1.1" 200 0 "-" "Mozilla/5.0 (compatible; SemrushBot/7~bl; +http://www.semrush.com/bot.html)"
85.208.96.210 - - [15/Jun/2026:16:50:18 +0200] "GET /index.php/de/index.php/fr/index.php/fr/index.php/fr/index.php/it/index.php/fr/index.php/it/index.php/it/index.php/de/index.php/de/index.php/de/index.php/it/spenden-it HTTP/1.1" 200 0 "-" "Mozilla/5.0 (compatible; SemrushBot/7~bl; +http://www.semrush.com/bot.html)"
85.208.96.197 - - [15/Jun/2026:16:50:35 +0200] "GET /index.php/de/index.php/de/index.php/fr/index.php/de/index.php/fr/index.php/it/index.php/fr/index.php/fr/index.php/fr/index.php/it/index.php/de/spenden-de HTTP/1.1" 200 0 "-" "Mozilla/5.0 (compatible; SemrushBot/7~bl; +http://www.semrush.com/bot.html)"
85.208.96.194 - - [15/Jun/2026:16:50:51 +0200] "GET /index.php/it/component/content/article/9-aktuell/index.php/it/index.php/fr/index.php/it/index.php/de/index.php/de/index.php/it/index.php/it/index.php/de/spenden-de HTTP/1.1" 200 0 "-" "Mozilla/5.0 (compatible; SemrushBot/7~bl; +http://www.semrush.com/bot.html)"
85.208.96.201 - - [15/Jun/2026:16:51:22 +0200] "GET /index.php/it/index.php/it/index.php/it/index.php/fr/index.php/it/index.php/fr/index.php/de/index.php/de/index.php/it/index.php/de/spenden-de HTTP/1.1" 200 0 "-" "Mozilla/5.0 (compatible; SemrushBot/7~bl; +http://www.semrush.com/bot.html)"
85.208.96.211 - - [15/Jun/2026:16:52:47 +0200] "GET /index.php/fr/agenda-de/index.php/de/index.php/it/index.php/it/index.php/fr/index.php/fr/index.php/de/index.php/fr/index.php/de/index.php/fr/index.php/de/spenden-de HTTP/1.1" 200 0 "-" "Mozilla/5.0 (compatible; SemrushBot/7~bl; +http://www.semrush.com/bot.html)"
185.191.171.13 - - [15/Jun/2026:16:53:41 +0200] "GET /index.php/de/component/content/category/2-aktuell/index.php/de/index.php/de/index.php/it/index.php/it/index.php/fr/index.php/de/index.php/fr/index.php/de/index.php/fr/spenden-fr HTTP/1.1" 200 0 "-" "Mozilla/5.0 (compatible; SemrushBot/7~bl; +http://www.semrush.com/bot.html)"
185.191.171.16 - - [15/Jun/2026:16:53:53 +0200] "GET /index.php/de/images/PDF/index.php/it/index.php/de/index.php/de/index.php/it/index.php/de/index.php/it/index.php/fr/index.php/de/index.php/it/index.php/fr/spenden-fr HTTP/1.1" 200 0 "-" "Mozilla/5.0 (compatible; SemrushBot/7~bl; +http://www.semrush.com/bot.html)"
85.208.96.194 - - [15/Jun/2026:16:54:22 +0200] "GET /index.php/de/covid19-de/index.php/de/index.php/fr/index.php/de/index.php/fr/index.php/fr/index.php/fr/spenden-fr HTTP/1.1" 200 0 "-" "Mozilla/5.0 (compatible; SemrushBot/7~bl; +http://www.semrush.com/bot.html)"
85.208.96.209 - - [15/Jun/2026:16:54:37 +0200] "GET /index.php/de/covid19-de/index.php/it/index.php/de/index.php/fr/index.php/de/index.php/de/index.php/it/index.php/de/index.php/it/index.php/fr/index.php/fr/spenden-fr HTTP/1.1" 200 0 "-" "Mozilla/5.0 (compatible; SemrushBot/7~bl; +http://www.semrush.com/bot.html)"
85.208.96.211 - - [15/Jun/2026:16:54:39 +0200] "GET /index.php/de/agenda-de/index.php/it/index.php/de/index.php/it/index.php/de/index.php/it/index.php/de/index.php/fr/spenden-fr HTTP/1.1" 200 0 "-" "Mozilla/5.0 (compatible; SemrushBot/7~bl; +http://www.semrush.com/bot.html)"
185.191.171.8 - - [15/Jun/2026:16:54:43 +0200] "GET /index.php/it/index.php/it/index.php/de/index.php/it/index.php/it/index.php/fr/index.php/de/index.php/it/index.php/de/index.php/de/index.php/de/spenden-de HTTP/1.1" 200 0 "-" "Mozilla/5.0 (compatible; SemrushBot/7~bl; +http://www.semrush.com/bot.html)"
85.208.96.197 - - [15/Jun/2026:16:50:41 +0200] "GET /index.php/de/wir-die-bewegung-de/index.php/fr/index.php/it/index.php/de/index.php/it/index.php/fr/index.php/it/index.php/fr/index.php/de/index.php/it/spenden-it HTTP/1.1" 200 0 "-" "Mozilla/5.0 (compatible; SemrushBot/7~bl; +http://www.semrush.com/bot.html)"
43.131.243.61 - - [15/Jun/2026:16:50:56 +0200] "GET /index.php/it/wahl-haben-it HTTP/1.1" 500 0 "http://www.jo-posso-scegliere.ch" "Mozilla/5.0 (iPhone; CPU iPhone OS 13_2_3 like Mac OS X) AppleWebKit/605.1.15 (KHTML, like Gecko) Version/13.0.3 Mobile/15E148 Safari/604.1"
85.208.96.204 - - [15/Jun/2026:16:51:16 +0200] "GET /index.php/de/component/sppagebuilder/index.php/it/index.php/fr/index.php/de/index.php/it/index.php/it/index.php/de/index.php/it/index.php/it/index.php/fr/spenden-fr HTTP/1.1" 200 0 "-" "Mozilla/5.0 (compatible; SemrushBot/7~bl; +http://www.semrush.com/bot.html)"
85.208.96.212 - - [15/Jun/2026:16:51:24 +0200] "GET /index.php/fr/component/content/article/9-aktuell/index.php/fr/index.php/de/index.php/it/index.php/de/index.php/de/index.php/it/index.php/it/index.php/fr/spenden-fr HTTP/1.1" 200 0 "-" "Mozilla/5.0 (compatible; SemrushBot/7~bl; +http://www.semrush.com/bot.html)"
167.172.76.194 - - [15/Jun/2026:16:52:22 +0200] "GET /plugins/editors/jce/jce.xml HTTP/1.1" 404 35 "-" "Mozilla/5.0 (Windows NT 10.0; Win64; x64) AppleWebKit/537.36"
167.172.76.194 - - [15/Jun/2026:16:52:23 +0200] "GET /administrator/components/com_jce/jce.xml HTTP/1.1" 404 35 "-" "Mozilla/5.0 (Windows NT 10.0; Win64; x64) AppleWebKit/537.36"
167.172.76.194 - - [15/Jun/2026:16:52:24 +0200] "GET /media/jce/css/editor.css HTTP/1.1" 500 0 "-" "Mozilla/5.0 (Windows NT 10.0; Win64; x64) AppleWebKit/537.36"
85.208.96.198 - - [15/Jun/2026:16:52:30 +0200] "GET /index.php/de/images/PDF/index.php/fr/index.php/de/index.php/fr/index.php/de/index.php/de/index.php/fr/index.php/de/index.php/it/index.php/it/spenden-it HTTP/1.1" 200 0 "-" "Mozilla/5.0 (compatible; SemrushBot/7~bl; +http://www.semrush.com/bot.html)"
85.208.96.200 - - [15/Jun/2026:16:53:26 +0200] "GET /index.php/de/bewegung-de/index.php/de/index.php/it/index.php/it/index.php/it/index.php/fr/index.php/it/index.php/fr/index.php/fr/spenden-fr HTTP/1.1" 200 0 "-" "Mozilla/5.0 (compatible; SemrushBot/7~bl; +http://www.semrush.com/bot.html)"
85.208.96.195 - - [15/Jun/2026:16:53:43 +0200] "GET /index.php/de/index.php/fr/index.php/de/index.php/it/index.php/fr/index.php/de/index.php/fr/index.php/it/index.php/fr/index.php/it/spenden-it HTTP/1.1" 200 0 "-" "Mozilla/5.0 (compatible; SemrushBot/7~bl; +http://www.semrush.com/bot.html)"
185.191.171.12 - - [15/Jun/2026:16:54:01 +0200] "GET /index.php/de/indexa.php/index.php/de/index.php/de/index.php/fr/index.php/it/index.php/it/index.php/it/index.php/fr/index.php/de/index.php/de/spenden-de HTTP/1.1" 200 0 "-" "Mozilla/5.0 (compatible; SemrushBot/7~bl; +http://www.semrush.com/bot.html)"
185.191.171.7 - - [15/Jun/2026:16:55:13 +0200] "GET /index.php/de/indexa.php/index.php/de/index.php/fr/index.php/de/index.php/fr/index.php/fr/index.php/de/index.php/de/index.php/it/spenden-it HTTP/1.1" 200 0 "-" "Mozilla/5.0 (compatible; SemrushBot/7~bl; +http://www.semrush.com/bot.html)"
185.191.171.19 - - [15/Jun/2026:16:55:41 +0200] "GET /index.php/de/index.php/it/index.php/it/index.php/fr/index.php/de/index.php/de/index.php/de/index.php/it/index.php/fr/index.php/de/index.php/fr/index.php/it/spenden-it HTTP/1.1" 200 0 "-" "Mozilla/5.0 (compatible; SemrushBot/7~bl; +http://www.semrush.com/bot.html)"
2a02:aa10:e881:db80:7d8c:f158:a0c:a66 - - [15/Jun/2026:16:56:15 +0200] "GET /images/PDF/STOPP-Impfpflicht-VI-Onlinebogen-de-v3.pdf HTTP/2" 500 0 "-" "Mozilla/5.0 (Macintosh; Intel Mac OS X 10_15_7) AppleWebKit/605.1.15 (KHTML, like Gecko)"
2a02:aa10:e881:db80:7d8c:f158:a0c:a66 - - [15/Jun/2026:16:56:16 +0200] "GET /favicon.ico HTTP/2" 404 1251 "-" "Mozilla/5.0 (iPad; CPU OS 18_7 like Mac OS X) AppleWebKit/605.1.15 (KHTML, like Gecko) Safari"
2a02:aa10:e881:db80:7d8c:f158:a0c:a66 - - [15/Jun/2026:16:56:16 +0200] "GET /favicon.ico HTTP/2" 404 1251 "-" "Mozilla/5.0 (iPad; CPU OS 18_7 like Mac OS X) AppleWebKit/605.1.15 (KHTML, like Gecko) Safari"
62.93.178.72 - - [15/Jun/2026:16:56:36 +0200] "GET /plugins/editors/jce/jce.xml HTTP/1.1" 404 35 "-" "Mozilla/5.0 (Windows NT 10.0; Win64; x64) AppleWebKit/537.36"
62.93.178.72 - - [15/Jun/2026:16:56:41 +0200] "GET /administrator/components/com_jce/jce.xml HTTP/1.1" 404 35 "-" "Mozilla/5.0 (Windows NT 10.0; Win64; x64) AppleWebKit/537.36"
85.208.96.210 - - [15/Jun/2026:16:56:47 +0200] "GET /index.php/de/index.php/fr/index.php/it/index.php/de/index.php/it/index.php/de/index.php/it/index.php/it/index.php HTTP/1.1" 200 0 "-" "Mozilla/5.0 (compatible; SemrushBot/7~bl; +http://www.semrush.com/bot.html)"
62.93.178.72 - - [15/Jun/2026:16:56:48 +0200] "GET /media/jce/css/editor.css HTTP/1.1" 500 0 "-" "Mozilla/5.0 (Windows NT 10.0; Win64; x64) AppleWebKit/537.36"
185.191.171.14 - - [15/Jun/2026:16:57:20 +0200] "GET /index.php/de/index.php/it/index.php/fr/index.php/it/index.php/fr/index.php/de/index.php/fr/index.php/de/index.php/de/index.php/it/index.php/de/index.php/it/spenden-it HTTP/1.1" 200 0 "-" "Mozilla/5.0 (compatible; SemrushBot/7~bl; +http://www.semrush.com/bot.html)"
185.191.171.12 - - [15/Jun/2026:16:57:33 +0200] "GET /index.php/de/indexa.php/index.php/it/index.php/fr/index.php/fr/index.php/de/index.php/de/index.php/fr/index.php/it/spenden-it HTTP/1.1" 200 0 "-" "Mozilla/5.0 (compatible; SemrushBot/7~bl; +http://www.semrush.com/bot.html)"
85.208.96.195 - - [15/Jun/2026:16:57:36 +0200] "GET /index.php/de/images/PDF/index.php/fr/index.php/fr/index.php/fr/index.php/de/index.php/it/index.php/fr/index.php/de/index.php/de/index.php/de/spenden-de HTTP/1.1" 200 0 "-" "Mozilla/5.0 (compatible; SemrushBot/7~bl; +http://www.semrush.com/bot.html)"
185.191.171.12 - - [15/Jun/2026:16:57:41 +0200] "GET /index.php/de/images/PDF/index.php/de/index.php/fr/index.php/fr/index.php/fr/index.php/it/index.php/it/index.php/it/index.php/it/index.php/de/spenden-de HTTP/1.1" 200 0 "-" "Mozilla/5.0 (compatible; SemrushBot/7~bl; +http://www.semrush.com/bot.html)"
85.208.96.194 - - [15/Jun/2026:16:57:55 +0200] "GET /index.php/de/index.php/it/index.php/fr/index.php/fr/index.php/de/index.php/it/index.php/fr/index.php/it/index.php/fr/index.php/fr/index.php/de/index.php/de/spenden-de HTTP/1.1" 200 0 "-" "Mozilla/5.0 (compatible; SemrushBot/7~bl; +http://www.semrush.com/bot.html)"
85.208.96.202 - - [15/Jun/2026:16:58:02 +0200] "GET /index.php/de/wir-die-bewegung-de/index.php/de/index.php/it/index.php/de/index.php/fr/index.php/it/index.php/de/index.php/fr/index.php/fr/spenden-fr HTTP/1.1" 200 0 "-" "Mozilla/5.0 (compatible; SemrushBot/7~bl; +http://www.semrush.com/bot.html)"
185.191.171.10 - - [15/Jun/2026:16:58:05 +0200] "GET /index.php/de/images/PDF/index.php/it/index.php/fr/index.php/de/index.php/fr/index.php/fr/index.php/it/index.php/it/index.php/fr/index.php/it/spenden-it HTTP/1.1" 200 0 "-" "Mozilla/5.0 (compatible; SemrushBot/7~bl; +http://www.semrush.com/bot.html)"
85.208.96.206 - - [15/Jun/2026:16:58:29 +0200] "GET /index.php/de/covid19-de/index.php/de/index.php/fr/index.php/it/index.php/de/index.php/it/index.php/de/index.php/fr/spenden-fr HTTP/1.1" 200 0 "-" "Mozilla/5.0 (compatible; SemrushBot/7~bl; +http://www.semrush.com/bot.html)"
85.208.96.202 - - [15/Jun/2026:16:58:35 +0200] "GET /index.php/de/wir-die-bewegung-de/index.php/it/index.php/it/index.php/de/index.php/fr/index.php/de/index.php/fr/index.php/de/index.php/de/index.php/it/index.php/de/spenden-de HTTP/1.1" 200 0 "-" "Mozilla/5.0 (compatible; SemrushBot/7~bl; +http://www.semrush.com/bot.html)"
85.208.96.202 - - [15/Jun/2026:16:58:46 +0200] "GET /index.php/fr/index.php/de/index.php/de/index.php/fr/index.php/it/index.php/fr/index.php/fr/index.php/fr/index.php/fr/index.php/de/index.php/it/index.php/fr/spenden-fr HTTP/1.1" 200 0 "-" "Mozilla/5.0 (compatible; SemrushBot/7~bl; +http://www.semrush.com/bot.html)"
85.208.96.203 - - [15/Jun/2026:16:50:21 +0200] "GET /index.php/it/agenda-de/index.php/fr/index.php/fr/index.php/it/index.php/it/index.php/de/index.php/fr/index.php/it/index.php/de/spenden-de HTTP/1.1" 200 0 "-" "Mozilla/5.0 (compatible; SemrushBot/7~bl; +http://www.semrush.com/bot.html)"
185.191.171.12 - - [15/Jun/2026:16:51:19 +0200] "GET /index.php/de/covid19-de/index.php/de/index.php/fr/index.php/de/index.php/fr/index.php/it/index.php/fr/index.php/de/spenden-de HTTP/1.1" 200 0 "-" "Mozilla/5.0 (compatible; SemrushBot/7~bl; +http://www.semrush.com/bot.html)"
185.191.171.6 - - [15/Jun/2026:16:53:01 +0200] "GET /index.php/de/indexa.php/index.php/fr/index.php/it/index.php/it/index.php/de/index.php/it/index.php/de/index.php/it/index.php/de/index.php/it/index.php/fr/spenden-fr HTTP/1.1" 200 0 "-" "Mozilla/5.0 (compatible; SemrushBot/7~bl; +http://www.semrush.com/bot.html)"
85.208.96.205 - - [15/Jun/2026:16:53:31 +0200] "GET /index.php/de/index.php/it/index.php/it/index.php/it/index.php/de/index.php/de/index.php/it/index.php/fr/index.php/de/index.php/fr/index.php/it/index.php/it/spenden-it HTTP/1.1" 200 0 "-" "Mozilla/5.0 (compatible; SemrushBot/7~bl; +http://www.semrush.com/bot.html)"
185.191.171.15 - - [15/Jun/2026:16:54:17 +0200] "GET /index.php/de/indexa.php/index.php/it/index.php/de/index.php/it/index.php/de/index.php/fr/index.php/fr/index.php/fr/index.php/fr/index.php/de/spenden-de HTTP/1.1" 200 0 "-" "Mozilla/5.0 (compatible; SemrushBot/7~bl; +http://www.semrush.com/bot.html)"
85.208.96.198 - - [15/Jun/2026:16:54:20 +0200] "GET /index.php/de/agenda-de/index.php/it/index.php/it/index.php/fr/index.php/fr/index.php/it/index.php/it/index.php/fr/index.php/it/index.php/it/spenden-it HTTP/1.1" 200 0 "-" "Mozilla/5.0 (compatible; SemrushBot/7~bl; +http://www.semrush.com/bot.html)"
62.93.178.72 - - [15/Jun/2026:16:56:22 +0200] "GET /plugins/editors/jce/jce.xml HTTP/1.1" 404 35 "-" "Mozilla/5.0 (Windows NT 10.0; Win64; x64) AppleWebKit/537.36"
185.191.171.5 - - [15/Jun/2026:16:58:18 +0200] "GET /index.php/de/bewegung-de/index.php/de/index.php/de/index.php/it/index.php/it/index.php/fr/index.php/it/index.php/de/index.php/de/index.php/de/index.php/de/spenden-de HTTP/1.1" 200 0 "-" "Mozilla/5.0 (compatible; SemrushBot/7~bl; +http://www.semrush.com/bot.html)"
185.191.171.15 - - [15/Jun/2026:16:58:44 +0200] "GET /index.php/de/index.php/it/index.php/it/index.php/fr/index.php/de/index.php/it/index.php/fr/index.php/de/spenden-de HTTP/1.1" 200 0 "-" "Mozilla/5.0 (compatible; SemrushBot/7~bl; +http://www.semrush.com/bot.html)"
85.208.96.196 - - [15/Jun/2026:16:58:57 +0200] "GET /index.php/de/component/content/category/2-aktuell/index.php/de/index.php/it/index.php/de/index.php/it/index.php/it/index.php/de/index.php/de/index.php/de/index.php/fr/spenden-fr HTTP/1.1" 200 0 "-" "Mozilla/5.0 (compatible; SemrushBot/7~bl; +http://www.semrush.com/bot.html)"
85.208.96.208 - - [15/Jun/2026:16:59:33 +0200] "GET /index.php/fr/agenda-de/index.php/fr/index.php/fr/index.php/fr/index.php/it/index.php/de/index.php/it/index.php/it/index.php/de/index.php/it/spenden-it HTTP/1.1" 200 0 "-" "Mozilla/5.0 (compatible; SemrushBot/7~bl; +http://www.semrush.com/bot.html)"
185.191.171.8 - - [15/Jun/2026:17:01:07 +0200] "GET /index.php/de/index.php/it/index.php/fr/index.php/it/index.php/fr/index.php/it/index.php/fr/index.php/de/index.php/fr/index.php/it/index.php/de/index.php/de/spenden-de HTTP/1.1" 200 0 "-" "Mozilla/5.0 (compatible; SemrushBot/7~bl; +http://www.semrush.com/bot.html)"
85.208.96.197 - - [15/Jun/2026:17:01:47 +0200] "GET /index.php/de/component/sppagebuilder/index.php/fr/index.php/fr/index.php/it/index.php/de/index.php/de/spenden-de HTTP/1.1" 200 0 "-" "Mozilla/5.0 (compatible; SemrushBot/7~bl; +http://www.semrush.com/bot.html)"
185.191.171.8 - - [15/Jun/2026:17:01:53 +0200] "GET /index.php/de/component/content/article/9-aktuell/index.php/fr/index.php/de/index.php/de/index.php/it/index.php/fr/index.php/fr/index.php/it/index.php/fr/spenden-fr HTTP/1.1" 200 0 "-" "Mozilla/5.0 (compatible; SemrushBot/7~bl; +http://www.semrush.com/bot.html)"
85.208.96.202 - - [15/Jun/2026:16:59:38 +0200] "GET /index.php/fr/index.php/de/index.php/de/index.php/de/index.php/de/index.php/fr/index.php/it/index.php/de/index.php/fr/index.php/fr/spenden-fr HTTP/1.1" 200 0 "-" "Mozilla/5.0 (compatible; SemrushBot/7~bl; +http://www.semrush.com/bot.html)"
85.208.96.198 - - [15/Jun/2026:16:59:59 +0200] "GET /index.php/fr/index.php/it/index.php/de/index.php/de/index.php/de/index.php/de/index.php/it/index.php/fr/index.php/fr/index.php/fr/index.php/de/index.php/it/spenden-it HTTP/1.1" 200 0 "-" "Mozilla/5.0 (compatible; SemrushBot/7~bl; +http://www.semrush.com/bot.html)"
185.191.171.15 - - [15/Jun/2026:17:00:05 +0200] "GET /index.php/it/index.php/de/index.php/fr/index.php/de/index.php/it/index.php/de/index.php/fr/index.php/de/index.php/it/index.php/it/index.php/fr/spenden-fr HTTP/1.1" 200 0 "-" "Mozilla/5.0 (compatible; SemrushBot/7~bl; +http://www.semrush.com/bot.html)"
