85.208.96.194 - - [15/Jun/2026:15:00:26 +0200] "GET /index.php/fr/index.php/de/index.php/it/index.php/fr/index.php/fr/index.php/it/index.php/fr/index.php/de/index.php/fr/spenden-fr HTTP/1.1" 200 0 "-" "Mozilla/5.0 (compatible; SemrushBot/7~bl; +http://www.semrush.com/bot.html)"
85.208.96.195 - - [15/Jun/2026:15:00:48 +0200] "GET /index.php/de/index.php/it/index.php/it/index.php/it/index.php/de/index.php/fr/index.php/it/index.php/it/index.php/it/index.php/de/index.php/it/index.php/de/spenden-de HTTP/1.1" 200 0 "-" "Mozilla/5.0 (compatible; SemrushBot/7~bl; +http://www.semrush.com/bot.html)"
85.208.96.197 - - [15/Jun/2026:15:00:52 +0200] "GET /index.php/de/index.php/fr/index.php/fr/index.php/it/index.php/de/index.php/it/index.php/fr/index.php/it/index.php/it/index.php/it/index.php/de/index.php/fr/spenden-fr HTTP/1.1" 200 0 "-" "Mozilla/5.0 (compatible; SemrushBot/7~bl; +http://www.semrush.com/bot.html)"
185.191.171.2 - - [15/Jun/2026:15:01:32 +0200] "GET /index.php/de/images/PDF/index.php/de/index.php/de/index.php/de/index.php/de/index.php/fr/index.php/de/index.php/de/index.php/it/index.php/fr/index.php/it/spenden-it HTTP/1.1" 200 0 "-" "Mozilla/5.0 (compatible; SemrushBot/7~bl; +http://www.semrush.com/bot.html)"
185.191.171.9 - - [15/Jun/2026:15:01:34 +0200] "GET /index.php/fr/index.php/fr/index.php/it/index.php/de/index.php/de/index.php/it/index.php/fr/index.php/fr/index.php/fr/index.php/de/spenden-de HTTP/1.1" 200 0 "-" "Mozilla/5.0 (compatible; SemrushBot/7~bl; +http://www.semrush.com/bot.html)"
185.191.171.13 - - [15/Jun/2026:15:02:20 +0200] "GET /index.php/de/component/sppagebuilder/index.php/it/index.php/it/index.php/de/index.php/it/spenden-it HTTP/1.1" 200 0 "-" "Mozilla/5.0 (compatible; SemrushBot/7~bl; +http://www.semrush.com/bot.html)"
85.208.96.206 - - [15/Jun/2026:15:02:57 +0200] "GET /index.php/de/indexa.php/index.php/it/index.php/de/index.php/it/index.php/de/index.php/it/index.php/de/index.php/fr/index.php/de/index.php/fr/index.php/fr/spenden-fr HTTP/1.1" 200 0 "-" "Mozilla/5.0 (compatible; SemrushBot/7~bl; +http://www.semrush.com/bot.html)"
185.191.171.15 - - [15/Jun/2026:15:03:25 +0200] "GET /index.php/de/indexa.php/index.php/de/index.php/it/index.php/it/index.php/fr/index.php/it/index.php/fr/index.php/fr/index.php/it/index.php/de/index.php/de/spenden-de HTTP/1.1" 200 0 "-" "Mozilla/5.0 (compatible; SemrushBot/7~bl; +http://www.semrush.com/bot.html)"
47.128.40.194 - - [15/Jun/2026:15:03:48 +0200] "GET / HTTP/2" 200 0 "-" "Mozilla/5.0 (Linux; Android 5.0) AppleWebKit/537.36 (KHTML, like Gecko) Mobile Safari/537.36 (compatible; Bytespider; spider-feedback@bytedance.com)"
114.119.133.201 - - [15/Jun/2026:15:03:55 +0200] "GET /index.php/fr/covid19-liste-fr?startat=1390&limit=20&orderfld=entry_aid&orderdir=asc HTTP/1.1" 200 0 "https://fbschweiz.ch/index.php/fr/covid19-liste-fr?startat=1390&limit=20&orderfld=vorname&orderdir=asc" "Mozilla/5.0 (Linux; Android 7.0;) AppleWebKit/537.36 (HTML, like Gecko) Mobile Safari/537.36 (compatible; PetalBot;+https://webmaster.petalsearch.com/site/petalbot)"
85.208.96.206 - - [15/Jun/2026:15:04:20 +0200] "GET /index.php/de/images/PDF/index.php/de/index.php/de/index.php/it/index.php/fr/index.php/it/index.php/de/index.php/it/index.php/fr/index.php/de/index.php/de/spenden-de HTTP/1.1" 200 0 "-" "Mozilla/5.0 (compatible; SemrushBot/7~bl; +http://www.semrush.com/bot.html)"
185.191.171.15 - - [15/Jun/2026:15:04:30 +0200] "GET /index.php/de/component/sppagebuilder/index.php/it/index.php/fr/index.php/de/index.php/de/index.php/fr/index.php/fr/index.php/it/index.php/fr/index.php/it/spenden-it HTTP/1.1" 200 0 "-" "Mozilla/5.0 (compatible; SemrushBot/7~bl; +http://www.semrush.com/bot.html)"
85.208.96.198 - - [15/Jun/2026:15:04:43 +0200] "GET /index.php/de/index.php/fr/index.php/it/index.php/it/index.php/de/index.php/de/index.php/de/spenden-de HTTP/1.1" 200 0 "-" "Mozilla/5.0 (compatible; SemrushBot/7~bl; +http://www.semrush.com/bot.html)"
85.208.96.196 - - [15/Jun/2026:15:04:48 +0200] "GET /index.php/de/wir-die-bewegung-de/index.php/de/index.php/fr/index.php/fr/index.php/fr/index.php/fr/index.php/de/index.php/fr/index.php/de/spenden-de HTTP/1.1" 200 0 "-" "Mozilla/5.0 (compatible; SemrushBot/7~bl; +http://www.semrush.com/bot.html)"
85.208.96.203 - - [15/Jun/2026:15:05:00 +0200] "GET /index.php/fr/index.php/fr/index.php/de/index.php/it/index.php/fr/index.php/fr/index.php/fr/index.php/fr/index.php/fr/index.php/fr/index.php/it/index.php/fr/spenden-fr HTTP/1.1" 200 0 "-" "Mozilla/5.0 (compatible; SemrushBot/7~bl; +http://www.semrush.com/bot.html)"
85.208.96.208 - - [15/Jun/2026:15:05:02 +0200] "GET /index.php/de/index.php/it/index.php/it/index.php/de/index.php/it/index.php/de/index.php/fr/index.php/de/index.php/de/index.php/de/index.php/de/index.php/de/spenden-de HTTP/1.1" 200 0 "-" "Mozilla/5.0 (compatible; SemrushBot/7~bl; +http://www.semrush.com/bot.html)"
85.208.96.210 - - [15/Jun/2026:15:02:02 +0200] "GET /index.php/de/bewegung-de/index.php/de/index.php/de/index.php/de/index.php/fr/index.php/de/index.php/fr/index.php/fr/index.php/de/index.php/it/index.php/it/spenden-it HTTP/1.1" 200 0 "-" "Mozilla/5.0 (compatible; SemrushBot/7~bl; +http://www.semrush.com/bot.html)"
185.191.171.9 - - [15/Jun/2026:15:02:05 +0200] "GET /index.php/de/indexa.php/index.php/fr/index.php/de/index.php/fr/index.php/de/index.php/de/index.php/de/index.php/it/index.php/it/index.php/it/index.php/de/spenden-de HTTP/1.1" 200 0 "-" "Mozilla/5.0 (compatible; SemrushBot/7~bl; +http://www.semrush.com/bot.html)"
114.119.133.201 - - [15/Jun/2026:15:02:34 +0200] "GET /index.php/fr/covid19-liste-fr?startat=2350&limit=10&orderfld=vorname&orderdir=desc HTTP/1.1" 200 0 "https://fbschweiz.ch/index.php/fr/covid19-liste-fr?startat=2350&limit=50&orderfld=vorname&orderdir=desc" "Mozilla/5.0 (Linux; Android 7.0;) AppleWebKit/537.36 (HTML, like Gecko) Mobile Safari/537.36 (compatible; PetalBot;+https://webmaster.petalsearch.com/site/petalbot)"
185.191.171.12 - - [15/Jun/2026:15:03:29 +0200] "GET /index.php/fr/index.php/de/index.php/fr/index.php/it/index.php/fr/index.php/de/index.php/fr/index.php/it/index.php/de/index.php/de/index.php/fr/spenden-fr HTTP/1.1" 200 0 "-" "Mozilla/5.0 (compatible; SemrushBot/7~bl; +http://www.semrush.com/bot.html)"
176.36.146.80 - - [15/Jun/2026:15:04:56 +0200] "GET / HTTP/1.0" 500 0 "https://fbschweiz.ch/" "Mozilla/5.0 (Windows NT 10.0; Win64; x64) AppleWebKit/537.36 (KHTML, like Gecko) Chrome/130.0.0.0 Safari/537.36 CCleaner/130.0.0.0"
114.119.134.3 - - [15/Jun/2026:15:05:21 +0200] "GET /index.php/fr/bewegung-fr/kampagnen-fr/covid19-fr/covid19-liste-fr?startat=3655&limit=50&orderfld=entry_aid&orderdir=asc HTTP/1.1" 200 0 "https://fbschweiz.ch/index.php/fr/bewegung-fr/kampagnen-fr/covid19-fr/covid19-liste-fr?startat=3655&limit=20&orderfld=entry_aid&orderdir=asc" "Mozilla/5.0 (Linux; Android 7.0;) AppleWebKit/537.36 (HTML, like Gecko) Mobile Safari/537.36 (compatible; PetalBot;+https://webmaster.petalsearch.com/site/petalbot)"
85.208.96.202 - - [15/Jun/2026:15:06:08 +0200] "GET /index.php/de/indexa.php/index.php/fr/index.php/it/index.php/fr/index.php/de/index.php/de/index.php/fr/index.php/de/index.php/it/index.php/it/spenden-it HTTP/1.1" 200 0 "-" "Mozilla/5.0 (compatible; SemrushBot/7~bl; +http://www.semrush.com/bot.html)"
185.191.171.16 - - [15/Jun/2026:15:06:39 +0200] "GET /index.php/de/index.php/de/index.php/it/index.php/de/index.php/it/index.php/de/index.php/fr/index.php/de/index.php/de/index.php/it/index.php/fr/spenden-fr HTTP/1.1" 200 0 "-" "Mozilla/5.0 (compatible; SemrushBot/7~bl; +http://www.semrush.com/bot.html)"
114.119.139.86 - - [15/Jun/2026:15:06:44 +0200] "GET /index.php/fr/bewegung-fr/kampagnen-fr/covid19-fr/covid19-liste-fr?startat=3180&limit=100&orderfld=vorname&orderdir=asc HTTP/1.1" 200 0 "https://fbschweiz.ch/index.php/fr/bewegung-fr/kampagnen-fr/covid19-fr/covid19-liste-fr?startat=3180&limit=100&orderfld=vorname&orderdir=asc" "Mozilla/5.0 (Linux; Android 7.0;) AppleWebKit/537.36 (HTML, like Gecko) Mobile Safari/537.36 (compatible; PetalBot;+https://webmaster.petalsearch.com/site/petalbot)"
185.191.171.11 - - [15/Jun/2026:15:06:58 +0200] "GET /index.php/de/images/PDF/index.php/it/index.php/de/index.php/fr/index.php/fr/index.php/it/index.php/it/index.php/it/index.php/de/index.php/de/index.php/fr/spenden-fr HTTP/1.1" 200 0 "-" "Mozilla/5.0 (compatible; SemrushBot/7~bl; +http://www.semrush.com/bot.html)"
185.191.171.11 - - [15/Jun/2026:15:07:55 +0200] "GET /index.php/fr/index.php/de/index.php/de/index.php/de/index.php/de/index.php/de/index.php/de/index.php/fr/index.php/de/index.php/de/spenden-de HTTP/1.1" 200 0 "-" "Mozilla/5.0 (compatible; SemrushBot/7~bl; +http://www.semrush.com/bot.html)"
185.191.171.12 - - [15/Jun/2026:15:08:28 +0200] "GET /index.php/fr/home-main-fr/index.php/it/index.php/fr/index.php/fr/index.php/fr/index.php/de/index.php/it/index.php/it/spenden-it HTTP/1.1" 200 0 "-" "Mozilla/5.0 (compatible; SemrushBot/7~bl; +http://www.semrush.com/bot.html)"
185.191.171.13 - - [15/Jun/2026:15:02:00 +0200] "GET /index.php/de/index.php/fr/index.php/de/index.php/fr/index.php/it/index.php/de/index.php/it/index.php/de/index.php/it/index.php/it/index.php/fr/index.php/fr/spenden-fr HTTP/1.1" 200 0 "-" "Mozilla/5.0 (compatible; SemrushBot/7~bl; +http://www.semrush.com/bot.html)"
85.208.96.208 - - [15/Jun/2026:15:03:42 +0200] "GET /index.php/de/index.php/de/index.php/de/index.php/de/index.php/de/index.php/de/index.php/fr/index.php/it/index.php/it/index.php/fr/index.php/it/spenden-it HTTP/1.1" 200 0 "-" "Mozilla/5.0 (compatible; SemrushBot/7~bl; +http://www.semrush.com/bot.html)"
85.208.96.205 - - [15/Jun/2026:15:04:15 +0200] "GET /index.php/fr/home-main-fr/index.php/fr/index.php/fr/index.php/de/index.php/it/index.php/fr/index.php/fr/index.php/de/index.php/it/index.php/it/spenden-it HTTP/1.1" 200 0 "-" "Mozilla/5.0 (compatible; SemrushBot/7~bl; +http://www.semrush.com/bot.html)"
85.208.96.199 - - [15/Jun/2026:15:04:36 +0200] "GET /index.php/de/wir-die-bewegung-de/index.php/de/index.php/fr/index.php/fr/index.php/fr/index.php/fr/index.php/de/index.php/it/index.php/fr/spenden-fr HTTP/1.1" 200 0 "-" "Mozilla/5.0 (compatible; SemrushBot/7~bl; +http://www.semrush.com/bot.html)"
85.208.96.196 - - [15/Jun/2026:15:04:46 +0200] "GET /index.php/fr/index.php/fr/index.php/fr/index.php/de/index.php/de/index.php/it/index.php/fr/index.php/de/index.php/it/index.php/de/spenden-de HTTP/1.1" 200 0 "-" "Mozilla/5.0 (compatible; SemrushBot/7~bl; +http://www.semrush.com/bot.html)"
176.36.146.80 - - [15/Jun/2026:15:04:46 +0200] "GET /index.php/de/impressum-de HTTP/1.0" 500 0 "https://fbschweiz.ch/index.php/de/impressum-de" "Mozilla/5.0 (Windows NT 10.0; Win64; x64) AppleWebKit/537.36 (KHTML, like Gecko) Chrome/130.0.0.0 Safari/537.36 CCleaner/130.0.0.0"
85.208.96.210 - - [15/Jun/2026:15:04:57 +0200] "GET /index.php/de/index.php/it/index.php/fr/index.php/de/index.php/it/index.php/it/index.php/de/index.php/de/index.php/fr/index.php/de/index.php/it/index.php/it/spenden-it HTTP/1.1" 200 0 "-" "Mozilla/5.0 (compatible; SemrushBot/7~bl; +http://www.semrush.com/bot.html)"
185.191.171.1 - - [15/Jun/2026:15:05:33 +0200] "GET /index.php/fr/component/content/article/9-aktuell/index.php/fr/index.php/it/index.php/fr/index.php/fr/index.php/fr/index.php/fr/index.php/it/spenden-it HTTP/1.1" 200 0 "-" "Mozilla/5.0 (compatible; SemrushBot/7~bl; +http://www.semrush.com/bot.html)"
185.191.171.1 - - [15/Jun/2026:15:07:09 +0200] "GET /index.php/de/component/sppagebuilder/index.php/it/index.php/fr/index.php/de/index.php/it/index.php/fr/index.php/de/index.php/it/index.php/de/index.php/de/spenden-de HTTP/1.1" 200 0 "-" "Mozilla/5.0 (compatible; SemrushBot/7~bl; +http://www.semrush.com/bot.html)"
85.208.96.196 - - [15/Jun/2026:15:07:41 +0200] "GET /index.php/de/indexa.php/index.php/fr/index.php/de/index.php/fr/index.php/fr/index.php/it/index.php/it/index.php/fr/index.php/de/spenden-de HTTP/1.1" 200 0 "-" "Mozilla/5.0 (compatible; SemrushBot/7~bl; +http://www.semrush.com/bot.html)"
114.119.151.14 - - [15/Jun/2026:15:08:06 +0200] "GET /index.php/de/covid19-liste-de?startat=755&limit=20 HTTP/1.1" 200 0 "https://fbschweiz.ch/index.php/de/covid19-liste-de?startat=735&limit=20" "Mozilla/5.0 (Linux; Android 7.0;) AppleWebKit/537.36 (HTML, like Gecko) Mobile Safari/537.36 (compatible; PetalBot;+https://webmaster.petalsearch.com/site/petalbot)"
85.208.96.201 - - [15/Jun/2026:15:09:07 +0200] "GET /index.php/de/index.php/it/index.php/it/index.php/fr/index.php/it/index.php/it/index.php/de/index.php/it/index.php/de/index.php/de/index.php/fr/index.php/de/spenden-de HTTP/1.1" 200 0 "-" "Mozilla/5.0 (compatible; SemrushBot/7~bl; +http://www.semrush.com/bot.html)"
85.208.96.196 - - [15/Jun/2026:15:09:19 +0200] "GET /index.php/de/index.php/it/index.php/de/index.php/fr/index.php/de/index.php/it/index.php/fr/index.php/de/index.php/de/index.php/de/index.php/fr/index.php/it/spenden-it HTTP/1.1" 200 0 "-" "Mozilla/5.0 (compatible; SemrushBot/7~bl; +http://www.semrush.com/bot.html)"
185.191.171.14 - - [15/Jun/2026:15:06:19 +0200] "GET /index.php/fr/index.php/de/index.php/de/index.php/fr/index.php/fr/index.php/fr/index.php/fr/index.php/fr/index.php/fr/index.php/de/spenden-de HTTP/1.1" 200 0 "-" "Mozilla/5.0 (compatible; SemrushBot/7~bl; +http://www.semrush.com/bot.html)"
85.208.96.201 - - [15/Jun/2026:15:06:24 +0200] "GET /index.php/de/indexa.php/index.php/de/index.php/de/index.php/de/index.php/de/index.php/fr/index.php/it/index.php/de/index.php/it/spenden-it HTTP/1.1" 200 0 "-" "Mozilla/5.0 (compatible; SemrushBot/7~bl; +http://www.semrush.com/bot.html)"
68.221.75.21 - - [15/Jun/2026:15:07:15 +0200] "GET /index.php/de/bargeld-de HTTP/2" 200 0 "-" "Mozilla/5.0 AppleWebKit/537.36 (KHTML, like Gecko); compatible; ChatGPT-User/1.0; +https://openai.com/bot"
68.221.75.21 - - [15/Jun/2026:15:07:20 +0200] "GET / HTTP/2" 200 0 "-" "Mozilla/5.0 AppleWebKit/537.36 (KHTML, like Gecko); compatible; ChatGPT-User/1.0; +https://openai.com/bot"
185.191.171.1 - - [15/Jun/2026:15:07:34 +0200] "GET /index.php/de/agenda-de/index.php/fr/index.php/it/index.php/it/index.php/fr/index.php/it/index.php/de/index.php/de/index.php/de/index.php/de/spenden-de HTTP/1.1" 200 0 "-" "Mozilla/5.0 (compatible; SemrushBot/7~bl; +http://www.semrush.com/bot.html)"
85.208.96.201 - - [15/Jun/2026:15:08:30 +0200] "GET /index.php/de/index.php/it/index.php/fr/index.php/de/index.php/de/index.php/fr/index.php/de/index.php/fr/index.php/de/index.php/it/index.php/de/index.php/de/spenden-de HTTP/1.1" 200 0 "-" "Mozilla/5.0 (compatible; SemrushBot/7~bl; +http://www.semrush.com/bot.html)"
85.208.96.196 - - [15/Jun/2026:15:08:46 +0200] "GET /index.php/de/indexa.php/index.php/fr/index.php/it/index.php/de/index.php/fr/index.php/it/index.php/fr/index.php/fr/index.php/fr/index.php/it/index.php/it/spenden-it HTTP/1.1" 200 0 "-" "Mozilla/5.0 (compatible; SemrushBot/7~bl; +http://www.semrush.com/bot.html)"
114.119.139.86 - - [15/Jun/2026:15:09:29 +0200] "GET /index.php/de/covid19-liste-de?startat=4020&orderfld=entry_aid&orderdir=asc&limit=100 HTTP/1.1" 200 0 "https://fbschweiz.ch/index.php/de/covid19-liste-de?startat=4020&orderfld=vorname&orderdir=desc&limit=100" "Mozilla/5.0 (Linux; Android 7.0;) AppleWebKit/537.36 (HTML, like Gecko) Mobile Safari/537.36 (compatible; PetalBot;+https://webmaster.petalsearch.com/site/petalbot)"
185.191.171.12 - - [15/Jun/2026:15:09:35 +0200] "GET /index.php/fr/index.php/it/index.php/it/index.php/it/index.php/fr/index.php/de/index.php/it/index.php/fr/index.php/de/index.php/it/spenden-it HTTP/1.1" 200 0 "-" "Mozilla/5.0 (compatible; SemrushBot/7~bl; +http://www.semrush.com/bot.html)"
85.208.96.196 - - [15/Jun/2026:15:08:48 +0200] "GET /index.php/de/bewegung-de/index.php/de/index.php/fr/index.php/de/index.php/fr/index.php/fr/index.php/fr/index.php/fr/index.php/it/spenden-it HTTP/1.1" 200 0 "-" "Mozilla/5.0 (compatible; SemrushBot/7~bl; +http://www.semrush.com/bot.html)"
85.208.96.202 - - [15/Jun/2026:15:08:50 +0200] "GET /index.php/it/index.php/fr/index.php/de/index.php/de/index.php/it/index.php/it/index.php/fr/index.php/de/index.php/it/index.php/it/index.php/fr/index.php/fr/spenden-fr HTTP/1.1" 200 0 "-" "Mozilla/5.0 (compatible; SemrushBot/7~bl; +http://www.semrush.com/bot.html)"
185.191.171.12 - - [15/Jun/2026:15:08:57 +0200] "GET /index.php/de/agenda-de/index.php/de/index.php/it/index.php/it/index.php/de/index.php/it/index.php/it/index.php/it/index.php/fr/spenden-fr HTTP/1.1" 200 0 "-" "Mozilla/5.0 (compatible; SemrushBot/7~bl; +http://www.semrush.com/bot.html)"
85.208.96.211 - - [15/Jun/2026:15:09:02 +0200] "GET /index.php/de/index.php/fr/index.php/fr/index.php/it/index.php/it/index.php/fr/index.php/it/index.php/it/index.php/fr/index.php/fr/index.php/fr/index.php/fr/spenden-fr HTTP/1.1" 200 0 "-" "Mozilla/5.0 (compatible; SemrushBot/7~bl; +http://www.semrush.com/bot.html)"
185.191.171.7 - - [15/Jun/2026:15:09:11 +0200] "GET /index.php/de/index.php/de/index.php/it/index.php/fr/index.php/de/index.php/fr/index.php/it/index.php/de/index.php/de/index.php/de/spenden-de HTTP/1.1" 200 0 "-" "Mozilla/5.0 (compatible; SemrushBot/7~bl; +http://www.semrush.com/bot.html)"
185.191.171.16 - - [15/Jun/2026:15:10:20 +0200] "GET /index.php/de/agenda-de/index.php/it/index.php/it/index.php/fr/index.php/fr/index.php/fr/index.php/it/index.php/it/index.php/it/index.php/it/index.php/de/spenden-de HTTP/1.1" 200 0 "-" "Mozilla/5.0 (compatible; SemrushBot/7~bl; +http://www.semrush.com/bot.html)"
185.191.171.18 - - [15/Jun/2026:15:10:43 +0200] "GET /index.php/de/indexa.php/index.php/de/index.php/fr/index.php/it/index.php/fr/index.php/fr/index.php/de/index.php/it/index.php/it/index.php/it/spenden-it HTTP/1.1" 200 0 "-" "Mozilla/5.0 (compatible; SemrushBot/7~bl; +http://www.semrush.com/bot.html)"
185.191.171.18 - - [15/Jun/2026:15:11:08 +0200] "GET /index.php/de/agenda-de/index.php/it/index.php/it/index.php/fr/index.php/de/index.php/it/index.php/fr/index.php/fr/index.php/de/index.php/it/spenden-it HTTP/1.1" 200 0 "-" "Mozilla/5.0 (compatible; SemrushBot/7~bl; +http://www.semrush.com/bot.html)"
2a03:2880:24ff:55:: - - [15/Jun/2026:15:11:38 +0200] "GET /robots.txt HTTP/2" 200 0 "-" "facebookexternalhit/1.1 (+http://www.facebook.com/externalhit_uatext.php)"
114.119.154.253 - - [15/Jun/2026:15:11:39 +0200] "GET /index.php/de/covid19-liste-de?startat=205&orderfld=vorname&orderdir=clear&limit=100 HTTP/1.1" 200 0 "https://fbschweiz.ch/index.php/de/covid19-liste-de?startat=405&orderfld=vorname&orderdir=clear&limit=100" "Mozilla/5.0 (Linux; Android 7.0;) AppleWebKit/537.36 (HTML, like Gecko) Mobile Safari/537.36 (compatible; PetalBot;+https://webmaster.petalsearch.com/site/petalbot)"
85.208.96.211 - - [15/Jun/2026:15:11:42 +0200] "GET /index.php/fr/index.php/de/index.php/de/index.php/fr/index.php/de/index.php/it/index.php/fr/index.php/de/index.php/it/index.php/fr/index.php/it/spenden-it HTTP/1.1" 200 0 "-" "Mozilla/5.0 (compatible; SemrushBot/7~bl; +http://www.semrush.com/bot.html)"
85.208.96.205 - - [15/Jun/2026:15:11:53 +0200] "GET /index.php/fr/component/content/article/9-aktuell/index.php/it/index.php/it/index.php/de/index.php/de/index.php/de/index.php/fr/index.php/fr/index.php/de/spenden-de HTTP/1.1" 200 0 "-" "Mozilla/5.0 (compatible; SemrushBot/7~bl; +http://www.semrush.com/bot.html)"
2a00:c1e0:0:1::1:105e - - [15/Jun/2026:15:12:33 +0200] "GET / HTTP/1.1" 500 0 "-" "Python/3.11 aiohttp/3.9.2"
85.208.96.196 - - [15/Jun/2026:15:12:35 +0200] "GET /index.php/de/images/PDF/index.php/fr/index.php/it/index.php/fr/index.php/de/index.php/de/index.php/it/index.php/it/index.php/de/spenden-de HTTP/1.1" 200 0 "-" "Mozilla/5.0 (compatible; SemrushBot/7~bl; +http://www.semrush.com/bot.html)"
85.208.96.204 - - [15/Jun/2026:15:12:37 +0200] "GET /index.php/fr/home-main-fr/index.php/fr/index.php/fr/index.php/it/index.php/it/index.php/it/index.php/fr/index.php/it/index.php/it/index.php/de/index.php/de/spenden-de HTTP/1.1" 200 0 "-" "Mozilla/5.0 (compatible; SemrushBot/7~bl; +http://www.semrush.com/bot.html)"
2a00:c1e0:0:1::1:105e - - [15/Jun/2026:15:12:33 +0200] "GET / HTTP/1.1" 500 0 "-" "Python/3.11 aiohttp/3.9.2"
2a00:c1e0:0:1::1:105e - - [15/Jun/2026:15:12:39 +0200] "GET / HTTP/1.1" 500 0 "-" "Python/3.11 aiohttp/3.9.2"
2a00:c1e0:0:1::1:105e - - [15/Jun/2026:15:12:49 +0200] "GET / HTTP/1.1" 500 0 "-" "Python/3.11 aiohttp/3.9.2"
185.191.171.14 - - [15/Jun/2026:15:12:56 +0200] "GET /index.php/fr/index.php/de/index.php/it/index.php/fr/index.php/it/index.php/fr/index.php/fr/index.php/de/index.php/de/index.php/de/index.php/it/spenden-it HTTP/1.1" 200 0 "-" "Mozilla/5.0 (compatible; SemrushBot/7~bl; +http://www.semrush.com/bot.html)"
114.119.134.3 - - [15/Jun/2026:15:14:22 +0200] "GET /index.php/it/covid19-liste-it?orderfld=aid&orderdir=desc&startat=1795&limit=5 HTTP/1.1" 200 0 "https://fbschweiz.ch/index.php/it/covid19-liste-it?orderfld=aid&orderdir=desc&startat=1795&limit=15" "Mozilla/5.0 (Linux; Android 7.0;) AppleWebKit/537.36 (HTML, like Gecko) Mobile Safari/537.36 (compatible; PetalBot;+https://webmaster.petalsearch.com/site/petalbot)"
185.191.171.16 - - [15/Jun/2026:15:10:23 +0200] "GET /index.php/de/component/content/category/2-aktuell/index.php/it/index.php/de/index.php/de/index.php/fr/index.php/de/index.php/fr/spenden-fr HTTP/1.1" 200 0 "-" "Mozilla/5.0 (compatible; SemrushBot/7~bl; +http://www.semrush.com/bot.html)"
85.208.96.202 - - [15/Jun/2026:15:10:59 +0200] "GET /index.php/fr/index.php/de/index.php/it/index.php/de/index.php/de/index.php/fr/index.php/it/index.php/fr/index.php/fr/index.php/fr/index.php/fr/spenden-fr HTTP/1.1" 200 0 "-" "Mozilla/5.0 (compatible; SemrushBot/7~bl; +http://www.semrush.com/bot.html)"
85.208.96.202 - - [15/Jun/2026:15:11:58 +0200] "GET /index.php/de/images/PDF/index.php/de/index.php/it/index.php/fr/index.php/fr/index.php/de/index.php/fr/spenden-fr HTTP/1.1" 200 0 "-" "Mozilla/5.0 (compatible; SemrushBot/7~bl; +http://www.semrush.com/bot.html)"
185.191.171.14 - - [15/Jun/2026:15:12:52 +0200] "GET /index.php/de/component/sppagebuilder/index.php/fr/index.php/fr/index.php/fr/index.php/it/index.php/fr/index.php/fr/index.php/it/index.php/de/index.php/de/spenden-de HTTP/1.1" 200 0 "-" "Mozilla/5.0 (compatible; SemrushBot/7~bl; +http://www.semrush.com/bot.html)"
85.208.96.203 - - [15/Jun/2026:15:13:03 +0200] "GET /index.php/fr/index.php/fr/index.php/fr/index.php/it/index.php/fr/index.php/it/index.php/it/index.php/it/index.php/de/index.php/de/spenden-de HTTP/1.1" 200 0 "-" "Mozilla/5.0 (compatible; SemrushBot/7~bl; +http://www.semrush.com/bot.html)"
185.191.171.5 - - [15/Jun/2026:15:13:08 +0200] "GET /index.php/de/wir-die-bewegung-de/index.php/it/index.php/fr/index.php/it/index.php/fr/index.php/it/index.php/it/index.php/de/spenden-de HTTP/1.1" 200 0 "-" "Mozilla/5.0 (compatible; SemrushBot/7~bl; +http://www.semrush.com/bot.html)"
185.191.171.8 - - [15/Jun/2026:15:13:33 +0200] "GET /index.php/it/index.php/de/index.php/fr/index.php/fr/index.php/de/index.php/fr/index.php/it/index.php/fr/index.php/de/index.php/fr/index.php/fr/spenden-fr HTTP/1.1" 200 0 "-" "Mozilla/5.0 (compatible; SemrushBot/7~bl; +http://www.semrush.com/bot.html)"
185.191.171.5 - - [15/Jun/2026:15:13:43 +0200] "GET /index.php/fr/index.php/de/index.php/fr/index.php/de/index.php/de/index.php/de/index.php/fr/index.php/it/index.php/fr/index.php/fr/spenden-fr HTTP/1.1" 200 0 "-" "Mozilla/5.0 (compatible; SemrushBot/7~bl; +http://www.semrush.com/bot.html)"
114.119.151.14 - - [15/Jun/2026:15:15:07 +0200] "GET /index.php/de/bewegung-de/kampagnen-de/covid19-de/covid19-liste-de?startat=960&limit=20 HTTP/1.1" 200 0 "https://www.fbschweiz.ch/index.php/de/bewegung-de/kampagnen-de/covid19-de/covid19-liste-de?startat=1000&limit=20" "Mozilla/5.0 (Linux; Android 7.0;) AppleWebKit/537.36 (HTML, like Gecko) Mobile Safari/537.36 (compatible; PetalBot;+https://webmaster.petalsearch.com/site/petalbot)"
85.208.96.205 - - [15/Jun/2026:15:15:24 +0200] "GET /index.php/de/index.php/it/index.php/fr/index.php/de/index.php/de/index.php/it/index.php/de/index.php/fr/index.php/de/index.php/fr/index.php/fr/spenden-fr HTTP/1.1" 200 0 "-" "Mozilla/5.0 (compatible; SemrushBot/7~bl; +http://www.semrush.com/bot.html)"
54.151.246.121 - - [15/Jun/2026:15:16:03 +0200] "GET /plugins/editors/jce/jce.xml HTTP/1.1" 404 19 "-" "Mozilla/5.0 (Windows NT 10.0; Win64; x64) AppleWebKit/537.36 (KHTML, like Gecko) Chrome/126.0.0.0 Safari/537.36"
54.151.246.121 - - [15/Jun/2026:15:16:14 +0200] "GET /plugins/system/jcemediabox/js/jcemediabox.js HTTP/1.1" 500 0 "-" "Mozilla/5.0 (Windows NT 10.0; Win64; x64) AppleWebKit/537.36 (KHTML, like Gecko) Chrome/126.0.0.0 Safari/537.36"
54.151.246.121 - - [15/Jun/2026:15:16:14 +0200] "GET /plugins/system/jce/css/content.css HTTP/1.1" 500 0 "-" "Mozilla/5.0 (Windows NT 10.0; Win64; x64) AppleWebKit/537.36 (KHTML, like Gecko) Chrome/126.0.0.0 Safari/537.36"
54.151.246.121 - - [15/Jun/2026:15:16:15 +0200] "GET /administrator/components/com_jce/jce.xml HTTP/1.1" 404 19 "-" "Mozilla/5.0 (Windows NT 10.0; Win64; x64) AppleWebKit/537.36 (KHTML, like Gecko) Chrome/126.0.0.0 Safari/537.36"
104.244.72.22 - - [15/Jun/2026:15:10:15 +0200] "GET /testsitemap.xml HTTP/1.1" 200 107 "-" "google,yahoo,bot,googlebot"
85.208.96.203 - - [15/Jun/2026:15:11:03 +0200] "GET /index.php/it/index.php/it/index.php/de/index.php/fr/index.php/de/index.php/it/index.php/de/index.php/de/index.php/it/index.php/de/index.php/it/index.php/it/spenden-it HTTP/1.1" 200 0 "-" "Mozilla/5.0 (compatible; SemrushBot/7~bl; +http://www.semrush.com/bot.html)"
185.191.171.9 - - [15/Jun/2026:15:13:10 +0200] "GET /index.php/it/index.php/de/index.php/fr/index.php/it/index.php/it/index.php/it/index.php/de/index.php/it/index.php/fr/index.php/fr/index.php/de/spenden-de HTTP/1.1" 200 0 "-" "Mozilla/5.0 (compatible; SemrushBot/7~bl; +http://www.semrush.com/bot.html)"
85.208.96.212 - - [15/Jun/2026:15:13:18 +0200] "GET /index.php/de/agenda-de/index.php/it/index.php/de/index.php/fr/index.php/de/index.php/fr/index.php/fr/index.php/it/index.php/fr/index.php/it/index.php/fr/spenden-fr HTTP/1.1" 200 0 "-" "Mozilla/5.0 (compatible; SemrushBot/7~bl; +http://www.semrush.com/bot.html)"
85.208.96.203 - - [15/Jun/2026:15:13:27 +0200] "GET /index.php/fr/home-main-fr/index.php/de/index.php/fr/index.php/fr/index.php/fr/index.php/de/index.php/fr/spenden-fr HTTP/1.1" 200 0 "-" "Mozilla/5.0 (compatible; SemrushBot/7~bl; +http://www.semrush.com/bot.html)"
49.51.47.100 - - [15/Jun/2026:15:13:36 +0200] "GET / HTTP/1.1" 500 0 "http://www.fbschweiz.ch" "Mozilla/5.0 (iPhone; CPU iPhone OS 13_2_3 like Mac OS X) AppleWebKit/605.1.15 (KHTML, like Gecko) Version/13.0.3 Mobile/15E148 Safari/604.1"
114.119.151.14 - - [15/Jun/2026:15:13:48 +0200] "GET /index.php/de/covid19-liste-de?limit=50&startat=2970 HTTP/1.1" 200 0 "https://fbschweiz.ch/index.php/de/bewegung-de/kampagnen-de/covid19-de/covid19-liste-de?limit=15&startat=2970" "Mozilla/5.0 (Linux; Android 7.0;) AppleWebKit/537.36 (HTML, like Gecko) Mobile Safari/537.36 (compatible; PetalBot;+https://webmaster.petalsearch.com/site/petalbot)"
43.130.78.203 - - [15/Jun/2026:15:13:57 +0200] "GET /index.php/de/wahl-haben-de HTTP/1.1" 500 0 "http://www.ichhabediewahl.ch" "Mozilla/5.0 (iPhone; CPU iPhone OS 13_2_3 like Mac OS X) AppleWebKit/605.1.15 (KHTML, like Gecko) Version/13.0.3 Mobile/15E148 Safari/604.1"
85.208.96.201 - - [15/Jun/2026:15:15:18 +0200] "GET /index.php/it/index.php/de/index.php/de/index.php/de/index.php/de/index.php/de/index.php/it/index.php/it/index.php/fr/index.php/de/index.php/it/index.php/de/spenden-de HTTP/1.1" 200 0 "-" "Mozilla/5.0 (compatible; SemrushBot/7~bl; +http://www.semrush.com/bot.html)"
85.208.96.194 - - [15/Jun/2026:15:15:48 +0200] "GET /index.php/de/images/PDF/index.php/fr/index.php/de/index.php/fr/index.php/fr/index.php/de/index.php/de/index.php/it/index.php/it/index.php/de/spenden-de HTTP/1.1" 200 0 "-" "Mozilla/5.0 (compatible; SemrushBot/7~bl; +http://www.semrush.com/bot.html)"
185.191.171.3 - - [15/Jun/2026:15:16:04 +0200] "GET /index.php/de/component/content/category/2-aktuell/index.php/fr/index.php/fr/index.php/it/index.php/fr/index.php/fr/index.php/de/index.php/de/index.php/fr/index.php/it/spenden-it HTTP/1.1" 200 0 "-" "Mozilla/5.0 (compatible; SemrushBot/7~bl; +http://www.semrush.com/bot.html)"
185.191.171.13 - - [15/Jun/2026:15:16:36 +0200] "GET /index.php/fr/index.php/de/index.php/de/index.php/it/index.php/de/index.php/fr/index.php/fr/index.php/fr/index.php/fr/index.php/fr/index.php/de/spenden-de HTTP/1.1" 200 0 "-" "Mozilla/5.0 (compatible; SemrushBot/7~bl; +http://www.semrush.com/bot.html)"
185.191.171.1 - - [15/Jun/2026:15:16:38 +0200] "GET /index.php/it/index.php/it/index.php/it/index.php/fr/index.php/de/index.php/de/index.php/fr/index.php/it/index.php/fr/index.php/fr/index.php/fr/index.php/de/spenden-de HTTP/1.1" 200 0 "-" "Mozilla/5.0 (compatible; SemrushBot/7~bl; +http://www.semrush.com/bot.html)"
185.191.171.19 - - [15/Jun/2026:15:14:22 +0200] "GET /index.php/fr/home-main-fr/index.php/it/index.php/de/index.php/fr/index.php/it/index.php/it/index.php/de/index.php/de/index.php/it/index.php/it/index.php/it/spenden-it HTTP/1.1" 200 0 "-" "Mozilla/5.0 (compatible; SemrushBot/7~bl; +http://www.semrush.com/bot.html)"
185.191.171.10 - - [15/Jun/2026:15:14:35 +0200] "GET /index.php/de/images/PDF/index.php/fr/index.php/de/index.php/it/index.php/de/index.php/fr/index.php/it/index.php/it/index.php/it/index.php/it/index.php/de/spenden-de HTTP/1.1" 200 0 "-" "Mozilla/5.0 (compatible; SemrushBot/7~bl; +http://www.semrush.com/bot.html)"
85.208.96.203 - - [15/Jun/2026:15:15:00 +0200] "GET /index.php/fr/index.php/de/index.php/de/index.php/fr/index.php/fr/index.php/fr/index.php/fr/index.php/it/index.php/fr/index.php/de/index.php/fr/spenden-fr HTTP/1.1" 200 0 "-" "Mozilla/5.0 (compatible; SemrushBot/7~bl; +http://www.semrush.com/bot.html)"
85.208.96.197 - - [15/Jun/2026:15:15:13 +0200] "GET /index.php/de/component/content/category/2-aktuell/index.php/it/index.php/it/index.php/de/index.php/fr/index.php/de/index.php/it/index.php/it/spenden-it HTTP/1.1" 200 0 "-" "Mozilla/5.0 (compatible; SemrushBot/7~bl; +http://www.semrush.com/bot.html)"
85.208.96.202 - - [15/Jun/2026:15:16:19 +0200] "GET /index.php/de/component/sppagebuilder/index.php/de/index.php/it/index.php/fr/index.php/it/index.php/fr/index.php/it/index.php/fr/index.php/fr/index.php/it/spenden-it HTTP/1.1" 200 0 "-" "Mozilla/5.0 (compatible; SemrushBot/7~bl; +http://www.semrush.com/bot.html)"
85.208.96.200 - - [15/Jun/2026:15:16:48 +0200] "GET /index.php/de/agenda-de/index.php/de/index.php/it/index.php/fr/index.php/fr/index.php/fr/index.php/fr/index.php/de/index.php/it/index.php/fr/spenden-fr HTTP/1.1" 200 0 "-" "Mozilla/5.0 (compatible; SemrushBot/7~bl; +http://www.semrush.com/bot.html)"
185.191.171.12 - - [15/Jun/2026:15:16:57 +0200] "GET /robots.txt HTTP/1.1" 200 0 "-" "Mozilla/5.0 (compatible; SemrushBot/7~bl; +http://www.semrush.com/bot.html)"
185.191.171.8 - - [15/Jun/2026:15:16:58 +0200] "GET /index.php/de/indexa.php/index.php/de/index.php/de/index.php/de/index.php/it/index.php/it/index.php/it/index.php/it/spenden-it HTTP/1.1" 200 0 "-" "Mozilla/5.0 (compatible; SemrushBot/7~bl; +http://www.semrush.com/bot.html)"
185.191.171.16 - - [15/Jun/2026:15:18:01 +0200] "GET /index.php/de/index.php/de/index.php/de/index.php/fr/index.php/de/index.php/fr/index.php/de/index.php/it/index.php/it/index.php/de/index.php/fr/index.php/it/spenden-it HTTP/1.1" 200 0 "-" "Mozilla/5.0 (compatible; SemrushBot/7~bl; +http://www.semrush.com/bot.html)"
185.191.171.19 - - [15/Jun/2026:15:19:20 +0200] "GET /index.php/de/component/sppagebuilder/index.php/de/index.php/it/index.php/de/index.php/it/index.php/fr/index.php/it/index.php/it/index.php/it/index.php/de/index.php/it/spenden-it HTTP/1.1" 200 0 "-" "Mozilla/5.0 (compatible; SemrushBot/7~bl; +http://www.semrush.com/bot.html)"
185.191.171.19 - - [15/Jun/2026:15:19:28 +0200] "GET /index.php/de/covid19-de/index.php/fr/index.php/de/index.php/fr/index.php/de/index.php/it/index.php/it/index.php/it/index.php/fr/index.php/it/index.php/fr/spenden-fr HTTP/1.1" 200 0 "-" "Mozilla/5.0 (compatible; SemrushBot/7~bl; +http://www.semrush.com/bot.html)"
85.208.96.196 - - [15/Jun/2026:15:19:49 +0200] "GET /index.php/fr/home-main-fr/index.php/it/index.php/de/index.php/de/index.php/it/index.php/fr/index.php/de/index.php/de/index.php/de/index.php/it/index.php/it/spenden-it HTTP/1.1" 200 0 "-" "Mozilla/5.0 (compatible; SemrushBot/7~bl; +http://www.semrush.com/bot.html)"
185.191.171.3 - - [15/Jun/2026:15:20:13 +0200] "GET /index.php/fr/agenda-de/index.php/de/index.php/it/index.php/it/index.php/fr/index.php/it/index.php/it/index.php/de/index.php/it/spenden-it HTTP/1.1" 200 0 "-" "Mozilla/5.0 (compatible; SemrushBot/7~bl; +http://www.semrush.com/bot.html)"
185.191.171.17 - - [15/Jun/2026:15:17:00 +0200] "GET /index.php/de/index.php/fr/index.php/it/index.php/fr/index.php/fr/index.php/it/index.php/fr/index.php/it/index.php/fr/index.php/it/index.php/it/index.php/de/spenden-de HTTP/1.1" 200 0 "-" "Mozilla/5.0 (compatible; SemrushBot/7~bl; +http://www.semrush.com/bot.html)"
85.208.96.199 - - [15/Jun/2026:15:17:08 +0200] "GET /index.php/de/index.php/fr/index.php/it/index.php/fr/index.php/fr/index.php/it/index.php/it/index.php/fr/index.php/fr/index.php/it/index.php/fr/index.php/it/spenden-it HTTP/1.1" 200 0 "-" "Mozilla/5.0 (compatible; SemrushBot/7~bl; +http://www.semrush.com/bot.html)"
85.208.96.206 - - [15/Jun/2026:15:17:19 +0200] "GET /index.php/de/index.php/de/index.php/fr/index.php/fr/index.php/fr/index.php/it/index.php/de/index.php/de/index.php/fr/index.php/de/index.php/it/index.php/it/spenden-it HTTP/1.1" 200 0 "-" "Mozilla/5.0 (compatible; SemrushBot/7~bl; +http://www.semrush.com/bot.html)"
85.208.96.200 - - [15/Jun/2026:15:17:30 +0200] "GET /index.php/de/bewegung-de/index.php/it/index.php/de/index.php/it/index.php/it/index.php/fr/index.php/it/index.php/de/index.php/fr/index.php/fr/index.php/fr/spenden-fr HTTP/1.1" 200 0 "-" "Mozilla/5.0 (compatible; SemrushBot/7~bl; +http://www.semrush.com/bot.html)"
185.191.171.14 - - [15/Jun/2026:15:17:35 +0200] "GET /index.php/it/index.php/de/index.php/it/index.php/it/index.php/it/index.php/de/index.php/it/index.php/it/index.php/fr/index.php/de/index.php/de/spenden-de HTTP/1.1" 200 0 "-" "Mozilla/5.0 (compatible; SemrushBot/7~bl; +http://www.semrush.com/bot.html)"
185.191.171.17 - - [15/Jun/2026:15:18:37 +0200] "GET /index.php/fr/home-main-fr/index.php/fr/index.php/de/index.php/de/index.php/it/index.php/de/index.php/it/index.php/fr/index.php/fr/index.php/fr/index.php/de/spenden-de HTTP/1.1" 200 0 "-" "Mozilla/5.0 (compatible; SemrushBot/7~bl; +http://www.semrush.com/bot.html)"
85.208.96.194 - - [15/Jun/2026:15:18:44 +0200] "GET /index.php/fr/index.php/de/index.php/de/index.php/de/index.php/fr/index.php/fr/index.php/it/index.php/it/index.php/fr/index.php/de/index.php/de/index.php/it/spenden-it HTTP/1.1" 200 0 "-" "Mozilla/5.0 (compatible; SemrushBot/7~bl; +http://www.semrush.com/bot.html)"
185.191.171.7 - - [15/Jun/2026:15:19:16 +0200] "GET /index.php/de/agenda-de/index.php/it/index.php/de/index.php/it/index.php/it/index.php/de/index.php/de/index.php/fr/index.php/it/index.php/it/index.php/fr/spenden-fr HTTP/1.1" 200 0 "-" "Mozilla/5.0 (compatible; SemrushBot/7~bl; +http://www.semrush.com/bot.html)"
85.208.96.193 - - [15/Jun/2026:15:19:34 +0200] "GET /index.php/de/covid19-de/index.php/de/index.php/fr/index.php/it/index.php/it/index.php/fr/index.php/de/index.php/fr/index.php/de/spenden-de HTTP/1.1" 200 0 "-" "Mozilla/5.0 (compatible; SemrushBot/7~bl; +http://www.semrush.com/bot.html)"
85.208.96.199 - - [15/Jun/2026:15:20:37 +0200] "GET /index.php/de/wir-die-bewegung-de/index.php/fr/index.php/de/index.php/de/index.php/fr/index.php/de/index.php/de/index.php/fr/spenden-fr HTTP/1.1" 200 0 "-" "Mozilla/5.0 (compatible; SemrushBot/7~bl; +http://www.semrush.com/bot.html)"
85.208.96.204 - - [15/Jun/2026:15:21:08 +0200] "GET /index.php/de/agenda-de/index.php/de/index.php/de/index.php/fr/index.php/fr/index.php/it/index.php/fr/index.php/it/index.php/de/spenden-de HTTP/1.1" 200 0 "-" "Mozilla/5.0 (compatible; SemrushBot/7~bl; +http://www.semrush.com/bot.html)"
85.208.96.207 - - [15/Jun/2026:15:21:10 +0200] "GET /index.php/fr/home-main-fr/index.php/de/index.php/de/index.php/de/index.php/fr/index.php/fr/index.php/it/index.php/fr/index.php/de/index.php/de/spenden-de HTTP/1.1" 200 0 "-" "Mozilla/5.0 (compatible; SemrushBot/7~bl; +http://www.semrush.com/bot.html)"
185.191.171.18 - - [15/Jun/2026:15:21:37 +0200] "GET /index.php/fr/component/content/article/9-aktuell/index.php/de/index.php/fr/index.php/fr/index.php/fr/index.php/de/index.php/de/index.php/it/spenden-it HTTP/1.1" 200 0 "-" "Mozilla/5.0 (compatible; SemrushBot/7~bl; +http://www.semrush.com/bot.html)"
85.208.96.205 - - [15/Jun/2026:15:17:44 +0200] "GET /index.php/de/component/sppagebuilder/index.php/de/index.php/it/index.php/de/index.php/fr/index.php/fr/index.php/de/index.php/it/index.php/fr/index.php/de/spenden-de HTTP/1.1" 200 0 "-" "Mozilla/5.0 (compatible; SemrushBot/7~bl; +http://www.semrush.com/bot.html)"
85.208.96.210 - - [15/Jun/2026:15:20:48 +0200] "GET /index.php/de/index.php/de/index.php/it/index.php/it/index.php/de/index.php/de/index.php/fr/index.php/fr/index.php/de/index.php/it/index.php/de/spenden-de HTTP/1.1" 200 0 "-" "Mozilla/5.0 (compatible; SemrushBot/7~bl; +http://www.semrush.com/bot.html)"
85.208.96.207 - - [15/Jun/2026:15:21:44 +0200] "GET /index.php/de/component/sppagebuilder/index.php/de/index.php/fr/index.php/fr/index.php/de/index.php/it/index.php/it/index.php/de/index.php/de/index.php/fr/spenden-fr HTTP/1.1" 200 0 "-" "Mozilla/5.0 (compatible; SemrushBot/7~bl; +http://www.semrush.com/bot.html)"
85.208.96.210 - - [15/Jun/2026:15:22:15 +0200] "GET /index.php/de/index.php/it/index.php/fr/index.php/fr/index.php/it/index.php/de/index.php/fr/index.php/it/index.php/de/index.php/it/index.php/fr/index.php/it/spenden-it HTTP/1.1" 200 0 "-" "Mozilla/5.0 (compatible; SemrushBot/7~bl; +http://www.semrush.com/bot.html)"
185.191.171.8 - - [15/Jun/2026:15:22:48 +0200] "GET /index.php/fr/index.php/fr/index.php/de/index.php/de/index.php/fr/index.php/de/index.php/fr/index.php/de/index.php/fr/index.php/it/spenden-it HTTP/1.1" 200 0 "-" "Mozilla/5.0 (compatible; SemrushBot/7~bl; +http://www.semrush.com/bot.html)"
85.208.96.198 - - [15/Jun/2026:15:23:02 +0200] "GET /index.php/it/index.php/de/index.php/de/index.php/fr/index.php/de/index.php/de/index.php/it/index.php/it/index.php/de/index.php/fr/index.php/de/spenden-de HTTP/1.1" 200 0 "-" "Mozilla/5.0 (compatible; SemrushBot/7~bl; +http://www.semrush.com/bot.html)"
185.191.171.18 - - [15/Jun/2026:15:23:30 +0200] "GET /index.php/fr/index.php/fr/index.php/it/index.php/de/index.php/fr/index.php/de/index.php/fr/index.php/fr/index.php/de/index.php/it/index.php/de/index.php/de/spenden-de HTTP/1.1" 200 0 "-" "Mozilla/5.0 (compatible; SemrushBot/7~bl; +http://www.semrush.com/bot.html)"
185.191.171.7 - - [15/Jun/2026:15:23:39 +0200] "GET /index.php/it/index.php/de/index.php/fr/index.php/it/index.php/de/index.php/de/index.php/fr/index.php/it/index.php/de/index.php/de/index.php/de/spenden-de HTTP/1.1" 200 0 "-" "Mozilla/5.0 (compatible; SemrushBot/7~bl; +http://www.semrush.com/bot.html)"
175.27.136.83 - - [15/Jun/2026:15:23:46 +0200] "GET /index.php/it/wahl-haben-it HTTP/1.1" 500 0 "http://www.jo-posso-scegliere.ch" "Mozilla/5.0 (iPhone; CPU iPhone OS 13_2_3 like Mac OS X) AppleWebKit/605.1.15 (KHTML, like Gecko) Version/13.0.3 Mobile/15E148 Safari/604.1"
185.191.171.14 - - [15/Jun/2026:15:23:54 +0200] "GET /index.php/de/component/content/category/2-aktuell/index.php/de/index.php/it/index.php/fr/index.php/de/index.php/fr/index.php/de/index.php/it/index.php/de/index.php/fr/spenden-fr HTTP/1.1" 200 0 "-" "Mozilla/5.0 (compatible; SemrushBot/7~bl; +http://www.semrush.com/bot.html)"
85.208.96.211 - - [15/Jun/2026:15:24:14 +0200] "GET /index.php/de/wir-die-bewegung-de/index.php/de/index.php/de/index.php/de/index.php/fr/index.php/it/index.php/it/index.php/it/index.php/fr/index.php/fr/index.php/de/spenden-de HTTP/1.1" 200 0 "-" "Mozilla/5.0 (compatible; SemrushBot/7~bl; +http://www.semrush.com/bot.html)"
52.204.89.12 - - [15/Jun/2026:15:24:25 +0200] "GET /de/bargeld-de HTTP/1.1" 200 0 "-" "Mozilla/5.0 AppleWebKit/537.36 (KHTML, like Gecko; compatible; Amazonbot/0.1; +https://developer.amazon.com/support/amazonbot) Chrome/119.0.6045.214 Safari/537.36"
85.208.96.196 - - [15/Jun/2026:15:25:00 +0200] "GET /index.php/fr/index.php/fr/index.php/fr/index.php/de/index.php/it/index.php/fr/index.php/it/index.php/fr/index.php/de/index.php/fr/index.php/fr/index.php/it/spenden-it HTTP/1.1" 200 0 "-" "Mozilla/5.0 (compatible; SemrushBot/7~bl; +http://www.semrush.com/bot.html)"
185.191.171.6 - - [15/Jun/2026:15:25:11 +0200] "GET /index.php/de/index.php/it/index.php/de/index.php/fr/index.php/it/index.php/it/index.php/de/index.php/fr/index.php/fr/index.php/fr/index.php/it/index.php/de/spenden-de HTTP/1.1" 200 0 "-" "Mozilla/5.0 (compatible; SemrushBot/7~bl; +http://www.semrush.com/bot.html)"
185.191.171.3 - - [15/Jun/2026:15:22:03 +0200] "GET /index.php/de/bewegung-de/index.php/de/index.php/fr/index.php/it/index.php/de/index.php/de/index.php/de/index.php/it/index.php/de/index.php/fr/spenden-fr HTTP/1.1" 200 0 "-" "Mozilla/5.0 (compatible; SemrushBot/7~bl; +http://www.semrush.com/bot.html)"
185.191.171.10 - - [15/Jun/2026:15:24:58 +0200] "GET /index.php/fr/index.php/de/index.php/it/index.php/de/index.php/fr/index.php/de/index.php/fr/index.php/fr/index.php/it/index.php/it/index.php/de/index.php/it/spenden-it HTTP/1.1" 200 0 "-" "Mozilla/5.0 (compatible; SemrushBot/7~bl; +http://www.semrush.com/bot.html)"
85.208.96.195 - - [15/Jun/2026:15:25:08 +0200] "GET /index.php/fr/index.php/de/index.php/de/index.php/fr/index.php/it/index.php/de/index.php/de/index.php/it/index.php/it/index.php/de/spenden-de HTTP/1.1" 200 0 "-" "Mozilla/5.0 (compatible; SemrushBot/7~bl; +http://www.semrush.com/bot.html)"
85.208.96.208 - - [15/Jun/2026:15:25:22 +0200] "GET /index.php/de/images/PDF/index.php/fr/index.php/it/index.php/de/index.php/fr/index.php/de/index.php/de/index.php/it/index.php/it/index.php/fr/spenden-fr HTTP/1.1" 200 0 "-" "Mozilla/5.0 (compatible; SemrushBot/7~bl; +http://www.semrush.com/bot.html)"
185.191.171.10 - - [15/Jun/2026:15:26:04 +0200] "GET /index.php/de/index.php/de/index.php/de/index.php/de/index.php/de/index.php/de/index.php/de/index.php/fr/index.php/de/index.php/fr/index.php/it/index.php/de/spenden-de HTTP/1.1" 200 0 "-" "Mozilla/5.0 (compatible; SemrushBot/7~bl; +http://www.semrush.com/bot.html)"
85.208.96.204 - - [15/Jun/2026:15:20:40 +0200] "GET /index.php/it/index.php/it/index.php/fr/index.php/fr/index.php/it/index.php/de/index.php/de/index.php/de/index.php/de/index.php/it/index.php/fr/spenden-fr HTTP/1.1" 200 0 "-" "Mozilla/5.0 (compatible; SemrushBot/7~bl; +http://www.semrush.com/bot.html)"
85.208.96.204 - - [15/Jun/2026:15:21:03 +0200] "GET /index.php/it/index.php/it/index.php/it/index.php/fr/index.php/de/index.php/it/index.php/it/index.php/de/index.php/fr/index.php/it/spenden-it HTTP/1.1" 200 0 "-" "Mozilla/5.0 (compatible; SemrushBot/7~bl; +http://www.semrush.com/bot.html)"
185.191.171.17 - - [15/Jun/2026:15:21:11 +0200] "GET /index.php/it/index.php/de/index.php/de/index.php/de/index.php/de/index.php/it/index.php/de/spenden-de HTTP/1.1" 200 0 "-" "Mozilla/5.0 (compatible; SemrushBot/7~bl; +http://www.semrush.com/bot.html)"
85.208.96.205 - - [15/Jun/2026:15:21:22 +0200] "GET /index.php/de/images/PDF/index.php/fr/index.php/it/index.php/it/index.php/fr/index.php/de/index.php/fr/index.php/de/index.php/it/spenden-it HTTP/1.1" 200 0 "-" "Mozilla/5.0 (compatible; SemrushBot/7~bl; +http://www.semrush.com/bot.html)"
185.191.171.19 - - [15/Jun/2026:15:23:09 +0200] "GET /index.php/de/agenda-de/index.php/fr/index.php/it/index.php/it/index.php/fr/index.php/it/index.php/de/index.php/fr/index.php/it/spenden-it HTTP/1.1" 200 0 "-" "Mozilla/5.0 (compatible; SemrushBot/7~bl; +http://www.semrush.com/bot.html)"
85.208.96.210 - - [15/Jun/2026:15:23:50 +0200] "GET /index.php/de/index.php/fr/index.php/de/index.php/it/index.php/de/index.php/fr/index.php/fr/index.php/de/index.php/de/index.php/de/index.php/de/index.php/de/spenden-de HTTP/1.1" 200 0 "-" "Mozilla/5.0 (compatible; SemrushBot/7~bl; +http://www.semrush.com/bot.html)"
85.208.96.195 - - [15/Jun/2026:15:24:37 +0200] "GET /index.php/fr/index.php/it/index.php/it/index.php/fr/index.php/it/index.php/it/index.php/fr/index.php/it/index.php/fr/index.php/de/index.php/it/index.php/fr/spenden-fr HTTP/1.1" 200 0 "-" "Mozilla/5.0 (compatible; SemrushBot/7~bl; +http://www.semrush.com/bot.html)"
85.208.96.201 - - [15/Jun/2026:15:25:03 +0200] "GET /index.php/fr/index.php/de/index.php/it/index.php/fr/index.php/de/index.php/de/index.php/de/index.php/fr/index.php/it/index.php/fr/index.php/it/spenden-it HTTP/1.1" 200 0 "-" "Mozilla/5.0 (compatible; SemrushBot/7~bl; +http://www.semrush.com/bot.html)"
85.208.96.211 - - [15/Jun/2026:15:25:05 +0200] "GET /index.php/de/index.php/fr/index.php/it/index.php/it/index.php/de/index.php/fr/index.php/fr/index.php/de/index.php/de/index.php/de/spenden-de HTTP/1.1" 200 0 "-" "Mozilla/5.0 (compatible; SemrushBot/7~bl; +http://www.semrush.com/bot.html)"
85.208.96.196 - - [15/Jun/2026:15:25:38 +0200] "GET /index.php/it/agenda-de/index.php/de/index.php/fr/index.php/de/index.php/de/index.php/fr/index.php/fr/index.php/fr/index.php/de/index.php/fr/index.php/de/spenden-de HTTP/1.1" 200 0 "-" "Mozilla/5.0 (compatible; SemrushBot/7~bl; +http://www.semrush.com/bot.html)"
129.226.211.69 - - [15/Jun/2026:15:26:12 +0200] "GET / HTTP/1.1" 500 0 "http://www.frei.ist" "Mozilla/5.0 (iPhone; CPU iPhone OS 13_2_3 like Mac OS X) AppleWebKit/605.1.15 (KHTML, like Gecko) Version/13.0.3 Mobile/15E148 Safari/604.1"
85.208.96.210 - - [15/Jun/2026:15:26:26 +0200] "GET /index.php/fr/home-main-fr/index.php/fr/index.php/de/index.php/it/index.php/it/index.php/fr/index.php/de/index.php/it/index.php/fr/index.php/de/index.php/it/spenden-it HTTP/1.1" 200 0 "-" "Mozilla/5.0 (compatible; SemrushBot/7~bl; +http://www.semrush.com/bot.html)"
85.208.96.196 - - [15/Jun/2026:15:26:39 +0200] "GET /index.php/it/agenda-de/index.php/it/index.php/de/index.php/it/index.php/de/index.php/de/index.php/fr/index.php/de/index.php/fr/index.php/fr/index.php/de/spenden-de HTTP/1.1" 200 0 "-" "Mozilla/5.0 (compatible; SemrushBot/7~bl; +http://www.semrush.com/bot.html)"
185.191.171.3 - - [15/Jun/2026:15:27:01 +0200] "GET /index.php/de/component/sppagebuilder/index.php/de/index.php/de/index.php/fr/index.php/fr/index.php/fr/index.php/it/index.php/de/index.php/it/index.php/it/spenden-it HTTP/1.1" 200 0 "-" "Mozilla/5.0 (compatible; SemrushBot/7~bl; +http://www.semrush.com/bot.html)"
85.208.96.198 - - [15/Jun/2026:15:27:29 +0200] "GET /index.php/it/agenda-de/index.php/it/index.php/fr/index.php/it/index.php/de/index.php/de/index.php/fr/index.php/fr/index.php/fr/index.php/de/index.php/fr/spenden-fr HTTP/1.1" 200 0 "-" "Mozilla/5.0 (compatible; SemrushBot/7~bl; +http://www.semrush.com/bot.html)"
85.208.96.200 - - [15/Jun/2026:15:27:56 +0200] "GET /index.php/de/index.php/it/index.php/it/index.php/de/index.php/de/index.php/it/index.php/de/index.php/fr/index.php/de/index.php/fr/index.php/fr/index.php/it/spenden-it HTTP/1.1" 200 0 "-" "Mozilla/5.0 (compatible; SemrushBot/7~bl; +http://www.semrush.com/bot.html)"
85.208.96.210 - - [15/Jun/2026:15:28:14 +0200] "GET /index.php/de/component/sppagebuilder/index.php/it/index.php/de/index.php/fr/index.php/de/index.php/de/index.php/de/index.php/it/index.php/it/index.php/de/spenden-de HTTP/1.1" 200 0 "-" "Mozilla/5.0 (compatible; SemrushBot/7~bl; +http://www.semrush.com/bot.html)"
185.191.171.2 - - [15/Jun/2026:15:28:17 +0200] "GET /index.php/de/index.php/it/index.php/it/index.php/fr/index.php/fr/index.php/de/index.php/de/index.php/de/index.php/de/index.php/de/index.php/de/index.php/it/spenden-it HTTP/1.1" 200 0 "-" "Mozilla/5.0 (compatible; SemrushBot/7~bl; +http://www.semrush.com/bot.html)"
185.191.171.14 - - [15/Jun/2026:15:29:09 +0200] "GET /index.php/fr/index.php/fr/index.php/fr/index.php/it/index.php/it/index.php/it/index.php/de/index.php/de/spenden-de HTTP/1.1" 200 0 "-" "Mozilla/5.0 (compatible; SemrushBot/7~bl; +http://www.semrush.com/bot.html)"
85.208.96.202 - - [15/Jun/2026:15:29:11 +0200] "GET /index.php/it/component/content/article/9-aktuell/index.php/de/index.php/fr/index.php/de/index.php/de/index.php/fr/index.php/fr/index.php/fr/index.php/de/spenden-de HTTP/1.1" 200 0 "-" "Mozilla/5.0 (compatible; SemrushBot/7~bl; +http://www.semrush.com/bot.html)"
85.208.96.198 - - [15/Jun/2026:15:29:15 +0200] "GET /index.php/de/index.php/it/index.php/it/index.php/it/index.php/it/index.php/it/index.php/de/index.php/de/index.php/de/index.php/it/index.php/it/index.php/fr/spenden-fr HTTP/1.1" 200 0 "-" "Mozilla/5.0 (compatible; SemrushBot/7~bl; +http://www.semrush.com/bot.html)"
185.191.171.4 - - [15/Jun/2026:15:29:23 +0200] "GET /index.php/fr/index.php/de/index.php/it/index.php/de/index.php/it/index.php/it/index.php/it/index.php/fr/index.php/it/index.php/de/index.php/fr/spenden-fr HTTP/1.1" 200 0 "-" "Mozilla/5.0 (compatible; SemrushBot/7~bl; +http://www.semrush.com/bot.html)"
85.208.96.212 - - [15/Jun/2026:15:30:54 +0200] "GET /index.php/de/component/sppagebuilder/index.php/fr/index.php/fr/index.php/fr/index.php/fr/index.php/fr/index.php/fr/index.php/de/index.php/fr/index.php/fr/spenden-fr HTTP/1.1" 200 0 "-" "Mozilla/5.0 (compatible; SemrushBot/7~bl; +http://www.semrush.com/bot.html)"
85.208.96.208 - - [15/Jun/2026:15:31:05 +0200] "GET /index.php/de/component/sppagebuilder/index.php/de/index.php/it/index.php/de/index.php/de/index.php/fr/index.php/fr/index.php/fr/index.php/fr/spenden-fr HTTP/1.1" 200 0 "-" "Mozilla/5.0 (compatible; SemrushBot/7~bl; +http://www.semrush.com/bot.html)"
